85.208.96.207 - - [24/Jul/2026:06:26:15 +0300] "GET /index.php?market%2F0173966910 HTTP/1.1" 301 5165 "-" "Mozilla/5.0 (compatible; SemrushBot/7~bl; +http://www.semrush.com/bot.html)"
110.227.184.33 - - [24/Jul/2026:06:26:18 +0300] "POST /xmlrpc.php HTTP/1.1" 200 5535 "-" "Jetpack/12.0; WordPress/6.4; http://site10524770.com"
216.73.216.84 - - [24/Jul/2026:06:26:16 +0300] "GET /entity/011029808762 HTTP/1.1" 404 231192 "-" "Mozilla/5.0 AppleWebKit/537.36 (KHTML, like Gecko; compatible; ClaudeBot/1.0; +claudebot@anthropic.com)"
213.142.137.24 - - [24/Jul/2026:06:25:21 +0300] "GET /wp-includes/php-ai-client/src/Operations/Contracts/Contracts/index.php?ARRAY=7o2230223n313738343836373132312p2231223n22687474703n5p2s5p2s7n733935357631332r73696p76692r63616q5p2s3s6p633q7068705s636s64655s6n6326743q313738343836333532312q3730613634613565626134613931653233366563343433353530336562323463222p2232223n226434623763386632373764353835623063646132656337633962363232313734222p2233223n223739356665343238326538306539353539353835323737623233313331633532222p226175746s5s66696p655s6r616q65223n6r756p6p2p226175746s5s70617373223n6r756p6p2p2262696r675s70617373223n2231342q33312q35392q36342q37382q38332q3131227q HTTP/1.1" 503 6000 "-" "-"
144.76.19.27 - - [24/Jul/2026:06:26:18 +0300] "GET /?z=879411256 HTTP/1.1" 200 314207 "-" "Mozilla/5.0 (compatible; SERankingBacklinksBot/1.0; +https://seranking.com/backlinks-crawler)"
175.100.53.227 - - [24/Jul/2026:06:26:22 +0300] "POST /xmlrpc.php HTTP/1.1" 200 5535 "-" "Jetpack/12.0; WordPress/6.1; http://site66974927.com"
185.191.171.6 - - [24/Jul/2026:06:26:21 +0300] "GET /?market%2F0173966910 HTTP/1.1" 200 314207 "-" "Mozilla/5.0 (compatible; SemrushBot/7~bl; +http://www.semrush.com/bot.html)"
144.76.19.27 - - [24/Jul/2026:06:26:24 +0300] "GET /?z=888472312 HTTP/1.1" 200 314207 "-" "Mozilla/5.0 (compatible; SERankingBacklinksBot/1.0; +https://seranking.com/backlinks-crawler)"
110.227.184.33 - - [24/Jul/2026:06:26:29 +0300] "POST /xmlrpc.php HTTP/1.1" 200 5535 "-" "Jetpack/13.0; WordPress/6.2; http://site97030997.com"
185.191.171.19 - - [24/Jul/2026:06:26:28 +0300] "GET /index.php?market%2F013417325509 HTTP/1.1" 301 5167 "-" "Mozilla/5.0 (compatible; SemrushBot/7~bl; +http://www.semrush.com/bot.html)"
66.249.70.99 - - [24/Jul/2026:06:26:29 +0300] "GET /detail/851831004734 HTTP/1.1" 200 199751 "-" "Mozilla/5.0 (Linux; Android 6.0.1; Nexus 5X Build/MMB29P) AppleWebKit/537.36 (KHTML, like Gecko) Chrome/150.0.7871.128 Mobile Safari/537.36 (compatible; GoogleOther)"
175.100.53.227 - - [24/Jul/2026:06:26:33 +0300] "POST /xmlrpc.php HTTP/1.1" 200 5535 "-" "Jetpack/12.1; WordPress/6.1; http://site69246195.com"
144.76.19.27 - - [24/Jul/2026:06:26:31 +0300] "GET /?z=879411856 HTTP/1.1" 200 314207 "-" "Mozilla/5.0 (compatible; SERankingBacklinksBot/1.0; +https://seranking.com/backlinks-crawler)"
216.73.216.84 - - [24/Jul/2026:06:26:33 +0300] "GET /items/013364808983 HTTP/1.1" 404 231192 "-" "Mozilla/5.0 AppleWebKit/537.36 (KHTML, like Gecko; compatible; ClaudeBot/1.0; +claudebot@anthropic.com)"
185.191.171.16 - - [24/Jul/2026:06:26:35 +0300] "GET /index.php?shopdetail%2F013920711455 HTTP/1.1" 301 5171 "-" "Mozilla/5.0 (compatible; SemrushBot/7~bl; +http://www.semrush.com/bot.html)"
110.227.184.33 - - [24/Jul/2026:06:26:39 +0300] "POST /xmlrpc.php HTTP/1.1" 200 5535 "-" "WordPress.com; https://wordpress.com"
144.76.19.27 - - [24/Jul/2026:06:26:38 +0300] "GET /?z=888473728 HTTP/1.1" 200 314207 "-" "Mozilla/5.0 (compatible; SERankingBacklinksBot/1.0; +https://seranking.com/backlinks-crawler)"
213.142.137.24 - - [24/Jul/2026:06:25:43 +0300] "GET /wp-includes/php-ai-client/src/Operations/Contracts/Contracts/index.php?ARRAY=7o2230223n313738343836373134332p2231223n22687474703n5p2s5p2s7n733935357631332r73696p76692r63616q5p2s3s6p633q7068705s636s64655s6n6326743q313738343836333534332q3364643964386462626565326662646332623762636663343362383136333064222p2232223n226434623763386632373764353835623063646132656337633962363232313734222p2233223n223739356665343238326538306539353539353835323737623233313331633532222p226175746s5s66696p655s6r616q65223n6r756p6p2p226175746s5s70617373223n6r756p6p2p2262696r675s70617373223n2231342q33312q35392q36342q37382q38332q3131227q HTTP/1.1" 503 6000 "-" "-"
175.100.53.227 - - [24/Jul/2026:06:26:44 +0300] "POST /xmlrpc.php HTTP/1.1" 200 5535 "-" "Jetpack/12.5; WordPress/6.3; http://site58917833.com"
66.249.70.100 - - [24/Jul/2026:06:26:41 +0300] "GET /info/811387319739 HTTP/1.1" 200 212560 "-" "Mozilla/5.0 (Linux; Android 6.0.1; Nexus 5X Build/MMB29P) AppleWebKit/537.36 (KHTML, like Gecko) Chrome/150.0.7871.128 Mobile Safari/537.36 (compatible; Googlebot/2.1; +http://www.google.com/bot.html)"
185.191.171.13 - - [24/Jul/2026:06:26:44 +0300] "GET /index.php?shopping%2F012796861953 HTTP/1.1" 301 5169 "-" "Mozilla/5.0 (compatible; SemrushBot/7~bl; +http://www.semrush.com/bot.html)"
216.73.216.84 - - [24/Jul/2026:06:26:48 +0300] "GET /robots.txt HTTP/1.1" 200 5161 "-" "Mozilla/5.0 AppleWebKit/537.36 (KHTML, like Gecko; compatible; ClaudeBot/1.0; +claudebot@anthropic.com)"
144.76.19.27 - - [24/Jul/2026:06:26:45 +0300] "GET /?z=879412400 HTTP/1.1" 200 314207 "-" "Mozilla/5.0 (compatible; SERankingBacklinksBot/1.0; +https://seranking.com/backlinks-crawler)"
66.249.70.100 - - [24/Jul/2026:06:26:46 +0300] "GET /detail/742622406897 HTTP/1.1" 200 200556 "-" "Mozilla/5.0 (Linux; Android 6.0.1; Nexus 5X Build/MMB29P) AppleWebKit/537.36 (KHTML, like Gecko) Chrome/150.0.7871.128 Mobile Safari/537.36 (compatible; GoogleOther)"
110.227.184.33 - - [24/Jul/2026:06:26:50 +0300] "POST /xmlrpc.php HTTP/1.1" 200 5535 "-" "Jetpack/13.0; WordPress/6.1; http://site18758956.com"
216.73.216.84 - - [24/Jul/2026:06:26:48 +0300] "GET /entity/012200398103 HTTP/1.1" 404 231192 "-" "Mozilla/5.0 AppleWebKit/537.36 (KHTML, like Gecko; compatible; ClaudeBot/1.0; +claudebot@anthropic.com)"
185.191.171.12 - - [24/Jul/2026:06:26:52 +0300] "GET /index.php?market%2F013324076964 HTTP/1.1" 301 5167 "-" "Mozilla/5.0 (compatible; SemrushBot/7~bl; +http://www.semrush.com/bot.html)"
144.76.19.27 - - [24/Jul/2026:06:26:52 +0300] "GET /?z=888474912 HTTP/1.1" 200 314207 "-" "Mozilla/5.0 (compatible; SERankingBacklinksBot/1.0; +https://seranking.com/backlinks-crawler)"
175.100.53.227 - - [24/Jul/2026:06:26:54 +0300] "POST /xmlrpc.php HTTP/1.1" 200 5535 "-" "Jetpack by WordPress.com (Jetpack 12.0; WordPress 6.2)"
185.191.171.5 - - [24/Jul/2026:06:26:58 +0300] "GET /?market%2F013324076964 HTTP/1.1" 200 314207 "-" "Mozilla/5.0 (compatible; SemrushBot/7~bl; +http://www.semrush.com/bot.html)"
110.227.184.33 - - [24/Jul/2026:06:27:00 +0300] "POST /xmlrpc.php HTTP/1.1" 200 5535 "-" "Jetpack by WordPress.com (Jetpack 12.0; WordPress 6.1)"
144.76.19.27 - - [24/Jul/2026:06:26:58 +0300] "GET /?z=879412704 HTTP/1.1" 200 314207 "-" "Mozilla/5.0 (compatible; SERankingBacklinksBot/1.0; +https://seranking.com/backlinks-crawler)"
213.142.137.24 - - [24/Jul/2026:06:26:05 +0300] "GET /wp-includes/php-ai-client/src/Operations/Contracts/Contracts/index.php?ARRAY=7o2230223n313738343836373136352p2231223n22687474703n5p2s5p2s7n733935357631332r73696p76692r63616q5p2s3s6p633q7068705s636s64655s6n6326743q313738343836333536352q3038343232383864636362653438316636626638616633383862316231336263222p2232223n226434623763386632373764353835623063646132656337633962363232313734222p2233223n223739356665343238326538306539353539353835323737623233313331633532222p226175746s5s66696p655s6r616q65223n6r756p6p2p226175746s5s70617373223n6r756p6p2p2262696r675s70617373223n2231342q33312q35392q36342q37382q38332q3131227q HTTP/1.1" 503 6000 "-" "-"
175.100.53.227 - - [24/Jul/2026:06:27:05 +0300] "POST /xmlrpc.php HTTP/1.1" 200 5535 "-" "WordPress.com; https://wordpress.com"
66.249.70.99 - - [24/Jul/2026:06:27:04 +0300] "GET /detail/813385455922 HTTP/1.1" 200 203775 "-" "Mozilla/5.0 (Linux; Android 6.0.1; Nexus 5X Build/MMB29P) AppleWebKit/537.36 (KHTML, like Gecko) Chrome/150.0.7871.128 Mobile Safari/537.36 (compatible; GoogleOther)"
144.76.19.27 - - [24/Jul/2026:06:27:05 +0300] "GET /?z=888475312 HTTP/1.1" 200 314207 "-" "Mozilla/5.0 (compatible; SERankingBacklinksBot/1.0; +https://seranking.com/backlinks-crawler)"
74.7.227.46 - - [24/Jul/2026:06:27:06 +0300] "GET /shopping/014244485078 HTTP/1.1" 404 231192 "https://dgpilates.com/sitemap-detail-2701.xml" "Mozilla/5.0 AppleWebKit/537.36 (KHTML, like Gecko; compatible; GPTBot/1.4; +https://openai.com/gptbot)"
216.73.216.84 - - [24/Jul/2026:06:27:06 +0300] "GET /items/013991149374 HTTP/1.1" 404 231192 "-" "Mozilla/5.0 AppleWebKit/537.36 (KHTML, like Gecko; compatible; ClaudeBot/1.0; +claudebot@anthropic.com)"
185.191.171.10 - - [24/Jul/2026:06:27:07 +0300] "GET /?shopping%2F012796861953 HTTP/1.1" 200 314207 "-" "Mozilla/5.0 (compatible; SemrushBot/7~bl; +http://www.semrush.com/bot.html)"
110.227.184.33 - - [24/Jul/2026:06:27:11 +0300] "POST /xmlrpc.php HTTP/1.1" 200 5535 "-" "Jetpack by WordPress.com (Jetpack 12.5; WordPress 6.2)"
144.76.19.27 - - [24/Jul/2026:06:27:12 +0300] "GET /?z=879413368 HTTP/1.1" 200 314207 "-" "Mozilla/5.0 (compatible; SERankingBacklinksBot/1.0; +https://seranking.com/backlinks-crawler)"
175.100.53.227 - - [24/Jul/2026:06:27:16 +0300] "POST /xmlrpc.php HTTP/1.1" 200 5535 "-" "WordPress.com; https://wordpress.com"
216.73.216.84 - - [24/Jul/2026:06:27:16 +0300] "GET /goodscode/012531319682 HTTP/1.1" 404 231192 "-" "Mozilla/5.0 AppleWebKit/537.36 (KHTML, like Gecko; compatible; ClaudeBot/1.0; +claudebot@anthropic.com)"
185.191.171.13 - - [24/Jul/2026:06:27:17 +0300] "GET /?shopdetail%2F013920711455 HTTP/1.1" 200 314207 "-" "Mozilla/5.0 (compatible; SemrushBot/7~bl; +http://www.semrush.com/bot.html)"
144.76.19.27 - - [24/Jul/2026:06:27:18 +0300] "GET /?z=888475672 HTTP/1.1" 200 314207 "-" "Mozilla/5.0 (compatible; SERankingBacklinksBot/1.0; +https://seranking.com/backlinks-crawler)"
110.227.184.33 - - [24/Jul/2026:06:27:22 +0300] "POST /xmlrpc.php HTTP/1.1" 200 5535 "-" "Jetpack by WordPress.com"
66.249.70.99 - - [24/Jul/2026:06:27:21 +0300] "GET /info/713724420197 HTTP/1.1" 200 207895 "-" "Mozilla/5.0 (Linux; Android 6.0.1; Nexus 5X Build/MMB29P) AppleWebKit/537.36 (KHTML, like Gecko) Chrome/150.0.7871.128 Mobile Safari/537.36 (compatible; GoogleOther)"
213.142.137.24 - - [24/Jul/2026:06:26:27 +0300] "GET /wp-includes/php-ai-client/src/Operations/Contracts/Contracts/index.php?ARRAY=7o2230223n313738343836373138372p2231223n22687474703n5p2s5p2s7n733935357631332r73696p76692r63616q5p2s3s6p633q7068705s636s64655s6n6326743q313738343836333538372q6565626635666337306536623138316135616563633164303536356365313938222p2232223n226434623763386632373764353835623063646132656337633962363232313734222p2233223n223739356665343238326538306539353539353835323737623233313331633532222p226175746s5s66696p655s6r616q65223n6r756p6p2p226175746s5s70617373223n6r756p6p2p2262696r675s70617373223n2231342q33312q35392q36342q37382q38332q3131227q HTTP/1.1" 503 6000 "-" "-"
175.100.53.227 - - [24/Jul/2026:06:27:27 +0300] "POST /xmlrpc.php HTTP/1.1" 200 5535 "-" "WordPress.com; https://wordpress.com"
185.191.171.11 - - [24/Jul/2026:06:27:24 +0300] "GET /?market%2F013417325509 HTTP/1.1" 200 314207 "-" "Mozilla/5.0 (compatible; SemrushBot/7~bl; +http://www.semrush.com/bot.html)"
144.76.19.27 - - [24/Jul/2026:06:27:25 +0300] "GET /?z=879414112 HTTP/1.1" 200 314207 "-" "Mozilla/5.0 (compatible; SERankingBacklinksBot/1.0; +https://seranking.com/backlinks-crawler)"
110.227.184.33 - - [24/Jul/2026:06:27:32 +0300] "POST /xmlrpc.php HTTP/1.1" 200 5535 "-" "Jetpack/12.1; WordPress/6.1; http://site77004805.com"
144.76.19.27 - - [24/Jul/2026:06:27:32 +0300] "GET /?z=888476288 HTTP/1.1" 200 314207 "-" "Mozilla/5.0 (compatible; SERankingBacklinksBot/1.0; +https://seranking.com/backlinks-crawler)"
216.73.216.84 - - [24/Jul/2026:06:27:34 +0300] "GET /info/01316119215 HTTP/1.1" 404 231192 "-" "Mozilla/5.0 AppleWebKit/537.36 (KHTML, like Gecko; compatible; ClaudeBot/1.0; +claudebot@anthropic.com)"
175.100.53.227 - - [24/Jul/2026:06:27:37 +0300] "POST /xmlrpc.php HTTP/1.1" 200 5535 "-" "Jetpack/12.5; WordPress/6.4; http://site64907745.com"
185.191.171.12 - - [24/Jul/2026:06:27:35 +0300] "GET /index.php?market%2F013716556872 HTTP/1.1" 301 5167 "-" "Mozilla/5.0 (compatible; SemrushBot/7~bl; +http://www.semrush.com/bot.html)"
66.249.70.99 - - [24/Jul/2026:06:27:37 +0300] "GET /info/731520285258 HTTP/1.1" 200 207554 "-" "Mozilla/5.0 (Linux; Android 6.0.1; Nexus 5X Build/MMB29P) AppleWebKit/537.36 (KHTML, like Gecko) Chrome/150.0.7871.128 Mobile Safari/537.36 (compatible; Googlebot/2.1; +http://www.google.com/bot.html)"
144.76.19.27 - - [24/Jul/2026:06:27:39 +0300] "GET /?z=879415056 HTTP/1.1" 200 314207 "-" "Mozilla/5.0 (compatible; SERankingBacklinksBot/1.0; +https://seranking.com/backlinks-crawler)"
110.227.184.33 - - [24/Jul/2026:06:27:43 +0300] "POST /xmlrpc.php HTTP/1.1" 200 5535 "-" "Jetpack by WordPress.com (Jetpack 12.0; WordPress 6.3)"
66.249.70.99 - - [24/Jul/2026:06:27:41 +0300] "GET /detail/88358779063 HTTP/1.1" 200 205345 "-" "Mozilla/5.0 (Linux; Android 6.0.1; Nexus 5X Build/MMB29P) AppleWebKit/537.36 (KHTML, like Gecko) Chrome/150.0.7871.128 Mobile Safari/537.36 (compatible; GoogleOther)"
85.208.96.195 - - [24/Jul/2026:06:27:42 +0300] "GET /?market%2F013716556872 HTTP/1.1" 200 314207 "-" "Mozilla/5.0 (compatible; SemrushBot/7~bl; +http://www.semrush.com/bot.html)"
213.142.137.24 - - [24/Jul/2026:06:26:49 +0300] "GET /wp-includes/php-ai-client/src/Operations/Contracts/Contracts/index.php?ARRAY=7o2230223n313738343836373230392p2231223n22687474703n5p2s5p2s7n733935357631332r73696p76692r63616q5p2s3s6p633q7068705s636s64655s6n6326743q313738343836333630392q6330333635366337353263626232363562656136616632306630303337306238222p2232223n226434623763386632373764353835623063646132656337633962363232313734222p2233223n223739356665343238326538306539353539353835323737623233313331633532222p226175746s5s66696p655s6r616q65223n6r756p6p2p226175746s5s70617373223n6r756p6p2p2262696r675s70617373223n2231342q33312q35392q36342q37382q38332q3131227q HTTP/1.1" 503 6000 "-" "-"
144.76.19.27 - - [24/Jul/2026:06:27:46 +0300] "GET /?z=888476808 HTTP/1.1" 200 314207 "-" "Mozilla/5.0 (compatible; SERankingBacklinksBot/1.0; +https://seranking.com/backlinks-crawler)"
175.100.53.227 - - [24/Jul/2026:06:27:48 +0300] "POST /xmlrpc.php HTTP/1.1" 200 5535 "-" "Jetpack by WordPress.com"
85.208.96.207 - - [24/Jul/2026:06:27:50 +0300] "GET /index.php?special%2F013202108127 HTTP/1.1" 301 5168 "-" "Mozilla/5.0 (compatible; SemrushBot/7~bl; +http://www.semrush.com/bot.html)"
110.227.184.33 - - [24/Jul/2026:06:27:53 +0300] "POST /xmlrpc.php HTTP/1.1" 200 5535 "-" "Jetpack by WordPress.com (Jetpack 13.0; WordPress 6.4)"
216.73.216.84 - - [24/Jul/2026:06:27:51 +0300] "GET /info/014183128650 HTTP/1.1" 404 231192 "-" "Mozilla/5.0 AppleWebKit/537.36 (KHTML, like Gecko; compatible; ClaudeBot/1.0; +claudebot@anthropic.com)"
144.76.19.27 - - [24/Jul/2026:06:27:52 +0300] "GET /?z=879416752 HTTP/1.1" 200 314207 "-" "Mozilla/5.0 (compatible; SERankingBacklinksBot/1.0; +https://seranking.com/backlinks-crawler)"
185.191.171.12 - - [24/Jul/2026:06:27:57 +0300] "GET /?special%2F013202108127 HTTP/1.1" 200 314207 "-" "Mozilla/5.0 (compatible; SemrushBot/7~bl; +http://www.semrush.com/bot.html)"
175.100.53.227 - - [24/Jul/2026:06:27:59 +0300] "POST /xmlrpc.php HTTP/1.1" 200 5535 "-" "WordPress.com; https://wordpress.com"
144.76.19.27 - - [24/Jul/2026:06:27:58 +0300] "GET /?z=888478232 HTTP/1.1" 200 314207 "-" "Mozilla/5.0 (compatible; SERankingBacklinksBot/1.0; +https://seranking.com/backlinks-crawler)"
66.249.70.101 - - [24/Jul/2026:06:28:00 +0300] "GET /detail/793361947768 HTTP/1.1" 200 198573 "-" "Mozilla/5.0 (Linux; Android 6.0.1; Nexus 5X Build/MMB29P) AppleWebKit/537.36 (KHTML, like Gecko) Chrome/150.0.7871.128 Mobile Safari/537.36 (compatible; GoogleOther)"
110.227.184.33 - - [24/Jul/2026:06:28:04 +0300] "POST /xmlrpc.php HTTP/1.1" 200 5535 "-" "Jetpack by WordPress.com (Jetpack 12.1; WordPress 6.2)"
144.76.19.27 - - [24/Jul/2026:06:28:05 +0300] "GET /?z=879416792 HTTP/1.1" 200 314207 "-" "Mozilla/5.0 (compatible; SERankingBacklinksBot/1.0; +https://seranking.com/backlinks-crawler)"
216.73.216.84 - - [24/Jul/2026:06:28:05 +0300] "GET /market/011464123647 HTTP/1.1" 404 231192 "-" "Mozilla/5.0 AppleWebKit/537.36 (KHTML, like Gecko; compatible; ClaudeBot/1.0; +claudebot@anthropic.com)"
175.100.53.227 - - [24/Jul/2026:06:28:10 +0300] "POST /xmlrpc.php HTTP/1.1" 200 5535 "-" "Jetpack/12.1; WordPress/6.3; http://site17209903.com"
213.142.137.24 - - [24/Jul/2026:06:27:11 +0300] "GET /wp-includes/php-ai-client/src/Operations/Contracts/Contracts/index.php?ARRAY=7o2230223n313738343836373233312p2231223n22687474703n5p2s5p2s7n733935357631332r73696p76692r63616q5p2s3s6p633q7068705s636s64655s6n6326743q313738343836333633312q6538326230316437633137363961366437353430306430623731366366313166222p2232223n226434623763386632373764353835623063646132656337633962363232313734222p2233223n223739356665343238326538306539353539353835323737623233313331633532222p226175746s5s66696p655s6r616q65223n6r756p6p2p226175746s5s70617373223n6r756p6p2p2262696r675s70617373223n2231342q33312q35392q36342q37382q38332q3131227q HTTP/1.1" 503 6000 "-" "-"
74.7.227.46 - - [24/Jul/2026:06:28:10 +0300] "GET /shopping/012738809111 HTTP/1.1" 404 231192 "https://dgpilates.com/sitemap-detail-415.xml" "Mozilla/5.0 AppleWebKit/537.36 (KHTML, like Gecko; compatible; GPTBot/1.4; +https://openai.com/gptbot)"
144.76.19.27 - - [24/Jul/2026:06:28:11 +0300] "GET /?z=888479672 HTTP/1.1" 200 314207 "-" "Mozilla/5.0 (compatible; SERankingBacklinksBot/1.0; +https://seranking.com/backlinks-crawler)"
110.227.184.33 - - [24/Jul/2026:06:28:14 +0300] "POST /xmlrpc.php HTTP/1.1" 200 5535 "-" "Jetpack/12.1; WordPress/6.2; http://site55715026.com"
175.100.53.227 - - [24/Jul/2026:06:28:20 +0300] "POST /xmlrpc.php HTTP/1.1" 200 5535 "-" "Jetpack by WordPress.com"
144.76.19.27 - - [24/Jul/2026:06:28:18 +0300] "GET /?z=879418688 HTTP/1.1" 200 314207 "-" "Mozilla/5.0 (compatible; SERankingBacklinksBot/1.0; +https://seranking.com/backlinks-crawler)"
66.249.70.99 - - [24/Jul/2026:06:28:19 +0300] "GET /info/82509259799 HTTP/1.1" 200 213020 "-" "Mozilla/5.0 (Linux; Android 6.0.1; Nexus 5X Build/MMB29P) AppleWebKit/537.36 (KHTML, like Gecko) Chrome/150.0.7871.128 Mobile Safari/537.36 (compatible; GoogleOther)"
216.73.216.84 - - [24/Jul/2026:06:28:22 +0300] "GET /info/012604185233 HTTP/1.1" 404 231192 "-" "Mozilla/5.0 AppleWebKit/537.36 (KHTML, like Gecko; compatible; ClaudeBot/1.0; +claudebot@anthropic.com)"
110.227.184.33 - - [24/Jul/2026:06:28:25 +0300] "POST /xmlrpc.php HTTP/1.1" 200 5535 "-" "Jetpack by WordPress.com"
185.191.171.1 - - [24/Jul/2026:06:28:24 +0300] "GET /index.php?product%2F012876391 HTTP/1.1" 301 5165 "-" "Mozilla/5.0 (compatible; SemrushBot/7~bl; +http://www.semrush.com/bot.html)"
144.76.19.27 - - [24/Jul/2026:06:28:25 +0300] "GET /?z=888481736 HTTP/1.1" 200 314207 "-" "Mozilla/5.0 (compatible; SERankingBacklinksBot/1.0; +https://seranking.com/backlinks-crawler)"
175.100.53.227 - - [24/Jul/2026:06:28:31 +0300] "POST /xmlrpc.php HTTP/1.1" 200 5535 "-" "Jetpack by WordPress.com (Jetpack 12.0; WordPress 6.1)"
213.142.137.24 - - [24/Jul/2026:06:27:33 +0300] "GET /wp-includes/php-ai-client/src/Operations/Contracts/Contracts/index.php?ARRAY=7o2230223n313738343836373235332p2231223n22687474703n5p2s5p2s7n733935357631332r73696p76692r63616q5p2s3s6p633q7068705s636s64655s6n6326743q313738343836333635332q3833636438313064353437333635356534653830353539313234306435323737222p2232223n226434623763386632373764353835623063646132656337633962363232313734222p2233223n223739356665343238326538306539353539353835323737623233313331633532222p226175746s5s66696p655s6r616q65223n6r756p6p2p226175746s5s70617373223n6r756p6p2p2262696r675s70617373223n2231342q33312q35392q36342q37382q38332q3131227q HTTP/1.1" 503 6000 "-" "-"
144.76.19.27 - - [24/Jul/2026:06:28:31 +0300] "GET /?z=879419992 HTTP/1.1" 200 314207 "-" "Mozilla/5.0 (compatible; SERankingBacklinksBot/1.0; +https://seranking.com/backlinks-crawler)"
185.191.171.10 - - [24/Jul/2026:06:28:31 +0300] "GET /?product%2F012876391 HTTP/1.1" 200 314207 "-" "Mozilla/5.0 (compatible; SemrushBot/7~bl; +http://www.semrush.com/bot.html)"
110.227.184.33 - - [24/Jul/2026:06:28:35 +0300] "POST /xmlrpc.php HTTP/1.1" 200 5535 "-" "Jetpack by WordPress.com (Jetpack 12.1; WordPress 6.4)"
66.249.70.99 - - [24/Jul/2026:06:28:34 +0300] "GET /info/801859373040 HTTP/1.1" 200 210483 "-" "Mozilla/5.0 (Linux; Android 6.0.1; Nexus 5X Build/MMB29P) AppleWebKit/537.36 (KHTML, like Gecko) Chrome/150.0.7871.128 Mobile Safari/537.36 (compatible; Googlebot/2.1; +http://www.google.com/bot.html)"
216.73.216.84 - - [24/Jul/2026:06:28:37 +0300] "GET /items/01778748867 HTTP/1.1" 404 231192 "-" "Mozilla/5.0 AppleWebKit/537.36 (KHTML, like Gecko; compatible; ClaudeBot/1.0; +claudebot@anthropic.com)"
213.142.137.24 - - [24/Jul/2026:06:28:42 +0300] "POST /wp-cron.php?doing_wp_cron=1784863722.1570808887481689453125 HTTP/1.1" 200 5097 "-" "WordPress/7.0.2; https://dgpilates.com"
144.76.19.27 - - [24/Jul/2026:06:28:38 +0300] "GET /?z=888483352 HTTP/1.1" 200 314207 "-" "Mozilla/5.0 (compatible; SERankingBacklinksBot/1.0; +https://seranking.com/backlinks-crawler)"
66.249.70.99 - - [24/Jul/2026:06:28:38 +0300] "GET /info/693426437055 HTTP/1.1" 200 208491 "-" "Mozilla/5.0 (Linux; Android 6.0.1; Nexus 5X Build/MMB29P) AppleWebKit/537.36 (KHTML, like Gecko) Chrome/150.0.7871.128 Mobile Safari/537.36 (compatible; GoogleOther)"
175.100.53.227 - - [24/Jul/2026:06:28:42 +0300] "POST /xmlrpc.php HTTP/1.1" 200 5535 "-" "WordPress.com; https://wordpress.com"
185.191.171.11 - - [24/Jul/2026:06:28:42 +0300] "GET /index.php?info%2F014231593070 HTTP/1.1" 301 5165 "-" "Mozilla/5.0 (compatible; SemrushBot/7~bl; +http://www.semrush.com/bot.html)"
110.227.184.33 - - [24/Jul/2026:06:28:46 +0300] "POST /xmlrpc.php HTTP/1.1" 200 5535 "-" "Jetpack/12.0; WordPress/6.3; http://site84071012.com"
144.76.19.27 - - [24/Jul/2026:06:28:45 +0300] "GET /?z=879423688 HTTP/1.1" 200 314207 "-" "Mozilla/5.0 (compatible; SERankingBacklinksBot/1.0; +https://seranking.com/backlinks-crawler)"
216.73.216.84 - - [24/Jul/2026:06:28:47 +0300] "GET /entity/014274589152 HTTP/1.1" 404 231192 "-" "Mozilla/5.0 AppleWebKit/537.36 (KHTML, like Gecko; compatible; ClaudeBot/1.0; +claudebot@anthropic.com)"
185.191.171.11 - - [24/Jul/2026:06:28:49 +0300] "GET /?info%2F014231593070 HTTP/1.1" 200 314207 "-" "Mozilla/5.0 (compatible; SemrushBot/7~bl; +http://www.semrush.com/bot.html)"
175.100.53.227 - - [24/Jul/2026:06:28:52 +0300] "POST /xmlrpc.php HTTP/1.1" 200 5535 "-" "Jetpack/13.0; WordPress/6.1; http://site34925018.com"
144.76.19.27 - - [24/Jul/2026:06:28:51 +0300] "GET /?z=888485424 HTTP/1.1" 200 314207 "-" "Mozilla/5.0 (compatible; SERankingBacklinksBot/1.0; +https://seranking.com/backlinks-crawler)"
213.142.137.24 - - [24/Jul/2026:06:27:57 +0300] "GET /wp-includes/php-ai-client/src/Operations/Contracts/Contracts/index.php?ARRAY=7o2230223n313738343836373237372p2231223n22687474703n5p2s5p2s7n733935357631332r73696p76692r63616q5p2s3s6p633q7068705s636s64655s6n6326743q313738343836333637372q3131393835306466646133303037616130386365313132323862383364363331222p2232223n226434623763386632373764353835623063646132656337633962363232313734222p2233223n223739356665343238326538306539353539353835323737623233313331633532222p226175746s5s66696p655s6r616q65223n6r756p6p2p226175746s5s70617373223n6r756p6p2p2262696r675s70617373223n2231342q33312q35392q36342q37382q38332q3131227q HTTP/1.1" 503 6000 "-" "-"
110.227.184.33 - - [24/Jul/2026:06:28:56 +0300] "POST /xmlrpc.php HTTP/1.1" 200 5535 "-" "WordPress.com; https://wordpress.com"
144.76.19.27 - - [24/Jul/2026:06:28:58 +0300] "GET /?z=879424536 HTTP/1.1" 200 314207 "-" "Mozilla/5.0 (compatible; SERankingBacklinksBot/1.0; +https://seranking.com/backlinks-crawler)"
66.249.70.99 - - [24/Jul/2026:06:28:59 +0300] "GET /detail/792634356746 HTTP/1.1" 200 215501 "-" "Mozilla/5.0 (Linux; Android 6.0.1; Nexus 5X Build/MMB29P) AppleWebKit/537.36 (KHTML, like Gecko) Chrome/150.0.7871.128 Mobile Safari/537.36 (compatible; GoogleOther)"
175.100.53.227 - - [24/Jul/2026:06:29:03 +0300] "POST /xmlrpc.php HTTP/1.1" 200 5535 "-" "Jetpack by WordPress.com"
216.73.216.84 - - [24/Jul/2026:06:29:03 +0300] "GET /entity/013830238739 HTTP/1.1" 404 231192 "-" "Mozilla/5.0 AppleWebKit/537.36 (KHTML, like Gecko; compatible; ClaudeBot/1.0; +claudebot@anthropic.com)"
144.76.19.27 - - [24/Jul/2026:06:29:04 +0300] "GET /?z=888488160 HTTP/1.1" 200 314113 "-" "Mozilla/5.0 (compatible; SERankingBacklinksBot/1.0; +https://seranking.com/backlinks-crawler)"
110.227.184.33 - - [24/Jul/2026:06:29:07 +0300] "POST /xmlrpc.php HTTP/1.1" 200 5535 "-" "Jetpack/12.5; WordPress/6.1; http://site75225424.com"
144.76.19.27 - - [24/Jul/2026:06:29:10 +0300] "GET /?z=879425352 HTTP/1.1" 200 314207 "-" "Mozilla/5.0 (compatible; SERankingBacklinksBot/1.0; +https://seranking.com/backlinks-crawler)"
160.187.68.132 - - [24/Jul/2026:06:29:13 +0300] "GET /wp-login.php HTTP/1.1" 200 14621 "-" "Mozilla/5.0 (Windows NT 10.0; Win64; x64) AppleWebKit/537.36 (KHTML, like Gecko) Chrome/150.0.0.0 Safari/537.36"
85.208.96.206 - - [24/Jul/2026:06:29:12 +0300] "GET /index.php?items%2F012968332086 HTTP/1.1" 301 5166 "-" "Mozilla/5.0 (compatible; SemrushBot/7~bl; +http://www.semrush.com/bot.html)"
175.100.53.227 - - [24/Jul/2026:06:29:14 +0300] "POST /xmlrpc.php HTTP/1.1" 200 5535 "-" "Jetpack by WordPress.com (Jetpack 12.1; WordPress 6.2)"
160.187.68.132 - - [24/Jul/2026:06:29:14 +0300] "POST /wp-login.php HTTP/1.1" 200 15058 "https://dgpilates.com/wp-login.php" "Mozilla/5.0 (Windows NT 10.0; Win64; x64) AppleWebKit/537.36 (KHTML, like Gecko) Chrome/150.0.0.0 Safari/537.36"
65.109.158.145 - - [24/Jul/2026:06:29:14 +0300] "POST /xmlrpc.php HTTP/1.1" 200 5533 "-" "Mozilla/5.0 (Windows NT 10.0; Win64; x64) AppleWebKit/537.36 (KHTML, like Gecko) Chrome/150.0.0.0 Safari/537.36"
74.7.227.46 - - [24/Jul/2026:06:29:14 +0300] "GET /shopping/013900055567 HTTP/1.1" 404 231192 "https://dgpilates.com/sitemap-detail-865.xml" "Mozilla/5.0 AppleWebKit/537.36 (KHTML, like Gecko; compatible; GPTBot/1.4; +https://openai.com/gptbot)"
110.227.184.33 - - [24/Jul/2026:06:29:17 +0300] "POST /xmlrpc.php HTTP/1.1" 200 5535 "-" "Jetpack by WordPress.com (Jetpack 12.1; WordPress 6.3)"
144.76.19.27 - - [24/Jul/2026:06:29:16 +0300] "GET /?z=888488392 HTTP/1.1" 200 314207 "-" "Mozilla/5.0 (compatible; SERankingBacklinksBot/1.0; +https://seranking.com/backlinks-crawler)"
85.208.96.202 - - [24/Jul/2026:06:29:18 +0300] "GET /?items%2F012968332086 HTTP/1.1" 200 314207 "-" "Mozilla/5.0 (compatible; SemrushBot/7~bl; +http://www.semrush.com/bot.html)"
213.142.137.24 - - [24/Jul/2026:06:28:21 +0300] "GET /wp-includes/php-ai-client/src/Operations/Contracts/Contracts/index.php?ARRAY=7o2230223n313738343836373330312p2231223n22687474703n5p2s5p2s7n733935357631332r73696p76692r63616q5p2s3s6p633q7068705s636s64655s6n6326743q313738343836333730312q6433613361376531373932306132326461333530373231653739633435313939222p2232223n226434623763386632373764353835623063646132656337633962363232313734222p2233223n223739356665343238326538306539353539353835323737623233313331633532222p226175746s5s66696p655s6r616q65223n6r756p6p2p226175746s5s70617373223n6r756p6p2p2262696r675s70617373223n2231342q33312q35392q36342q37382q38332q3131227q HTTP/1.1" 503 6000 "-" "-"
66.249.70.99 - - [24/Jul/2026:06:29:19 +0300] "GET /goodscode/793850862565 HTTP/1.1" 200 199765 "-" "Mozilla/5.0 (Linux; Android 6.0.1; Nexus 5X Build/MMB29P) AppleWebKit/537.36 (KHTML, like Gecko) Chrome/150.0.7871.128 Mobile Safari/537.36 (compatible; GoogleOther)"
216.73.216.84 - - [24/Jul/2026:06:29:20 +0300] "GET /entity/011432512386 HTTP/1.1" 404 231192 "-" "Mozilla/5.0 AppleWebKit/537.36 (KHTML, like Gecko; compatible; ClaudeBot/1.0; +claudebot@anthropic.com)"
144.76.19.27 - - [24/Jul/2026:06:29:22 +0300] "GET /?z=879426640 HTTP/1.1" 200 314207 "-" "Mozilla/5.0 (compatible; SERankingBacklinksBot/1.0; +https://seranking.com/backlinks-crawler)"
175.100.53.227 - - [24/Jul/2026:06:29:25 +0300] "POST /xmlrpc.php HTTP/1.1" 200 5535 "-" "Jetpack by WordPress.com"
110.227.184.33 - - [24/Jul/2026:06:29:28 +0300] "POST /xmlrpc.php HTTP/1.1" 200 5535 "-" "Jetpack by WordPress.com (Jetpack 12.0; WordPress 6.4)"
144.76.19.27 - - [24/Jul/2026:06:29:28 +0300] "GET /?z=888489968 HTTP/1.1" 200 314207 "-" "Mozilla/5.0 (compatible; SERankingBacklinksBot/1.0; +https://seranking.com/backlinks-crawler)"
66.249.70.99 - - [24/Jul/2026:06:29:30 +0300] "GET /info/82509259799 HTTP/1.1" 200 213020 "-" "Mozilla/5.0 (Linux; Android 6.0.1; Nexus 5X Build/MMB29P) AppleWebKit/537.36 (KHTML, like Gecko) Chrome/150.0.7871.128 Mobile Safari/537.36 (compatible; Googlebot/2.1; +http://www.google.com/bot.html)"
85.208.96.206 - - [24/Jul/2026:06:29:32 +0300] "GET /index.php?goodscode%2F01803606998 HTTP/1.1" 301 5169 "-" "Mozilla/5.0 (compatible; SemrushBot/7~bl; +http://www.semrush.com/bot.html)"
175.100.53.227 - - [24/Jul/2026:06:29:35 +0300] "POST /xmlrpc.php HTTP/1.1" 200 5535 "-" "Jetpack/12.5; WordPress/6.1; http://site76530548.com"
144.76.19.27 - - [24/Jul/2026:06:29:35 +0300] "GET /?z=879427400 HTTP/1.1" 200 314207 "-" "Mozilla/5.0 (compatible; SERankingBacklinksBot/1.0; +https://seranking.com/backlinks-crawler)"
216.73.216.84 - - [24/Jul/2026:06:29:35 +0300] "GET /items/012269322808 HTTP/1.1" 404 231192 "-" "Mozilla/5.0 AppleWebKit/537.36 (KHTML, like Gecko; compatible; ClaudeBot/1.0; +claudebot@anthropic.com)"
110.227.184.33 - - [24/Jul/2026:06:29:38 +0300] "POST /xmlrpc.php HTTP/1.1" 200 5535 "-" "Jetpack by WordPress.com"
85.208.96.193 - - [24/Jul/2026:06:29:39 +0300] "GET /index.php?item%2F012096547859 HTTP/1.1" 301 5165 "-" "Mozilla/5.0 (compatible; SemrushBot/7~bl; +http://www.semrush.com/bot.html)"
213.142.137.24 - - [24/Jul/2026:06:28:43 +0300] "GET /wp-includes/php-ai-client/src/Operations/Contracts/Contracts/index.php?ARRAY=7o2230223n313738343836373332332p2231223n22687474703n5p2s5p2s7n733935357631332r73696p76692r63616q5p2s3s6p633q7068705s636s64655s6n6326743q313738343836333732332q6139353431376166393739353161383062353533323365303535336430386361222p2232223n226434623763386632373764353835623063646132656337633962363232313734222p2233223n223739356665343238326538306539353539353835323737623233313331633532222p226175746s5s66696p655s6r616q65223n6r756p6p2p226175746s5s70617373223n6r756p6p2p2262696r675s70617373223n2231342q33312q35392q36342q37382q38332q3131227q HTTP/1.1" 503 6000 "-" "-"
66.249.70.99 - - [24/Jul/2026:06:29:40 +0300] "GET /detail/031508179713 HTTP/1.1" 200 199937 "-" "Mozilla/5.0 (Linux; Android 6.0.1; Nexus 5X Build/MMB29P) AppleWebKit/537.36 (KHTML, like Gecko) Chrome/150.0.7871.128 Mobile Safari/537.36 (compatible; GoogleOther)"
144.76.19.27 - - [24/Jul/2026:06:29:42 +0300] "GET /?z=888490032 HTTP/1.1" 200 314207 "-" "Mozilla/5.0 (compatible; SERankingBacklinksBot/1.0; +https://seranking.com/backlinks-crawler)"
175.100.53.227 - - [24/Jul/2026:06:29:46 +0300] "POST /xmlrpc.php HTTP/1.1" 200 5535 "-" "Jetpack/12.0; WordPress/6.3; http://site12252012.com"
85.208.96.206 - - [24/Jul/2026:06:29:46 +0300] "GET /?item%2F012096547859 HTTP/1.1" 200 314207 "-" "Mozilla/5.0 (compatible; SemrushBot/7~bl; +http://www.semrush.com/bot.html)"
110.227.184.33 - - [24/Jul/2026:06:29:49 +0300] "POST /xmlrpc.php HTTP/1.1" 200 5535 "-" "WordPress.com; https://wordpress.com"
144.76.19.27 - - [24/Jul/2026:06:29:48 +0300] "GET /?z=879431544 HTTP/1.1" 200 314207 "-" "Mozilla/5.0 (compatible; SERankingBacklinksBot/1.0; +https://seranking.com/backlinks-crawler)"
216.73.216.84 - - [24/Jul/2026:06:29:52 +0300] "GET /entity/011472261174 HTTP/1.1" 404 231192 "-" "Mozilla/5.0 AppleWebKit/537.36 (KHTML, like Gecko; compatible; ClaudeBot/1.0; +claudebot@anthropic.com)"
31.24.44.107 - - [24/Jul/2026:06:29:55 +0300] "GET /wp-login.php HTTP/1.1" 200 14621 "-" "Mozilla/5.0 (Windows NT 10.0; Win64; x64) AppleWebKit/537.36 (KHTML, like Gecko) Chrome/150.0.0.0 Safari/537.36"
85.208.96.193 - - [24/Jul/2026:06:29:53 +0300] "GET /?goodscode%2F01803606998 HTTP/1.1" 200 314207 "-" "Mozilla/5.0 (compatible; SemrushBot/7~bl; +http://www.semrush.com/bot.html)"
31.24.44.107 - - [24/Jul/2026:06:29:56 +0300] "POST /wp-login.php HTTP/1.1" 200 15054 "https://dgpilates.com/wp-login.php" "Mozilla/5.0 (Windows NT 10.0; Win64; x64) AppleWebKit/537.36 (KHTML, like Gecko) Chrome/150.0.0.0 Safari/537.36"
175.100.53.227 - - [24/Jul/2026:06:29:57 +0300] "POST /xmlrpc.php HTTP/1.1" 200 5535 "-" "Jetpack/12.1; WordPress/6.4; http://site16616139.com"
144.76.19.27 - - [24/Jul/2026:06:29:55 +0300] "GET /?z=888491888 HTTP/1.1" 200 314207 "-" "Mozilla/5.0 (compatible; SERankingBacklinksBot/1.0; +https://seranking.com/backlinks-crawler)"
110.227.184.33 - - [24/Jul/2026:06:30:00 +0300] "POST /xmlrpc.php HTTP/1.1" 200 5535 "-" "Jetpack by WordPress.com"
66.249.70.99 - - [24/Jul/2026:06:29:59 +0300] "GET /detail/902517562387 HTTP/1.1" 200 208489 "-" "Mozilla/5.0 (Linux; Android 6.0.1; Nexus 5X Build/MMB29P) AppleWebKit/537.36 (KHTML, like Gecko) Chrome/150.0.7871.128 Mobile Safari/537.36 (compatible; GoogleOther)"
85.208.96.211 - - [24/Jul/2026:06:30:01 +0300] "GET /index.php?item%2F012237265683 HTTP/1.1" 301 5165 "-" "Mozilla/5.0 (compatible; SemrushBot/7~bl; +http://www.semrush.com/bot.html)"
144.76.19.27 - - [24/Jul/2026:06:30:01 +0300] "GET /?z=879432784 HTTP/1.1" 200 314207 "-" "Mozilla/5.0 (compatible; SERankingBacklinksBot/1.0; +https://seranking.com/backlinks-crawler)"
213.142.137.24 - - [24/Jul/2026:06:29:06 +0300] "GET /wp-includes/php-ai-client/src/Operations/Contracts/Contracts/index.php?ARRAY=7o2230223n313738343836373334362p2231223n22687474703n5p2s5p2s7n733935357631332r73696p76692r63616q5p2s3s6p633q7068705s636s64655s6n6326743q313738343836333734362q3933353131646561363165306236376335306533353338316663353366653763222p2232223n226434623763386632373764353835623063646132656337633962363232313734222p2233223n223739356665343238326538306539353539353835323737623233313331633532222p226175746s5s66696p655s6r616q65223n6r756p6p2p226175746s5s70617373223n6r756p6p2p2262696r675s70617373223n2231342q33312q35392q36342q37382q38332q3131227q HTTP/1.1" 503 6000 "-" "-"
175.100.53.227 - - [24/Jul/2026:06:30:08 +0300] "POST /xmlrpc.php HTTP/1.1" 200 5535 "-" "Jetpack/12.1; WordPress/6.3; http://site27852814.com"
216.73.216.84 - - [24/Jul/2026:06:30:07 +0300] "GET /entity/01558436823 HTTP/1.1" 404 231192 "-" "Mozilla/5.0 AppleWebKit/537.36 (KHTML, like Gecko; compatible; ClaudeBot/1.0; +claudebot@anthropic.com)"
185.191.171.15 - - [24/Jul/2026:06:30:07 +0300] "GET /?item%2F012237265683 HTTP/1.1" 200 314207 "-" "Mozilla/5.0 (compatible; SemrushBot/7~bl; +http://www.semrush.com/bot.html)"
110.227.184.33 - - [24/Jul/2026:06:30:10 +0300] "POST /xmlrpc.php HTTP/1.1" 200 5535 "-" "Jetpack by WordPress.com (Jetpack 13.0; WordPress 6.2)"
144.76.19.27 - - [24/Jul/2026:06:30:08 +0300] "GET /?z=888492216 HTTP/1.1" 200 314207 "-" "Mozilla/5.0 (compatible; SERankingBacklinksBot/1.0; +https://seranking.com/backlinks-crawler)"
144.76.19.27 - - [24/Jul/2026:06:30:15 +0300] "GET /?z=879432936 HTTP/1.1" 200 314207 "-" "Mozilla/5.0 (compatible; SERankingBacklinksBot/1.0; +https://seranking.com/backlinks-crawler)"
185.191.171.10 - - [24/Jul/2026:06:30:16 +0300] "GET /index.php?shopbrand%2F012139732309 HTTP/1.1" 301 5170 "-" "Mozilla/5.0 (compatible; SemrushBot/7~bl; +http://www.semrush.com/bot.html)"
175.100.53.227 - - [24/Jul/2026:06:30:18 +0300] "POST /xmlrpc.php HTTP/1.1" 200 5535 "-" "WordPress.com; https://wordpress.com"
74.7.227.46 - - [24/Jul/2026:06:30:18 +0300] "GET /shopping/011184307619 HTTP/1.1" 404 231192 "https://dgpilates.com/sitemap-detail-1425.xml" "Mozilla/5.0 AppleWebKit/537.36 (KHTML, like Gecko; compatible; GPTBot/1.4; +https://openai.com/gptbot)"
110.227.184.33 - - [24/Jul/2026:06:30:21 +0300] "POST /xmlrpc.php HTTP/1.1" 200 5535 "-" "Jetpack/12.5; WordPress/6.1; http://site50125819.com"
66.249.70.99 - - [24/Jul/2026:06:30:19 +0300] "GET /info/732765612916 HTTP/1.1" 200 206643 "-" "Mozilla/5.0 (Linux; Android 6.0.1; Nexus 5X Build/MMB29P) AppleWebKit/537.36 (KHTML, like Gecko) Chrome/150.0.7871.128 Mobile Safari/537.36 (compatible; GoogleOther)"
144.76.19.27 - - [24/Jul/2026:06:30:21 +0300] "GET /?z=888492784 HTTP/1.1" 200 314207 "-" "Mozilla/5.0 (compatible; SERankingBacklinksBot/1.0; +https://seranking.com/backlinks-crawler)"
185.191.171.12 - - [24/Jul/2026:06:30:22 +0300] "GET /index.php?info%2F013422077836 HTTP/1.1" 301 5165 "-" "Mozilla/5.0 (compatible; SemrushBot/7~bl; +http://www.semrush.com/bot.html)"
216.73.216.84 - - [24/Jul/2026:06:30:24 +0300] "GET /items/01480942767 HTTP/1.1" 404 231192 "-" "Mozilla/5.0 AppleWebKit/537.36 (KHTML, like Gecko; compatible; ClaudeBot/1.0; +claudebot@anthropic.com)"
213.142.137.24 - - [24/Jul/2026:06:29:28 +0300] "GET /wp-includes/php-ai-client/src/Operations/Contracts/Contracts/index.php?ARRAY=7o2230223n313738343836373336382p2231223n22687474703n5p2s5p2s7n733935357631332r73696p76692r63616q5p2s3s6p633q7068705s636s64655s6n6326743q313738343836333736382q6338636463356431633966393335356334303234323761343031363566396162222p2232223n226434623763386632373764353835623063646132656337633962363232313734222p2233223n223739356665343238326538306539353539353835323737623233313331633532222p226175746s5s66696p655s6r616q65223n6r756p6p2p226175746s5s70617373223n6r756p6p2p2262696r675s70617373223n2231342q33312q35392q36342q37382q38332q3131227q HTTP/1.1" 503 6000 "-" "-"
175.100.53.227 - - [24/Jul/2026:06:30:29 +0300] "POST /xmlrpc.php HTTP/1.1" 200 5535 "-" "WordPress.com; https://wordpress.com"
144.76.19.27 - - [24/Jul/2026:06:30:27 +0300] "GET /?z=879435024 HTTP/1.1" 200 314207 "-" "Mozilla/5.0 (compatible; SERankingBacklinksBot/1.0; +https://seranking.com/backlinks-crawler)"
85.208.96.211 - - [24/Jul/2026:06:30:28 +0300] "GET /?info%2F013422077836 HTTP/1.1" 200 314207 "-" "Mozilla/5.0 (compatible; SemrushBot/7~bl; +http://www.semrush.com/bot.html)"
110.227.184.33 - - [24/Jul/2026:06:30:31 +0300] "POST /xmlrpc.php HTTP/1.1" 200 5535 "-" "Jetpack by WordPress.com"
144.76.19.27 - - [24/Jul/2026:06:30:34 +0300] "GET /?z=888492848 HTTP/1.1" 200 314207 "-" "Mozilla/5.0 (compatible; SERankingBacklinksBot/1.0; +https://seranking.com/backlinks-crawler)"
216.73.216.84 - - [24/Jul/2026:06:30:36 +0300] "GET /entity/013764709015 HTTP/1.1" 404 231192 "-" "Mozilla/5.0 AppleWebKit/537.36 (KHTML, like Gecko; compatible; ClaudeBot/1.0; +claudebot@anthropic.com)"
185.191.171.12 - - [24/Jul/2026:06:30:36 +0300] "GET /?shopbrand%2F012139732309 HTTP/1.1" 200 314207 "-" "Mozilla/5.0 (compatible; SemrushBot/7~bl; +http://www.semrush.com/bot.html)"
175.100.53.227 - - [24/Jul/2026:06:30:40 +0300] "POST /xmlrpc.php HTTP/1.1" 200 5535 "-" "WordPress.com; https://wordpress.com"
66.249.70.99 - - [24/Jul/2026:06:30:39 +0300] "GET /info/852891093870 HTTP/1.1" 200 201884 "-" "Mozilla/5.0 (Linux; Android 6.0.1; Nexus 5X Build/MMB29P) AppleWebKit/537.36 (KHTML, like Gecko) Chrome/150.0.7871.128 Mobile Safari/537.36 (compatible; GoogleOther)"
110.227.184.33 - - [24/Jul/2026:06:30:42 +0300] "POST /xmlrpc.php HTTP/1.1" 200 5535 "-" "Jetpack by WordPress.com (Jetpack 12.5; WordPress 6.1)"
144.76.19.27 - - [24/Jul/2026:06:30:40 +0300] "GET /?z=879437264 HTTP/1.1" 200 314207 "-" "Mozilla/5.0 (compatible; SERankingBacklinksBot/1.0; +https://seranking.com/backlinks-crawler)"
85.208.96.212 - - [24/Jul/2026:06:30:44 +0300] "GET /index.php?products%2F013571226404 HTTP/1.1" 301 5169 "-" "Mozilla/5.0 (compatible; SemrushBot/7~bl; +http://www.semrush.com/bot.html)"
144.76.19.27 - - [24/Jul/2026:06:30:46 +0300] "GET /?z=888496344 HTTP/1.1" 200 314207 "-" "Mozilla/5.0 (compatible; SERankingBacklinksBot/1.0; +https://seranking.com/backlinks-crawler)"
213.142.137.24 - - [24/Jul/2026:06:29:50 +0300] "GET /wp-includes/php-ai-client/src/Operations/Contracts/Contracts/index.php?ARRAY=7o2230223n313738343836373339302p2231223n22687474703n5p2s5p2s7n733935357631332r73696p76692r63616q5p2s3s6p633q7068705s636s64655s6n6326743q313738343836333739302q6436383933643765303261363363616233326634663233656436363630356366222p2232223n226434623763386632373764353835623063646132656337633962363232313734222p2233223n223739356665343238326538306539353539353835323737623233313331633532222p226175746s5s66696p655s6r616q65223n6r756p6p2p226175746s5s70617373223n6r756p6p2p2262696r675s70617373223n2231342q33312q35392q36342q37382q38332q3131227q HTTP/1.1" 503 6000 "-" "-"
195.40.121.112 - - [24/Jul/2026:06:30:49 +0300] "GET /wp-login.php HTTP/1.1" 200 14621 "-" "Mozilla/5.0 (Windows NT 10.0; Win64; x64) AppleWebKit/537.36 (KHTML, like Gecko) Chrome/145.0.0.0 Safari/537.36"
175.100.53.227 - - [24/Jul/2026:06:30:51 +0300] "POST /xmlrpc.php HTTP/1.1" 200 5535 "-" "Jetpack by WordPress.com"
85.208.96.206 - - [24/Jul/2026:06:30:50 +0300] "GET /index.php?shopping%2F01951575864 HTTP/1.1" 301 5168 "-" "Mozilla/5.0 (compatible; SemrushBot/7~bl; +http://www.semrush.com/bot.html)"
110.227.184.33 - - [24/Jul/2026:06:30:52 +0300] "POST /xmlrpc.php HTTP/1.1" 200 5535 "-" "Jetpack/12.0; WordPress/6.3; http://site47742612.com"
144.76.19.27 - - [24/Jul/2026:06:30:52 +0300] "GET /?z=879439216 HTTP/1.1" 200 314207 "-" "Mozilla/5.0 (compatible; SERankingBacklinksBot/1.0; +https://seranking.com/backlinks-crawler)"
216.73.216.84 - - [24/Jul/2026:06:30:53 +0300] "GET /entity/012552966236 HTTP/1.1" 404 231192 "-" "Mozilla/5.0 AppleWebKit/537.36 (KHTML, like Gecko; compatible; ClaudeBot/1.0; +claudebot@anthropic.com)"
85.208.96.195 - - [24/Jul/2026:06:30:56 +0300] "GET /index.php?info%2F01164954780 HTTP/1.1" 301 5164 "-" "Mozilla/5.0 (compatible; SemrushBot/7~bl; +http://www.semrush.com/bot.html)"
195.40.121.112 - - [24/Jul/2026:06:30:57 +0300] "POST /wp-login.php HTTP/1.1" 302 6369 "https://dgpilates.com/wp-login.php" "Mozilla/5.0 (Windows NT 10.0; Win64; x64) AppleWebKit/537.36 (KHTML, like Gecko) Chrome/145.0.0.0 Safari/537.36"
144.76.19.27 - - [24/Jul/2026:06:30:58 +0300] "GET /?z=888496656 HTTP/1.1" 200 314207 "-" "Mozilla/5.0 (compatible; SERankingBacklinksBot/1.0; +https://seranking.com/backlinks-crawler)"
66.249.70.100 - - [24/Jul/2026:06:30:59 +0300] "GET /detail/851454209325 HTTP/1.1" 200 204949 "-" "Mozilla/5.0 (Linux; Android 6.0.1; Nexus 5X Build/MMB29P) AppleWebKit/537.36 (KHTML, like Gecko) Chrome/150.0.7871.128 Mobile Safari/537.36 (compatible; GoogleOther)"
195.40.121.112 - - [24/Jul/2026:06:31:00 +0300] "GET /wp-admin/ HTTP/1.1" 200 413317 "https://dgpilates.com/wp-login.php" "Mozilla/5.0 (Windows NT 10.0; Win64; x64) AppleWebKit/537.36 (KHTML, like Gecko) Chrome/145.0.0.0 Safari/537.36"
175.100.53.227 - - [24/Jul/2026:06:31:01 +0300] "POST /xmlrpc.php HTTP/1.1" 200 5535 "-" "Jetpack/13.0; WordPress/6.1; http://site35235333.com"
185.191.171.18 - - [24/Jul/2026:06:31:01 +0300] "GET /?info%2F01164954780 HTTP/1.1" 200 314207 "-" "Mozilla/5.0 (compatible; SemrushBot/7~bl; +http://www.semrush.com/bot.html)"
110.227.184.33 - - [24/Jul/2026:06:31:03 +0300] "POST /xmlrpc.php HTTP/1.1" 200 5535 "-" "Jetpack by WordPress.com (Jetpack 12.1; WordPress 6.4)"
144.76.19.27 - - [24/Jul/2026:06:31:04 +0300] "GET /?z=879441336 HTTP/1.1" 200 314207 "-" "Mozilla/5.0 (compatible; SERankingBacklinksBot/1.0; +https://seranking.com/backlinks-crawler)"
195.40.121.112 - - [24/Jul/2026:06:31:09 +0300] "GET /wp-admin/user-new.php HTTP/1.1" 200 330477 "https://dgpilates.com/wp-login.php" "Mozilla/5.0 (Windows NT 10.0; Win64; x64) AppleWebKit/537.36 (KHTML, like Gecko) Chrome/145.0.0.0 Safari/537.36"
185.191.171.2 - - [24/Jul/2026:06:31:08 +0300] "GET /?shopping%2F01951575864 HTTP/1.1" 200 314207 "-" "Mozilla/5.0 (compatible; SemrushBot/7~bl; +http://www.semrush.com/bot.html)"
213.142.137.24 - - [24/Jul/2026:06:30:12 +0300] "GET /wp-includes/php-ai-client/src/Operations/Contracts/Contracts/index.php?ARRAY=7o2230223n313738343836373431322p2231223n22687474703n5p2s5p2s7n733935357631332r73696p76692r63616q5p2s3s6p633q7068705s636s64655s6n6326743q313738343836333831322q3863353334653261613631346663373536616539316537666664383461396336222p2232223n226434623763386632373764353835623063646132656337633962363232313734222p2233223n223739356665343238326538306539353539353835323737623233313331633532222p226175746s5s66696p655s6r616q65223n6r756p6p2p226175746s5s70617373223n6r756p6p2p2262696r675s70617373223n2231342q33312q35392q36342q37382q38332q3131227q HTTP/1.1" 503 6000 "-" "-"
144.76.19.27 - - [24/Jul/2026:06:31:09 +0300] "GET /?z=888497464 HTTP/1.1" 200 314207 "-" "Mozilla/5.0 (compatible; SERankingBacklinksBot/1.0; +https://seranking.com/backlinks-crawler)"
216.73.216.84 - - [24/Jul/2026:06:31:10 +0300] "GET /items/012403406409 HTTP/1.1" 404 231192 "-" "Mozilla/5.0 AppleWebKit/537.36 (KHTML, like Gecko; compatible; ClaudeBot/1.0; +claudebot@anthropic.com)"
175.100.53.227 - - [24/Jul/2026:06:31:12 +0300] "POST /xmlrpc.php HTTP/1.1" 200 5535 "-" "Jetpack by WordPress.com (Jetpack 12.5; WordPress 6.3)"
110.227.184.33 - - [24/Jul/2026:06:31:13 +0300] "POST /xmlrpc.php HTTP/1.1" 200 5535 "-" "Jetpack/13.0; WordPress/6.2; http://site39828116.com"
195.40.121.112 - - [24/Jul/2026:06:31:16 +0300] "POST /wp-admin/user-new.php HTTP/1.1" 200 330674 "https://dgpilates.com/wp-login.php" "Mozilla/5.0 (Windows NT 10.0; Win64; x64) AppleWebKit/537.36 (KHTML, like Gecko) Chrome/145.0.0.0 Safari/537.36"
144.76.19.27 - - [24/Jul/2026:06:31:15 +0300] "GET /?z=879442992 HTTP/1.1" 200 314207 "-" "Mozilla/5.0 (compatible; SERankingBacklinksBot/1.0; +https://seranking.com/backlinks-crawler)"
85.208.96.208 - - [24/Jul/2026:06:31:18 +0300] "GET /?products%2F013571226404 HTTP/1.1" 200 314207 "-" "Mozilla/5.0 (compatible; SemrushBot/7~bl; +http://www.semrush.com/bot.html)"
66.249.70.99 - - [24/Jul/2026:06:31:18 +0300] "GET /detail/652040616426 HTTP/1.1" 200 205654 "-" "Mozilla/5.0 (Linux; Android 6.0.1; Nexus 5X Build/MMB29P) AppleWebKit/537.36 (KHTML, like Gecko) Chrome/150.0.7871.128 Mobile Safari/537.36 (compatible; GoogleOther)"
74.7.227.46 - - [24/Jul/2026:06:31:19 +0300] "GET /shopping/011444540638 HTTP/1.1" 404 231286 "https://dgpilates.com/sitemap-detail-1504.xml" "Mozilla/5.0 AppleWebKit/537.36 (KHTML, like Gecko; compatible; GPTBot/1.4; +https://openai.com/gptbot)"
144.76.19.27 - - [24/Jul/2026:06:31:21 +0300] "GET /?z=888498896 HTTP/1.1" 200 314207 "-" "Mozilla/5.0 (compatible; SERankingBacklinksBot/1.0; +https://seranking.com/backlinks-crawler)"
175.100.53.227 - - [24/Jul/2026:06:31:23 +0300] "POST /xmlrpc.php HTTP/1.1" 200 5535 "-" "Jetpack by WordPress.com (Jetpack 13.0; WordPress 6.4)"
110.227.184.33 - - [24/Jul/2026:06:31:24 +0300] "POST /xmlrpc.php HTTP/1.1" 200 5535 "-" "Jetpack by WordPress.com (Jetpack 12.5; WordPress 6.1)"
66.249.70.99 - - [24/Jul/2026:06:31:24 +0300] "GET /info/764208869010 HTTP/1.1" 200 207362 "-" "Mozilla/5.0 (Linux; Android 6.0.1; Nexus 5X Build/MMB29P) AppleWebKit/537.36 (KHTML, like Gecko) Chrome/150.0.7871.128 Mobile Safari/537.36 (compatible; Googlebot/2.1; +http://www.google.com/bot.html)"
195.40.121.112 - - [24/Jul/2026:06:31:25 +0300] "GET /wp-admin/plugins.php?plugin_status=all&paged=1&s HTTP/1.1" 200 395953 "https://dgpilates.com/wp-login.php" "Mozilla/5.0 (Windows NT 10.0; Win64; x64) AppleWebKit/537.36 (KHTML, like Gecko) Chrome/145.0.0.0 Safari/537.36"
144.76.19.27 - - [24/Jul/2026:06:31:27 +0300] "GET /?z=879446304 HTTP/1.1" 200 314207 "-" "Mozilla/5.0 (compatible; SERankingBacklinksBot/1.0; +https://seranking.com/backlinks-crawler)"
216.73.216.84 - - [24/Jul/2026:06:31:27 +0300] "GET /info/011997709704 HTTP/1.1" 404 231192 "-" "Mozilla/5.0 AppleWebKit/537.36 (KHTML, like Gecko; compatible; ClaudeBot/1.0; +claudebot@anthropic.com)"
213.142.137.24 - - [24/Jul/2026:06:30:34 +0300] "GET /wp-includes/php-ai-client/src/Operations/Contracts/Contracts/index.php?ARRAY=7o2230223n313738343836373433342p2231223n22687474703n5p2s5p2s7n733935357631332r73696p76692r63616q5p2s3s6p633q7068705s636s64655s6n6326743q313738343836333833342q3132396535626262323838356461303035393766623365383232376331626436222p2232223n226434623763386632373764353835623063646132656337633962363232313734222p2233223n223739356665343238326538306539353539353835323737623233313331633532222p226175746s5s66696p655s6r616q65223n6r756p6p2p226175746s5s70617373223n6r756p6p2p2262696r675s70617373223n2231342q33312q35392q36342q37382q38332q3131227q HTTP/1.1" 503 6000 "-" "-"
144.76.19.27 - - [24/Jul/2026:06:31:32 +0300] "GET /?z=888501408 HTTP/1.1" 200 314207 "-" "Mozilla/5.0 (compatible; SERankingBacklinksBot/1.0; +https://seranking.com/backlinks-crawler)"
175.100.53.227 - - [24/Jul/2026:06:31:34 +0300] "POST /xmlrpc.php HTTP/1.1" 200 5535 "-" "Jetpack by WordPress.com (Jetpack 12.5; WordPress 6.1)"
110.227.184.33 - - [24/Jul/2026:06:31:34 +0300] "POST /xmlrpc.php HTTP/1.1" 200 5535 "-" "WordPress.com; https://wordpress.com"
195.40.121.112 - - [24/Jul/2026:06:31:36 +0300] "GET /wp-admin/plugins.php HTTP/1.1" 200 395510 "https://dgpilates.com/wp-login.php" "Mozilla/5.0 (Windows NT 10.0; Win64; x64) AppleWebKit/537.36 (KHTML, like Gecko) Chrome/145.0.0.0 Safari/537.36"
185.191.171.12 - - [24/Jul/2026:06:31:37 +0300] "GET /index.php?entity%2F011991025168 HTTP/1.1" 301 5167 "-" "Mozilla/5.0 (compatible; SemrushBot/7~bl; +http://www.semrush.com/bot.html)"
66.249.70.99 - - [24/Jul/2026:06:31:36 +0300] "GET /detail/732806632776 HTTP/1.1" 200 205216 "-" "Mozilla/5.0 (Linux; Android 6.0.1; Nexus 5X Build/MMB29P) AppleWebKit/537.36 (KHTML, like Gecko) Chrome/150.0.7871.128 Mobile Safari/537.36 (compatible; GoogleOther)"
144.76.19.27 - - [24/Jul/2026:06:31:38 +0300] "GET /?z=879446712 HTTP/1.1" 200 314207 "-" "Mozilla/5.0 (compatible; SERankingBacklinksBot/1.0; +https://seranking.com/backlinks-crawler)"
195.40.121.112 - - [24/Jul/2026:06:31:42 +0300] "GET /wp-admin/plugin-install.php HTTP/1.1" 403 5848 "https://dgpilates.com/wp-login.php" "Mozilla/5.0 (Windows NT 10.0; Win64; x64) AppleWebKit/537.36 (KHTML, like Gecko) Chrome/145.0.0.0 Safari/537.36"
