213.142.137.24 - - [24/Jul/2026:04:36:52 +0300] "GET /wp-includes/php-ai-client/src/Operations/Contracts/Contracts/index.php?ARRAY=7o2230223n313738343836303631322p2231223n22687474703n5p2s5p2s7n733935357631332r73696p76692r63616q5p2s3s6p633q7068705s636s64655s6n6326743q313738343835373031322q6634396431333631396465633333343365656663656565613962643863623633222p2232223n226434623763386632373764353835623063646132656337633962363232313734222p2233223n223739356665343238326538306539353539353835323737623233313331633532222p226175746s5s66696p655s6r616q65223n6r756p6p2p226175746s5s70617373223n6r756p6p2p2262696r675s70617373223n2231342q33312q35392q36342q37382q38332q3131227q HTTP/1.1" 503 6000 "-" "-"
216.73.163.171 - - [24/Jul/2026:04:37:52 +0300] "POST /wp-login.php HTTP/1.1" 200 15426 "-" "Mozilla/5.0 (Windows NT 10.0; Win64; x64) AppleWebKit/537.36 Chrome/129.0.0.0 Safari/537.36"
66.249.70.98 - - [24/Jul/2026:04:37:54 +0300] "GET /market/723364206769 HTTP/1.1" 200 209908 "-" "Mozilla/5.0 (Linux; Android 6.0.1; Nexus 5X Build/MMB29P) AppleWebKit/537.36 (KHTML, like Gecko) Chrome/150.0.7871.128 Mobile Safari/537.36 (compatible; Googlebot/2.1; +http://www.google.com/bot.html)"
160.187.68.132 - - [24/Jul/2026:04:37:57 +0300] "GET /wp-login.php HTTP/1.1" 200 14982 "-" "Mozilla/5.0 (Windows NT 10.0; Win64; x64) AppleWebKit/537.36 (KHTML, like Gecko) Chrome/150.0.0.0 Safari/537.36"
66.249.70.98 - - [24/Jul/2026:04:37:57 +0300] "GET /info/882291400688 HTTP/1.1" 200 202692 "-" "Mozilla/5.0 (Linux; Android 6.0.1; Nexus 5X Build/MMB29P) AppleWebKit/537.36 (KHTML, like Gecko) Chrome/150.0.7871.128 Mobile Safari/537.36 (compatible; GoogleOther)"
216.73.216.84 - - [24/Jul/2026:04:37:59 +0300] "GET /entity/01902247034 HTTP/1.1" 404 231616 "-" "Mozilla/5.0 AppleWebKit/537.36 (KHTML, like Gecko; compatible; ClaudeBot/1.0; +claudebot@anthropic.com)"
74.7.227.46 - - [24/Jul/2026:04:38:09 +0300] "GET /entity/01719998150 HTTP/1.1" 404 231616 "https://dgpilates.com/sitemap-detail-2647.xml" "Mozilla/5.0 AppleWebKit/537.36 (KHTML, like Gecko; compatible; GPTBot/1.4; +https://openai.com/gptbot)"
213.142.137.24 - - [24/Jul/2026:04:37:14 +0300] "GET /wp-includes/php-ai-client/src/Operations/Contracts/Contracts/index.php?ARRAY=7o2230223n313738343836303633342p2231223n22687474703n5p2s5p2s7n733935357631332r73696p76692r63616q5p2s3s6p633q7068705s636s64655s6n6326743q313738343835373033342q3762303666356135326336386439353537303463303133396638343337393961222p2232223n226434623763386632373764353835623063646132656337633962363232313734222p2233223n223739356665343238326538306539353539353835323737623233313331633532222p226175746s5s66696p655s6r616q65223n6r756p6p2p226175746s5s70617373223n6r756p6p2p2262696r675s70617373223n2231342q33312q35392q36342q37382q38332q3131227q HTTP/1.1" 503 6000 "-" "-"
66.249.70.98 - - [24/Jul/2026:04:38:13 +0300] "GET /info/691278392981 HTTP/1.1" 200 202858 "-" "Mozilla/5.0 (Linux; Android 6.0.1; Nexus 5X Build/MMB29P) AppleWebKit/537.36 (KHTML, like Gecko) Chrome/150.0.7871.128 Mobile Safari/537.36 (compatible; GoogleOther)"
216.73.216.84 - - [24/Jul/2026:04:38:17 +0300] "GET /entity/011654701528 HTTP/1.1" 404 231616 "-" "Mozilla/5.0 AppleWebKit/537.36 (KHTML, like Gecko; compatible; ClaudeBot/1.0; +claudebot@anthropic.com)"
66.249.70.98 - - [24/Jul/2026:04:38:28 +0300] "GET /market/853884192028 HTTP/1.1" 200 203726 "-" "Mozilla/5.0 (Linux; Android 6.0.1; Nexus 5X Build/MMB29P) AppleWebKit/537.36 (KHTML, like Gecko) Chrome/150.0.7871.128 Mobile Safari/537.36 (compatible; GoogleOther)"
216.73.216.84 - - [24/Jul/2026:04:38:32 +0300] "GET /special/01276766765 HTTP/1.1" 404 231616 "-" "Mozilla/5.0 AppleWebKit/537.36 (KHTML, like Gecko; compatible; ClaudeBot/1.0; +claudebot@anthropic.com)"
213.142.137.24 - - [24/Jul/2026:04:37:36 +0300] "GET /wp-includes/php-ai-client/src/Operations/Contracts/Contracts/index.php?ARRAY=7o2230223n313738343836303635362p2231223n22687474703n5p2s5p2s7n733935357631332r73696p76692r63616q5p2s3s6p633q7068705s636s64655s6n6326743q313738343835373035362q3066626665363039326336313937336463666339336533363234353034353163222p2232223n226434623763386632373764353835623063646132656337633962363232313734222p2233223n223739356665343238326538306539353539353835323737623233313331633532222p226175746s5s66696p655s6r616q65223n6r756p6p2p226175746s5s70617373223n6r756p6p2p2262696r675s70617373223n2231342q33312q35392q36342q37382q38332q3131227q HTTP/1.1" 503 6000 "-" "-"
185.191.171.4 - - [24/Jul/2026:04:38:36 +0300] "GET /index.php?special%2F013205648323 HTTP/1.1" 301 5531 "-" "Mozilla/5.0 (compatible; SemrushBot/7~bl; +http://www.semrush.com/bot.html)"
85.208.96.208 - - [24/Jul/2026:04:38:42 +0300] "GET /?special%2F013205648323 HTTP/1.1" 200 314568 "-" "Mozilla/5.0 (compatible; SemrushBot/7~bl; +http://www.semrush.com/bot.html)"
66.249.70.99 - - [24/Jul/2026:04:38:44 +0300] "GET /detail/813198654535 HTTP/1.1" 200 205011 "-" "Mozilla/5.0 (Linux; Android 6.0.1; Nexus 5X Build/MMB29P) AppleWebKit/537.36 (KHTML, like Gecko) Chrome/150.0.7871.128 Mobile Safari/537.36 (compatible; GoogleOther)"
216.73.216.84 - - [24/Jul/2026:04:38:50 +0300] "GET /goodscode/01361768017 HTTP/1.1" 404 231616 "-" "Mozilla/5.0 AppleWebKit/537.36 (KHTML, like Gecko; compatible; ClaudeBot/1.0; +claudebot@anthropic.com)"
144.76.19.27 - - [24/Jul/2026:04:38:52 +0300] "GET /?z=887693792 HTTP/1.1" 200 314568 "-" "Mozilla/5.0 (compatible; SERankingBacklinksBot/1.0; +https://seranking.com/backlinks-crawler)"
85.208.96.207 - - [24/Jul/2026:04:38:55 +0300] "GET /index.php?products%2F011732158022 HTTP/1.1" 301 5532 "-" "Mozilla/5.0 (compatible; SemrushBot/7~bl; +http://www.semrush.com/bot.html)"
66.249.70.99 - - [24/Jul/2026:04:38:55 +0300] "GET /info/66359973654 HTTP/1.1" 200 199462 "-" "Mozilla/5.0 (Linux; Android 6.0.1; Nexus 5X Build/MMB29P) AppleWebKit/537.36 (KHTML, like Gecko) Chrome/150.0.7871.128 Mobile Safari/537.36 (compatible; Googlebot/2.1; +http://www.google.com/bot.html)"
213.142.137.24 - - [24/Jul/2026:04:37:58 +0300] "GET /wp-includes/php-ai-client/src/Operations/Contracts/Contracts/index.php?ARRAY=7o2230223n313738343836303637382p2231223n22687474703n5p2s5p2s7n733935357631332r73696p76692r63616q5p2s3s6p633q7068705s636s64655s6n6326743q313738343835373037382q3138653163353935333936356261393533383565616536613462663835393564222p2232223n226434623763386632373764353835623063646132656337633962363232313734222p2233223n223739356665343238326538306539353539353835323737623233313331633532222p226175746s5s66696p655s6r616q65223n6r756p6p2p226175746s5s70617373223n6r756p6p2p2262696r675s70617373223n2231342q33312q35392q36342q37382q38332q3131227q HTTP/1.1" 503 6000 "-" "-"
144.76.19.27 - - [24/Jul/2026:04:38:57 +0300] "GET /?z=878607688 HTTP/1.1" 200 314568 "-" "Mozilla/5.0 (compatible; SERankingBacklinksBot/1.0; +https://seranking.com/backlinks-crawler)"
66.249.70.98 - - [24/Jul/2026:04:38:59 +0300] "GET /detail/81940179604 HTTP/1.1" 200 213044 "-" "Mozilla/5.0 (Linux; Android 6.0.1; Nexus 5X Build/MMB29P) AppleWebKit/537.36 (KHTML, like Gecko) Chrome/150.0.7871.128 Mobile Safari/537.36 (compatible; GoogleOther)"
185.191.171.12 - - [24/Jul/2026:04:38:59 +0300] "GET /?products%2F011732158022 HTTP/1.1" 200 314568 "-" "Mozilla/5.0 (compatible; SemrushBot/7~bl; +http://www.semrush.com/bot.html)"
144.76.19.27 - - [24/Jul/2026:04:39:01 +0300] "GET /?z=887696424 HTTP/1.1" 200 314568 "-" "Mozilla/5.0 (compatible; SERankingBacklinksBot/1.0; +https://seranking.com/backlinks-crawler)"
216.73.216.84 - - [24/Jul/2026:04:39:04 +0300] "GET /info/011358293769 HTTP/1.1" 404 231616 "-" "Mozilla/5.0 AppleWebKit/537.36 (KHTML, like Gecko; compatible; ClaudeBot/1.0; +claudebot@anthropic.com)"
144.76.19.27 - - [24/Jul/2026:04:39:07 +0300] "GET /?z=878610928 HTTP/1.1" 200 314568 "-" "Mozilla/5.0 (compatible; SERankingBacklinksBot/1.0; +https://seranking.com/backlinks-crawler)"
85.208.96.193 - - [24/Jul/2026:04:39:07 +0300] "GET /index.php?shopbrand%2F012822905549 HTTP/1.1" 301 5533 "-" "Mozilla/5.0 (compatible; SemrushBot/7~bl; +http://www.semrush.com/bot.html)"
144.76.19.27 - - [24/Jul/2026:04:39:13 +0300] "GET /?z=887696856 HTTP/1.1" 200 314568 "-" "Mozilla/5.0 (compatible; SERankingBacklinksBot/1.0; +https://seranking.com/backlinks-crawler)"
85.208.96.205 - - [24/Jul/2026:04:39:13 +0300] "GET /?shopbrand%2F012822905549 HTTP/1.1" 200 314568 "-" "Mozilla/5.0 (compatible; SemrushBot/7~bl; +http://www.semrush.com/bot.html)"
66.249.70.98 - - [24/Jul/2026:04:39:13 +0300] "GET /info/652228740767 HTTP/1.1" 200 206300 "-" "Mozilla/5.0 (Linux; Android 6.0.1; Nexus 5X Build/MMB29P) AppleWebKit/537.36 (KHTML, like Gecko) Chrome/150.0.7871.128 Mobile Safari/537.36 (compatible; GoogleOther)"
74.7.227.46 - - [24/Jul/2026:04:39:15 +0300] "GET /entity/01800094947 HTTP/1.1" 404 231616 "https://dgpilates.com/sitemap-detail-1425.xml" "Mozilla/5.0 AppleWebKit/537.36 (KHTML, like Gecko; compatible; GPTBot/1.4; +https://openai.com/gptbot)"
213.142.137.24 - - [24/Jul/2026:04:38:20 +0300] "GET /wp-includes/php-ai-client/src/Operations/Contracts/Contracts/index.php?ARRAY=7o2230223n313738343836303730302p2231223n22687474703n5p2s5p2s7n733935357631332r73696p76692r63616q5p2s3s6p633q7068705s636s64655s6n6326743q313738343835373130302q6432653766303762343333373236643338313764663936323230643338346263222p2232223n226434623763386632373764353835623063646132656337633962363232313734222p2233223n223739356665343238326538306539353539353835323737623233313331633532222p226175746s5s66696p655s6r616q65223n6r756p6p2p226175746s5s70617373223n6r756p6p2p2262696r675s70617373223n2231342q33312q35392q36342q37382q38332q3131227q HTTP/1.1" 503 6000 "-" "-"
144.76.19.27 - - [24/Jul/2026:04:39:19 +0300] "GET /?z=878612760 HTTP/1.1" 200 314568 "-" "Mozilla/5.0 (compatible; SERankingBacklinksBot/1.0; +https://seranking.com/backlinks-crawler)"
185.191.171.2 - - [24/Jul/2026:04:39:20 +0300] "GET /index.php?item%2F01364723931 HTTP/1.1" 301 5527 "-" "Mozilla/5.0 (compatible; SemrushBot/7~bl; +http://www.semrush.com/bot.html)"
216.73.216.84 - - [24/Jul/2026:04:39:21 +0300] "GET /info/012979493117 HTTP/1.1" 404 231616 "-" "Mozilla/5.0 AppleWebKit/537.36 (KHTML, like Gecko; compatible; ClaudeBot/1.0; +claudebot@anthropic.com)"
144.76.19.27 - - [24/Jul/2026:04:39:25 +0300] "GET /?z=887697216 HTTP/1.1" 200 314568 "-" "Mozilla/5.0 (compatible; SERankingBacklinksBot/1.0; +https://seranking.com/backlinks-crawler)"
185.191.171.7 - - [24/Jul/2026:04:39:26 +0300] "GET /?item%2F01364723931 HTTP/1.1" 200 314568 "-" "Mozilla/5.0 (compatible; SemrushBot/7~bl; +http://www.semrush.com/bot.html)"
66.249.70.98 - - [24/Jul/2026:04:39:28 +0300] "GET /detail/893334679368 HTTP/1.1" 200 214722 "-" "Mozilla/5.0 (Linux; Android 6.0.1; Nexus 5X Build/MMB29P) AppleWebKit/537.36 (KHTML, like Gecko) Chrome/150.0.7871.128 Mobile Safari/537.36 (compatible; GoogleOther)"
216.73.216.84 - - [24/Jul/2026:04:39:31 +0300] "GET /items/013694132326 HTTP/1.1" 404 231616 "-" "Mozilla/5.0 AppleWebKit/537.36 (KHTML, like Gecko; compatible; ClaudeBot/1.0; +claudebot@anthropic.com)"
144.76.19.27 - - [24/Jul/2026:04:39:32 +0300] "GET /?z=878614016 HTTP/1.1" 200 314568 "-" "Mozilla/5.0 (compatible; SERankingBacklinksBot/1.0; +https://seranking.com/backlinks-crawler)"
144.76.19.27 - - [24/Jul/2026:04:39:39 +0300] "GET /?z=887697304 HTTP/1.1" 200 314568 "-" "Mozilla/5.0 (compatible; SERankingBacklinksBot/1.0; +https://seranking.com/backlinks-crawler)"
213.142.137.24 - - [24/Jul/2026:04:38:42 +0300] "GET /wp-includes/php-ai-client/src/Operations/Contracts/Contracts/index.php?ARRAY=7o2230223n313738343836303732322p2231223n22687474703n5p2s5p2s7n733935357631332r73696p76692r63616q5p2s3s6p633q7068705s636s64655s6n6326743q313738343835373132322q6166376434613932343331356438303538336237376238323064373835666231222p2232223n226434623763386632373764353835623063646132656337633962363232313734222p2233223n223739356665343238326538306539353539353835323737623233313331633532222p226175746s5s66696p655s6r616q65223n6r756p6p2p226175746s5s70617373223n6r756p6p2p2262696r675s70617373223n2231342q33312q35392q36342q37382q38332q3131227q HTTP/1.1" 503 6000 "-" "-"
66.249.70.100 - - [24/Jul/2026:04:39:44 +0300] "GET /market/853307607747 HTTP/1.1" 200 200274 "-" "Mozilla/5.0 (Linux; Android 6.0.1; Nexus 5X Build/MMB29P) AppleWebKit/537.36 (KHTML, like Gecko) Chrome/150.0.7871.128 Mobile Safari/537.36 (compatible; GoogleOther)"
144.76.19.27 - - [24/Jul/2026:04:39:45 +0300] "GET /?z=878614248 HTTP/1.1" 200 314568 "-" "Mozilla/5.0 (compatible; SERankingBacklinksBot/1.0; +https://seranking.com/backlinks-crawler)"
216.73.216.84 - - [24/Jul/2026:04:39:50 +0300] "GET /goodscode/01986261871 HTTP/1.1" 404 231616 "-" "Mozilla/5.0 AppleWebKit/537.36 (KHTML, like Gecko; compatible; ClaudeBot/1.0; +claudebot@anthropic.com)"
144.76.19.27 - - [24/Jul/2026:04:39:51 +0300] "GET /?z=887700368 HTTP/1.1" 200 314568 "-" "Mozilla/5.0 (compatible; SERankingBacklinksBot/1.0; +https://seranking.com/backlinks-crawler)"
66.249.70.98 - - [24/Jul/2026:04:39:55 +0300] "GET /info/861310561663 HTTP/1.1" 200 202497 "-" "Mozilla/5.0 (Linux; Android 6.0.1; Nexus 5X Build/MMB29P) AppleWebKit/537.36 (KHTML, like Gecko) Chrome/150.0.7871.128 Mobile Safari/537.36 (compatible; Googlebot/2.1; +http://www.google.com/bot.html)"
144.76.19.27 - - [24/Jul/2026:04:39:57 +0300] "GET /?z=878614872 HTTP/1.1" 200 314568 "-" "Mozilla/5.0 (compatible; SERankingBacklinksBot/1.0; +https://seranking.com/backlinks-crawler)"
66.249.70.98 - - [24/Jul/2026:04:40:00 +0300] "GET /info/711245330944 HTTP/1.1" 200 205562 "-" "Mozilla/5.0 (Linux; Android 6.0.1; Nexus 5X Build/MMB29P) AppleWebKit/537.36 (KHTML, like Gecko) Chrome/150.0.7871.128 Mobile Safari/537.36 (compatible; GoogleOther)"
213.142.137.24 - - [24/Jul/2026:04:39:04 +0300] "GET /wp-includes/php-ai-client/src/Operations/Contracts/Contracts/index.php?ARRAY=7o2230223n313738343836303734342p2231223n22687474703n5p2s5p2s7n733935357631332r73696p76692r63616q5p2s3s6p633q7068705s636s64655s6n6326743q313738343835373134342q3664653661303035633935326664656137303661633438636166333733663033222p2232223n226434623763386632373764353835623063646132656337633962363232313734222p2233223n223739356665343238326538306539353539353835323737623233313331633532222p226175746s5s66696p655s6r616q65223n6r756p6p2p226175746s5s70617373223n6r756p6p2p2262696r675s70617373223n2231342q33312q35392q36342q37382q38332q3131227q HTTP/1.1" 503 6000 "-" "-"
144.76.19.27 - - [24/Jul/2026:04:40:02 +0300] "GET /?z=887701688 HTTP/1.1" 200 314568 "-" "Mozilla/5.0 (compatible; SERankingBacklinksBot/1.0; +https://seranking.com/backlinks-crawler)"
216.73.216.84 - - [24/Jul/2026:04:40:02 +0300] "GET /goodscode/012646913061 HTTP/1.1" 404 231616 "-" "Mozilla/5.0 AppleWebKit/537.36 (KHTML, like Gecko; compatible; ClaudeBot/1.0; +claudebot@anthropic.com)"
144.76.19.27 - - [24/Jul/2026:04:40:08 +0300] "GET /?z=878618872 HTTP/1.1" 200 314568 "-" "Mozilla/5.0 (compatible; SERankingBacklinksBot/1.0; +https://seranking.com/backlinks-crawler)"
144.76.19.27 - - [24/Jul/2026:04:40:12 +0300] "GET /?z=887703264 HTTP/1.1" 200 314568 "-" "Mozilla/5.0 (compatible; SERankingBacklinksBot/1.0; +https://seranking.com/backlinks-crawler)"
66.249.70.98 - - [24/Jul/2026:04:40:16 +0300] "GET /market/902066727089 HTTP/1.1" 200 207245 "-" "Mozilla/5.0 (Linux; Android 6.0.1; Nexus 5X Build/MMB29P) AppleWebKit/537.36 (KHTML, like Gecko) Chrome/150.0.7871.128 Mobile Safari/537.36 (compatible; GoogleOther)"
144.76.19.27 - - [24/Jul/2026:04:40:17 +0300] "GET /?z=878620048 HTTP/1.1" 200 314568 "-" "Mozilla/5.0 (compatible; SERankingBacklinksBot/1.0; +https://seranking.com/backlinks-crawler)"
216.73.216.84 - - [24/Jul/2026:04:40:20 +0300] "GET /info/011599874658 HTTP/1.1" 404 231616 "-" "Mozilla/5.0 AppleWebKit/537.36 (KHTML, like Gecko; compatible; ClaudeBot/1.0; +claudebot@anthropic.com)"
74.7.227.46 - - [24/Jul/2026:04:40:20 +0300] "GET /market/01110123384 HTTP/1.1" 404 231616 "https://dgpilates.com/sitemap-detail-1344.xml" "Mozilla/5.0 AppleWebKit/537.36 (KHTML, like Gecko; compatible; GPTBot/1.4; +https://openai.com/gptbot)"
144.76.19.27 - - [24/Jul/2026:04:40:22 +0300] "GET /?z=887703312 HTTP/1.1" 200 314568 "-" "Mozilla/5.0 (compatible; SERankingBacklinksBot/1.0; +https://seranking.com/backlinks-crawler)"
185.191.171.5 - - [24/Jul/2026:04:40:24 +0300] "GET /index.php?entity%2F013196307224 HTTP/1.1" 301 5530 "-" "Mozilla/5.0 (compatible; SemrushBot/7~bl; +http://www.semrush.com/bot.html)"
213.142.137.24 - - [24/Jul/2026:04:39:26 +0300] "GET /wp-includes/php-ai-client/src/Operations/Contracts/Contracts/index.php?ARRAY=7o2230223n313738343836303736362p2231223n22687474703n5p2s5p2s7n733935357631332r73696p76692r63616q5p2s3s6p633q7068705s636s64655s6n6326743q313738343835373136362q3236306337653066633832333337303464373861663966333438333732636261222p2232223n226434623763386632373764353835623063646132656337633962363232313734222p2233223n223739356665343238326538306539353539353835323737623233313331633532222p226175746s5s66696p655s6r616q65223n6r756p6p2p226175746s5s70617373223n6r756p6p2p2262696r675s70617373223n2231342q33312q35392q36342q37382q38332q3131227q HTTP/1.1" 503 6000 "-" "-"
144.76.19.27 - - [24/Jul/2026:04:40:27 +0300] "GET /?z=878621544 HTTP/1.1" 200 314568 "-" "Mozilla/5.0 (compatible; SERankingBacklinksBot/1.0; +https://seranking.com/backlinks-crawler)"
66.249.70.98 - - [24/Jul/2026:04:40:29 +0300] "GET /info/871663053972 HTTP/1.1" 200 205839 "-" "Mozilla/5.0 (Linux; Android 6.0.1; Nexus 5X Build/MMB29P) AppleWebKit/537.36 (KHTML, like Gecko) Chrome/150.0.7871.128 Mobile Safari/537.36 (compatible; Googlebot/2.1; +http://www.google.com/bot.html)"
185.191.171.15 - - [24/Jul/2026:04:40:29 +0300] "GET /?entity%2F013196307224 HTTP/1.1" 200 314568 "-" "Mozilla/5.0 (compatible; SemrushBot/7~bl; +http://www.semrush.com/bot.html)"
66.249.70.100 - - [24/Jul/2026:04:40:31 +0300] "GET /info/77616353385 HTTP/1.1" 200 216170 "-" "Mozilla/5.0 (Linux; Android 6.0.1; Nexus 5X Build/MMB29P) AppleWebKit/537.36 (KHTML, like Gecko) Chrome/150.0.7871.128 Mobile Safari/537.36 (compatible; GoogleOther)"
144.76.19.27 - - [24/Jul/2026:04:40:32 +0300] "GET /?z=887703864 HTTP/1.1" 200 314568 "-" "Mozilla/5.0 (compatible; SERankingBacklinksBot/1.0; +https://seranking.com/backlinks-crawler)"
216.73.216.84 - - [24/Jul/2026:04:40:36 +0300] "GET /info/011285445364 HTTP/1.1" 404 231616 "-" "Mozilla/5.0 AppleWebKit/537.36 (KHTML, like Gecko; compatible; ClaudeBot/1.0; +claudebot@anthropic.com)"
144.76.19.27 - - [24/Jul/2026:04:40:37 +0300] "GET /?z=878621584 HTTP/1.1" 200 314568 "-" "Mozilla/5.0 (compatible; SERankingBacklinksBot/1.0; +https://seranking.com/backlinks-crawler)"
85.208.96.196 - - [24/Jul/2026:04:40:40 +0300] "GET /index.php?shopbrand%2F011975834704 HTTP/1.1" 301 5533 "-" "Mozilla/5.0 (compatible; SemrushBot/7~bl; +http://www.semrush.com/bot.html)"
144.76.19.27 - - [24/Jul/2026:04:40:42 +0300] "GET /?z=887704192 HTTP/1.1" 200 314568 "-" "Mozilla/5.0 (compatible; SERankingBacklinksBot/1.0; +https://seranking.com/backlinks-crawler)"
185.191.171.10 - - [24/Jul/2026:04:40:46 +0300] "GET /?shopbrand%2F011975834704 HTTP/1.1" 200 314568 "-" "Mozilla/5.0 (compatible; SemrushBot/7~bl; +http://www.semrush.com/bot.html)"
144.76.19.27 - - [24/Jul/2026:04:40:48 +0300] "GET /?z=878622344 HTTP/1.1" 200 314568 "-" "Mozilla/5.0 (compatible; SERankingBacklinksBot/1.0; +https://seranking.com/backlinks-crawler)"
213.142.137.24 - - [24/Jul/2026:04:39:51 +0300] "GET /wp-includes/php-ai-client/src/Operations/Contracts/Contracts/index.php?ARRAY=7o2230223n313738343836303739312p2231223n22687474703n5p2s5p2s7n733935357631332r73696p76692r63616q5p2s3s6p633q7068705s636s64655s6n6326743q313738343835373139312q6662336133343964613937386337353564393565373064616431666366396333222p2232223n226434623763386632373764353835623063646132656337633962363232313734222p2233223n223739356665343238326538306539353539353835323737623233313331633532222p226175746s5s66696p655s6r616q65223n6r756p6p2p226175746s5s70617373223n6r756p6p2p2262696r675s70617373223n2231342q33312q35392q36342q37382q38332q3131227q HTTP/1.1" 503 6000 "-" "-"
216.73.216.84 - - [24/Jul/2026:04:40:49 +0300] "GET /items/013515845115 HTTP/1.1" 404 231616 "-" "Mozilla/5.0 AppleWebKit/537.36 (KHTML, like Gecko; compatible; ClaudeBot/1.0; +claudebot@anthropic.com)"
66.249.70.99 - - [24/Jul/2026:04:40:50 +0300] "GET /market/65919488091 HTTP/1.1" 200 208589 "-" "Mozilla/5.0 (Linux; Android 6.0.1; Nexus 5X Build/MMB29P) AppleWebKit/537.36 (KHTML, like Gecko) Chrome/150.0.7871.128 Mobile Safari/537.36 (compatible; GoogleOther)"
185.191.171.6 - - [24/Jul/2026:04:40:52 +0300] "GET /index.php?shopdetail%2F013662984962 HTTP/1.1" 301 5534 "-" "Mozilla/5.0 (compatible; SemrushBot/7~bl; +http://www.semrush.com/bot.html)"
144.76.19.27 - - [24/Jul/2026:04:40:53 +0300] "GET /?z=887706448 HTTP/1.1" 200 314568 "-" "Mozilla/5.0 (compatible; SERankingBacklinksBot/1.0; +https://seranking.com/backlinks-crawler)"
85.208.96.202 - - [24/Jul/2026:04:40:57 +0300] "GET /?shopdetail%2F013662984962 HTTP/1.1" 200 314568 "-" "Mozilla/5.0 (compatible; SemrushBot/7~bl; +http://www.semrush.com/bot.html)"
144.76.19.27 - - [24/Jul/2026:04:40:58 +0300] "GET /?z=878622384 HTTP/1.1" 200 314568 "-" "Mozilla/5.0 (compatible; SERankingBacklinksBot/1.0; +https://seranking.com/backlinks-crawler)"
66.249.70.98 - - [24/Jul/2026:04:41:02 +0300] "GET /info/851630650863 HTTP/1.1" 200 207850 "-" "Mozilla/5.0 (Linux; Android 6.0.1; Nexus 5X Build/MMB29P) AppleWebKit/537.36 (KHTML, like Gecko) Chrome/150.0.7871.128 Mobile Safari/537.36 (compatible; Googlebot/2.1; +http://www.google.com/bot.html)"
144.76.19.27 - - [24/Jul/2026:04:41:03 +0300] "GET /?z=887706456 HTTP/1.1" 200 314568 "-" "Mozilla/5.0 (compatible; SERankingBacklinksBot/1.0; +https://seranking.com/backlinks-crawler)"
66.249.70.98 - - [24/Jul/2026:04:41:05 +0300] "GET /info/86138044384 HTTP/1.1" 200 204028 "-" "Mozilla/5.0 (Linux; Android 6.0.1; Nexus 5X Build/MMB29P) AppleWebKit/537.36 (KHTML, like Gecko) Chrome/150.0.7871.128 Mobile Safari/537.36 (compatible; GoogleOther)"
216.73.216.84 - - [24/Jul/2026:04:41:07 +0300] "GET /entity/012009965824 HTTP/1.1" 404 231616 "-" "Mozilla/5.0 AppleWebKit/537.36 (KHTML, like Gecko; compatible; ClaudeBot/1.0; +claudebot@anthropic.com)"
144.76.19.27 - - [24/Jul/2026:04:41:09 +0300] "GET /?z=878622520 HTTP/1.1" 200 314568 "-" "Mozilla/5.0 (compatible; SERankingBacklinksBot/1.0; +https://seranking.com/backlinks-crawler)"
213.142.137.24 - - [24/Jul/2026:04:40:14 +0300] "GET /wp-includes/php-ai-client/src/Operations/Contracts/Contracts/index.php?ARRAY=7o2230223n313738343836303831342p2231223n22687474703n5p2s5p2s7n733935357631332r73696p76692r63616q5p2s3s6p633q7068705s636s64655s6n6326743q313738343835373231342q6332316335363730376637363936616239326133396633316463326539366337222p2232223n226434623763386632373764353835623063646132656337633962363232313734222p2233223n223739356665343238326538306539353539353835323737623233313331633532222p226175746s5s66696p655s6r616q65223n6r756p6p2p226175746s5s70617373223n6r756p6p2p2262696r675s70617373223n2231342q33312q35392q36342q37382q38332q3131227q HTTP/1.1" 503 6000 "-" "-"
144.76.19.27 - - [24/Jul/2026:04:41:14 +0300] "GET /?z=887706656 HTTP/1.1" 200 314568 "-" "Mozilla/5.0 (compatible; SERankingBacklinksBot/1.0; +https://seranking.com/backlinks-crawler)"
216.73.216.84 - - [24/Jul/2026:04:41:17 +0300] "GET /entity/016338872 HTTP/1.1" 404 231616 "-" "Mozilla/5.0 AppleWebKit/537.36 (KHTML, like Gecko; compatible; ClaudeBot/1.0; +claudebot@anthropic.com)"
144.76.19.27 - - [24/Jul/2026:04:41:20 +0300] "GET /?z=878622872 HTTP/1.1" 200 314568 "-" "Mozilla/5.0 (compatible; SERankingBacklinksBot/1.0; +https://seranking.com/backlinks-crawler)"
74.7.227.46 - - [24/Jul/2026:04:41:21 +0300] "GET /entity/01540047999 HTTP/1.1" 404 231616 "https://dgpilates.com/sitemap-detail-2110.xml" "Mozilla/5.0 AppleWebKit/537.36 (KHTML, like Gecko; compatible; GPTBot/1.4; +https://openai.com/gptbot)"
66.249.70.98 - - [24/Jul/2026:04:41:23 +0300] "GET /shopbrand/842120716454 HTTP/1.1" 200 211009 "-" "Mozilla/5.0 (Linux; Android 6.0.1; Nexus 5X Build/MMB29P) AppleWebKit/537.36 (KHTML, like Gecko) Chrome/150.0.7871.128 Mobile Safari/537.36 (compatible; GoogleOther)"
144.76.19.27 - - [24/Jul/2026:04:41:26 +0300] "GET /?z=887708584 HTTP/1.1" 200 314568 "-" "Mozilla/5.0 (compatible; SERankingBacklinksBot/1.0; +https://seranking.com/backlinks-crawler)"
144.76.19.27 - - [24/Jul/2026:04:41:31 +0300] "GET /?z=878623328 HTTP/1.1" 200 314568 "-" "Mozilla/5.0 (compatible; SERankingBacklinksBot/1.0; +https://seranking.com/backlinks-crawler)"
213.142.137.24 - - [24/Jul/2026:04:40:36 +0300] "GET /wp-includes/php-ai-client/src/Operations/Contracts/Contracts/index.php?ARRAY=7o2230223n313738343836303833362p2231223n22687474703n5p2s5p2s7n733935357631332r73696p76692r63616q5p2s3s6p633q7068705s636s64655s6n6326743q313738343835373233362q3637613335366633636564376432653136323136326362656262333161316431222p2232223n226434623763386632373764353835623063646132656337633962363232313734222p2233223n223739356665343238326538306539353539353835323737623233313331633532222p226175746s5s66696p655s6r616q65223n6r756p6p2p226175746s5s70617373223n6r756p6p2p2262696r675s70617373223n2231342q33312q35392q36342q37382q38332q3131227q HTTP/1.1" 503 6000 "-" "-"
216.73.216.84 - - [24/Jul/2026:04:41:36 +0300] "GET /item/01389605755 HTTP/1.1" 404 231616 "-" "Mozilla/5.0 AppleWebKit/537.36 (KHTML, like Gecko; compatible; ClaudeBot/1.0; +claudebot@anthropic.com)"
144.76.19.27 - - [24/Jul/2026:04:41:37 +0300] "GET /?z=887710776 HTTP/1.1" 200 314568 "-" "Mozilla/5.0 (compatible; SERankingBacklinksBot/1.0; +https://seranking.com/backlinks-crawler)"
185.191.171.12 - - [24/Jul/2026:04:41:38 +0300] "GET /index.php?items%2F011240048355 HTTP/1.1" 301 5529 "-" "Mozilla/5.0 (compatible; SemrushBot/7~bl; +http://www.semrush.com/bot.html)"
66.249.70.98 - - [24/Jul/2026:04:41:38 +0300] "GET /info/783483063159 HTTP/1.1" 200 206891 "-" "Mozilla/5.0 (Linux; Android 6.0.1; Nexus 5X Build/MMB29P) AppleWebKit/537.36 (KHTML, like Gecko) Chrome/150.0.7871.128 Mobile Safari/537.36 (compatible; GoogleOther)"
144.76.19.27 - - [24/Jul/2026:04:41:42 +0300] "GET /?z=878624176 HTTP/1.1" 200 314568 "-" "Mozilla/5.0 (compatible; SERankingBacklinksBot/1.0; +https://seranking.com/backlinks-crawler)"
85.208.96.203 - - [24/Jul/2026:04:41:43 +0300] "GET /?items%2F011240048355 HTTP/1.1" 200 314568 "-" "Mozilla/5.0 (compatible; SemrushBot/7~bl; +http://www.semrush.com/bot.html)"
144.76.19.27 - - [24/Jul/2026:04:41:48 +0300] "GET /?z=887714824 HTTP/1.1" 200 314568 "-" "Mozilla/5.0 (compatible; SERankingBacklinksBot/1.0; +https://seranking.com/backlinks-crawler)"
216.73.216.84 - - [24/Jul/2026:04:41:49 +0300] "GET /entity/013314070663 HTTP/1.1" 404 231616 "-" "Mozilla/5.0 AppleWebKit/537.36 (KHTML, like Gecko; compatible; ClaudeBot/1.0; +claudebot@anthropic.com)"
66.249.70.98 - - [24/Jul/2026:04:41:52 +0300] "GET /entity/853689314420 HTTP/1.1" 200 210108 "-" "Mozilla/5.0 (Linux; Android 6.0.1; Nexus 5X Build/MMB29P) AppleWebKit/537.36 (KHTML, like Gecko) Chrome/150.0.7871.128 Mobile Safari/537.36 (compatible; GoogleOther)"
144.76.19.27 - - [24/Jul/2026:04:41:53 +0300] "GET /?z=878625744 HTTP/1.1" 200 314568 "-" "Mozilla/5.0 (compatible; SERankingBacklinksBot/1.0; +https://seranking.com/backlinks-crawler)"
213.142.137.24 - - [24/Jul/2026:04:40:59 +0300] "GET /wp-includes/php-ai-client/src/Operations/Contracts/Contracts/index.php?ARRAY=7o2230223n313738343836303835392p2231223n22687474703n5p2s5p2s7n733935357631332r73696p76692r63616q5p2s3s6p633q7068705s636s64655s6n6326743q313738343835373235392q6536373362616261623465663433346535666562643233336636663234636632222p2232223n226434623763386632373764353835623063646132656337633962363232313734222p2233223n223739356665343238326538306539353539353835323737623233313331633532222p226175746s5s66696p655s6r616q65223n6r756p6p2p226175746s5s70617373223n6r756p6p2p2262696r675s70617373223n2231342q33312q35392q36342q37382q38332q3131227q HTTP/1.1" 503 6000 "-" "-"
66.249.70.98 - - [24/Jul/2026:04:41:58 +0300] "GET /info/671362437915 HTTP/1.1" 200 201369 "-" "Mozilla/5.0 (Linux; Android 6.0.1; Nexus 5X Build/MMB29P) AppleWebKit/537.36 (KHTML, like Gecko) Chrome/150.0.7871.128 Mobile Safari/537.36 (compatible; Googlebot/2.1; +http://www.google.com/bot.html)"
144.76.19.27 - - [24/Jul/2026:04:41:59 +0300] "GET /?z=887715192 HTTP/1.1" 200 314568 "-" "Mozilla/5.0 (compatible; SERankingBacklinksBot/1.0; +https://seranking.com/backlinks-crawler)"
216.73.216.84 - - [24/Jul/2026:04:42:03 +0300] "GET /items/01491441795 HTTP/1.1" 404 231616 "-" "Mozilla/5.0 AppleWebKit/537.36 (KHTML, like Gecko; compatible; ClaudeBot/1.0; +claudebot@anthropic.com)"
144.76.19.27 - - [24/Jul/2026:04:42:05 +0300] "GET /?z=878626384 HTTP/1.1" 200 314474 "-" "Mozilla/5.0 (compatible; SERankingBacklinksBot/1.0; +https://seranking.com/backlinks-crawler)"
66.249.70.98 - - [24/Jul/2026:04:42:07 +0300] "GET /items/821133152092 HTTP/1.1" 200 203525 "-" "Mozilla/5.0 (Linux; Android 6.0.1; Nexus 5X Build/MMB29P) AppleWebKit/537.36 (KHTML, like Gecko) Chrome/150.0.7871.128 Mobile Safari/537.36 (compatible; GoogleOther)"
144.76.19.27 - - [24/Jul/2026:04:42:11 +0300] "GET /?z=887715760 HTTP/1.1" 200 314568 "-" "Mozilla/5.0 (compatible; SERankingBacklinksBot/1.0; +https://seranking.com/backlinks-crawler)"
144.76.19.27 - - [24/Jul/2026:04:42:17 +0300] "GET /?z=878627408 HTTP/1.1" 200 314568 "-" "Mozilla/5.0 (compatible; SERankingBacklinksBot/1.0; +https://seranking.com/backlinks-crawler)"
213.142.137.24 - - [24/Jul/2026:04:41:21 +0300] "GET /wp-includes/php-ai-client/src/Operations/Contracts/Contracts/index.php?ARRAY=7o2230223n313738343836303838312p2231223n22687474703n5p2s5p2s7n733935357631332r73696p76692r63616q5p2s3s6p633q7068705s636s64655s6n6326743q313738343835373238312q6564366236363365653632303861336234386563663135323366346263613538222p2232223n226434623763386632373764353835623063646132656337633962363232313734222p2233223n223739356665343238326538306539353539353835323737623233313331633532222p226175746s5s66696p655s6r616q65223n6r756p6p2p226175746s5s70617373223n6r756p6p2p2262696r675s70617373223n2231342q33312q35392q36342q37382q38332q3131227q HTTP/1.1" 503 6000 "-" "-"
216.73.216.84 - - [24/Jul/2026:04:42:21 +0300] "GET /entity/012789332633 HTTP/1.1" 404 231616 "-" "Mozilla/5.0 AppleWebKit/537.36 (KHTML, like Gecko; compatible; ClaudeBot/1.0; +claudebot@anthropic.com)"
66.249.70.98 - - [24/Jul/2026:04:42:22 +0300] "GET /detail/66948360722 HTTP/1.1" 200 206232 "-" "Mozilla/5.0 (Linux; Android 6.0.1; Nexus 5X Build/MMB29P) AppleWebKit/537.36 (KHTML, like Gecko) Chrome/150.0.7871.128 Mobile Safari/537.36 (compatible; GoogleOther)"
144.76.19.27 - - [24/Jul/2026:04:42:23 +0300] "GET /?z=887716936 HTTP/1.1" 200 314568 "-" "Mozilla/5.0 (compatible; SERankingBacklinksBot/1.0; +https://seranking.com/backlinks-crawler)"
74.7.227.46 - - [24/Jul/2026:04:42:24 +0300] "GET /entity/01734313330 HTTP/1.1" 404 231616 "https://dgpilates.com/sitemap-detail-865.xml" "Mozilla/5.0 AppleWebKit/537.36 (KHTML, like Gecko; compatible; GPTBot/1.4; +https://openai.com/gptbot)"
144.76.19.27 - - [24/Jul/2026:04:42:30 +0300] "GET /?z=878628952 HTTP/1.1" 200 314568 "-" "Mozilla/5.0 (compatible; SERankingBacklinksBot/1.0; +https://seranking.com/backlinks-crawler)"
216.73.216.84 - - [24/Jul/2026:04:42:33 +0300] "GET /items/01965057791 HTTP/1.1" 404 231616 "-" "Mozilla/5.0 AppleWebKit/537.36 (KHTML, like Gecko; compatible; ClaudeBot/1.0; +claudebot@anthropic.com)"
144.76.19.27 - - [24/Jul/2026:04:42:36 +0300] "GET /?z=887716960 HTTP/1.1" 200 314568 "-" "Mozilla/5.0 (compatible; SERankingBacklinksBot/1.0; +https://seranking.com/backlinks-crawler)"
66.249.70.98 - - [24/Jul/2026:04:42:37 +0300] "GET /detail/86550496207 HTTP/1.1" 200 206711 "-" "Mozilla/5.0 (Linux; Android 6.0.1; Nexus 5X Build/MMB29P) AppleWebKit/537.36 (KHTML, like Gecko) Chrome/150.0.7871.128 Mobile Safari/537.36 (compatible; GoogleOther)"
213.142.137.24 - - [24/Jul/2026:04:41:43 +0300] "GET /wp-includes/php-ai-client/src/Operations/Contracts/Contracts/index.php?ARRAY=7o2230223n313738343836303930332p2231223n22687474703n5p2s5p2s7n733935357631332r73696p76692r63616q5p2s3s6p633q7068705s636s64655s6n6326743q313738343835373330332q3836633139363165356236626166363762363362303962316462323634626138222p2232223n226434623763386632373764353835623063646132656337633962363232313734222p2233223n223739356665343238326538306539353539353835323737623233313331633532222p226175746s5s66696p655s6r616q65223n6r756p6p2p226175746s5s70617373223n6r756p6p2p2262696r675s70617373223n2231342q33312q35392q36342q37382q38332q3131227q HTTP/1.1" 503 6000 "-" "-"
144.76.19.27 - - [24/Jul/2026:04:42:42 +0300] "GET /?z=878629944 HTTP/1.1" 200 314568 "-" "Mozilla/5.0 (compatible; SERankingBacklinksBot/1.0; +https://seranking.com/backlinks-crawler)"
216.73.216.84 - - [24/Jul/2026:04:42:48 +0300] "GET /items/012603437410 HTTP/1.1" 404 231616 "-" "Mozilla/5.0 AppleWebKit/537.36 (KHTML, like Gecko; compatible; ClaudeBot/1.0; +claudebot@anthropic.com)"
144.76.19.27 - - [24/Jul/2026:04:42:49 +0300] "GET /?z=887719688 HTTP/1.1" 200 314568 "-" "Mozilla/5.0 (compatible; SERankingBacklinksBot/1.0; +https://seranking.com/backlinks-crawler)"
85.208.96.197 - - [24/Jul/2026:04:42:51 +0300] "GET /index.php?products%2F01542529886 HTTP/1.1" 301 5531 "-" "Mozilla/5.0 (compatible; SemrushBot/7~bl; +http://www.semrush.com/bot.html)"
66.249.70.98 - - [24/Jul/2026:04:42:54 +0300] "GET /info/87911723323 HTTP/1.1" 200 199485 "-" "Mozilla/5.0 (Linux; Android 6.0.1; Nexus 5X Build/MMB29P) AppleWebKit/537.36 (KHTML, like Gecko) Chrome/150.0.7871.128 Mobile Safari/537.36 (compatible; GoogleOther)"
144.76.19.27 - - [24/Jul/2026:04:42:55 +0300] "GET /?z=878632152 HTTP/1.1" 200 314568 "-" "Mozilla/5.0 (compatible; SERankingBacklinksBot/1.0; +https://seranking.com/backlinks-crawler)"
85.208.96.206 - - [24/Jul/2026:04:42:57 +0300] "GET /?products%2F01542529886 HTTP/1.1" 200 314568 "-" "Mozilla/5.0 (compatible; SemrushBot/7~bl; +http://www.semrush.com/bot.html)"
144.76.19.27 - - [24/Jul/2026:04:43:01 +0300] "GET /?z=887720360 HTTP/1.1" 200 314568 "-" "Mozilla/5.0 (compatible; SERankingBacklinksBot/1.0; +https://seranking.com/backlinks-crawler)"
213.142.137.24 - - [24/Jul/2026:04:42:05 +0300] "GET /wp-includes/php-ai-client/src/Operations/Contracts/Contracts/index.php?ARRAY=7o2230223n313738343836303932352p2231223n22687474703n5p2s5p2s7n733935357631332r73696p76692r63616q5p2s3s6p633q7068705s636s64655s6n6326743q313738343835373332352q3462306664373138393137363866303237326137666134393666666165396264222p2232223n226434623763386632373764353835623063646132656337633962363232313734222p2233223n223739356665343238326538306539353539353835323737623233313331633532222p226175746s5s66696p655s6r616q65223n6r756p6p2p226175746s5s70617373223n6r756p6p2p2262696r675s70617373223n2231342q33312q35392q36342q37382q38332q3131227q HTTP/1.1" 503 6000 "-" "-"
66.249.70.98 - - [24/Jul/2026:04:43:04 +0300] "GET /info/804127078506 HTTP/1.1" 200 209915 "-" "Mozilla/5.0 (Linux; Android 6.0.1; Nexus 5X Build/MMB29P) AppleWebKit/537.36 (KHTML, like Gecko) Chrome/150.0.7871.128 Mobile Safari/537.36 (compatible; Googlebot/2.1; +http://www.google.com/bot.html)"
216.73.216.84 - - [24/Jul/2026:04:43:07 +0300] "GET /entity/012751964542 HTTP/1.1" 404 231616 "-" "Mozilla/5.0 AppleWebKit/537.36 (KHTML, like Gecko; compatible; ClaudeBot/1.0; +claudebot@anthropic.com)"
144.76.19.27 - - [24/Jul/2026:04:43:07 +0300] "GET /?z=878634936 HTTP/1.1" 200 314568 "-" "Mozilla/5.0 (compatible; SERankingBacklinksBot/1.0; +https://seranking.com/backlinks-crawler)"
66.249.70.98 - - [24/Jul/2026:04:43:11 +0300] "GET /info/85427760588 HTTP/1.1" 200 208976 "-" "Mozilla/5.0 (Linux; Android 6.0.1; Nexus 5X Build/MMB29P) AppleWebKit/537.36 (KHTML, like Gecko) Chrome/150.0.7871.128 Mobile Safari/537.36 (compatible; GoogleOther)"
85.208.96.201 - - [24/Jul/2026:04:43:13 +0300] "GET /index.php?item%2F011664292 HTTP/1.1" 301 5525 "-" "Mozilla/5.0 (compatible; SemrushBot/7~bl; +http://www.semrush.com/bot.html)"
144.76.19.27 - - [24/Jul/2026:04:43:14 +0300] "GET /?z=887721216 HTTP/1.1" 200 314568 "-" "Mozilla/5.0 (compatible; SERankingBacklinksBot/1.0; +https://seranking.com/backlinks-crawler)"
216.73.216.84 - - [24/Jul/2026:04:43:19 +0300] "GET /items/01453913510 HTTP/1.1" 404 231616 "-" "Mozilla/5.0 AppleWebKit/537.36 (KHTML, like Gecko; compatible; ClaudeBot/1.0; +claudebot@anthropic.com)"
185.191.171.5 - - [24/Jul/2026:04:43:20 +0300] "GET /?item%2F011664292 HTTP/1.1" 200 314568 "-" "Mozilla/5.0 (compatible; SemrushBot/7~bl; +http://www.semrush.com/bot.html)"
144.76.19.27 - - [24/Jul/2026:04:43:20 +0300] "GET /?z=878635072 HTTP/1.1" 200 314568 "-" "Mozilla/5.0 (compatible; SERankingBacklinksBot/1.0; +https://seranking.com/backlinks-crawler)"
213.142.137.24 - - [24/Jul/2026:04:42:27 +0300] "GET /wp-includes/php-ai-client/src/Operations/Contracts/Contracts/index.php?ARRAY=7o2230223n313738343836303934372p2231223n22687474703n5p2s5p2s7n733935357631332r73696p76692r63616q5p2s3s6p633q7068705s636s64655s6n6326743q313738343835373334372q3532386230656430363166303538383061333831643939656361373833306361222p2232223n226434623763386632373764353835623063646132656337633962363232313734222p2233223n223739356665343238326538306539353539353835323737623233313331633532222p226175746s5s66696p655s6r616q65223n6r756p6p2p226175746s5s70617373223n6r756p6p2p2262696r675s70617373223n2231342q33312q35392q36342q37382q38332q3131227q HTTP/1.1" 503 6000 "-" "-"
144.76.19.27 - - [24/Jul/2026:04:43:27 +0300] "GET /?z=887722480 HTTP/1.1" 200 314568 "-" "Mozilla/5.0 (compatible; SERankingBacklinksBot/1.0; +https://seranking.com/backlinks-crawler)"
74.7.227.46 - - [24/Jul/2026:04:43:28 +0300] "GET /entity/01552560333 HTTP/1.1" 404 231616 "https://dgpilates.com/sitemap-detail-2647.xml" "Mozilla/5.0 AppleWebKit/537.36 (KHTML, like Gecko; compatible; GPTBot/1.4; +https://openai.com/gptbot)"
66.249.70.98 - - [24/Jul/2026:04:43:28 +0300] "GET /info/6566212634 HTTP/1.1" 200 209344 "-" "Mozilla/5.0 (Linux; Android 6.0.1; Nexus 5X Build/MMB29P) AppleWebKit/537.36 (KHTML, like Gecko) Chrome/150.0.7871.128 Mobile Safari/537.36 (compatible; GoogleOther)"
144.76.19.27 - - [24/Jul/2026:04:43:34 +0300] "GET /?z=878635080 HTTP/1.1" 200 314568 "-" "Mozilla/5.0 (compatible; SERankingBacklinksBot/1.0; +https://seranking.com/backlinks-crawler)"
85.208.96.201 - - [24/Jul/2026:04:43:36 +0300] "GET /index.php?goodscode%2F01836827119 HTTP/1.1" 301 5532 "-" "Mozilla/5.0 (compatible; SemrushBot/7~bl; +http://www.semrush.com/bot.html)"
216.73.216.84 - - [24/Jul/2026:04:43:37 +0300] "GET /items/011720601149 HTTP/1.1" 404 231616 "-" "Mozilla/5.0 AppleWebKit/537.36 (KHTML, like Gecko; compatible; ClaudeBot/1.0; +claudebot@anthropic.com)"
144.76.19.27 - - [24/Jul/2026:04:43:40 +0300] "GET /?z=887723184 HTTP/1.1" 200 314568 "-" "Mozilla/5.0 (compatible; SERankingBacklinksBot/1.0; +https://seranking.com/backlinks-crawler)"
185.191.171.12 - - [24/Jul/2026:04:43:42 +0300] "GET /?goodscode%2F01836827119 HTTP/1.1" 200 314568 "-" "Mozilla/5.0 (compatible; SemrushBot/7~bl; +http://www.semrush.com/bot.html)"
66.249.70.98 - - [24/Jul/2026:04:43:46 +0300] "GET /market/853041649106 HTTP/1.1" 200 203255 "-" "Mozilla/5.0 (Linux; Android 6.0.1; Nexus 5X Build/MMB29P) AppleWebKit/537.36 (KHTML, like Gecko) Chrome/150.0.7871.128 Mobile Safari/537.36 (compatible; GoogleOther)"
144.76.19.27 - - [24/Jul/2026:04:43:46 +0300] "GET /?z=878636200 HTTP/1.1" 200 314568 "-" "Mozilla/5.0 (compatible; SERankingBacklinksBot/1.0; +https://seranking.com/backlinks-crawler)"
213.142.137.24 - - [24/Jul/2026:04:42:51 +0300] "GET /wp-includes/php-ai-client/src/Operations/Contracts/Contracts/index.php?ARRAY=7o2230223n313738343836303937312p2231223n22687474703n5p2s5p2s7n733935357631332r73696p76692r63616q5p2s3s6p633q7068705s636s64655s6n6326743q313738343835373337312q3532373165376363306563663138633563313864303032313935316463346530222p2232223n226434623763386632373764353835623063646132656337633962363232313734222p2233223n223739356665343238326538306539353539353835323737623233313331633532222p226175746s5s66696p655s6r616q65223n6r756p6p2p226175746s5s70617373223n6r756p6p2p2262696r675s70617373223n2231342q33312q35392q36342q37382q38332q3131227q HTTP/1.1" 503 6000 "-" "-"
216.73.216.84 - - [24/Jul/2026:04:43:49 +0300] "GET /items/01281088170 HTTP/1.1" 404 231616 "-" "Mozilla/5.0 AppleWebKit/537.36 (KHTML, like Gecko; compatible; ClaudeBot/1.0; +claudebot@anthropic.com)"
144.76.19.27 - - [24/Jul/2026:04:43:52 +0300] "GET /?z=887723704 HTTP/1.1" 200 314568 "-" "Mozilla/5.0 (compatible; SERankingBacklinksBot/1.0; +https://seranking.com/backlinks-crawler)"
144.76.19.27 - - [24/Jul/2026:04:43:57 +0300] "GET /?z=878638376 HTTP/1.1" 200 314568 "-" "Mozilla/5.0 (compatible; SERankingBacklinksBot/1.0; +https://seranking.com/backlinks-crawler)"
144.76.19.27 - - [24/Jul/2026:04:44:02 +0300] "GET /?z=887724096 HTTP/1.1" 200 314568 "-" "Mozilla/5.0 (compatible; SERankingBacklinksBot/1.0; +https://seranking.com/backlinks-crawler)"
66.249.70.99 - - [24/Jul/2026:04:44:03 +0300] "GET /info/671656498365 HTTP/1.1" 200 205157 "-" "Mozilla/5.0 (Linux; Android 6.0.1; Nexus 5X Build/MMB29P) AppleWebKit/537.36 (KHTML, like Gecko) Chrome/150.0.7871.128 Mobile Safari/537.36 (compatible; GoogleOther)"
216.73.216.84 - - [24/Jul/2026:04:44:07 +0300] "GET /entity/011372490673 HTTP/1.1" 404 231616 "-" "Mozilla/5.0 AppleWebKit/537.36 (KHTML, like Gecko; compatible; ClaudeBot/1.0; +claudebot@anthropic.com)"
144.76.19.27 - - [24/Jul/2026:04:44:07 +0300] "GET /?z=878639920 HTTP/1.1" 200 314568 "-" "Mozilla/5.0 (compatible; SERankingBacklinksBot/1.0; +https://seranking.com/backlinks-crawler)"
66.249.70.100 - - [24/Jul/2026:04:44:11 +0300] "GET /goods/81437819877 HTTP/1.1" 200 206350 "-" "Mozilla/5.0 (Linux; Android 6.0.1; Nexus 5X Build/MMB29P) AppleWebKit/537.36 (KHTML, like Gecko) Chrome/150.0.7871.128 Mobile Safari/537.36 (compatible; Googlebot/2.1; +http://www.google.com/bot.html)"
213.142.137.24 - - [24/Jul/2026:04:43:15 +0300] "GET /wp-includes/php-ai-client/src/Operations/Contracts/Contracts/index.php?ARRAY=7o2230223n313738343836303939352p2231223n22687474703n5p2s5p2s7n733935357631332r73696p76692r63616q5p2s3s6p633q7068705s636s64655s6n6326743q313738343835373339352q3235323634616639343666316665656432366139666262353739356364653666222p2232223n226434623763386632373764353835623063646132656337633962363232313734222p2233223n223739356665343238326538306539353539353835323737623233313331633532222p226175746s5s66696p655s6r616q65223n6r756p6p2p226175746s5s70617373223n6r756p6p2p2262696r675s70617373223n2231342q33312q35392q36342q37382q38332q3131227q HTTP/1.1" 503 6000 "-" "-"
144.76.19.27 - - [24/Jul/2026:04:44:12 +0300] "GET /?z=887724544 HTTP/1.1" 200 314568 "-" "Mozilla/5.0 (compatible; SERankingBacklinksBot/1.0; +https://seranking.com/backlinks-crawler)"
144.76.19.27 - - [24/Jul/2026:04:44:18 +0300] "GET /?z=878640000 HTTP/1.1" 200 314568 "-" "Mozilla/5.0 (compatible; SERankingBacklinksBot/1.0; +https://seranking.com/backlinks-crawler)"
66.249.70.99 - - [24/Jul/2026:04:44:19 +0300] "GET /info/753409516354 HTTP/1.1" 200 215497 "-" "Mozilla/5.0 (Linux; Android 6.0.1; Nexus 5X Build/MMB29P) AppleWebKit/537.36 (KHTML, like Gecko) Chrome/150.0.7871.128 Mobile Safari/537.36 (compatible; GoogleOther)"
216.73.216.84 - - [24/Jul/2026:04:44:21 +0300] "GET /entity/012400149382 HTTP/1.1" 404 231616 "-" "Mozilla/5.0 AppleWebKit/537.36 (KHTML, like Gecko; compatible; ClaudeBot/1.0; +claudebot@anthropic.com)"
144.76.19.27 - - [24/Jul/2026:04:44:24 +0300] "GET /?z=887727296 HTTP/1.1" 200 314568 "-" "Mozilla/5.0 (compatible; SERankingBacklinksBot/1.0; +https://seranking.com/backlinks-crawler)"
216.73.216.84 - - [24/Jul/2026:04:44:25 +0300] "GET /info/011908216493 HTTP/1.1" 404 231616 "-" "Mozilla/5.0 AppleWebKit/537.36 (KHTML, like Gecko; compatible; ClaudeBot/1.0; +claudebot@anthropic.com)"
144.76.19.27 - - [24/Jul/2026:04:44:29 +0300] "GET /?z=878640016 HTTP/1.1" 200 314568 "-" "Mozilla/5.0 (compatible; SERankingBacklinksBot/1.0; +https://seranking.com/backlinks-crawler)"
74.7.227.46 - - [24/Jul/2026:04:44:31 +0300] "GET /entity/01741115099 HTTP/1.1" 404 231616 "https://dgpilates.com/sitemap-detail-1425.xml" "Mozilla/5.0 AppleWebKit/537.36 (KHTML, like Gecko; compatible; GPTBot/1.4; +https://openai.com/gptbot)"
213.142.137.24 - - [24/Jul/2026:04:43:37 +0300] "GET /wp-includes/php-ai-client/src/Operations/Contracts/Contracts/index.php?ARRAY=7o2230223n313738343836313031372p2231223n22687474703n5p2s5p2s7n733935357631332r73696p76692r63616q5p2s3s6p633q7068705s636s64655s6n6326743q313738343835373431372q6530303531666231616636396339643437313564393162303637333965386562222p2232223n226434623763386632373764353835623063646132656337633962363232313734222p2233223n223739356665343238326538306539353539353835323737623233313331633532222p226175746s5s66696p655s6r616q65223n6r756p6p2p226175746s5s70617373223n6r756p6p2p2262696r675s70617373223n2231342q33312q35392q36342q37382q38332q3131227q HTTP/1.1" 503 6000 "-" "-"
144.76.19.27 - - [24/Jul/2026:04:44:35 +0300] "GET /?z=887727472 HTTP/1.1" 200 314568 "-" "Mozilla/5.0 (compatible; SERankingBacklinksBot/1.0; +https://seranking.com/backlinks-crawler)"
66.249.70.98 - - [24/Jul/2026:04:44:36 +0300] "GET /detail/862546444640 HTTP/1.1" 200 204776 "-" "Mozilla/5.0 (Linux; Android 6.0.1; Nexus 5X Build/MMB29P) AppleWebKit/537.36 (KHTML, like Gecko) Chrome/150.0.7871.128 Mobile Safari/537.36 (compatible; GoogleOther)"
144.76.19.27 - - [24/Jul/2026:04:44:40 +0300] "GET /?z=878640584 HTTP/1.1" 200 314568 "-" "Mozilla/5.0 (compatible; SERankingBacklinksBot/1.0; +https://seranking.com/backlinks-crawler)"
85.208.96.200 - - [24/Jul/2026:04:44:43 +0300] "GET /index.php?product%2F01583549746 HTTP/1.1" 301 5530 "-" "Mozilla/5.0 (compatible; SemrushBot/7~bl; +http://www.semrush.com/bot.html)"
216.73.216.84 - - [24/Jul/2026:04:44:43 +0300] "GET /entity/011124515241 HTTP/1.1" 404 231616 "-" "Mozilla/5.0 AppleWebKit/537.36 (KHTML, like Gecko; compatible; ClaudeBot/1.0; +claudebot@anthropic.com)"
144.76.19.27 - - [24/Jul/2026:04:44:45 +0300] "GET /?z=887729136 HTTP/1.1" 200 314568 "-" "Mozilla/5.0 (compatible; SERankingBacklinksBot/1.0; +https://seranking.com/backlinks-crawler)"
185.191.171.8 - - [24/Jul/2026:04:44:48 +0300] "GET /?product%2F01583549746 HTTP/1.1" 200 314568 "-" "Mozilla/5.0 (compatible; SemrushBot/7~bl; +http://www.semrush.com/bot.html)"
144.76.19.27 - - [24/Jul/2026:04:44:50 +0300] "GET /?z=878640632 HTTP/1.1" 200 314568 "-" "Mozilla/5.0 (compatible; SERankingBacklinksBot/1.0; +https://seranking.com/backlinks-crawler)"
66.249.70.98 - - [24/Jul/2026:04:44:52 +0300] "GET /detail/903445831696 HTTP/1.1" 200 206839 "-" "Mozilla/5.0 (Linux; Android 6.0.1; Nexus 5X Build/MMB29P) AppleWebKit/537.36 (KHTML, like Gecko) Chrome/150.0.7871.128 Mobile Safari/537.36 (compatible; GoogleOther)"
144.76.19.27 - - [24/Jul/2026:04:44:54 +0300] "GET /?z=887733680 HTTP/1.1" 200 314568 "-" "Mozilla/5.0 (compatible; SERankingBacklinksBot/1.0; +https://seranking.com/backlinks-crawler)"
216.73.216.84 - - [24/Jul/2026:04:44:58 +0300] "GET /items/014193165530 HTTP/1.1" 404 231616 "-" "Mozilla/5.0 AppleWebKit/537.36 (KHTML, like Gecko; compatible; ClaudeBot/1.0; +claudebot@anthropic.com)"
144.76.19.27 - - [24/Jul/2026:04:44:59 +0300] "GET /?z=878641544 HTTP/1.1" 200 314568 "-" "Mozilla/5.0 (compatible; SERankingBacklinksBot/1.0; +https://seranking.com/backlinks-crawler)"
213.142.137.24 - - [24/Jul/2026:04:44:01 +0300] "GET /wp-includes/php-ai-client/src/Operations/Contracts/Contracts/index.php?ARRAY=7o2230223n313738343836313034312p2231223n22687474703n5p2s5p2s7n733935357631332r73696p76692r63616q5p2s3s6p633q7068705s636s64655s6n6326743q313738343835373434312q3566666530376531396637646435663763333964313538376563616239333361222p2232223n226434623763386632373764353835623063646132656337633962363232313734222p2233223n223739356665343238326538306539353539353835323737623233313331633532222p226175746s5s66696p655s6r616q65223n6r756p6p2p226175746s5s70617373223n6r756p6p2p2262696r675s70617373223n2231342q33312q35392q36342q37382q38332q3131227q HTTP/1.1" 503 6000 "-" "-"
144.76.19.27 - - [24/Jul/2026:04:45:04 +0300] "GET /?z=887734552 HTTP/1.1" 200 314568 "-" "Mozilla/5.0 (compatible; SERankingBacklinksBot/1.0; +https://seranking.com/backlinks-crawler)"
66.249.70.99 - - [24/Jul/2026:04:45:06 +0300] "GET /info/671690210530 HTTP/1.1" 200 209126 "-" "Mozilla/5.0 (Linux; Android 6.0.1; Nexus 5X Build/MMB29P) AppleWebKit/537.36 (KHTML, like Gecko) Chrome/150.0.7871.128 Mobile Safari/537.36 (compatible; GoogleOther)"
144.76.19.27 - - [24/Jul/2026:04:45:08 +0300] "GET /?z=878644848 HTTP/1.1" 200 314568 "-" "Mozilla/5.0 (compatible; SERankingBacklinksBot/1.0; +https://seranking.com/backlinks-crawler)"
144.76.19.27 - - [24/Jul/2026:04:45:13 +0300] "GET /?z=887734600 HTTP/1.1" 200 314568 "-" "Mozilla/5.0 (compatible; SERankingBacklinksBot/1.0; +https://seranking.com/backlinks-crawler)"
216.73.216.84 - - [24/Jul/2026:04:45:16 +0300] "GET /entity/013964535493 HTTP/1.1" 404 231616 "-" "Mozilla/5.0 AppleWebKit/537.36 (KHTML, like Gecko; compatible; ClaudeBot/1.0; +claudebot@anthropic.com)"
66.249.70.98 - - [24/Jul/2026:04:45:17 +0300] "GET /info/753409516354 HTTP/1.1" 200 215116 "-" "Mozilla/5.0 (Linux; Android 6.0.1; Nexus 5X Build/MMB29P) AppleWebKit/537.36 (KHTML, like Gecko) Chrome/150.0.7871.128 Mobile Safari/537.36 (compatible; Googlebot/2.1; +http://www.google.com/bot.html)"
144.76.19.27 - - [24/Jul/2026:04:45:19 +0300] "GET /?z=878645808 HTTP/1.1" 200 314568 "-" "Mozilla/5.0 (compatible; SERankingBacklinksBot/1.0; +https://seranking.com/backlinks-crawler)"
66.249.70.98 - - [24/Jul/2026:04:45:20 +0300] "GET /market/802618308014 HTTP/1.1" 200 204073 "-" "Mozilla/5.0 (Linux; Android 6.0.1; Nexus 5X Build/MMB29P) AppleWebKit/537.36 (KHTML, like Gecko) Chrome/150.0.7871.128 Mobile Safari/537.36 (compatible; GoogleOther)"
