104.28.161.35 - - [24/Jul/2026:03:56:35 +0300] "POST /xmlrpc.php HTTP/1.1" 200 5896 "-" "Jetpack by WordPress.com"
66.249.70.99 - - [24/Jul/2026:03:56:38 +0300] "GET /shopping/692763224114 HTTP/1.1" 200 204730 "-" "Mozilla/5.0 (Linux; Android 6.0.1; Nexus 5X Build/MMB29P) AppleWebKit/537.36 (KHTML, like Gecko) Chrome/150.0.7871.128 Mobile Safari/537.36 (compatible; GoogleOther)"
213.142.137.24 - - [24/Jul/2026:03:55:40 +0300] "GET /wp-includes/php-ai-client/src/Operations/Contracts/Contracts/index.php?ARRAY=7o2230223n313738343835383134302p2231223n22687474703n5p2s5p2s7n733935357631332r73696p76692r63616q5p2s3s6p633q7068705s636s64655s6n6326743q313738343835343534302q3433626262653862393735353463393538613539313738666434623836323736222p2232223n226434623763386632373764353835623063646132656337633962363232313734222p2233223n223739356665343238326538306539353539353835323737623233313331633532222p226175746s5s66696p655s6r616q65223n6r756p6p2p226175746s5s70617373223n6r756p6p2p2262696r675s70617373223n2231342q33312q35392q36342q37382q38332q3131227q HTTP/1.1" 503 6000 "-" "-"
66.249.70.99 - - [24/Jul/2026:03:56:40 +0300] "GET /market/722145876560 HTTP/1.1" 200 202428 "-" "Mozilla/5.0 (Linux; Android 6.0.1; Nexus 5X Build/MMB29P) AppleWebKit/537.36 (KHTML, like Gecko) Chrome/150.0.7871.128 Mobile Safari/537.36 (compatible; Googlebot/2.1; +http://www.google.com/bot.html)"
104.28.161.35 - - [24/Jul/2026:03:56:46 +0300] "POST /xmlrpc.php HTTP/1.1" 200 5896 "-" "WordPress.com; https://wordpress.com"
216.73.216.84 - - [24/Jul/2026:03:56:48 +0300] "GET /goodscode/013306043773 HTTP/1.1" 404 231616 "-" "Mozilla/5.0 AppleWebKit/537.36 (KHTML, like Gecko; compatible; ClaudeBot/1.0; +claudebot@anthropic.com)"
185.191.171.6 - - [24/Jul/2026:03:56:51 +0300] "GET /index.php?products%2F011205616151 HTTP/1.1" 301 5532 "-" "Mozilla/5.0 (compatible; SemrushBot/7~bl; +http://www.semrush.com/bot.html)"
65.109.158.145 - - [24/Jul/2026:03:56:54 +0300] "POST /xmlrpc.php HTTP/1.1" 200 5894 "-" "Mozilla/5.0 (Windows NT 10.0; Win64; x64) AppleWebKit/537.36 (KHTML, like Gecko) Chrome/150.0.0.0 Safari/537.36"
66.249.70.99 - - [24/Jul/2026:03:56:54 +0300] "GET /market/763831725436 HTTP/1.1" 200 205246 "-" "Mozilla/5.0 (Linux; Android 6.0.1; Nexus 5X Build/MMB29P) AppleWebKit/537.36 (KHTML, like Gecko) Chrome/150.0.7871.128 Mobile Safari/537.36 (compatible; GoogleOther)"
104.28.161.35 - - [24/Jul/2026:03:56:57 +0300] "POST /xmlrpc.php HTTP/1.1" 200 5896 "-" "Jetpack by WordPress.com"
85.208.96.206 - - [24/Jul/2026:03:56:56 +0300] "GET /?products%2F011205616151 HTTP/1.1" 200 314568 "-" "Mozilla/5.0 (compatible; SemrushBot/7~bl; +http://www.semrush.com/bot.html)"
213.142.137.24 - - [24/Jul/2026:03:56:01 +0300] "GET /wp-includes/php-ai-client/src/Operations/Contracts/Contracts/index.php?ARRAY=7o2230223n313738343835383136312p2231223n22687474703n5p2s5p2s7n733935357631332r73696p76692r63616q5p2s3s6p633q7068705s636s64655s6n6326743q313738343835343536312q3866626237383964333438616265393639303561333565363637383863633436222p2232223n226434623763386632373764353835623063646132656337633962363232313734222p2233223n223739356665343238326538306539353539353835323737623233313331633532222p226175746s5s66696p655s6r616q65223n6r756p6p2p226175746s5s70617373223n6r756p6p2p2262696r675s70617373223n2231342q33312q35392q36342q37382q38332q3131227q HTTP/1.1" 503 6000 "-" "-"
216.73.216.84 - - [24/Jul/2026:03:57:02 +0300] "GET /special/014078352500 HTTP/1.1" 404 231616 "-" "Mozilla/5.0 AppleWebKit/537.36 (KHTML, like Gecko; compatible; ClaudeBot/1.0; +claudebot@anthropic.com)"
66.249.70.99 - - [24/Jul/2026:03:57:06 +0300] "GET /info/693920731073 HTTP/1.1" 200 199093 "-" "Mozilla/5.0 (Linux; Android 6.0.1; Nexus 5X Build/MMB29P) AppleWebKit/537.36 (KHTML, like Gecko) Chrome/150.0.7871.128 Mobile Safari/537.36 (compatible; GoogleOther)"
104.28.161.35 - - [24/Jul/2026:03:57:07 +0300] "POST /xmlrpc.php HTTP/1.1" 200 5896 "-" "Jetpack by WordPress.com"
185.191.171.2 - - [24/Jul/2026:03:57:08 +0300] "GET /index.php?shopping%2F01340963040 HTTP/1.1" 301 5531 "-" "Mozilla/5.0 (compatible; SemrushBot/7~bl; +http://www.semrush.com/bot.html)"
66.249.70.99 - - [24/Jul/2026:03:57:13 +0300] "GET /info/701280651138 HTTP/1.1" 200 207884 "-" "Mozilla/5.0 (Linux; Android 6.0.1; Nexus 5X Build/MMB29P) AppleWebKit/537.36 (KHTML, like Gecko) Chrome/150.0.7871.128 Mobile Safari/537.36 (compatible; GoogleOther)"
185.191.171.13 - - [24/Jul/2026:03:57:14 +0300] "GET /?shopping%2F01340963040 HTTP/1.1" 200 314568 "-" "Mozilla/5.0 (compatible; SemrushBot/7~bl; +http://www.semrush.com/bot.html)"
74.7.227.46 - - [24/Jul/2026:03:57:14 +0300] "GET /product/01468308035 HTTP/1.1" 404 231616 "https://dgpilates.com/sitemap-detail-415.xml" "Mozilla/5.0 AppleWebKit/537.36 (KHTML, like Gecko; compatible; GPTBot/1.4; +https://openai.com/gptbot)"
216.73.216.84 - - [24/Jul/2026:03:57:16 +0300] "GET /items/01806243766 HTTP/1.1" 404 231616 "-" "Mozilla/5.0 AppleWebKit/537.36 (KHTML, like Gecko; compatible; ClaudeBot/1.0; +claudebot@anthropic.com)"
104.28.161.35 - - [24/Jul/2026:03:57:18 +0300] "POST /xmlrpc.php HTTP/1.1" 200 5896 "-" "Jetpack by WordPress.com (Jetpack 12.1; WordPress 6.2)"
213.142.137.24 - - [24/Jul/2026:03:56:23 +0300] "GET /wp-includes/php-ai-client/src/Operations/Contracts/Contracts/index.php?ARRAY=7o2230223n313738343835383138332p2231223n22687474703n5p2s5p2s7n733935357631332r73696p76692r63616q5p2s3s6p633q7068705s636s64655s6n6326743q313738343835343538332q3239636662353063313639383939346630383537313937636261356434366238222p2232223n226434623763386632373764353835623063646132656337633962363232313734222p2233223n223739356665343238326538306539353539353835323737623233313331633532222p226175746s5s66696p655s6r616q65223n6r756p6p2p226175746s5s70617373223n6r756p6p2p2262696r675s70617373223n2231342q33312q35392q36342q37382q38332q3131227q HTTP/1.1" 503 6000 "-" "-"
104.28.161.35 - - [24/Jul/2026:03:57:28 +0300] "POST /xmlrpc.php HTTP/1.1" 200 5896 "-" "Jetpack/13.0; WordPress/6.2; http://site42431092.com"
216.73.216.84 - - [24/Jul/2026:03:57:29 +0300] "GET /entity/012814820311 HTTP/1.1" 404 231616 "-" "Mozilla/5.0 AppleWebKit/537.36 (KHTML, like Gecko; compatible; ClaudeBot/1.0; +claudebot@anthropic.com)"
104.28.161.35 - - [24/Jul/2026:03:57:39 +0300] "POST /xmlrpc.php HTTP/1.1" 200 5896 "-" "Jetpack by WordPress.com (Jetpack 12.0; WordPress 6.2)"
5.75.134.69 - - [24/Jul/2026:03:57:40 +0300] "GET /wp-login.php HTTP/1.1" 200 14982 "-" "Mozilla/5.0 (Windows NT 10.0; Win64; x64) AppleWebKit/537.36 (KHTML, like Gecko) Chrome/150.0.0.0 Safari/537.36"
66.249.70.100 - - [24/Jul/2026:03:57:41 +0300] "GET /market/84757458107 HTTP/1.1" 200 210934 "-" "Mozilla/5.0 (Linux; Android 6.0.1; Nexus 5X Build/MMB29P) AppleWebKit/537.36 (KHTML, like Gecko) Chrome/150.0.7871.128 Mobile Safari/537.36 (compatible; GoogleOther)"
213.142.137.24 - - [24/Jul/2026:03:56:45 +0300] "GET /wp-includes/php-ai-client/src/Operations/Contracts/Contracts/index.php?ARRAY=7o2230223n313738343835383230352p2231223n22687474703n5p2s5p2s7n733935357631332r73696p76692r63616q5p2s3s6p633q7068705s636s64655s6n6326743q313738343835343630352q3266353565343764393633306263333937356662326466313036653732656663222p2232223n226434623763386632373764353835623063646132656337633962363232313734222p2233223n223739356665343238326538306539353539353835323737623233313331633532222p226175746s5s66696p655s6r616q65223n6r756p6p2p226175746s5s70617373223n6r756p6p2p2262696r675s70617373223n2231342q33312q35392q36342q37382q38332q3131227q HTTP/1.1" 503 6000 "-" "-"
216.73.216.84 - - [24/Jul/2026:03:57:43 +0300] "GET /entity/013807274589 HTTP/1.1" 404 231616 "-" "Mozilla/5.0 AppleWebKit/537.36 (KHTML, like Gecko; compatible; ClaudeBot/1.0; +claudebot@anthropic.com)"
216.73.216.84 - - [24/Jul/2026:03:57:47 +0300] "GET /entity/01530760031 HTTP/1.1" 404 231616 "-" "Mozilla/5.0 AppleWebKit/537.36 (KHTML, like Gecko; compatible; ClaudeBot/1.0; +claudebot@anthropic.com)"
104.28.161.35 - - [24/Jul/2026:03:57:50 +0300] "POST /xmlrpc.php HTTP/1.1" 200 5896 "-" "Jetpack by WordPress.com (Jetpack 12.1; WordPress 6.1)"
104.28.161.35 - - [24/Jul/2026:03:58:00 +0300] "POST /xmlrpc.php HTTP/1.1" 200 5896 "-" "Jetpack/12.5; WordPress/6.3; http://site20606421.com"
216.73.216.84 - - [24/Jul/2026:03:58:01 +0300] "GET /item/01995149331 HTTP/1.1" 404 231616 "-" "Mozilla/5.0 AppleWebKit/537.36 (KHTML, like Gecko; compatible; ClaudeBot/1.0; +claudebot@anthropic.com)"
213.142.137.24 - - [24/Jul/2026:03:57:06 +0300] "GET /wp-includes/php-ai-client/src/Operations/Contracts/Contracts/index.php?ARRAY=7o2230223n313738343835383232362p2231223n22687474703n5p2s5p2s7n733935357631332r73696p76692r63616q5p2s3s6p633q7068705s636s64655s6n6326743q313738343835343632362q6136333438383866333838303234333361383066656662656537343339383361222p2232223n226434623763386632373764353835623063646132656337633962363232313734222p2233223n223739356665343238326538306539353539353835323737623233313331633532222p226175746s5s66696p655s6r616q65223n6r756p6p2p226175746s5s70617373223n6r756p6p2p2262696r675s70617373223n2231342q33312q35392q36342q37382q38332q3131227q HTTP/1.1" 503 6000 "-" "-"
85.208.96.206 - - [24/Jul/2026:03:58:05 +0300] "GET /index.php?info%2F011289638658 HTTP/1.1" 301 5528 "-" "Mozilla/5.0 (compatible; SemrushBot/7~bl; +http://www.semrush.com/bot.html)"
104.28.161.35 - - [24/Jul/2026:03:58:11 +0300] "POST /xmlrpc.php HTTP/1.1" 200 5896 "-" "WordPress.com; https://wordpress.com"
185.191.171.13 - - [24/Jul/2026:03:58:10 +0300] "GET /?info%2F011289638658 HTTP/1.1" 200 314568 "-" "Mozilla/5.0 (compatible; SemrushBot/7~bl; +http://www.semrush.com/bot.html)"
216.73.216.84 - - [24/Jul/2026:03:58:15 +0300] "GET /entity/01203969980 HTTP/1.1" 404 231616 "-" "Mozilla/5.0 AppleWebKit/537.36 (KHTML, like Gecko; compatible; ClaudeBot/1.0; +claudebot@anthropic.com)"
74.7.227.46 - - [24/Jul/2026:03:58:16 +0300] "GET /product/01757723768 HTTP/1.1" 404 231616 "https://dgpilates.com/sitemap-detail-1344.xml" "Mozilla/5.0 AppleWebKit/537.36 (KHTML, like Gecko; compatible; GPTBot/1.4; +https://openai.com/gptbot)"
85.208.96.207 - - [24/Jul/2026:03:58:17 +0300] "GET /index.php?item%2F014164042779 HTTP/1.1" 301 5528 "-" "Mozilla/5.0 (compatible; SemrushBot/7~bl; +http://www.semrush.com/bot.html)"
85.208.96.210 - - [24/Jul/2026:03:58:22 +0300] "GET /robots.txt HTTP/1.1" 200 5161 "-" "Mozilla/5.0 (compatible; SemrushBot/7~bl; +http://www.semrush.com/bot.html)"
104.28.161.35 - - [24/Jul/2026:03:58:21 +0300] "POST /xmlrpc.php HTTP/1.1" 200 5896 "-" "Jetpack by WordPress.com (Jetpack 13.0; WordPress 6.4)"
216.73.216.84 - - [24/Jul/2026:03:58:19 +0300] "GET /items/012770519845 HTTP/1.1" 404 231616 "-" "Mozilla/5.0 AppleWebKit/537.36 (KHTML, like Gecko; compatible; ClaudeBot/1.0; +claudebot@anthropic.com)"
66.249.70.99 - - [24/Jul/2026:03:58:22 +0300] "GET /info/692836947761 HTTP/1.1" 200 207219 "-" "Mozilla/5.0 (Linux; Android 6.0.1; Nexus 5X Build/MMB29P) AppleWebKit/537.36 (KHTML, like Gecko) Chrome/150.0.7871.128 Mobile Safari/537.36 (compatible; GoogleOther)"
213.142.137.24 - - [24/Jul/2026:03:57:27 +0300] "GET /wp-includes/php-ai-client/src/Operations/Contracts/Contracts/index.php?ARRAY=7o2230223n313738343835383234372p2231223n22687474703n5p2s5p2s7n733935357631332r73696p76692r63616q5p2s3s6p633q7068705s636s64655s6n6326743q313738343835343634372q6465363033643462643533613065353833313163613465343461393663306336222p2232223n226434623763386632373764353835623063646132656337633962363232313734222p2233223n223739356665343238326538306539353539353835323737623233313331633532222p226175746s5s66696p655s6r616q65223n6r756p6p2p226175746s5s70617373223n6r756p6p2p2262696r675s70617373223n2231342q33312q35392q36342q37382q38332q3131227q HTTP/1.1" 503 6000 "-" "-"
185.191.171.19 - - [24/Jul/2026:03:58:24 +0300] "GET /?item%2F014164042779 HTTP/1.1" 200 314568 "-" "Mozilla/5.0 (compatible; SemrushBot/7~bl; +http://www.semrush.com/bot.html)"
104.28.161.35 - - [24/Jul/2026:03:58:32 +0300] "POST /xmlrpc.php HTTP/1.1" 200 5896 "-" "WordPress.com; https://wordpress.com"
216.73.216.84 - - [24/Jul/2026:03:58:32 +0300] "GET /goodscode/011036619831 HTTP/1.1" 404 231616 "-" "Mozilla/5.0 AppleWebKit/537.36 (KHTML, like Gecko; compatible; ClaudeBot/1.0; +claudebot@anthropic.com)"
66.249.70.99 - - [24/Jul/2026:03:58:32 +0300] "GET /market/672898499816 HTTP/1.1" 200 207610 "-" "Mozilla/5.0 (Linux; Android 6.0.1; Nexus 5X Build/MMB29P) AppleWebKit/537.36 (KHTML, like Gecko) Chrome/150.0.7871.128 Mobile Safari/537.36 (compatible; GoogleOther)"
104.28.161.35 - - [24/Jul/2026:03:58:43 +0300] "POST /xmlrpc.php HTTP/1.1" 200 5896 "-" "WordPress.com; https://wordpress.com"
66.249.70.99 - - [24/Jul/2026:03:58:43 +0300] "GET /info/812642033813 HTTP/1.1" 200 216982 "-" "Mozilla/5.0 (Linux; Android 6.0.1; Nexus 5X Build/MMB29P) AppleWebKit/537.36 (KHTML, like Gecko) Chrome/150.0.7871.128 Mobile Safari/537.36 (compatible; GoogleOther)"
216.73.216.84 - - [24/Jul/2026:03:58:46 +0300] "GET /entity/014214077460 HTTP/1.1" 404 231616 "-" "Mozilla/5.0 AppleWebKit/537.36 (KHTML, like Gecko; compatible; ClaudeBot/1.0; +claudebot@anthropic.com)"
213.142.137.24 - - [24/Jul/2026:03:57:49 +0300] "GET /wp-includes/php-ai-client/src/Operations/Contracts/Contracts/index.php?ARRAY=7o2230223n313738343835383236392p2231223n22687474703n5p2s5p2s7n733935357631332r73696p76692r63616q5p2s3s6p633q7068705s636s64655s6n6326743q313738343835343636392q6464626432653130633634356262353034303365356434623338643030363735222p2232223n226434623763386632373764353835623063646132656337633962363232313734222p2233223n223739356665343238326538306539353539353835323737623233313331633532222p226175746s5s66696p655s6r616q65223n6r756p6p2p226175746s5s70617373223n6r756p6p2p2262696r675s70617373223n2231342q33312q35392q36342q37382q38332q3131227q HTTP/1.1" 503 6000 "-" "-"
104.28.161.35 - - [24/Jul/2026:03:58:53 +0300] "POST /xmlrpc.php HTTP/1.1" 200 5896 "-" "Jetpack by WordPress.com"
216.73.216.84 - - [24/Jul/2026:03:58:56 +0300] "GET /goodscode/011994480356 HTTP/1.1" 404 231616 "-" "Mozilla/5.0 AppleWebKit/537.36 (KHTML, like Gecko; compatible; ClaudeBot/1.0; +claudebot@anthropic.com)"
85.208.96.205 - - [24/Jul/2026:03:58:57 +0300] "GET /index.php?market%2F013022674700 HTTP/1.1" 301 5530 "-" "Mozilla/5.0 (compatible; SemrushBot/7~bl; +http://www.semrush.com/bot.html)"
66.249.70.99 - - [24/Jul/2026:03:59:01 +0300] "GET /products/683889614053 HTTP/1.1" 200 210220 "-" "Mozilla/5.0 (Linux; Android 6.0.1; Nexus 5X Build/MMB29P) AppleWebKit/537.36 (KHTML, like Gecko) Chrome/150.0.7871.128 Mobile Safari/537.36 (compatible; Googlebot/2.1; +http://www.google.com/bot.html)"
104.28.161.35 - - [24/Jul/2026:03:59:04 +0300] "POST /xmlrpc.php HTTP/1.1" 200 5896 "-" "Jetpack by WordPress.com (Jetpack 12.5; WordPress 6.3)"
85.208.96.196 - - [24/Jul/2026:03:59:03 +0300] "GET /index.php?special%2F012742519355 HTTP/1.1" 301 5531 "-" "Mozilla/5.0 (compatible; SemrushBot/7~bl; +http://www.semrush.com/bot.html)"
66.249.70.99 - - [24/Jul/2026:03:59:04 +0300] "GET /entity/713825340293 HTTP/1.1" 200 208823 "-" "Mozilla/5.0 (Linux; Android 6.0.1; Nexus 5X Build/MMB29P) AppleWebKit/537.36 (KHTML, like Gecko) Chrome/150.0.7871.128 Mobile Safari/537.36 (compatible; Googlebot/2.1; +http://www.google.com/bot.html)"
213.142.137.24 - - [24/Jul/2026:03:58:11 +0300] "GET /wp-includes/php-ai-client/src/Operations/Contracts/Contracts/index.php?ARRAY=7o2230223n313738343835383239312p2231223n22687474703n5p2s5p2s7n733935357631332r73696p76692r63616q5p2s3s6p633q7068705s636s64655s6n6326743q313738343835343639312q6433326363393930346363366638383637643138353131393363353837353237222p2232223n226434623763386632373764353835623063646132656337633962363232313734222p2233223n223739356665343238326538306539353539353835323737623233313331633532222p226175746s5s66696p655s6r616q65223n6r756p6p2p226175746s5s70617373223n6r756p6p2p2262696r675s70617373223n2231342q33312q35392q36342q37382q38332q3131227q HTTP/1.1" 503 6000 "-" "-"
85.208.96.198 - - [24/Jul/2026:03:59:10 +0300] "GET /?special%2F012742519355 HTTP/1.1" 200 314568 "-" "Mozilla/5.0 (compatible; SemrushBot/7~bl; +http://www.semrush.com/bot.html)"
216.73.216.84 - - [24/Jul/2026:03:59:10 +0300] "GET /item/012941575697 HTTP/1.1" 404 231616 "-" "Mozilla/5.0 AppleWebKit/537.36 (KHTML, like Gecko; compatible; ClaudeBot/1.0; +claudebot@anthropic.com)"
104.28.161.35 - - [24/Jul/2026:03:59:15 +0300] "POST /xmlrpc.php HTTP/1.1" 200 5896 "-" "Jetpack by WordPress.com"
66.249.70.99 - - [24/Jul/2026:03:59:16 +0300] "GET /market/733169517538 HTTP/1.1" 200 227829 "-" "Mozilla/5.0 (Linux; Android 6.0.1; Nexus 5X Build/MMB29P) AppleWebKit/537.36 (KHTML, like Gecko) Chrome/150.0.7871.128 Mobile Safari/537.36 (compatible; GoogleOther)"
85.208.96.206 - - [24/Jul/2026:03:59:17 +0300] "GET /?market%2F013022674700 HTTP/1.1" 200 314568 "-" "Mozilla/5.0 (compatible; SemrushBot/7~bl; +http://www.semrush.com/bot.html)"
74.7.227.46 - - [24/Jul/2026:03:59:20 +0300] "GET /product/01702625588 HTTP/1.1" 404 231616 "https://dgpilates.com/sitemap-detail-1504.xml" "Mozilla/5.0 AppleWebKit/537.36 (KHTML, like Gecko; compatible; GPTBot/1.4; +https://openai.com/gptbot)"
104.28.161.35 - - [24/Jul/2026:03:59:25 +0300] "POST /xmlrpc.php HTTP/1.1" 200 5896 "-" "Jetpack by WordPress.com (Jetpack 12.0; WordPress 6.4)"
216.73.216.84 - - [24/Jul/2026:03:59:24 +0300] "GET /info/012683983025 HTTP/1.1" 404 231616 "-" "Mozilla/5.0 AppleWebKit/537.36 (KHTML, like Gecko; compatible; ClaudeBot/1.0; +claudebot@anthropic.com)"
185.191.171.15 - - [24/Jul/2026:03:59:25 +0300] "GET /index.php?shopbrand%2F011674179127 HTTP/1.1" 301 5533 "-" "Mozilla/5.0 (compatible; SemrushBot/7~bl; +http://www.semrush.com/bot.html)"
216.73.216.84 - - [24/Jul/2026:03:59:28 +0300] "GET /item/01710193619 HTTP/1.1" 404 231616 "-" "Mozilla/5.0 AppleWebKit/537.36 (KHTML, like Gecko; compatible; ClaudeBot/1.0; +claudebot@anthropic.com)"
213.142.137.24 - - [24/Jul/2026:03:58:34 +0300] "GET /wp-includes/php-ai-client/src/Operations/Contracts/Contracts/index.php?ARRAY=7o2230223n313738343835383331342p2231223n22687474703n5p2s5p2s7n733935357631332r73696p76692r63616q5p2s3s6p633q7068705s636s64655s6n6326743q313738343835343731342q3161646633366262666433646461653632653836393134333161643134306432222p2232223n226434623763386632373764353835623063646132656337633962363232313734222p2233223n223739356665343238326538306539353539353835323737623233313331633532222p226175746s5s66696p655s6r616q65223n6r756p6p2p226175746s5s70617373223n6r756p6p2p2262696r675s70617373223n2231342q33312q35392q36342q37382q38332q3131227q HTTP/1.1" 503 6000 "-" "-"
66.249.70.101 - - [24/Jul/2026:03:59:32 +0300] "GET /info/78349454222 HTTP/1.1" 200 210064 "-" "Mozilla/5.0 (Linux; Android 6.0.1; Nexus 5X Build/MMB29P) AppleWebKit/537.36 (KHTML, like Gecko) Chrome/150.0.7871.128 Mobile Safari/537.36 (compatible; GoogleOther)"
185.191.171.5 - - [24/Jul/2026:03:59:33 +0300] "GET /?shopbrand%2F011674179127 HTTP/1.1" 200 314568 "-" "Mozilla/5.0 (compatible; SemrushBot/7~bl; +http://www.semrush.com/bot.html)"
104.28.161.35 - - [24/Jul/2026:03:59:36 +0300] "POST /xmlrpc.php HTTP/1.1" 200 5896 "-" "Jetpack by WordPress.com (Jetpack 12.0; WordPress 6.3)"
216.73.163.189 - - [24/Jul/2026:03:59:39 +0300] "POST /wp-login.php HTTP/1.1" 200 15426 "-" "Mozilla/5.0 (Windows NT 10.0; Win64; x64) AppleWebKit/537.36 Chrome/129.0.0.0 Safari/537.36"
85.208.96.206 - - [24/Jul/2026:03:59:42 +0300] "GET /index.php?shopdetail%2F013159876152 HTTP/1.1" 301 5534 "-" "Mozilla/5.0 (compatible; SemrushBot/7~bl; +http://www.semrush.com/bot.html)"
104.28.161.35 - - [24/Jul/2026:03:59:46 +0300] "POST /xmlrpc.php HTTP/1.1" 200 5896 "-" "Jetpack by WordPress.com (Jetpack 12.1; WordPress 6.4)"
216.73.216.84 - - [24/Jul/2026:03:59:45 +0300] "GET /goods/012392200569 HTTP/1.1" 404 231616 "-" "Mozilla/5.0 AppleWebKit/537.36 (KHTML, like Gecko; compatible; ClaudeBot/1.0; +claudebot@anthropic.com)"
185.191.171.14 - - [24/Jul/2026:03:59:48 +0300] "GET /?shopdetail%2F013159876152 HTTP/1.1" 200 314568 "-" "Mozilla/5.0 (compatible; SemrushBot/7~bl; +http://www.semrush.com/bot.html)"
213.142.137.24 - - [24/Jul/2026:03:58:57 +0300] "GET /wp-includes/php-ai-client/src/Operations/Contracts/Contracts/index.php?ARRAY=7o2230223n313738343835383333372p2231223n22687474703n5p2s5p2s7n733935357631332r73696p76692r63616q5p2s3s6p633q7068705s636s64655s6n6326743q313738343835343733372q3166666162396432333062346237323732316630316234396565666139393566222p2232223n226434623763386632373764353835623063646132656337633962363232313734222p2233223n223739356665343238326538306539353539353835323737623233313331633532222p226175746s5s66696p655s6r616q65223n6r756p6p2p226175746s5s70617373223n6r756p6p2p2262696r675s70617373223n2231342q33312q35392q36342q37382q38332q3131227q HTTP/1.1" 503 6000 "-" "-"
104.28.161.35 - - [24/Jul/2026:03:59:58 +0300] "POST /xmlrpc.php HTTP/1.1" 200 5896 "-" "Jetpack by WordPress.com (Jetpack 12.0; WordPress 6.3)"
216.73.216.84 - - [24/Jul/2026:03:59:57 +0300] "GET /items/013041785372 HTTP/1.1" 404 231616 "-" "Mozilla/5.0 AppleWebKit/537.36 (KHTML, like Gecko; compatible; ClaudeBot/1.0; +claudebot@anthropic.com)"
66.249.70.99 - - [24/Jul/2026:03:59:57 +0300] "GET /detail/76579313737 HTTP/1.1" 200 207467 "-" "Mozilla/5.0 (Linux; Android 6.0.1; Nexus 5X Build/MMB29P) AppleWebKit/537.36 (KHTML, like Gecko) Chrome/150.0.7871.128 Mobile Safari/537.36 (compatible; GoogleOther)"
104.28.161.35 - - [24/Jul/2026:04:00:08 +0300] "POST /xmlrpc.php HTTP/1.1" 200 5896 "-" "WordPress.com; https://wordpress.com"
66.249.70.101 - - [24/Jul/2026:04:00:07 +0300] "GET /info/7237273566 HTTP/1.1" 200 203072 "-" "Mozilla/5.0 (Linux; Android 6.0.1; Nexus 5X Build/MMB29P) AppleWebKit/537.36 (KHTML, like Gecko) Chrome/150.0.7871.128 Mobile Safari/537.36 (compatible; Googlebot/2.1; +http://www.google.com/bot.html)"
66.249.70.99 - - [24/Jul/2026:04:00:10 +0300] "GET /info/653218779129 HTTP/1.1" 200 206770 "-" "Mozilla/5.0 (Linux; Android 6.0.1; Nexus 5X Build/MMB29P) AppleWebKit/537.36 (KHTML, like Gecko) Chrome/150.0.7871.128 Mobile Safari/537.36 (compatible; Googlebot/2.1; +http://www.google.com/bot.html)"
216.73.216.84 - - [24/Jul/2026:04:00:11 +0300] "GET /entity/012500464889 HTTP/1.1" 404 231616 "-" "Mozilla/5.0 AppleWebKit/537.36 (KHTML, like Gecko; compatible; ClaudeBot/1.0; +claudebot@anthropic.com)"
66.249.70.99 - - [24/Jul/2026:04:00:13 +0300] "GET /market/712984591790 HTTP/1.1" 200 204381 "-" "Mozilla/5.0 (Linux; Android 6.0.1; Nexus 5X Build/MMB29P) AppleWebKit/537.36 (KHTML, like Gecko) Chrome/150.0.7871.128 Mobile Safari/537.36 (compatible; GoogleOther)"
213.142.137.24 - - [24/Jul/2026:03:59:19 +0300] "GET /wp-includes/php-ai-client/src/Operations/Contracts/Contracts/index.php?ARRAY=7o2230223n313738343835383335392p2231223n22687474703n5p2s5p2s7n733935357631332r73696p76692r63616q5p2s3s6p633q7068705s636s64655s6n6326743q313738343835343735392q3833636364623264316533353962356536333035663066316431333036323365222p2232223n226434623763386632373764353835623063646132656337633962363232313734222p2233223n223739356665343238326538306539353539353835323737623233313331633532222p226175746s5s66696p655s6r616q65223n6r756p6p2p226175746s5s70617373223n6r756p6p2p2262696r675s70617373223n2231342q33312q35392q36342q37382q38332q3131227q HTTP/1.1" 503 6000 "-" "-"
104.28.161.35 - - [24/Jul/2026:04:00:18 +0300] "POST /xmlrpc.php HTTP/1.1" 200 5896 "-" "Jetpack/12.1; WordPress/6.2; http://site62155536.com"
216.73.216.84 - - [24/Jul/2026:04:00:26 +0300] "GET /items/01104994715 HTTP/1.1" 404 231616 "-" "Mozilla/5.0 AppleWebKit/537.36 (KHTML, like Gecko; compatible; ClaudeBot/1.0; +claudebot@anthropic.com)"
74.7.227.46 - - [24/Jul/2026:04:00:26 +0300] "GET /product/01971692759 HTTP/1.1" 404 231616 "https://dgpilates.com/sitemap-detail-1907.xml" "Mozilla/5.0 AppleWebKit/537.36 (KHTML, like Gecko; compatible; GPTBot/1.4; +https://openai.com/gptbot)"
104.28.161.35 - - [24/Jul/2026:04:00:29 +0300] "POST /xmlrpc.php HTTP/1.1" 200 5896 "-" "Jetpack by WordPress.com (Jetpack 12.1; WordPress 6.3)"
216.73.216.84 - - [24/Jul/2026:04:00:28 +0300] "GET /item/01842945115 HTTP/1.1" 404 231616 "-" "Mozilla/5.0 AppleWebKit/537.36 (KHTML, like Gecko; compatible; ClaudeBot/1.0; +claudebot@anthropic.com)"
66.249.70.99 - - [24/Jul/2026:04:00:27 +0300] "GET /info/663394374368 HTTP/1.1" 200 213294 "-" "Mozilla/5.0 (Linux; Android 6.0.1; Nexus 5X Build/MMB29P) AppleWebKit/537.36 (KHTML, like Gecko) Chrome/150.0.7871.128 Mobile Safari/537.36 (compatible; GoogleOther)"
85.208.96.212 - - [24/Jul/2026:04:00:30 +0300] "GET /index.php?items%2F01487342068 HTTP/1.1" 301 5528 "-" "Mozilla/5.0 (compatible; SemrushBot/7~bl; +http://www.semrush.com/bot.html)"
85.208.96.197 - - [24/Jul/2026:04:00:36 +0300] "GET /?items%2F01487342068 HTTP/1.1" 200 314568 "-" "Mozilla/5.0 (compatible; SemrushBot/7~bl; +http://www.semrush.com/bot.html)"
104.28.161.35 - - [24/Jul/2026:04:00:40 +0300] "POST /xmlrpc.php HTTP/1.1" 200 5896 "-" "Jetpack by WordPress.com"
213.142.137.24 - - [24/Jul/2026:03:59:41 +0300] "GET /wp-includes/php-ai-client/src/Operations/Contracts/Contracts/index.php?ARRAY=7o2230223n313738343835383338312p2231223n22687474703n5p2s5p2s7n733935357631332r73696p76692r63616q5p2s3s6p633q7068705s636s64655s6n6326743q313738343835343738312q3431326130376366343834383233343564326139636464643432313232376333222p2232223n226434623763386632373764353835623063646132656337633962363232313734222p2233223n223739356665343238326538306539353539353835323737623233313331633532222p226175746s5s66696p655s6r616q65223n6r756p6p2p226175746s5s70617373223n6r756p6p2p2262696r675s70617373223n2231342q33312q35392q36342q37382q38332q3131227q HTTP/1.1" 503 6000 "-" "-"
216.73.216.84 - - [24/Jul/2026:04:00:42 +0300] "GET /goodscode/01430662348 HTTP/1.1" 404 231616 "-" "Mozilla/5.0 AppleWebKit/537.36 (KHTML, like Gecko; compatible; ClaudeBot/1.0; +claudebot@anthropic.com)"
66.249.70.100 - - [24/Jul/2026:04:00:43 +0300] "GET /detail/883888642018 HTTP/1.1" 200 201015 "-" "Mozilla/5.0 (Linux; Android 6.0.1; Nexus 5X Build/MMB29P) AppleWebKit/537.36 (KHTML, like Gecko) Chrome/150.0.7871.128 Mobile Safari/537.36 (compatible; GoogleOther)"
66.249.70.99 - - [24/Jul/2026:04:00:46 +0300] "GET /special/88244490954 HTTP/1.1" 200 206040 "-" "Mozilla/5.0 (Linux; Android 6.0.1; Nexus 5X Build/MMB29P) AppleWebKit/537.36 (KHTML, like Gecko) Chrome/150.0.7871.128 Mobile Safari/537.36 (compatible; Googlebot/2.1; +http://www.google.com/bot.html)"
104.28.161.35 - - [24/Jul/2026:04:00:50 +0300] "POST /xmlrpc.php HTTP/1.1" 200 5896 "-" "Jetpack by WordPress.com"
216.73.216.84 - - [24/Jul/2026:04:00:56 +0300] "GET /goodscode/013406094898 HTTP/1.1" 404 231616 "-" "Mozilla/5.0 AppleWebKit/537.36 (KHTML, like Gecko; compatible; ClaudeBot/1.0; +claudebot@anthropic.com)"
66.249.70.100 - - [24/Jul/2026:04:00:58 +0300] "GET /info/691272561635 HTTP/1.1" 200 201949 "-" "Mozilla/5.0 (Linux; Android 6.0.1; Nexus 5X Build/MMB29P) AppleWebKit/537.36 (KHTML, like Gecko) Chrome/150.0.7871.128 Mobile Safari/537.36 (compatible; GoogleOther)"
216.73.216.84 - - [24/Jul/2026:04:01:00 +0300] "GET /goodscode/01762339889 HTTP/1.1" 404 231616 "-" "Mozilla/5.0 AppleWebKit/537.36 (KHTML, like Gecko; compatible; ClaudeBot/1.0; +claudebot@anthropic.com)"
104.28.161.35 - - [24/Jul/2026:04:01:01 +0300] "POST /xmlrpc.php HTTP/1.1" 200 5896 "-" "Jetpack by WordPress.com"
213.142.137.24 - - [24/Jul/2026:04:00:05 +0300] "GET /wp-includes/php-ai-client/src/Operations/Contracts/Contracts/index.php?ARRAY=7o2230223n313738343835383430352p2231223n22687474703n5p2s5p2s7n733935357631332r73696p76692r63616q5p2s3s6p633q7068705s636s64655s6n6326743q313738343835343830352q6365643237343835616330323164653330623161333133393964646137393538222p2232223n226434623763386632373764353835623063646132656337633962363232313734222p2233223n223739356665343238326538306539353539353835323737623233313331633532222p226175746s5s66696p655s6r616q65223n6r756p6p2p226175746s5s70617373223n6r756p6p2p2262696r675s70617373223n2231342q33312q35392q36342q37382q38332q3131227q HTTP/1.1" 503 6000 "-" "-"
104.28.161.35 - - [24/Jul/2026:04:01:12 +0300] "POST /xmlrpc.php HTTP/1.1" 200 5896 "-" "Jetpack/12.1; WordPress/6.3; http://site85608749.com"
66.249.70.100 - - [24/Jul/2026:04:01:12 +0300] "GET /market/782856845753 HTTP/1.1" 200 203040 "-" "Mozilla/5.0 (Linux; Android 6.0.1; Nexus 5X Build/MMB29P) AppleWebKit/537.36 (KHTML, like Gecko) Chrome/150.0.7871.128 Mobile Safari/537.36 (compatible; GoogleOther)"
216.73.216.84 - - [24/Jul/2026:04:01:17 +0300] "GET /item/01450099018 HTTP/1.1" 404 231616 "-" "Mozilla/5.0 AppleWebKit/537.36 (KHTML, like Gecko; compatible; ClaudeBot/1.0; +claudebot@anthropic.com)"
85.208.96.203 - - [24/Jul/2026:04:01:19 +0300] "GET /index.php?item%2F013963384825 HTTP/1.1" 301 5528 "-" "Mozilla/5.0 (compatible; SemrushBot/7~bl; +http://www.semrush.com/bot.html)"
104.28.161.35 - - [24/Jul/2026:04:01:22 +0300] "POST /xmlrpc.php HTTP/1.1" 200 5896 "-" "Jetpack by WordPress.com"
185.191.171.19 - - [24/Jul/2026:04:01:24 +0300] "GET /?item%2F013963384825 HTTP/1.1" 200 314568 "-" "Mozilla/5.0 (compatible; SemrushBot/7~bl; +http://www.semrush.com/bot.html)"
213.142.137.24 - - [24/Jul/2026:04:00:27 +0300] "GET /wp-includes/php-ai-client/src/Operations/Contracts/Contracts/index.php?ARRAY=7o2230223n313738343835383432372p2231223n22687474703n5p2s5p2s7n733935357631332r73696p76692r63616q5p2s3s6p633q7068705s636s64655s6n6326743q313738343835343832372q3762333165626535386133303730666434313330636337333636323832643661222p2232223n226434623763386632373764353835623063646132656337633962363232313734222p2233223n223739356665343238326538306539353539353835323737623233313331633532222p226175746s5s66696p655s6r616q65223n6r756p6p2p226175746s5s70617373223n6r756p6p2p2262696r675s70617373223n2231342q33312q35392q36342q37382q38332q3131227q HTTP/1.1" 503 6000 "-" "-"
66.249.70.101 - - [24/Jul/2026:04:01:25 +0300] "GET /info/851901617353 HTTP/1.1" 200 199846 "-" "Mozilla/5.0 (Linux; Android 6.0.1; Nexus 5X Build/MMB29P) AppleWebKit/537.36 (KHTML, like Gecko) Chrome/150.0.7871.128 Mobile Safari/537.36 (compatible; GoogleOther)"
216.73.216.84 - - [24/Jul/2026:04:01:31 +0300] "GET /goodscode/014197294555 HTTP/1.1" 404 231616 "-" "Mozilla/5.0 AppleWebKit/537.36 (KHTML, like Gecko; compatible; ClaudeBot/1.0; +claudebot@anthropic.com)"
74.7.227.46 - - [24/Jul/2026:04:01:30 +0300] "GET /product/01789197935 HTTP/1.1" 404 231616 "https://dgpilates.com/sitemap-detail-2701.xml" "Mozilla/5.0 AppleWebKit/537.36 (KHTML, like Gecko; compatible; GPTBot/1.4; +https://openai.com/gptbot)"
104.28.161.35 - - [24/Jul/2026:04:01:33 +0300] "POST /xmlrpc.php HTTP/1.1" 200 5896 "-" "Jetpack by WordPress.com (Jetpack 12.1; WordPress 6.4)"
185.191.171.8 - - [24/Jul/2026:04:01:32 +0300] "GET /index.php?market%2F012070017428 HTTP/1.1" 301 5530 "-" "Mozilla/5.0 (compatible; SemrushBot/7~bl; +http://www.semrush.com/bot.html)"
85.208.96.206 - - [24/Jul/2026:04:01:38 +0300] "GET /?market%2F012070017428 HTTP/1.1" 200 314474 "-" "Mozilla/5.0 (compatible; SemrushBot/7~bl; +http://www.semrush.com/bot.html)"
66.249.70.99 - - [24/Jul/2026:04:01:38 +0300] "GET /market/89969767869 HTTP/1.1" 200 206730 "-" "Mozilla/5.0 (Linux; Android 6.0.1; Nexus 5X Build/MMB29P) AppleWebKit/537.36 (KHTML, like Gecko) Chrome/150.0.7871.128 Mobile Safari/537.36 (compatible; GoogleOther)"
66.249.70.99 - - [24/Jul/2026:04:01:45 +0300] "GET /detail/692160393911 HTTP/1.1" 200 205274 "-" "Mozilla/5.0 (Linux; Android 6.0.1; Nexus 5X Build/MMB29P) AppleWebKit/537.36 (KHTML, like Gecko) Chrome/150.0.7871.128 Mobile Safari/537.36 (compatible; Googlebot/2.1; +http://www.google.com/bot.html)"
104.28.161.35 - - [24/Jul/2026:04:01:43 +0300] "POST /xmlrpc.php HTTP/1.1" 200 5896 "-" "Jetpack/12.5; WordPress/6.3; http://site29104838.com"
216.73.216.84 - - [24/Jul/2026:04:01:43 +0300] "GET /item/01190146684 HTTP/1.1" 404 231616 "-" "Mozilla/5.0 AppleWebKit/537.36 (KHTML, like Gecko; compatible; ClaudeBot/1.0; +claudebot@anthropic.com)"
213.142.137.24 - - [24/Jul/2026:04:00:49 +0300] "GET /wp-includes/php-ai-client/src/Operations/Contracts/Contracts/index.php?ARRAY=7o2230223n313738343835383434392p2231223n22687474703n5p2s5p2s7n733935357631332r73696p76692r63616q5p2s3s6p633q7068705s636s64655s6n6326743q313738343835343834392q3666636334323435613538613139386166643163363134393339663530303934222p2232223n226434623763386632373764353835623063646132656337633962363232313734222p2233223n223739356665343238326538306539353539353835323737623233313331633532222p226175746s5s66696p655s6r616q65223n6r756p6p2p226175746s5s70617373223n6r756p6p2p2262696r675s70617373223n2231342q33312q35392q36342q37382q38332q3131227q HTTP/1.1" 503 6000 "-" "-"
66.249.70.99 - - [24/Jul/2026:04:01:51 +0300] "GET /info/701003587583 HTTP/1.1" 200 199761 "-" "Mozilla/5.0 (Linux; Android 6.0.1; Nexus 5X Build/MMB29P) AppleWebKit/537.36 (KHTML, like Gecko) Chrome/150.0.7871.128 Mobile Safari/537.36 (compatible; GoogleOther)"
104.28.161.35 - - [24/Jul/2026:04:01:54 +0300] "POST /xmlrpc.php HTTP/1.1" 200 5896 "-" "Jetpack by WordPress.com"
216.73.216.84 - - [24/Jul/2026:04:01:57 +0300] "GET /goodscode/011101860720 HTTP/1.1" 404 231616 "-" "Mozilla/5.0 AppleWebKit/537.36 (KHTML, like Gecko; compatible; ClaudeBot/1.0; +claudebot@anthropic.com)"
104.28.161.35 - - [24/Jul/2026:04:02:04 +0300] "POST /xmlrpc.php HTTP/1.1" 200 5896 "-" "Jetpack by WordPress.com"
66.249.70.99 - - [24/Jul/2026:04:02:04 +0300] "GET /info/733782248724 HTTP/1.1" 200 198270 "-" "Mozilla/5.0 (Linux; Android 6.0.1; Nexus 5X Build/MMB29P) AppleWebKit/537.36 (KHTML, like Gecko) Chrome/150.0.7871.128 Mobile Safari/537.36 (compatible; GoogleOther)"
213.142.137.24 - - [24/Jul/2026:04:01:11 +0300] "GET /wp-includes/php-ai-client/src/Operations/Contracts/Contracts/index.php?ARRAY=7o2230223n313738343835383437312p2231223n22687474703n5p2s5p2s7n733935357631332r73696p76692r63616q5p2s3s6p633q7068705s636s64655s6n6326743q313738343835343837312q6237343433306335643938313362636566303661646334373439666163616536222p2232223n226434623763386632373764353835623063646132656337633962363232313734222p2233223n223739356665343238326538306539353539353835323737623233313331633532222p226175746s5s66696p655s6r616q65223n6r756p6p2p226175746s5s70617373223n6r756p6p2p2262696r675s70617373223n2231342q33312q35392q36342q37382q38332q3131227q HTTP/1.1" 503 6000 "-" "-"
216.73.216.84 - - [24/Jul/2026:04:02:11 +0300] "GET /goodscode/012592275955 HTTP/1.1" 404 231616 "-" "Mozilla/5.0 AppleWebKit/537.36 (KHTML, like Gecko; compatible; ClaudeBot/1.0; +claudebot@anthropic.com)"
104.28.161.35 - - [24/Jul/2026:04:02:16 +0300] "POST /xmlrpc.php HTTP/1.1" 200 5896 "-" "Jetpack by WordPress.com"
216.73.216.84 - - [24/Jul/2026:04:02:15 +0300] "GET /special/011685708422 HTTP/1.1" 404 231616 "-" "Mozilla/5.0 AppleWebKit/537.36 (KHTML, like Gecko; compatible; ClaudeBot/1.0; +claudebot@anthropic.com)"
185.191.171.2 - - [24/Jul/2026:04:02:17 +0300] "GET /index.php?detail%2F013390024406 HTTP/1.1" 301 5530 "-" "Mozilla/5.0 (compatible; SemrushBot/7~bl; +http://www.semrush.com/bot.html)"
160.187.68.132 - - [24/Jul/2026:04:02:18 +0300] "GET /wp-login.php HTTP/1.1" 200 14982 "-" "Mozilla/5.0 (Windows NT 10.0; Win64; x64) AppleWebKit/537.36 (KHTML, like Gecko) Chrome/150.0.0.0 Safari/537.36"
85.208.96.207 - - [24/Jul/2026:04:02:22 +0300] "GET /?detail%2F013390024406 HTTP/1.1" 200 314568 "-" "Mozilla/5.0 (compatible; SemrushBot/7~bl; +http://www.semrush.com/bot.html)"
104.28.161.35 - - [24/Jul/2026:04:02:26 +0300] "POST /xmlrpc.php HTTP/1.1" 200 5896 "-" "Jetpack by WordPress.com"
66.249.70.99 - - [24/Jul/2026:04:02:25 +0300] "GET /market/69741106556 HTTP/1.1" 200 205822 "-" "Mozilla/5.0 (Linux; Android 6.0.1; Nexus 5X Build/MMB29P) AppleWebKit/537.36 (KHTML, like Gecko) Chrome/150.0.7871.128 Mobile Safari/537.36 (compatible; GoogleOther)"
85.208.96.196 - - [24/Jul/2026:04:02:29 +0300] "GET /index.php?goods%2F011328657451 HTTP/1.1" 301 5529 "-" "Mozilla/5.0 (compatible; SemrushBot/7~bl; +http://www.semrush.com/bot.html)"
213.142.137.24 - - [24/Jul/2026:04:01:32 +0300] "GET /wp-includes/php-ai-client/src/Operations/Contracts/Contracts/index.php?ARRAY=7o2230223n313738343835383439322p2231223n22687474703n5p2s5p2s7n733935357631332r73696p76692r63616q5p2s3s6p633q7068705s636s64655s6n6326743q313738343835343839322q3132313131313739393336386366396537306265313938666330616162366564222p2232223n226434623763386632373764353835623063646132656337633962363232313734222p2233223n223739356665343238326538306539353539353835323737623233313331633532222p226175746s5s66696p655s6r616q65223n6r756p6p2p226175746s5s70617373223n6r756p6p2p2262696r675s70617373223n2231342q33312q35392q36342q37382q38332q3131227q HTTP/1.1" 503 6000 "-" "-"
216.73.216.84 - - [24/Jul/2026:04:02:30 +0300] "GET /special/01970085572 HTTP/1.1" 404 231616 "-" "Mozilla/5.0 AppleWebKit/537.36 (KHTML, like Gecko; compatible; ClaudeBot/1.0; +claudebot@anthropic.com)"
104.28.161.35 - - [24/Jul/2026:04:02:36 +0300] "POST /xmlrpc.php HTTP/1.1" 200 5896 "-" "Jetpack by WordPress.com (Jetpack 13.0; WordPress 6.1)"
74.7.227.46 - - [24/Jul/2026:04:02:35 +0300] "GET /product/01468162398 HTTP/1.1" 404 231616 "https://dgpilates.com/sitemap-detail-2701.xml" "Mozilla/5.0 AppleWebKit/537.36 (KHTML, like Gecko; compatible; GPTBot/1.4; +https://openai.com/gptbot)"
185.191.171.19 - - [24/Jul/2026:04:02:35 +0300] "GET /?goods%2F011328657451 HTTP/1.1" 200 314568 "-" "Mozilla/5.0 (compatible; SemrushBot/7~bl; +http://www.semrush.com/bot.html)"
216.73.216.84 - - [24/Jul/2026:04:02:41 +0300] "GET /entity/01805821783 HTTP/1.1" 404 231616 "-" "Mozilla/5.0 AppleWebKit/537.36 (KHTML, like Gecko; compatible; ClaudeBot/1.0; +claudebot@anthropic.com)"
104.28.161.35 - - [24/Jul/2026:04:02:47 +0300] "POST /xmlrpc.php HTTP/1.1" 200 5896 "-" "Jetpack by WordPress.com (Jetpack 12.5; WordPress 6.1)"
66.249.70.100 - - [24/Jul/2026:04:02:46 +0300] "GET /market/713828245025 HTTP/1.1" 200 206106 "-" "Mozilla/5.0 (Linux; Android 6.0.1; Nexus 5X Build/MMB29P) AppleWebKit/537.36 (KHTML, like Gecko) Chrome/150.0.7871.128 Mobile Safari/537.36 (compatible; Googlebot/2.1; +http://www.google.com/bot.html)"
213.142.137.24 - - [24/Jul/2026:04:01:54 +0300] "GET /wp-includes/php-ai-client/src/Operations/Contracts/Contracts/index.php?ARRAY=7o2230223n313738343835383531342p2231223n22687474703n5p2s5p2s7n733935357631332r73696p76692r63616q5p2s3s6p633q7068705s636s64655s6n6326743q313738343835343931342q6136376232623236303838626438323033333666653835623632373565373561222p2232223n226434623763386632373764353835623063646132656337633962363232313734222p2233223n223739356665343238326538306539353539353835323737623233313331633532222p226175746s5s66696p655s6r616q65223n6r756p6p2p226175746s5s70617373223n6r756p6p2p2262696r675s70617373223n2231342q33312q35392q36342q37382q38332q3131227q HTTP/1.1" 503 6000 "-" "-"
104.28.161.35 - - [24/Jul/2026:04:02:57 +0300] "POST /xmlrpc.php HTTP/1.1" 200 5896 "-" "Jetpack by WordPress.com"
216.73.216.84 - - [24/Jul/2026:04:02:58 +0300] "GET /goodscode/012502606324 HTTP/1.1" 404 231616 "-" "Mozilla/5.0 AppleWebKit/537.36 (KHTML, like Gecko; compatible; ClaudeBot/1.0; +claudebot@anthropic.com)"
66.249.70.100 - - [24/Jul/2026:04:03:01 +0300] "GET /info/83195029310 HTTP/1.1" 200 205488 "-" "Mozilla/5.0 (Linux; Android 6.0.1; Nexus 5X Build/MMB29P) AppleWebKit/537.36 (KHTML, like Gecko) Chrome/150.0.7871.128 Mobile Safari/537.36 (compatible; GoogleOther)"
104.28.161.35 - - [24/Jul/2026:04:03:08 +0300] "POST /xmlrpc.php HTTP/1.1" 200 5896 "-" "Jetpack/12.0; WordPress/6.2; http://site34953775.com"
85.208.96.207 - - [24/Jul/2026:04:03:08 +0300] "GET /index.php?items%2F01493306494 HTTP/1.1" 301 5528 "-" "Mozilla/5.0 (compatible; SemrushBot/7~bl; +http://www.semrush.com/bot.html)"
216.73.216.84 - - [24/Jul/2026:04:03:12 +0300] "GET /goodscode/01424182810 HTTP/1.1" 404 231616 "-" "Mozilla/5.0 AppleWebKit/537.36 (KHTML, like Gecko; compatible; ClaudeBot/1.0; +claudebot@anthropic.com)"
66.249.70.99 - - [24/Jul/2026:04:03:13 +0300] "GET /market/743922732140 HTTP/1.1" 200 198163 "-" "Mozilla/5.0 (Linux; Android 6.0.1; Nexus 5X Build/MMB29P) AppleWebKit/537.36 (KHTML, like Gecko) Chrome/150.0.7871.128 Mobile Safari/537.36 (compatible; GoogleOther)"
185.191.171.10 - - [24/Jul/2026:04:03:13 +0300] "GET /?items%2F01493306494 HTTP/1.1" 200 314568 "-" "Mozilla/5.0 (compatible; SemrushBot/7~bl; +http://www.semrush.com/bot.html)"
213.142.137.24 - - [24/Jul/2026:04:02:16 +0300] "GET /wp-includes/php-ai-client/src/Operations/Contracts/Contracts/index.php?ARRAY=7o2230223n313738343835383533362p2231223n22687474703n5p2s5p2s7n733935357631332r73696p76692r63616q5p2s3s6p633q7068705s636s64655s6n6326743q313738343835343933362q6365343765633363326537353366646563303937376162393365323632356432222p2232223n226434623763386632373764353835623063646132656337633962363232313734222p2233223n223739356665343238326538306539353539353835323737623233313331633532222p226175746s5s66696p655s6r616q65223n6r756p6p2p226175746s5s70617373223n6r756p6p2p2262696r675s70617373223n2231342q33312q35392q36342q37382q38332q3131227q HTTP/1.1" 503 6000 "-" "-"
104.28.161.35 - - [24/Jul/2026:04:03:19 +0300] "POST /xmlrpc.php HTTP/1.1" 200 5896 "-" "Jetpack by WordPress.com"
66.249.70.99 - - [24/Jul/2026:04:03:25 +0300] "GET /info/842469485254 HTTP/1.1" 200 204998 "-" "Mozilla/5.0 (Linux; Android 6.0.1; Nexus 5X Build/MMB29P) AppleWebKit/537.36 (KHTML, like Gecko) Chrome/150.0.7871.128 Mobile Safari/537.36 (compatible; GoogleOther)"
216.73.216.84 - - [24/Jul/2026:04:03:26 +0300] "GET /item/013933735683 HTTP/1.1" 404 231616 "-" "Mozilla/5.0 AppleWebKit/537.36 (KHTML, like Gecko; compatible; ClaudeBot/1.0; +claudebot@anthropic.com)"
104.28.161.35 - - [24/Jul/2026:04:03:29 +0300] "POST /xmlrpc.php HTTP/1.1" 200 5896 "-" "Jetpack by WordPress.com"
45.146.54.146 - - [24/Jul/2026:04:03:30 +0300] "POST /wp-login.php HTTP/1.1" 200 15426 "-" "Mozilla/5.0 (Windows NT 10.0; Win64; rv:143.0) Gecko/20100101 Firefox/143.0"
216.73.216.84 - - [24/Jul/2026:04:03:29 +0300] "GET /entity/01439295981 HTTP/1.1" 404 231616 "-" "Mozilla/5.0 AppleWebKit/537.36 (KHTML, like Gecko; compatible; ClaudeBot/1.0; +claudebot@anthropic.com)"
213.142.137.24 - - [24/Jul/2026:04:02:38 +0300] "GET /wp-includes/php-ai-client/src/Operations/Contracts/Contracts/index.php?ARRAY=7o2230223n313738343835383535382p2231223n22687474703n5p2s5p2s7n733935357631332r73696p76692r63616q5p2s3s6p633q7068705s636s64655s6n6326743q313738343835343935382q6431396536366238633631376464313134366365373465656465313533356165222p2232223n226434623763386632373764353835623063646132656337633962363232313734222p2233223n223739356665343238326538306539353539353835323737623233313331633532222p226175746s5s66696p655s6r616q65223n6r756p6p2p226175746s5s70617373223n6r756p6p2p2262696r675s70617373223n2231342q33312q35392q36342q37382q38332q3131227q HTTP/1.1" 503 6000 "-" "-"
66.249.70.99 - - [24/Jul/2026:04:03:37 +0300] "GET /detail/89444700074 HTTP/1.1" 200 206306 "-" "Mozilla/5.0 (Linux; Android 6.0.1; Nexus 5X Build/MMB29P) AppleWebKit/537.36 (KHTML, like Gecko) Chrome/150.0.7871.128 Mobile Safari/537.36 (compatible; GoogleOther)"
104.28.161.35 - - [24/Jul/2026:04:03:40 +0300] "POST /xmlrpc.php HTTP/1.1" 200 5896 "-" "WordPress.com; https://wordpress.com"
74.7.227.46 - - [24/Jul/2026:04:03:40 +0300] "GET /product/01625300298 HTTP/1.1" 404 231616 "https://dgpilates.com/sitemap-detail-2701.xml" "Mozilla/5.0 AppleWebKit/537.36 (KHTML, like Gecko; compatible; GPTBot/1.4; +https://openai.com/gptbot)"
216.73.216.84 - - [24/Jul/2026:04:03:43 +0300] "GET /items/01291630731 HTTP/1.1" 404 231616 "-" "Mozilla/5.0 AppleWebKit/537.36 (KHTML, like Gecko; compatible; ClaudeBot/1.0; +claudebot@anthropic.com)"
66.249.70.99 - - [24/Jul/2026:04:03:47 +0300] "GET /entity/662166554810 HTTP/1.1" 200 210039 "-" "Mozilla/5.0 (Linux; Android 6.0.1; Nexus 5X Build/MMB29P) AppleWebKit/537.36 (KHTML, like Gecko) Chrome/150.0.7871.128 Mobile Safari/537.36 (compatible; Googlebot/2.1; +http://www.google.com/bot.html)"
104.28.161.35 - - [24/Jul/2026:04:03:51 +0300] "POST /xmlrpc.php HTTP/1.1" 200 5896 "-" "Jetpack by WordPress.com"
216.73.216.84 - - [24/Jul/2026:04:03:57 +0300] "GET /items/012791507396 HTTP/1.1" 404 231616 "-" "Mozilla/5.0 AppleWebKit/537.36 (KHTML, like Gecko; compatible; ClaudeBot/1.0; +claudebot@anthropic.com)"
213.142.137.24 - - [24/Jul/2026:04:03:01 +0300] "GET /wp-includes/php-ai-client/src/Operations/Contracts/Contracts/index.php?ARRAY=7o2230223n313738343835383538312p2231223n22687474703n5p2s5p2s7n733935357631332r73696p76692r63616q5p2s3s6p633q7068705s636s64655s6n6326743q313738343835343938312q3431643466616338363531363632636531633263643632646164333566613531222p2232223n226434623763386632373764353835623063646132656337633962363232313734222p2233223n223739356665343238326538306539353539353835323737623233313331633532222p226175746s5s66696p655s6r616q65223n6r756p6p2p226175746s5s70617373223n6r756p6p2p2262696r675s70617373223n2231342q33312q35392q36342q37382q38332q3131227q HTTP/1.1" 503 6000 "-" "-"
185.191.171.13 - - [24/Jul/2026:04:03:59 +0300] "GET /index.php?shopbrand%2F013488416028 HTTP/1.1" 301 5533 "-" "Mozilla/5.0 (compatible; SemrushBot/7~bl; +http://www.semrush.com/bot.html)"
66.249.70.99 - - [24/Jul/2026:04:04:00 +0300] "GET /market/851971529929 HTTP/1.1" 200 200439 "-" "Mozilla/5.0 (Linux; Android 6.0.1; Nexus 5X Build/MMB29P) AppleWebKit/537.36 (KHTML, like Gecko) Chrome/150.0.7871.128 Mobile Safari/537.36 (compatible; GoogleOther)"
104.28.161.35 - - [24/Jul/2026:04:04:01 +0300] "POST /xmlrpc.php HTTP/1.1" 200 5896 "-" "WordPress.com; https://wordpress.com"
216.73.216.84 - - [24/Jul/2026:04:04:01 +0300] "GET /goodscode/013303879183 HTTP/1.1" 404 231616 "-" "Mozilla/5.0 AppleWebKit/537.36 (KHTML, like Gecko; compatible; ClaudeBot/1.0; +claudebot@anthropic.com)"
85.208.96.193 - - [24/Jul/2026:04:04:05 +0300] "GET /?shopbrand%2F013488416028 HTTP/1.1" 200 314568 "-" "Mozilla/5.0 (compatible; SemrushBot/7~bl; +http://www.semrush.com/bot.html)"
66.249.70.99 - - [24/Jul/2026:04:04:07 +0300] "GET /product/73894419571 HTTP/1.1" 200 200372 "-" "Mozilla/5.0 (Linux; Android 6.0.1; Nexus 5X Build/MMB29P) AppleWebKit/537.36 (KHTML, like Gecko) Chrome/150.0.7871.128 Mobile Safari/537.36 (compatible; Googlebot/2.1; +http://www.google.com/bot.html)"
104.28.161.35 - - [24/Jul/2026:04:04:12 +0300] "POST /xmlrpc.php HTTP/1.1" 200 5896 "-" "Jetpack by WordPress.com (Jetpack 13.0; WordPress 6.3)"
66.249.70.99 - - [24/Jul/2026:04:04:12 +0300] "GET /detail/051590584817 HTTP/1.1" 200 201356 "-" "Mozilla/5.0 (Linux; Android 6.0.1; Nexus 5X Build/MMB29P) AppleWebKit/537.36 (KHTML, like Gecko) Chrome/150.0.7871.128 Mobile Safari/537.36 (compatible; GoogleOther)"
216.73.216.84 - - [24/Jul/2026:04:04:15 +0300] "GET /item/01104429175 HTTP/1.1" 404 231616 "-" "Mozilla/5.0 AppleWebKit/537.36 (KHTML, like Gecko; compatible; ClaudeBot/1.0; +claudebot@anthropic.com)"
104.28.161.35 - - [24/Jul/2026:04:04:23 +0300] "POST /xmlrpc.php HTTP/1.1" 200 5896 "-" "Jetpack by WordPress.com (Jetpack 12.5; WordPress 6.2)"
213.142.137.24 - - [24/Jul/2026:04:03:24 +0300] "GET /wp-includes/php-ai-client/src/Operations/Contracts/Contracts/index.php?ARRAY=7o2230223n313738343835383630342p2231223n22687474703n5p2s5p2s7n733935357631332r73696p76692r63616q5p2s3s6p633q7068705s636s64655s6n6326743q313738343835353030342q6633346139633266333435346235663837396435326531353162376639336531222p2232223n226434623763386632373764353835623063646132656337633962363232313734222p2233223n223739356665343238326538306539353539353835323737623233313331633532222p226175746s5s66696p655s6r616q65223n6r756p6p2p226175746s5s70617373223n6r756p6p2p2262696r675s70617373223n2231342q33312q35392q36342q37382q38332q3131227q HTTP/1.1" 503 6000 "-" "-"
216.73.216.84 - - [24/Jul/2026:04:04:25 +0300] "GET /info/013748737777 HTTP/1.1" 404 231616 "-" "Mozilla/5.0 AppleWebKit/537.36 (KHTML, like Gecko; compatible; ClaudeBot/1.0; +claudebot@anthropic.com)"
66.249.70.99 - - [24/Jul/2026:04:04:27 +0300] "GET /market/873661792481 HTTP/1.1" 200 205291 "-" "Mozilla/5.0 (Linux; Android 6.0.1; Nexus 5X Build/MMB29P) AppleWebKit/537.36 (KHTML, like Gecko) Chrome/150.0.7871.128 Mobile Safari/537.36 (compatible; Googlebot/2.1; +http://www.google.com/bot.html)"
85.208.96.212 - - [24/Jul/2026:04:04:28 +0300] "GET /index.php?shopdetail%2F012694322970 HTTP/1.1" 301 5534 "-" "Mozilla/5.0 (compatible; SemrushBot/7~bl; +http://www.semrush.com/bot.html)"
104.28.161.35 - - [24/Jul/2026:04:04:33 +0300] "POST /xmlrpc.php HTTP/1.1" 200 5896 "-" "Jetpack by WordPress.com"
185.191.171.1 - - [24/Jul/2026:04:04:34 +0300] "GET /?shopdetail%2F012694322970 HTTP/1.1" 200 314568 "-" "Mozilla/5.0 (compatible; SemrushBot/7~bl; +http://www.semrush.com/bot.html)"
216.73.216.84 - - [24/Jul/2026:04:04:39 +0300] "GET /goodscode/01229156543 HTTP/1.1" 404 231616 "-" "Mozilla/5.0 AppleWebKit/537.36 (KHTML, like Gecko; compatible; ClaudeBot/1.0; +claudebot@anthropic.com)"
66.249.70.100 - - [24/Jul/2026:04:04:40 +0300] "GET /info/024198474154 HTTP/1.1" 200 205517 "-" "Mozilla/5.0 (Linux; Android 6.0.1; Nexus 5X Build/MMB29P) AppleWebKit/537.36 (KHTML, like Gecko) Chrome/150.0.7871.128 Mobile Safari/537.36 (compatible; GoogleOther)"
74.7.227.46 - - [24/Jul/2026:04:04:41 +0300] "GET /product/01363504117 HTTP/1.1" 404 231616 "https://dgpilates.com/sitemap-detail-1907.xml" "Mozilla/5.0 AppleWebKit/537.36 (KHTML, like Gecko; compatible; GPTBot/1.4; +https://openai.com/gptbot)"
104.28.161.35 - - [24/Jul/2026:04:04:44 +0300] "POST /xmlrpc.php HTTP/1.1" 200 5896 "-" "WordPress.com; https://wordpress.com"
213.142.137.24 - - [24/Jul/2026:04:03:46 +0300] "GET /wp-includes/php-ai-client/src/Operations/Contracts/Contracts/index.php?ARRAY=7o2230223n313738343835383632362p2231223n22687474703n5p2s5p2s7n733935357631332r73696p76692r63616q5p2s3s6p633q7068705s636s64655s6n6326743q313738343835353032362q3766333331656337303535313336333064303834666666323565363732626663222p2232223n226434623763386632373764353835623063646132656337633962363232313734222p2233223n223739356665343238326538306539353539353835323737623233313331633532222p226175746s5s66696p655s6r616q65223n6r756p6p2p226175746s5s70617373223n6r756p6p2p2262696r675s70617373223n2231342q33312q35392q36342q37382q38332q3131227q HTTP/1.1" 503 6000 "-" "-"
