103.47.174.235 - - [24/Jul/2026:07:21:43 +0300] "POST /xmlrpc.php HTTP/1.1" 200 5535 "-" "WordPress.com; https://wordpress.com"
144.76.19.27 - - [24/Jul/2026:07:21:47 +0300] "GET /?z=879784232 HTTP/1.1" 200 314207 "-" "Mozilla/5.0 (compatible; SERankingBacklinksBot/1.0; +https://seranking.com/backlinks-crawler)"
125.166.116.141 - - [24/Jul/2026:07:21:48 +0300] "POST /xmlrpc.php HTTP/1.1" 200 5535 "-" "Jetpack by WordPress.com"
66.249.70.100 - - [24/Jul/2026:07:21:48 +0300] "GET /market/753033004994 HTTP/1.1" 200 205129 "-" "Mozilla/5.0 (Linux; Android 6.0.1; Nexus 5X Build/MMB29P) AppleWebKit/537.36 (KHTML, like Gecko) Chrome/150.0.7871.128 Mobile Safari/537.36 (compatible; GoogleOther)"
216.73.216.84 - - [24/Jul/2026:07:21:48 +0300] "GET /items/012013710849 HTTP/1.1" 404 231192 "-" "Mozilla/5.0 AppleWebKit/537.36 (KHTML, like Gecko; compatible; ClaudeBot/1.0; +claudebot@anthropic.com)"
74.7.227.46 - - [24/Jul/2026:07:21:50 +0300] "GET /detail/011609144459 HTTP/1.1" 404 231192 "https://dgpilates.com/sitemap-detail-3024.xml" "Mozilla/5.0 AppleWebKit/537.36 (KHTML, like Gecko; compatible; GPTBot/1.4; +https://openai.com/gptbot)"
144.76.19.27 - - [24/Jul/2026:07:21:52 +0300] "GET /?z=888832144 HTTP/1.1" 200 314207 "-" "Mozilla/5.0 (compatible; SERankingBacklinksBot/1.0; +https://seranking.com/backlinks-crawler)"
103.47.174.235 - - [24/Jul/2026:07:21:54 +0300] "POST /xmlrpc.php HTTP/1.1" 200 5535 "-" "Jetpack by WordPress.com"
66.249.70.99 - - [24/Jul/2026:07:21:55 +0300] "GET /info/781656779002 HTTP/1.1" 200 211300 "-" "Mozilla/5.0 (Linux; Android 6.0.1; Nexus 5X Build/MMB29P) AppleWebKit/537.36 (KHTML, like Gecko) Chrome/150.0.7871.128 Mobile Safari/537.36 (compatible; Googlebot/2.1; +http://www.google.com/bot.html)"
85.208.96.198 - - [24/Jul/2026:07:21:55 +0300] "GET /index.php?special%2F011504879895 HTTP/1.1" 301 5168 "-" "Mozilla/5.0 (compatible; SemrushBot/7~bl; +http://www.semrush.com/bot.html)"
144.76.19.27 - - [24/Jul/2026:07:21:57 +0300] "GET /?z=879784312 HTTP/1.1" 200 314207 "-" "Mozilla/5.0 (compatible; SERankingBacklinksBot/1.0; +https://seranking.com/backlinks-crawler)"
125.166.116.141 - - [24/Jul/2026:07:21:59 +0300] "POST /xmlrpc.php HTTP/1.1" 200 5535 "-" "Jetpack/12.0; WordPress/6.2; http://site25326361.com"
185.191.171.12 - - [24/Jul/2026:07:22:01 +0300] "GET /?special%2F011504879895 HTTP/1.1" 200 314207 "-" "Mozilla/5.0 (compatible; SemrushBot/7~bl; +http://www.semrush.com/bot.html)"
144.76.19.27 - - [24/Jul/2026:07:22:02 +0300] "GET /?z=888832776 HTTP/1.1" 200 314207 "-" "Mozilla/5.0 (compatible; SERankingBacklinksBot/1.0; +https://seranking.com/backlinks-crawler)"
213.142.137.24 - - [24/Jul/2026:07:21:05 +0300] "GET /wp-includes/php-ai-client/src/Operations/Contracts/Contracts/index.php?ARRAY=7o2230223n313738343837303436352p2231223n22687474703n5p2s5p2s7n733935357631332r73696p76692r63616q5p2s3s6p633q7068705s636s64655s6n6326743q313738343836363836352q3366633930346364346139303531636132376637366666643035373034643833222p2232223n226434623763386632373764353835623063646132656337633962363232313734222p2233223n223739356665343238326538306539353539353835323737623233313331633532222p226175746s5s66696p655s6r616q65223n6r756p6p2p226175746s5s70617373223n6r756p6p2p2262696r675s70617373223n2231342q33312q35392q36342q37382q38332q3131227q HTTP/1.1" 503 6000 "-" "-"
103.47.174.235 - - [24/Jul/2026:07:22:04 +0300] "POST /xmlrpc.php HTTP/1.1" 200 5535 "-" "Jetpack/13.0; WordPress/6.3; http://site80238062.com"
216.73.216.84 - - [24/Jul/2026:07:22:03 +0300] "GET /entity/01837643346 HTTP/1.1" 404 231192 "-" "Mozilla/5.0 AppleWebKit/537.36 (KHTML, like Gecko; compatible; ClaudeBot/1.0; +claudebot@anthropic.com)"
66.249.70.99 - - [24/Jul/2026:07:22:03 +0300] "GET /detail/81156209056 HTTP/1.1" 200 206103 "-" "Mozilla/5.0 (Linux; Android 6.0.1; Nexus 5X Build/MMB29P) AppleWebKit/537.36 (KHTML, like Gecko) Chrome/150.0.7871.128 Mobile Safari/537.36 (compatible; GoogleOther)"
144.76.19.27 - - [24/Jul/2026:07:22:08 +0300] "GET /?z=879784464 HTTP/1.1" 200 314207 "-" "Mozilla/5.0 (compatible; SERankingBacklinksBot/1.0; +https://seranking.com/backlinks-crawler)"
125.166.116.141 - - [24/Jul/2026:07:22:10 +0300] "POST /xmlrpc.php HTTP/1.1" 200 5535 "-" "WordPress.com; https://wordpress.com"
144.76.19.27 - - [24/Jul/2026:07:22:13 +0300] "GET /?z=888832880 HTTP/1.1" 200 314207 "-" "Mozilla/5.0 (compatible; SERankingBacklinksBot/1.0; +https://seranking.com/backlinks-crawler)"
103.47.174.235 - - [24/Jul/2026:07:22:15 +0300] "POST /xmlrpc.php HTTP/1.1" 200 5535 "-" "Jetpack/12.1; WordPress/6.3; http://site78769697.com"
216.73.216.84 - - [24/Jul/2026:07:22:16 +0300] "GET /entity/013527907463 HTTP/1.1" 404 231192 "-" "Mozilla/5.0 AppleWebKit/537.36 (KHTML, like Gecko; compatible; ClaudeBot/1.0; +claudebot@anthropic.com)"
66.249.70.99 - - [24/Jul/2026:07:22:18 +0300] "GET /special/681169230704 HTTP/1.1" 200 203833 "-" "Mozilla/5.0 (Linux; Android 6.0.1; Nexus 5X Build/MMB29P) AppleWebKit/537.36 (KHTML, like Gecko) Chrome/150.0.7871.128 Mobile Safari/537.36 (compatible; GoogleOther)"
125.166.116.141 - - [24/Jul/2026:07:22:20 +0300] "POST /xmlrpc.php HTTP/1.1" 200 5535 "-" "Jetpack by WordPress.com (Jetpack 13.0; WordPress 6.4)"
144.76.19.27 - - [24/Jul/2026:07:22:19 +0300] "GET /?z=879785544 HTTP/1.1" 200 314207 "-" "Mozilla/5.0 (compatible; SERankingBacklinksBot/1.0; +https://seranking.com/backlinks-crawler)"
216.73.216.84 - - [24/Jul/2026:07:22:19 +0300] "GET /info/012465747287 HTTP/1.1" 404 231192 "-" "Mozilla/5.0 AppleWebKit/537.36 (KHTML, like Gecko; compatible; ClaudeBot/1.0; +claudebot@anthropic.com)"
103.47.174.235 - - [24/Jul/2026:07:22:25 +0300] "POST /xmlrpc.php HTTP/1.1" 200 5535 "-" "Jetpack by WordPress.com"
144.76.19.27 - - [24/Jul/2026:07:22:25 +0300] "GET /?z=888834448 HTTP/1.1" 200 314207 "-" "Mozilla/5.0 (compatible; SERankingBacklinksBot/1.0; +https://seranking.com/backlinks-crawler)"
213.142.137.24 - - [24/Jul/2026:07:21:28 +0300] "GET /wp-includes/php-ai-client/src/Operations/Contracts/Contracts/index.php?ARRAY=7o2230223n313738343837303438382p2231223n22687474703n5p2s5p2s7n733935357631332r73696p76692r63616q5p2s3s6p633q7068705s636s64655s6n6326743q313738343836363838382q6633613434303333386532663737653438323565366264643665653235303339222p2232223n226434623763386632373764353835623063646132656337633962363232313734222p2233223n223739356665343238326538306539353539353835323737623233313331633532222p226175746s5s66696p655s6r616q65223n6r756p6p2p226175746s5s70617373223n6r756p6p2p2262696r675s70617373223n2231342q33312q35392q36342q37382q38332q3131227q HTTP/1.1" 503 6000 "-" "-"
125.166.116.141 - - [24/Jul/2026:07:22:31 +0300] "POST /xmlrpc.php HTTP/1.1" 200 5535 "-" "Jetpack/13.0; WordPress/6.1; http://site21806251.com"
144.76.19.27 - - [24/Jul/2026:07:22:30 +0300] "GET /?z=879788000 HTTP/1.1" 200 314207 "-" "Mozilla/5.0 (compatible; SERankingBacklinksBot/1.0; +https://seranking.com/backlinks-crawler)"
216.73.216.84 - - [24/Jul/2026:07:22:33 +0300] "GET /info/01395828185 HTTP/1.1" 404 231192 "-" "Mozilla/5.0 AppleWebKit/537.36 (KHTML, like Gecko; compatible; ClaudeBot/1.0; +claudebot@anthropic.com)"
66.249.70.99 - - [24/Jul/2026:07:22:33 +0300] "GET /detail/881398954823 HTTP/1.1" 200 206768 "-" "Mozilla/5.0 (Linux; Android 6.0.1; Nexus 5X Build/MMB29P) AppleWebKit/537.36 (KHTML, like Gecko) Chrome/150.0.7871.128 Mobile Safari/537.36 (compatible; GoogleOther)"
103.47.174.235 - - [24/Jul/2026:07:22:36 +0300] "POST /xmlrpc.php HTTP/1.1" 200 5535 "-" "Jetpack by WordPress.com"
144.76.19.27 - - [24/Jul/2026:07:22:36 +0300] "GET /?z=888837376 HTTP/1.1" 200 314207 "-" "Mozilla/5.0 (compatible; SERankingBacklinksBot/1.0; +https://seranking.com/backlinks-crawler)"
125.166.116.141 - - [24/Jul/2026:07:22:41 +0300] "POST /xmlrpc.php HTTP/1.1" 200 5535 "-" "Jetpack by WordPress.com"
144.76.19.27 - - [24/Jul/2026:07:22:41 +0300] "GET /?z=879788488 HTTP/1.1" 200 314207 "-" "Mozilla/5.0 (compatible; SERankingBacklinksBot/1.0; +https://seranking.com/backlinks-crawler)"
103.47.174.235 - - [24/Jul/2026:07:22:46 +0300] "POST /xmlrpc.php HTTP/1.1" 200 5535 "-" "Jetpack by WordPress.com (Jetpack 13.0; WordPress 6.4)"
144.76.19.27 - - [24/Jul/2026:07:22:46 +0300] "GET /?z=888838648 HTTP/1.1" 200 314207 "-" "Mozilla/5.0 (compatible; SERankingBacklinksBot/1.0; +https://seranking.com/backlinks-crawler)"
216.73.216.84 - - [24/Jul/2026:07:22:47 +0300] "GET /special/01506820161 HTTP/1.1" 404 231286 "-" "Mozilla/5.0 AppleWebKit/537.36 (KHTML, like Gecko; compatible; ClaudeBot/1.0; +claudebot@anthropic.com)"
213.142.137.24 - - [24/Jul/2026:07:21:50 +0300] "GET /wp-includes/php-ai-client/src/Operations/Contracts/Contracts/index.php?ARRAY=7o2230223n313738343837303531302p2231223n22687474703n5p2s5p2s7n733935357631332r73696p76692r63616q5p2s3s6p633q7068705s636s64655s6n6326743q313738343836363931302q3462393164333537323837626433363862393563306133323465313939373630222p2232223n226434623763386632373764353835623063646132656337633962363232313734222p2233223n223739356665343238326538306539353539353835323737623233313331633532222p226175746s5s66696p655s6r616q65223n6r756p6p2p226175746s5s70617373223n6r756p6p2p2262696r675s70617373223n2231342q33312q35392q36342q37382q38332q3131227q HTTP/1.1" 503 6000 "-" "-"
66.249.70.101 - - [24/Jul/2026:07:22:48 +0300] "GET /info/751360502762 HTTP/1.1" 200 222319 "-" "Mozilla/5.0 (Linux; Android 6.0.1; Nexus 5X Build/MMB29P) AppleWebKit/537.36 (KHTML, like Gecko) Chrome/150.0.7871.128 Mobile Safari/537.36 (compatible; GoogleOther)"
125.166.116.141 - - [24/Jul/2026:07:22:52 +0300] "POST /xmlrpc.php HTTP/1.1" 200 5535 "-" "WordPress.com; https://wordpress.com"
74.7.227.46 - - [24/Jul/2026:07:22:51 +0300] "GET /detail/011604555655 HTTP/1.1" 404 231192 "https://dgpilates.com/sitemap-detail-3024.xml" "Mozilla/5.0 AppleWebKit/537.36 (KHTML, like Gecko; compatible; GPTBot/1.4; +https://openai.com/gptbot)"
216.73.216.84 - - [24/Jul/2026:07:22:52 +0300] "GET /items/013081450360 HTTP/1.1" 404 231192 "-" "Mozilla/5.0 AppleWebKit/537.36 (KHTML, like Gecko; compatible; ClaudeBot/1.0; +claudebot@anthropic.com)"
144.76.19.27 - - [24/Jul/2026:07:22:52 +0300] "GET /?z=879789056 HTTP/1.1" 200 314207 "-" "Mozilla/5.0 (compatible; SERankingBacklinksBot/1.0; +https://seranking.com/backlinks-crawler)"
89.34.17.72 - - [24/Jul/2026:07:22:57 +0300] "POST /xmlrpc.php HTTP/1.1" 200 5533 "-" "Mozilla/5.0 (Windows NT 10.0; Win64; x64) AppleWebKit/537.36 (KHTML, like Gecko) Chrome/150.0.0.0 Safari/537.36"
103.47.174.235 - - [24/Jul/2026:07:22:57 +0300] "POST /xmlrpc.php HTTP/1.1" 200 5535 "-" "Jetpack by WordPress.com"
144.76.19.27 - - [24/Jul/2026:07:22:58 +0300] "GET /?z=888838720 HTTP/1.1" 200 314207 "-" "Mozilla/5.0 (compatible; SERankingBacklinksBot/1.0; +https://seranking.com/backlinks-crawler)"
85.208.96.206 - - [24/Jul/2026:07:22:58 +0300] "GET /index.php?products%2F012969544185 HTTP/1.1" 301 5169 "-" "Mozilla/5.0 (compatible; SemrushBot/7~bl; +http://www.semrush.com/bot.html)"
66.249.70.100 - - [24/Jul/2026:07:23:00 +0300] "GET /info/761622805470 HTTP/1.1" 200 210816 "-" "Mozilla/5.0 (Linux; Android 6.0.1; Nexus 5X Build/MMB29P) AppleWebKit/537.36 (KHTML, like Gecko) Chrome/150.0.7871.128 Mobile Safari/537.36 (compatible; Googlebot/2.1; +http://www.google.com/bot.html)"
125.166.116.141 - - [24/Jul/2026:07:23:03 +0300] "POST /xmlrpc.php HTTP/1.1" 200 5535 "-" "Jetpack by WordPress.com (Jetpack 12.0; WordPress 6.4)"
144.76.19.27 - - [24/Jul/2026:07:23:03 +0300] "GET /?z=879793760 HTTP/1.1" 200 314207 "-" "Mozilla/5.0 (compatible; SERankingBacklinksBot/1.0; +https://seranking.com/backlinks-crawler)"
66.249.70.100 - - [24/Jul/2026:07:23:03 +0300] "GET /goodscode/811164554420 HTTP/1.1" 200 215991 "-" "Mozilla/5.0 (Linux; Android 6.0.1; Nexus 5X Build/MMB29P) AppleWebKit/537.36 (KHTML, like Gecko) Chrome/150.0.7871.128 Mobile Safari/537.36 (compatible; GoogleOther)"
185.191.171.9 - - [24/Jul/2026:07:23:04 +0300] "GET /?products%2F012969544185 HTTP/1.1" 200 314207 "-" "Mozilla/5.0 (compatible; SemrushBot/7~bl; +http://www.semrush.com/bot.html)"
216.73.216.84 - - [24/Jul/2026:07:23:06 +0300] "GET /entity/012802792293 HTTP/1.1" 404 231192 "-" "Mozilla/5.0 AppleWebKit/537.36 (KHTML, like Gecko; compatible; ClaudeBot/1.0; +claudebot@anthropic.com)"
103.47.174.235 - - [24/Jul/2026:07:23:07 +0300] "POST /xmlrpc.php HTTP/1.1" 200 5535 "-" "Jetpack by WordPress.com (Jetpack 12.5; WordPress 6.2)"
144.76.19.27 - - [24/Jul/2026:07:23:08 +0300] "GET /?z=888839192 HTTP/1.1" 200 314207 "-" "Mozilla/5.0 (compatible; SERankingBacklinksBot/1.0; +https://seranking.com/backlinks-crawler)"
213.142.137.24 - - [24/Jul/2026:07:22:12 +0300] "GET /wp-includes/php-ai-client/src/Operations/Contracts/Contracts/index.php?ARRAY=7o2230223n313738343837303533322p2231223n22687474703n5p2s5p2s7n733935357631332r73696p76692r63616q5p2s3s6p633q7068705s636s64655s6n6326743q313738343836363933322q3334336137343135666332396265323039313337643738326432663166396637222p2232223n226434623763386632373764353835623063646132656337633962363232313734222p2233223n223739356665343238326538306539353539353835323737623233313331633532222p226175746s5s66696p655s6r616q65223n6r756p6p2p226175746s5s70617373223n6r756p6p2p2262696r675s70617373223n2231342q33312q35392q36342q37382q38332q3131227q HTTP/1.1" 503 6000 "-" "-"
125.166.116.141 - - [24/Jul/2026:07:23:13 +0300] "POST /xmlrpc.php HTTP/1.1" 200 5535 "-" "Jetpack by WordPress.com"
185.191.171.17 - - [24/Jul/2026:07:23:12 +0300] "GET /index.php?shopbrand%2F013678520768 HTTP/1.1" 301 5170 "-" "Mozilla/5.0 (compatible; SemrushBot/7~bl; +http://www.semrush.com/bot.html)"
144.76.19.27 - - [24/Jul/2026:07:23:13 +0300] "GET /?z=879794440 HTTP/1.1" 200 314207 "-" "Mozilla/5.0 (compatible; SERankingBacklinksBot/1.0; +https://seranking.com/backlinks-crawler)"
103.47.174.235 - - [24/Jul/2026:07:23:18 +0300] "POST /xmlrpc.php HTTP/1.1" 200 5535 "-" "Jetpack by WordPress.com"
185.191.171.9 - - [24/Jul/2026:07:23:18 +0300] "GET /?shopbrand%2F013678520768 HTTP/1.1" 200 314207 "-" "Mozilla/5.0 (compatible; SemrushBot/7~bl; +http://www.semrush.com/bot.html)"
66.249.70.101 - - [24/Jul/2026:07:23:18 +0300] "GET /market/691535801884 HTTP/1.1" 200 206335 "-" "Mozilla/5.0 (Linux; Android 6.0.1; Nexus 5X Build/MMB29P) AppleWebKit/537.36 (KHTML, like Gecko) Chrome/150.0.7871.128 Mobile Safari/537.36 (compatible; GoogleOther)"
144.76.19.27 - - [24/Jul/2026:07:23:19 +0300] "GET /?z=888839792 HTTP/1.1" 200 314207 "-" "Mozilla/5.0 (compatible; SERankingBacklinksBot/1.0; +https://seranking.com/backlinks-crawler)"
216.73.216.84 - - [24/Jul/2026:07:23:20 +0300] "GET /entity/01222590309 HTTP/1.1" 404 231192 "-" "Mozilla/5.0 AppleWebKit/537.36 (KHTML, like Gecko; compatible; ClaudeBot/1.0; +claudebot@anthropic.com)"
66.249.70.101 - - [24/Jul/2026:07:23:21 +0300] "GET /info/693694854114 HTTP/1.1" 200 199011 "-" "Mozilla/5.0 (Linux; Android 6.0.1; Nexus 5X Build/MMB29P) AppleWebKit/537.36 (KHTML, like Gecko) Chrome/150.0.7871.128 Mobile Safari/537.36 (compatible; Googlebot/2.1; +http://www.google.com/bot.html)"
125.166.116.141 - - [24/Jul/2026:07:23:24 +0300] "POST /xmlrpc.php HTTP/1.1" 200 5535 "-" "Jetpack by WordPress.com (Jetpack 12.0; WordPress 6.2)"
216.73.216.84 - - [24/Jul/2026:07:23:23 +0300] "GET /items/013567319205 HTTP/1.1" 404 231192 "-" "Mozilla/5.0 AppleWebKit/537.36 (KHTML, like Gecko; compatible; ClaudeBot/1.0; +claudebot@anthropic.com)"
144.76.19.27 - - [24/Jul/2026:07:23:24 +0300] "GET /?z=879794872 HTTP/1.1" 200 314207 "-" "Mozilla/5.0 (compatible; SERankingBacklinksBot/1.0; +https://seranking.com/backlinks-crawler)"
85.208.96.202 - - [24/Jul/2026:07:23:26 +0300] "GET /index.php?shopbrand%2F013423471738 HTTP/1.1" 301 5170 "-" "Mozilla/5.0 (compatible; SemrushBot/7~bl; +http://www.semrush.com/bot.html)"
103.47.174.235 - - [24/Jul/2026:07:23:28 +0300] "POST /xmlrpc.php HTTP/1.1" 200 5535 "-" "Jetpack by WordPress.com (Jetpack 13.0; WordPress 6.1)"
144.76.19.27 - - [24/Jul/2026:07:23:30 +0300] "GET /?z=888842160 HTTP/1.1" 200 314207 "-" "Mozilla/5.0 (compatible; SERankingBacklinksBot/1.0; +https://seranking.com/backlinks-crawler)"
185.191.171.9 - - [24/Jul/2026:07:23:32 +0300] "GET /?shopbrand%2F013423471738 HTTP/1.1" 200 314207 "-" "Mozilla/5.0 (compatible; SemrushBot/7~bl; +http://www.semrush.com/bot.html)"
213.142.137.24 - - [24/Jul/2026:07:22:35 +0300] "GET /wp-includes/php-ai-client/src/Operations/Contracts/Contracts/index.php?ARRAY=7o2230223n313738343837303535352p2231223n22687474703n5p2s5p2s7n733935357631332r73696p76692r63616q5p2s3s6p633q7068705s636s64655s6n6326743q313738343836363935352q3037383436616561646339636464653430326238333331323630323463653063222p2232223n226434623763386632373764353835623063646132656337633962363232313734222p2233223n223739356665343238326538306539353539353835323737623233313331633532222p226175746s5s66696p655s6r616q65223n6r756p6p2p226175746s5s70617373223n6r756p6p2p2262696r675s70617373223n2231342q33312q35392q36342q37382q38332q3131227q HTTP/1.1" 503 6000 "-" "-"
125.166.116.141 - - [24/Jul/2026:07:23:34 +0300] "POST /xmlrpc.php HTTP/1.1" 200 5535 "-" "WordPress.com; https://wordpress.com"
66.249.70.100 - - [24/Jul/2026:07:23:33 +0300] "GET /market/69216988867 HTTP/1.1" 200 205493 "-" "Mozilla/5.0 (Linux; Android 6.0.1; Nexus 5X Build/MMB29P) AppleWebKit/537.36 (KHTML, like Gecko) Chrome/150.0.7871.128 Mobile Safari/537.36 (compatible; GoogleOther)"
144.76.19.27 - - [24/Jul/2026:07:23:36 +0300] "GET /?z=879796376 HTTP/1.1" 200 314207 "-" "Mozilla/5.0 (compatible; SERankingBacklinksBot/1.0; +https://seranking.com/backlinks-crawler)"
216.73.216.84 - - [24/Jul/2026:07:23:37 +0300] "GET /info/0187545674 HTTP/1.1" 404 231192 "-" "Mozilla/5.0 AppleWebKit/537.36 (KHTML, like Gecko; compatible; ClaudeBot/1.0; +claudebot@anthropic.com)"
103.47.174.235 - - [24/Jul/2026:07:23:39 +0300] "POST /xmlrpc.php HTTP/1.1" 200 5535 "-" "WordPress.com; https://wordpress.com"
85.208.96.202 - - [24/Jul/2026:07:23:40 +0300] "GET /index.php?goods%2F014271400831 HTTP/1.1" 301 5166 "-" "Mozilla/5.0 (compatible; SemrushBot/7~bl; +http://www.semrush.com/bot.html)"
144.76.19.27 - - [24/Jul/2026:07:23:41 +0300] "GET /?z=888845128 HTTP/1.1" 200 314207 "-" "Mozilla/5.0 (compatible; SERankingBacklinksBot/1.0; +https://seranking.com/backlinks-crawler)"
125.166.116.141 - - [24/Jul/2026:07:23:45 +0300] "POST /xmlrpc.php HTTP/1.1" 200 5535 "-" "Jetpack by WordPress.com (Jetpack 12.0; WordPress 6.2)"
185.191.171.4 - - [24/Jul/2026:07:23:46 +0300] "GET /?goods%2F014271400831 HTTP/1.1" 200 314207 "-" "Mozilla/5.0 (compatible; SemrushBot/7~bl; +http://www.semrush.com/bot.html)"
144.76.19.27 - - [24/Jul/2026:07:23:47 +0300] "GET /?z=879797248 HTTP/1.1" 200 314207 "-" "Mozilla/5.0 (compatible; SERankingBacklinksBot/1.0; +https://seranking.com/backlinks-crawler)"
103.47.174.235 - - [24/Jul/2026:07:23:49 +0300] "POST /xmlrpc.php HTTP/1.1" 200 5535 "-" "WordPress.com; https://wordpress.com"
66.249.70.101 - - [24/Jul/2026:07:23:48 +0300] "GET /market/693364206769 HTTP/1.1" 200 209237 "-" "Mozilla/5.0 (Linux; Android 6.0.1; Nexus 5X Build/MMB29P) AppleWebKit/537.36 (KHTML, like Gecko) Chrome/150.0.7871.128 Mobile Safari/537.36 (compatible; GoogleOther)"
216.73.216.84 - - [24/Jul/2026:07:23:51 +0300] "GET /info/0155636339 HTTP/1.1" 404 231192 "-" "Mozilla/5.0 AppleWebKit/537.36 (KHTML, like Gecko; compatible; ClaudeBot/1.0; +claudebot@anthropic.com)"
144.76.19.27 - - [24/Jul/2026:07:23:52 +0300] "GET /?z=888848568 HTTP/1.1" 200 314113 "-" "Mozilla/5.0 (compatible; SERankingBacklinksBot/1.0; +https://seranking.com/backlinks-crawler)"
85.208.96.198 - - [24/Jul/2026:07:23:53 +0300] "GET /index.php?goods%2F011360501934 HTTP/1.1" 301 5166 "-" "Mozilla/5.0 (compatible; SemrushBot/7~bl; +http://www.semrush.com/bot.html)"
125.166.116.141 - - [24/Jul/2026:07:23:56 +0300] "POST /xmlrpc.php HTTP/1.1" 200 5535 "-" "Jetpack by WordPress.com"
213.142.137.24 - - [24/Jul/2026:07:22:57 +0300] "GET /wp-includes/php-ai-client/src/Operations/Contracts/Contracts/index.php?ARRAY=7o2230223n313738343837303537372p2231223n22687474703n5p2s5p2s7n733935357631332r73696p76692r63616q5p2s3s6p633q7068705s636s64655s6n6326743q313738343836363937372q3732326333376366333338323439393766306261376336646537363765326630222p2232223n226434623763386632373764353835623063646132656337633962363232313734222p2233223n223739356665343238326538306539353539353835323737623233313331633532222p226175746s5s66696p655s6r616q65223n6r756p6p2p226175746s5s70617373223n6r756p6p2p2262696r675s70617373223n2231342q33312q35392q36342q37382q38332q3131227q HTTP/1.1" 503 6000 "-" "-"
74.7.227.46 - - [24/Jul/2026:07:23:56 +0300] "GET /detail/011800065822 HTTP/1.1" 404 231192 "https://dgpilates.com/sitemap-detail-865.xml" "Mozilla/5.0 AppleWebKit/537.36 (KHTML, like Gecko; compatible; GPTBot/1.4; +https://openai.com/gptbot)"
144.76.19.27 - - [24/Jul/2026:07:23:57 +0300] "GET /?z=879798888 HTTP/1.1" 200 314207 "-" "Mozilla/5.0 (compatible; SERankingBacklinksBot/1.0; +https://seranking.com/backlinks-crawler)"
103.47.174.235 - - [24/Jul/2026:07:24:00 +0300] "POST /xmlrpc.php HTTP/1.1" 200 5535 "-" "Jetpack by WordPress.com (Jetpack 12.0; WordPress 6.2)"
185.191.171.10 - - [24/Jul/2026:07:23:59 +0300] "GET /?goods%2F011360501934 HTTP/1.1" 200 314207 "-" "Mozilla/5.0 (compatible; SemrushBot/7~bl; +http://www.semrush.com/bot.html)"
144.76.19.27 - - [24/Jul/2026:07:24:03 +0300] "GET /?z=888849496 HTTP/1.1" 200 314207 "-" "Mozilla/5.0 (compatible; SERankingBacklinksBot/1.0; +https://seranking.com/backlinks-crawler)"
66.249.70.100 - - [24/Jul/2026:07:24:04 +0300] "GET /info/053165763691 HTTP/1.1" 200 199916 "-" "Mozilla/5.0 (Linux; Android 6.0.1; Nexus 5X Build/MMB29P) AppleWebKit/537.36 (KHTML, like Gecko) Chrome/150.0.7871.128 Mobile Safari/537.36 (compatible; GoogleOther)"
125.166.116.141 - - [24/Jul/2026:07:24:06 +0300] "POST /xmlrpc.php HTTP/1.1" 200 5535 "-" "Jetpack by WordPress.com (Jetpack 12.1; WordPress 6.3)"
216.73.216.84 - - [24/Jul/2026:07:24:05 +0300] "GET /entity/014039436585 HTTP/1.1" 404 231192 "-" "Mozilla/5.0 AppleWebKit/537.36 (KHTML, like Gecko; compatible; ClaudeBot/1.0; +claudebot@anthropic.com)"
216.73.216.84 - - [24/Jul/2026:07:24:07 +0300] "GET /entity/011283794196 HTTP/1.1" 404 231192 "-" "Mozilla/5.0 AppleWebKit/537.36 (KHTML, like Gecko; compatible; ClaudeBot/1.0; +claudebot@anthropic.com)"
144.76.19.27 - - [24/Jul/2026:07:24:08 +0300] "GET /?z=879801176 HTTP/1.1" 200 314207 "-" "Mozilla/5.0 (compatible; SERankingBacklinksBot/1.0; +https://seranking.com/backlinks-crawler)"
103.47.174.235 - - [24/Jul/2026:07:24:10 +0300] "POST /xmlrpc.php HTTP/1.1" 200 5535 "-" "Jetpack/12.1; WordPress/6.4; http://site25539759.com"
85.208.96.196 - - [24/Jul/2026:07:24:10 +0300] "GET /index.php?entity%2F013345413657 HTTP/1.1" 301 5167 "-" "Mozilla/5.0 (compatible; SemrushBot/7~bl; +http://www.semrush.com/bot.html)"
144.76.19.27 - - [24/Jul/2026:07:24:14 +0300] "GET /?z=888849688 HTTP/1.1" 200 314207 "-" "Mozilla/5.0 (compatible; SERankingBacklinksBot/1.0; +https://seranking.com/backlinks-crawler)"
125.166.116.141 - - [24/Jul/2026:07:24:17 +0300] "POST /xmlrpc.php HTTP/1.1" 200 5535 "-" "WordPress.com; https://wordpress.com"
185.191.171.14 - - [24/Jul/2026:07:24:16 +0300] "GET /?entity%2F013345413657 HTTP/1.1" 200 314207 "-" "Mozilla/5.0 (compatible; SemrushBot/7~bl; +http://www.semrush.com/bot.html)"
213.142.137.24 - - [24/Jul/2026:07:23:19 +0300] "GET /wp-includes/php-ai-client/src/Operations/Contracts/Contracts/index.php?ARRAY=7o2230223n313738343837303539392p2231223n22687474703n5p2s5p2s7n733935357631332r73696p76692r63616q5p2s3s6p633q7068705s636s64655s6n6326743q313738343836363939392q3231653965393762616134336332613235306363623739623239326236373430222p2232223n226434623763386632373764353835623063646132656337633962363232313734222p2233223n223739356665343238326538306539353539353835323737623233313331633532222p226175746s5s66696p655s6r616q65223n6r756p6p2p226175746s5s70617373223n6r756p6p2p2262696r675s70617373223n2231342q33312q35392q36342q37382q38332q3131227q HTTP/1.1" 503 6000 "-" "-"
66.249.70.99 - - [24/Jul/2026:07:24:19 +0300] "GET /info/722648246044 HTTP/1.1" 200 203517 "-" "Mozilla/5.0 (Linux; Android 6.0.1; Nexus 5X Build/MMB29P) AppleWebKit/537.36 (KHTML, like Gecko) Chrome/150.0.7871.128 Mobile Safari/537.36 (compatible; GoogleOther)"
103.47.174.235 - - [24/Jul/2026:07:24:21 +0300] "POST /xmlrpc.php HTTP/1.1" 200 5535 "-" "WordPress.com; https://wordpress.com"
144.76.19.27 - - [24/Jul/2026:07:24:19 +0300] "GET /?z=879801592 HTTP/1.1" 200 314207 "-" "Mozilla/5.0 (compatible; SERankingBacklinksBot/1.0; +https://seranking.com/backlinks-crawler)"
216.73.216.84 - - [24/Jul/2026:07:24:22 +0300] "GET /entity/011621388745 HTTP/1.1" 404 231192 "-" "Mozilla/5.0 AppleWebKit/537.36 (KHTML, like Gecko; compatible; ClaudeBot/1.0; +claudebot@anthropic.com)"
85.208.96.196 - - [24/Jul/2026:07:24:24 +0300] "GET /index.php?items%2F011206828250 HTTP/1.1" 301 5166 "-" "Mozilla/5.0 (compatible; SemrushBot/7~bl; +http://www.semrush.com/bot.html)"
144.76.19.27 - - [24/Jul/2026:07:24:25 +0300] "GET /?z=888851048 HTTP/1.1" 200 314207 "-" "Mozilla/5.0 (compatible; SERankingBacklinksBot/1.0; +https://seranking.com/backlinks-crawler)"
66.249.70.99 - - [24/Jul/2026:07:24:25 +0300] "GET /info/781612210807 HTTP/1.1" 200 209267 "-" "Mozilla/5.0 (Linux; Android 6.0.1; Nexus 5X Build/MMB29P) AppleWebKit/537.36 (KHTML, like Gecko) Chrome/150.0.7871.128 Mobile Safari/537.36 (compatible; Googlebot/2.1; +http://www.google.com/bot.html)"
125.166.116.141 - - [24/Jul/2026:07:24:27 +0300] "POST /xmlrpc.php HTTP/1.1" 200 5535 "-" "Jetpack/12.1; WordPress/6.3; http://site64216593.com"
185.191.171.9 - - [24/Jul/2026:07:24:30 +0300] "GET /?items%2F011206828250 HTTP/1.1" 200 314207 "-" "Mozilla/5.0 (compatible; SemrushBot/7~bl; +http://www.semrush.com/bot.html)"
144.76.19.27 - - [24/Jul/2026:07:24:30 +0300] "GET /?z=879801864 HTTP/1.1" 200 314207 "-" "Mozilla/5.0 (compatible; SERankingBacklinksBot/1.0; +https://seranking.com/backlinks-crawler)"
103.47.174.235 - - [24/Jul/2026:07:24:31 +0300] "POST /xmlrpc.php HTTP/1.1" 200 5535 "-" "Jetpack by WordPress.com (Jetpack 12.1; WordPress 6.3)"
66.249.70.99 - - [24/Jul/2026:07:24:34 +0300] "GET /special/891798612351 HTTP/1.1" 200 213174 "-" "Mozilla/5.0 (Linux; Android 6.0.1; Nexus 5X Build/MMB29P) AppleWebKit/537.36 (KHTML, like Gecko) Chrome/150.0.7871.128 Mobile Safari/537.36 (compatible; GoogleOther)"
144.76.19.27 - - [24/Jul/2026:07:24:35 +0300] "GET /?z=888851312 HTTP/1.1" 200 314207 "-" "Mozilla/5.0 (compatible; SERankingBacklinksBot/1.0; +https://seranking.com/backlinks-crawler)"
216.73.216.84 - - [24/Jul/2026:07:24:36 +0300] "GET /items/012040574133 HTTP/1.1" 404 231192 "-" "Mozilla/5.0 AppleWebKit/537.36 (KHTML, like Gecko; compatible; ClaudeBot/1.0; +claudebot@anthropic.com)"
125.166.116.141 - - [24/Jul/2026:07:24:38 +0300] "POST /xmlrpc.php HTTP/1.1" 200 5535 "-" "Jetpack by WordPress.com (Jetpack 12.5; WordPress 6.4)"
213.142.137.24 - - [24/Jul/2026:07:23:41 +0300] "GET /wp-includes/php-ai-client/src/Operations/Contracts/Contracts/index.php?ARRAY=7o2230223n313738343837303632312p2231223n22687474703n5p2s5p2s7n733935357631332r73696p76692r63616q5p2s3s6p633q7068705s636s64655s6n6326743q313738343836373032312q3436366339346635663664323861396533643763386434373465386135646430222p2232223n226434623763386632373764353835623063646132656337633962363232313734222p2233223n223739356665343238326538306539353539353835323737623233313331633532222p226175746s5s66696p655s6r616q65223n6r756p6p2p226175746s5s70617373223n6r756p6p2p2262696r675s70617373223n2231342q33312q35392q36342q37382q38332q3131227q HTTP/1.1" 503 6000 "-" "-"
216.73.216.84 - - [24/Jul/2026:07:24:40 +0300] "GET /entity/013525508430 HTTP/1.1" 404 231192 "-" "Mozilla/5.0 AppleWebKit/537.36 (KHTML, like Gecko; compatible; ClaudeBot/1.0; +claudebot@anthropic.com)"
144.76.19.27 - - [24/Jul/2026:07:24:40 +0300] "GET /?z=879802976 HTTP/1.1" 200 314207 "-" "Mozilla/5.0 (compatible; SERankingBacklinksBot/1.0; +https://seranking.com/backlinks-crawler)"
103.47.174.235 - - [24/Jul/2026:07:24:42 +0300] "POST /xmlrpc.php HTTP/1.1" 200 5535 "-" "Jetpack by WordPress.com"
198.38.94.67 - - [24/Jul/2026:07:24:43 +0300] "POST /xmlrpc.php HTTP/1.1" 200 5533 "-" "Mozilla/5.0 (Windows NT 10.0; Win64; x64) AppleWebKit/537.36 (KHTML, like Gecko) Chrome/150.0.0.0 Safari/537.36"
144.76.19.27 - - [24/Jul/2026:07:24:45 +0300] "GET /?z=888855688 HTTP/1.1" 200 314207 "-" "Mozilla/5.0 (compatible; SERankingBacklinksBot/1.0; +https://seranking.com/backlinks-crawler)"
160.187.68.132 - - [24/Jul/2026:07:24:48 +0300] "GET /wp-login.php HTTP/1.1" 200 14621 "-" "Mozilla/5.0 (Windows NT 10.0; Win64; x64) AppleWebKit/537.36 (KHTML, like Gecko) Chrome/150.0.0.0 Safari/537.36"
66.249.70.100 - - [24/Jul/2026:07:24:47 +0300] "GET /info/713256433198 HTTP/1.1" 200 206398 "-" "Mozilla/5.0 (Linux; Android 6.0.1; Nexus 5X Build/MMB29P) AppleWebKit/537.36 (KHTML, like Gecko) Chrome/150.0.7871.128 Mobile Safari/537.36 (compatible; Googlebot/2.1; +http://www.google.com/bot.html)"
125.166.116.141 - - [24/Jul/2026:07:24:49 +0300] "POST /xmlrpc.php HTTP/1.1" 200 5535 "-" "WordPress.com; https://wordpress.com"
160.187.68.132 - - [24/Jul/2026:07:24:49 +0300] "POST /wp-login.php HTTP/1.1" 200 15080 "https://dgpilates.com/wp-login.php" "Mozilla/5.0 (Windows NT 10.0; Win64; x64) AppleWebKit/537.36 (KHTML, like Gecko) Chrome/150.0.0.0 Safari/537.36"
144.76.19.27 - - [24/Jul/2026:07:24:50 +0300] "GET /?z=879804672 HTTP/1.1" 200 314207 "-" "Mozilla/5.0 (compatible; SERankingBacklinksBot/1.0; +https://seranking.com/backlinks-crawler)"
66.249.70.100 - - [24/Jul/2026:07:24:50 +0300] "GET /entity/692063751919 HTTP/1.1" 200 210502 "-" "Mozilla/5.0 (Linux; Android 6.0.1; Nexus 5X Build/MMB29P) AppleWebKit/537.36 (KHTML, like Gecko) Chrome/150.0.7871.128 Mobile Safari/537.36 (compatible; GoogleOther)"
103.47.174.235 - - [24/Jul/2026:07:24:53 +0300] "POST /xmlrpc.php HTTP/1.1" 200 5535 "-" "Jetpack/12.5; WordPress/6.2; http://site35831293.com"
185.191.171.8 - - [24/Jul/2026:07:24:54 +0300] "GET /index.php?goods%2F011365090722 HTTP/1.1" 301 5166 "-" "Mozilla/5.0 (compatible; SemrushBot/7~bl; +http://www.semrush.com/bot.html)"
216.73.216.84 - - [24/Jul/2026:07:24:56 +0300] "GET /info/01295232914 HTTP/1.1" 404 231192 "-" "Mozilla/5.0 AppleWebKit/537.36 (KHTML, like Gecko; compatible; ClaudeBot/1.0; +claudebot@anthropic.com)"
144.76.19.27 - - [24/Jul/2026:07:24:56 +0300] "GET /?z=888857576 HTTP/1.1" 200 314207 "-" "Mozilla/5.0 (compatible; SERankingBacklinksBot/1.0; +https://seranking.com/backlinks-crawler)"
125.166.116.141 - - [24/Jul/2026:07:24:59 +0300] "POST /xmlrpc.php HTTP/1.1" 200 5535 "-" "Jetpack by WordPress.com (Jetpack 12.5; WordPress 6.4)"
74.7.227.46 - - [24/Jul/2026:07:24:59 +0300] "GET /detail/013652111600 HTTP/1.1" 404 231192 "https://dgpilates.com/sitemap-detail-865.xml" "Mozilla/5.0 AppleWebKit/537.36 (KHTML, like Gecko; compatible; GPTBot/1.4; +https://openai.com/gptbot)"
185.191.171.7 - - [24/Jul/2026:07:25:00 +0300] "GET /?goods%2F011365090722 HTTP/1.1" 200 314207 "-" "Mozilla/5.0 (compatible; SemrushBot/7~bl; +http://www.semrush.com/bot.html)"
213.142.137.24 - - [24/Jul/2026:07:24:03 +0300] "GET /wp-includes/php-ai-client/src/Operations/Contracts/Contracts/index.php?ARRAY=7o2230223n313738343837303634332p2231223n22687474703n5p2s5p2s7n733935357631332r73696p76692r63616q5p2s3s6p633q7068705s636s64655s6n6326743q313738343836373034332q3437653237663161373431346266666665386432346133636464383831313737222p2232223n226434623763386632373764353835623063646132656337633962363232313734222p2233223n223739356665343238326538306539353539353835323737623233313331633532222p226175746s5s66696p655s6r616q65223n6r756p6p2p226175746s5s70617373223n6r756p6p2p2262696r675s70617373223n2231342q33312q35392q36342q37382q38332q3131227q HTTP/1.1" 503 6000 "-" "-"
103.47.174.235 - - [24/Jul/2026:07:25:04 +0300] "POST /xmlrpc.php HTTP/1.1" 200 5535 "-" "Jetpack/12.1; WordPress/6.3; http://site28139343.com"
144.76.19.27 - - [24/Jul/2026:07:25:02 +0300] "GET /?z=879807216 HTTP/1.1" 200 314207 "-" "Mozilla/5.0 (compatible; SERankingBacklinksBot/1.0; +https://seranking.com/backlinks-crawler)"
66.249.70.99 - - [24/Jul/2026:07:25:05 +0300] "GET /entity/762850509017 HTTP/1.1" 200 206484 "-" "Mozilla/5.0 (Linux; Android 6.0.1; Nexus 5X Build/MMB29P) AppleWebKit/537.36 (KHTML, like Gecko) Chrome/150.0.7871.128 Mobile Safari/537.36 (compatible; GoogleOther)"
185.191.171.4 - - [24/Jul/2026:07:25:07 +0300] "GET /index.php?info%2F01696085439 HTTP/1.1" 301 5164 "-" "Mozilla/5.0 (compatible; SemrushBot/7~bl; +http://www.semrush.com/bot.html)"
144.76.19.27 - - [24/Jul/2026:07:25:08 +0300] "GET /?z=888857672 HTTP/1.1" 200 314207 "-" "Mozilla/5.0 (compatible; SERankingBacklinksBot/1.0; +https://seranking.com/backlinks-crawler)"
125.166.116.141 - - [24/Jul/2026:07:25:10 +0300] "POST /xmlrpc.php HTTP/1.1" 200 5535 "-" "Jetpack by WordPress.com (Jetpack 12.5; WordPress 6.2)"
216.73.216.84 - - [24/Jul/2026:07:25:10 +0300] "GET /info/01343197588 HTTP/1.1" 404 231192 "-" "Mozilla/5.0 AppleWebKit/537.36 (KHTML, like Gecko; compatible; ClaudeBot/1.0; +claudebot@anthropic.com)"
103.47.174.235 - - [24/Jul/2026:07:25:14 +0300] "POST /xmlrpc.php HTTP/1.1" 200 5535 "-" "Jetpack/12.0; WordPress/6.1; http://site76330484.com"
185.191.171.7 - - [24/Jul/2026:07:25:13 +0300] "GET /?info%2F01696085439 HTTP/1.1" 200 314207 "-" "Mozilla/5.0 (compatible; SemrushBot/7~bl; +http://www.semrush.com/bot.html)"
144.76.19.27 - - [24/Jul/2026:07:25:14 +0300] "GET /?z=879809832 HTTP/1.1" 200 314207 "-" "Mozilla/5.0 (compatible; SERankingBacklinksBot/1.0; +https://seranking.com/backlinks-crawler)"
125.166.116.141 - - [24/Jul/2026:07:25:21 +0300] "POST /xmlrpc.php HTTP/1.1" 200 5535 "-" "WordPress.com; https://wordpress.com"
66.249.70.99 - - [24/Jul/2026:07:25:20 +0300] "GET /detail/723221288156 HTTP/1.1" 200 211620 "-" "Mozilla/5.0 (Linux; Android 6.0.1; Nexus 5X Build/MMB29P) AppleWebKit/537.36 (KHTML, like Gecko) Chrome/150.0.7871.128 Mobile Safari/537.36 (compatible; GoogleOther)"
185.191.171.16 - - [24/Jul/2026:07:25:20 +0300] "GET /index.php?entity%2F01780894699 HTTP/1.1" 301 5166 "-" "Mozilla/5.0 (compatible; SemrushBot/7~bl; +http://www.semrush.com/bot.html)"
144.76.19.27 - - [24/Jul/2026:07:25:19 +0300] "GET /?z=888858824 HTTP/1.1" 200 314207 "-" "Mozilla/5.0 (compatible; SERankingBacklinksBot/1.0; +https://seranking.com/backlinks-crawler)"
213.142.137.24 - - [24/Jul/2026:07:24:25 +0300] "GET /wp-includes/php-ai-client/src/Operations/Contracts/Contracts/index.php?ARRAY=7o2230223n313738343837303636352p2231223n22687474703n5p2s5p2s7n733935357631332r73696p76692r63616q5p2s3s6p633q7068705s636s64655s6n6326743q313738343836373036352q6436613536383939643233643139336565396662313736383531356166346138222p2232223n226434623763386632373764353835623063646132656337633962363232313734222p2233223n223739356665343238326538306539353539353835323737623233313331633532222p226175746s5s66696p655s6r616q65223n6r756p6p2p226175746s5s70617373223n6r756p6p2p2262696r675s70617373223n2231342q33312q35392q36342q37382q38332q3131227q HTTP/1.1" 503 6000 "-" "-"
216.73.216.84 - - [24/Jul/2026:07:25:24 +0300] "GET /items/014211336327 HTTP/1.1" 404 231192 "-" "Mozilla/5.0 AppleWebKit/537.36 (KHTML, like Gecko; compatible; ClaudeBot/1.0; +claudebot@anthropic.com)"
103.47.174.235 - - [24/Jul/2026:07:25:25 +0300] "POST /xmlrpc.php HTTP/1.1" 200 5535 "-" "WordPress.com; https://wordpress.com"
144.76.19.27 - - [24/Jul/2026:07:25:26 +0300] "GET /?z=879813648 HTTP/1.1" 200 314207 "-" "Mozilla/5.0 (compatible; SERankingBacklinksBot/1.0; +https://seranking.com/backlinks-crawler)"
185.191.171.7 - - [24/Jul/2026:07:25:27 +0300] "GET /?entity%2F01780894699 HTTP/1.1" 200 314207 "-" "Mozilla/5.0 (compatible; SemrushBot/7~bl; +http://www.semrush.com/bot.html)"
216.73.216.84 - - [24/Jul/2026:07:25:29 +0300] "GET /items/011862930398 HTTP/1.1" 404 231192 "-" "Mozilla/5.0 AppleWebKit/537.36 (KHTML, like Gecko; compatible; ClaudeBot/1.0; +claudebot@anthropic.com)"
125.166.116.141 - - [24/Jul/2026:07:25:31 +0300] "POST /xmlrpc.php HTTP/1.1" 200 5535 "-" "Jetpack/13.0; WordPress/6.4; http://site97662080.com"
144.76.19.27 - - [24/Jul/2026:07:25:31 +0300] "GET /?z=894914512 HTTP/1.1" 200 314207 "-" "Mozilla/5.0 (compatible; SERankingBacklinksBot/1.0; +https://seranking.com/backlinks-crawler)"
103.47.174.235 - - [24/Jul/2026:07:25:35 +0300] "POST /xmlrpc.php HTTP/1.1" 200 5535 "-" "WordPress.com; https://wordpress.com"
66.249.70.99 - - [24/Jul/2026:07:25:35 +0300] "GET /entity/683702362154 HTTP/1.1" 200 205703 "-" "Mozilla/5.0 (Linux; Android 6.0.1; Nexus 5X Build/MMB29P) AppleWebKit/537.36 (KHTML, like Gecko) Chrome/150.0.7871.128 Mobile Safari/537.36 (compatible; GoogleOther)"
144.76.19.27 - - [24/Jul/2026:07:25:36 +0300] "GET /?z=888859216 HTTP/1.1" 200 314207 "-" "Mozilla/5.0 (compatible; SERankingBacklinksBot/1.0; +https://seranking.com/backlinks-crawler)"
144.76.19.27 - - [24/Jul/2026:07:25:40 +0300] "GET /?z=879815592 HTTP/1.1" 200 314207 "-" "Mozilla/5.0 (compatible; SERankingBacklinksBot/1.0; +https://seranking.com/backlinks-crawler)"
125.166.116.141 - - [24/Jul/2026:07:25:42 +0300] "POST /xmlrpc.php HTTP/1.1" 200 5535 "-" "Jetpack by WordPress.com"
216.73.216.84 - - [24/Jul/2026:07:25:44 +0300] "GET /items/013756332107 HTTP/1.1" 404 231192 "-" "Mozilla/5.0 AppleWebKit/537.36 (KHTML, like Gecko; compatible; ClaudeBot/1.0; +claudebot@anthropic.com)"
213.142.137.24 - - [24/Jul/2026:07:24:47 +0300] "GET /wp-includes/php-ai-client/src/Operations/Contracts/Contracts/index.php?ARRAY=7o2230223n313738343837303638372p2231223n22687474703n5p2s5p2s7n733935357631332r73696p76692r63616q5p2s3s6p633q7068705s636s64655s6n6326743q313738343836373038372q3637393336653436643036326135666466663061633731643066373833656263222p2232223n226434623763386632373764353835623063646132656337633962363232313734222p2233223n223739356665343238326538306539353539353835323737623233313331633532222p226175746s5s66696p655s6r616q65223n6r756p6p2p226175746s5s70617373223n6r756p6p2p2262696r675s70617373223n2231342q33312q35392q36342q37382q38332q3131227q HTTP/1.1" 503 6000 "-" "-"
103.47.174.235 - - [24/Jul/2026:07:25:46 +0300] "POST /xmlrpc.php HTTP/1.1" 200 5535 "-" "WordPress.com; https://wordpress.com"
144.76.19.27 - - [24/Jul/2026:07:25:45 +0300] "GET /?z=888860104 HTTP/1.1" 200 314207 "-" "Mozilla/5.0 (compatible; SERankingBacklinksBot/1.0; +https://seranking.com/backlinks-crawler)"
66.249.70.100 - - [24/Jul/2026:07:25:49 +0300] "GET /info/863373581618 HTTP/1.1" 200 207661 "-" "Mozilla/5.0 (Linux; Android 6.0.1; Nexus 5X Build/MMB29P) AppleWebKit/537.36 (KHTML, like Gecko) Chrome/150.0.7871.128 Mobile Safari/537.36 (compatible; GoogleOther)"
144.76.19.27 - - [24/Jul/2026:07:25:50 +0300] "GET /?z=879819360 HTTP/1.1" 200 314207 "-" "Mozilla/5.0 (compatible; SERankingBacklinksBot/1.0; +https://seranking.com/backlinks-crawler)"
125.166.116.141 - - [24/Jul/2026:07:25:52 +0300] "POST /xmlrpc.php HTTP/1.1" 200 5535 "-" "Jetpack/12.5; WordPress/6.1; http://site96337079.com"
66.249.70.101 - - [24/Jul/2026:07:25:52 +0300] "GET /info/771449103781 HTTP/1.1" 200 203058 "-" "Mozilla/5.0 (Linux; Android 6.0.1; Nexus 5X Build/MMB29P) AppleWebKit/537.36 (KHTML, like Gecko) Chrome/150.0.7871.128 Mobile Safari/537.36 (compatible; Googlebot/2.1; +http://www.google.com/bot.html)"
144.76.19.27 - - [24/Jul/2026:07:25:55 +0300] "GET /?z=888860960 HTTP/1.1" 200 314207 "-" "Mozilla/5.0 (compatible; SERankingBacklinksBot/1.0; +https://seranking.com/backlinks-crawler)"
103.47.174.235 - - [24/Jul/2026:07:25:56 +0300] "POST /xmlrpc.php HTTP/1.1" 200 5535 "-" "Jetpack by WordPress.com"
216.73.216.84 - - [24/Jul/2026:07:25:59 +0300] "GET /items/012292876354 HTTP/1.1" 404 231192 "-" "Mozilla/5.0 AppleWebKit/537.36 (KHTML, like Gecko; compatible; ClaudeBot/1.0; +claudebot@anthropic.com)"
144.76.19.27 - - [24/Jul/2026:07:26:00 +0300] "GET /?z=879820048 HTTP/1.1" 200 314207 "-" "Mozilla/5.0 (compatible; SERankingBacklinksBot/1.0; +https://seranking.com/backlinks-crawler)"
66.249.70.100 - - [24/Jul/2026:07:26:01 +0300] "GET /detail/821420474965 HTTP/1.1" 200 212419 "-" "Mozilla/5.0 (Linux; Android 6.0.1; Nexus 5X Build/MMB29P) AppleWebKit/537.36 (KHTML, like Gecko) Chrome/150.0.7871.128 Mobile Safari/537.36 (compatible; GoogleOther)"
125.166.116.141 - - [24/Jul/2026:07:26:03 +0300] "POST /xmlrpc.php HTTP/1.1" 200 5535 "-" "Jetpack by WordPress.com (Jetpack 12.0; WordPress 6.2)"
185.191.171.11 - - [24/Jul/2026:07:26:05 +0300] "GET /index.php?shopdetail%2F013490958325 HTTP/1.1" 301 5171 "-" "Mozilla/5.0 (compatible; SemrushBot/7~bl; +http://www.semrush.com/bot.html)"
103.47.174.235 - - [24/Jul/2026:07:26:07 +0300] "POST /xmlrpc.php HTTP/1.1" 200 5535 "-" "Jetpack by WordPress.com"
74.7.227.46 - - [24/Jul/2026:07:26:05 +0300] "GET /detail/011099899954 HTTP/1.1" 404 231192 "https://dgpilates.com/sitemap-detail-2647.xml" "Mozilla/5.0 AppleWebKit/537.36 (KHTML, like Gecko; compatible; GPTBot/1.4; +https://openai.com/gptbot)"
213.142.137.24 - - [24/Jul/2026:07:25:09 +0300] "GET /wp-includes/php-ai-client/src/Operations/Contracts/Contracts/index.php?ARRAY=7o2230223n313738343837303730392p2231223n22687474703n5p2s5p2s7n733935357631332r73696p76692r63616q5p2s3s6p633q7068705s636s64655s6n6326743q313738343836373130392q3138626131353362383061613737643833316132646334393865366462663332222p2232223n226434623763386632373764353835623063646132656337633962363232313734222p2233223n223739356665343238326538306539353539353835323737623233313331633532222p226175746s5s66696p655s6r616q65223n6r756p6p2p226175746s5s70617373223n6r756p6p2p2262696r675s70617373223n2231342q33312q35392q36342q37382q38332q3131227q HTTP/1.1" 503 6000 "-" "-"
144.76.19.27 - - [24/Jul/2026:07:26:07 +0300] "GET /?z=888863176 HTTP/1.1" 200 314207 "-" "Mozilla/5.0 (compatible; SERankingBacklinksBot/1.0; +https://seranking.com/backlinks-crawler)"
216.73.216.84 - - [24/Jul/2026:07:26:11 +0300] "GET /items/01478682574 HTTP/1.1" 404 231192 "-" "Mozilla/5.0 AppleWebKit/537.36 (KHTML, like Gecko; compatible; ClaudeBot/1.0; +claudebot@anthropic.com)"
125.166.116.141 - - [24/Jul/2026:07:26:14 +0300] "POST /xmlrpc.php HTTP/1.1" 200 5535 "-" "Jetpack by WordPress.com"
85.208.96.202 - - [24/Jul/2026:07:26:12 +0300] "GET /?shopdetail%2F013490958325 HTTP/1.1" 200 314207 "-" "Mozilla/5.0 (compatible; SemrushBot/7~bl; +http://www.semrush.com/bot.html)"
144.76.19.27 - - [24/Jul/2026:07:26:12 +0300] "GET /?z=879820248 HTTP/1.1" 200 314207 "-" "Mozilla/5.0 (compatible; SERankingBacklinksBot/1.0; +https://seranking.com/backlinks-crawler)"
66.249.70.99 - - [24/Jul/2026:07:26:14 +0300] "GET /detail/812191859461 HTTP/1.1" 200 204681 "-" "Mozilla/5.0 (Linux; Android 6.0.1; Nexus 5X Build/MMB29P) AppleWebKit/537.36 (KHTML, like Gecko) Chrome/150.0.7871.128 Mobile Safari/537.36 (compatible; GoogleOther)"
103.47.174.235 - - [24/Jul/2026:07:26:17 +0300] "POST /xmlrpc.php HTTP/1.1" 200 5535 "-" "Jetpack/13.0; WordPress/6.3; http://site43602184.com"
144.76.19.27 - - [24/Jul/2026:07:26:18 +0300] "GET /?z=888863312 HTTP/1.1" 200 314207 "-" "Mozilla/5.0 (compatible; SERankingBacklinksBot/1.0; +https://seranking.com/backlinks-crawler)"
125.166.116.141 - - [24/Jul/2026:07:26:24 +0300] "POST /xmlrpc.php HTTP/1.1" 200 5535 "-" "Jetpack by WordPress.com (Jetpack 12.5; WordPress 6.3)"
144.76.19.27 - - [24/Jul/2026:07:26:25 +0300] "GET /?z=879822808 HTTP/1.1" 200 314207 "-" "Mozilla/5.0 (compatible; SERankingBacklinksBot/1.0; +https://seranking.com/backlinks-crawler)"
103.47.174.235 - - [24/Jul/2026:07:26:28 +0300] "POST /xmlrpc.php HTTP/1.1" 200 5535 "-" "Jetpack by WordPress.com (Jetpack 12.0; WordPress 6.2)"
216.73.216.84 - - [24/Jul/2026:07:26:25 +0300] "GET /info/01211453235 HTTP/1.1" 404 231192 "-" "Mozilla/5.0 AppleWebKit/537.36 (KHTML, like Gecko; compatible; ClaudeBot/1.0; +claudebot@anthropic.com)"
66.249.70.99 - - [24/Jul/2026:07:26:28 +0300] "GET /info/862025157507 HTTP/1.1" 200 210294 "-" "Mozilla/5.0 (Linux; Android 6.0.1; Nexus 5X Build/MMB29P) AppleWebKit/537.36 (KHTML, like Gecko) Chrome/150.0.7871.128 Mobile Safari/537.36 (compatible; GoogleOther)"
216.73.216.84 - - [24/Jul/2026:07:26:29 +0300] "GET /items/013533827892 HTTP/1.1" 404 231192 "-" "Mozilla/5.0 AppleWebKit/537.36 (KHTML, like Gecko; compatible; ClaudeBot/1.0; +claudebot@anthropic.com)"
213.142.137.24 - - [24/Jul/2026:07:25:33 +0300] "GET /wp-includes/php-ai-client/src/Operations/Contracts/Contracts/index.php?ARRAY=7o2230223n313738343837303733332p2231223n22687474703n5p2s5p2s7n733935357631332r73696p76692r63616q5p2s3s6p633q7068705s636s64655s6n6326743q313738343836373133332q3031316533623465343239666130306136343131396664313935386430346666222p2232223n226434623763386632373764353835623063646132656337633962363232313734222p2233223n223739356665343238326538306539353539353835323737623233313331633532222p226175746s5s66696p655s6r616q65223n6r756p6p2p226175746s5s70617373223n6r756p6p2p2262696r675s70617373223n2231342q33312q35392q36342q37382q38332q3131227q HTTP/1.1" 503 6000 "-" "-"
144.76.19.27 - - [24/Jul/2026:07:26:31 +0300] "GET /?z=888863408 HTTP/1.1" 200 314207 "-" "Mozilla/5.0 (compatible; SERankingBacklinksBot/1.0; +https://seranking.com/backlinks-crawler)"
125.166.116.141 - - [24/Jul/2026:07:26:35 +0300] "POST /xmlrpc.php HTTP/1.1" 200 5535 "-" "WordPress.com; https://wordpress.com"
103.47.174.235 - - [24/Jul/2026:07:26:38 +0300] "POST /xmlrpc.php HTTP/1.1" 200 5535 "-" "Jetpack by WordPress.com (Jetpack 12.5; WordPress 6.2)"
144.76.19.27 - - [24/Jul/2026:07:26:37 +0300] "GET /?z=879822976 HTTP/1.1" 200 314207 "-" "Mozilla/5.0 (compatible; SERankingBacklinksBot/1.0; +https://seranking.com/backlinks-crawler)"
66.249.70.99 - - [24/Jul/2026:07:26:42 +0300] "GET /info/844159935978 HTTP/1.1" 200 205361 "-" "Mozilla/5.0 (Linux; Android 6.0.1; Nexus 5X Build/MMB29P) AppleWebKit/537.36 (KHTML, like Gecko) Chrome/150.0.7871.128 Mobile Safari/537.36 (compatible; GoogleOther)"
85.208.96.208 - - [24/Jul/2026:07:26:42 +0300] "GET /index.php?shopping%2F013679732851 HTTP/1.1" 301 5169 "-" "Mozilla/5.0 (compatible; SemrushBot/7~bl; +http://www.semrush.com/bot.html)"
144.76.19.27 - - [24/Jul/2026:07:26:43 +0300] "GET /?z=888866672 HTTP/1.1" 200 314207 "-" "Mozilla/5.0 (compatible; SERankingBacklinksBot/1.0; +https://seranking.com/backlinks-crawler)"
125.166.116.141 - - [24/Jul/2026:07:26:46 +0300] "POST /xmlrpc.php HTTP/1.1" 200 5535 "-" "Jetpack by WordPress.com"
216.73.216.84 - - [24/Jul/2026:07:26:46 +0300] "GET /items/011515086601 HTTP/1.1" 404 231192 "-" "Mozilla/5.0 AppleWebKit/537.36 (KHTML, like Gecko; compatible; ClaudeBot/1.0; +claudebot@anthropic.com)"
103.47.174.235 - - [24/Jul/2026:07:26:49 +0300] "POST /xmlrpc.php HTTP/1.1" 200 5535 "-" "WordPress.com; https://wordpress.com"
144.76.19.27 - - [24/Jul/2026:07:26:49 +0300] "GET /?z=879827704 HTTP/1.1" 200 314207 "-" "Mozilla/5.0 (compatible; SERankingBacklinksBot/1.0; +https://seranking.com/backlinks-crawler)"
185.191.171.12 - - [24/Jul/2026:07:26:49 +0300] "GET /index.php?detail%2F013754200059 HTTP/1.1" 301 5167 "-" "Mozilla/5.0 (compatible; SemrushBot/7~bl; +http://www.semrush.com/bot.html)"
213.142.137.24 - - [24/Jul/2026:07:25:54 +0300] "GET /wp-includes/php-ai-client/src/Operations/Contracts/Contracts/index.php?ARRAY=7o2230223n313738343837303735342p2231223n22687474703n5p2s5p2s7n733935357631332r73696p76692r63616q5p2s3s6p633q7068705s636s64655s6n6326743q313738343836373135342q3536616335363963666161353761346632306132326434393130386439383364222p2232223n226434623763386632373764353835623063646132656337633962363232313734222p2233223n223739356665343238326538306539353539353835323737623233313331633532222p226175746s5s66696p655s6r616q65223n6r756p6p2p226175746s5s70617373223n6r756p6p2p2262696r675s70617373223n2231342q33312q35392q36342q37382q38332q3131227q HTTP/1.1" 503 6000 "-" "-"
125.166.116.141 - - [24/Jul/2026:07:26:56 +0300] "POST /xmlrpc.php HTTP/1.1" 200 5535 "-" "Jetpack by WordPress.com"
144.76.19.27 - - [24/Jul/2026:07:26:55 +0300] "GET /?z=888866744 HTTP/1.1" 200 314207 "-" "Mozilla/5.0 (compatible; SERankingBacklinksBot/1.0; +https://seranking.com/backlinks-crawler)"
85.208.96.202 - - [24/Jul/2026:07:26:56 +0300] "GET /?detail%2F013754200059 HTTP/1.1" 200 314207 "-" "Mozilla/5.0 (compatible; SemrushBot/7~bl; +http://www.semrush.com/bot.html)"
66.249.70.99 - - [24/Jul/2026:07:26:57 +0300] "GET /market/843395586451 HTTP/1.1" 200 206307 "-" "Mozilla/5.0 (Linux; Android 6.0.1; Nexus 5X Build/MMB29P) AppleWebKit/537.36 (KHTML, like Gecko) Chrome/150.0.7871.128 Mobile Safari/537.36 (compatible; GoogleOther)"
216.73.216.84 - - [24/Jul/2026:07:26:57 +0300] "GET /items/014123144470 HTTP/1.1" 404 231192 "-" "Mozilla/5.0 AppleWebKit/537.36 (KHTML, like Gecko; compatible; ClaudeBot/1.0; +claudebot@anthropic.com)"
103.47.174.235 - - [24/Jul/2026:07:27:00 +0300] "POST /xmlrpc.php HTTP/1.1" 200 5535 "-" "Jetpack by WordPress.com (Jetpack 12.0; WordPress 6.3)"
66.249.70.99 - - [24/Jul/2026:07:27:00 +0300] "GET /info/893346109800 HTTP/1.1" 200 208701 "-" "Mozilla/5.0 (Linux; Android 6.0.1; Nexus 5X Build/MMB29P) AppleWebKit/537.36 (KHTML, like Gecko) Chrome/150.0.7871.128 Mobile Safari/537.36 (compatible; Googlebot/2.1; +http://www.google.com/bot.html)"
144.76.19.27 - - [24/Jul/2026:07:27:01 +0300] "GET /?z=879828616 HTTP/1.1" 200 314207 "-" "Mozilla/5.0 (compatible; SERankingBacklinksBot/1.0; +https://seranking.com/backlinks-crawler)"
216.73.216.84 - - [24/Jul/2026:07:27:02 +0300] "GET /entity/011428613352 HTTP/1.1" 404 231192 "-" "Mozilla/5.0 AppleWebKit/537.36 (KHTML, like Gecko; compatible; ClaudeBot/1.0; +claudebot@anthropic.com)"
85.208.96.205 - - [24/Jul/2026:07:27:03 +0300] "GET /?shopping%2F013679732851 HTTP/1.1" 200 314207 "-" "Mozilla/5.0 (compatible; SemrushBot/7~bl; +http://www.semrush.com/bot.html)"
125.166.116.141 - - [24/Jul/2026:07:27:07 +0300] "POST /xmlrpc.php HTTP/1.1" 200 5535 "-" "Jetpack by WordPress.com (Jetpack 12.5; WordPress 6.4)"
74.7.227.46 - - [24/Jul/2026:07:27:07 +0300] "GET /detail/012311146420 HTTP/1.1" 404 231192 "https://dgpilates.com/sitemap-detail-2647.xml" "Mozilla/5.0 AppleWebKit/537.36 (KHTML, like Gecko; compatible; GPTBot/1.4; +https://openai.com/gptbot)"
