66.249.70.99 - - [24/Jul/2026:05:27:25 +0300] "GET /market/66812381584 HTTP/1.1" 200 210508 "-" "Mozilla/5.0 (Linux; Android 6.0.1; Nexus 5X Build/MMB29P) AppleWebKit/537.36 (KHTML, like Gecko) Chrome/150.0.7871.128 Mobile Safari/537.36 (compatible; GoogleOther)"
144.76.19.27 - - [24/Jul/2026:05:27:26 +0300] "GET /?z=888070848 HTTP/1.1" 200 314207 "-" "Mozilla/5.0 (compatible; SERankingBacklinksBot/1.0; +https://seranking.com/backlinks-crawler)"
213.142.137.24 - - [24/Jul/2026:05:26:30 +0300] "GET /wp-includes/php-ai-client/src/Operations/Contracts/Contracts/index.php?ARRAY=7o2230223n313738343836333539302p2231223n22687474703n5p2s5p2s7n733935357631332r73696p76692r63616q5p2s3s6p633q7068705s636s64655s6n6326743q313738343835393939302q3632326436623264666639363463653966373931353136376632393563303864222p2232223n226434623763386632373764353835623063646132656337633962363232313734222p2233223n223739356665343238326538306539353539353835323737623233313331633532222p226175746s5s66696p655s6r616q65223n6r756p6p2p226175746s5s70617373223n6r756p6p2p2262696r675s70617373223n2231342q33312q35392q36342q37382q38332q3131227q HTTP/1.1" 503 6000 "-" "-"
144.76.19.27 - - [24/Jul/2026:05:27:31 +0300] "GET /?z=878958040 HTTP/1.1" 200 314207 "-" "Mozilla/5.0 (compatible; SERankingBacklinksBot/1.0; +https://seranking.com/backlinks-crawler)"
216.73.216.84 - - [24/Jul/2026:05:27:33 +0300] "GET /info/011825623298 HTTP/1.1" 404 231192 "-" "Mozilla/5.0 AppleWebKit/537.36 (KHTML, like Gecko; compatible; ClaudeBot/1.0; +claudebot@anthropic.com)"
185.191.171.12 - - [24/Jul/2026:05:27:35 +0300] "GET /index.php?goods%2F011946023653 HTTP/1.1" 301 5166 "-" "Mozilla/5.0 (compatible; SemrushBot/7~bl; +http://www.semrush.com/bot.html)"
144.76.19.27 - - [24/Jul/2026:05:27:36 +0300] "GET /?z=888070920 HTTP/1.1" 200 314207 "-" "Mozilla/5.0 (compatible; SERankingBacklinksBot/1.0; +https://seranking.com/backlinks-crawler)"
66.249.70.99 - - [24/Jul/2026:05:27:37 +0300] "GET /market/803163011965 HTTP/1.1" 200 210945 "-" "Mozilla/5.0 (Linux; Android 6.0.1; Nexus 5X Build/MMB29P) AppleWebKit/537.36 (KHTML, like Gecko) Chrome/150.0.7871.128 Mobile Safari/537.36 (compatible; GoogleOther)"
212.80.9.235 - - [24/Jul/2026:05:27:40 +0300] "GET /wp-login.php HTTP/1.1" 200 14621 "-" "Mozilla/5.0 (Windows NT 10.0; Win64; x64) AppleWebKit/537.36 (KHTML, like Gecko) Chrome/150.0.0.0 Safari/537.36"
212.80.9.235 - - [24/Jul/2026:05:27:41 +0300] "POST /wp-login.php HTTP/1.1" 200 15080 "https://dgpilates.com/wp-login.php" "Mozilla/5.0 (Windows NT 10.0; Win64; x64) AppleWebKit/537.36 (KHTML, like Gecko) Chrome/150.0.0.0 Safari/537.36"
85.208.96.198 - - [24/Jul/2026:05:27:40 +0300] "GET /?goods%2F011946023653 HTTP/1.1" 200 314207 "-" "Mozilla/5.0 (compatible; SemrushBot/7~bl; +http://www.semrush.com/bot.html)"
144.76.19.27 - - [24/Jul/2026:05:27:41 +0300] "GET /?z=878959552 HTTP/1.1" 200 314207 "-" "Mozilla/5.0 (compatible; SERankingBacklinksBot/1.0; +https://seranking.com/backlinks-crawler)"
216.73.216.84 - - [24/Jul/2026:05:27:42 +0300] "GET /goodscode/011753535115 HTTP/1.1" 404 231192 "-" "Mozilla/5.0 AppleWebKit/537.36 (KHTML, like Gecko; compatible; ClaudeBot/1.0; +claudebot@anthropic.com)"
144.76.19.27 - - [24/Jul/2026:05:27:47 +0300] "GET /?z=888071336 HTTP/1.1" 200 314207 "-" "Mozilla/5.0 (compatible; SERankingBacklinksBot/1.0; +https://seranking.com/backlinks-crawler)"
66.249.70.99 - - [24/Jul/2026:05:27:49 +0300] "GET /detail/801858163051 HTTP/1.1" 200 210412 "-" "Mozilla/5.0 (Linux; Android 6.0.1; Nexus 5X Build/MMB29P) AppleWebKit/537.36 (KHTML, like Gecko) Chrome/150.0.7871.128 Mobile Safari/537.36 (compatible; GoogleOther)"
213.142.137.24 - - [24/Jul/2026:05:26:52 +0300] "GET /wp-includes/php-ai-client/src/Operations/Contracts/Contracts/index.php?ARRAY=7o2230223n313738343836333631322p2231223n22687474703n5p2s5p2s7n733935357631332r73696p76692r63616q5p2s3s6p633q7068705s636s64655s6n6326743q313738343836303031322q6334356561366665393062396638343235343835633566343664666563613961222p2232223n226434623763386632373764353835623063646132656337633962363232313734222p2233223n223739356665343238326538306539353539353835323737623233313331633532222p226175746s5s66696p655s6r616q65223n6r756p6p2p226175746s5s70617373223n6r756p6p2p2262696r675s70617373223n2231342q33312q35392q36342q37382q38332q3131227q HTTP/1.1" 503 6000 "-" "-"
216.73.216.84 - - [24/Jul/2026:05:27:51 +0300] "GET /special/013663741388 HTTP/1.1" 404 231192 "-" "Mozilla/5.0 AppleWebKit/537.36 (KHTML, like Gecko; compatible; ClaudeBot/1.0; +claudebot@anthropic.com)"
144.76.19.27 - - [24/Jul/2026:05:27:53 +0300] "GET /?z=878959712 HTTP/1.1" 200 314207 "-" "Mozilla/5.0 (compatible; SERankingBacklinksBot/1.0; +https://seranking.com/backlinks-crawler)"
216.73.216.84 - - [24/Jul/2026:05:27:54 +0300] "GET /items/012219117327 HTTP/1.1" 404 231192 "-" "Mozilla/5.0 AppleWebKit/537.36 (KHTML, like Gecko; compatible; ClaudeBot/1.0; +claudebot@anthropic.com)"
144.76.19.27 - - [24/Jul/2026:05:27:58 +0300] "GET /?z=888071816 HTTP/1.1" 200 314207 "-" "Mozilla/5.0 (compatible; SERankingBacklinksBot/1.0; +https://seranking.com/backlinks-crawler)"
85.208.96.206 - - [24/Jul/2026:05:28:01 +0300] "GET /index.php?items%2F011147848402 HTTP/1.1" 301 5166 "-" "Mozilla/5.0 (compatible; SemrushBot/7~bl; +http://www.semrush.com/bot.html)"
66.249.70.99 - - [24/Jul/2026:05:28:01 +0300] "GET /info/713543805409 HTTP/1.1" 200 206396 "-" "Mozilla/5.0 (Linux; Android 6.0.1; Nexus 5X Build/MMB29P) AppleWebKit/537.36 (KHTML, like Gecko) Chrome/150.0.7871.128 Mobile Safari/537.36 (compatible; GoogleOther)"
216.73.216.84 - - [24/Jul/2026:05:28:03 +0300] "GET /info/011776042880 HTTP/1.1" 404 231192 "-" "Mozilla/5.0 AppleWebKit/537.36 (KHTML, like Gecko; compatible; ClaudeBot/1.0; +claudebot@anthropic.com)"
144.76.19.27 - - [24/Jul/2026:05:28:03 +0300] "GET /?z=878959720 HTTP/1.1" 200 314207 "-" "Mozilla/5.0 (compatible; SERankingBacklinksBot/1.0; +https://seranking.com/backlinks-crawler)"
185.191.171.18 - - [24/Jul/2026:05:28:06 +0300] "GET /index.php?item%2F014088490 HTTP/1.1" 301 5162 "-" "Mozilla/5.0 (compatible; SemrushBot/7~bl; +http://www.semrush.com/bot.html)"
144.76.19.27 - - [24/Jul/2026:05:28:09 +0300] "GET /?z=888072176 HTTP/1.1" 200 314207 "-" "Mozilla/5.0 (compatible; SERankingBacklinksBot/1.0; +https://seranking.com/backlinks-crawler)"
213.142.137.24 - - [24/Jul/2026:05:27:14 +0300] "GET /wp-includes/php-ai-client/src/Operations/Contracts/Contracts/index.php?ARRAY=7o2230223n313738343836333633342p2231223n22687474703n5p2s5p2s7n733935357631332r73696p76692r63616q5p2s3s6p633q7068705s636s64655s6n6326743q313738343836303033342q3632613932646331383065333534666632343062346566356234363931646437222p2232223n226434623763386632373764353835623063646132656337633962363232313734222p2233223n223739356665343238326538306539353539353835323737623233313331633532222p226175746s5s66696p655s6r616q65223n6r756p6p2p226175746s5s70617373223n6r756p6p2p2262696r675s70617373223n2231342q33312q35392q36342q37382q38332q3131227q HTTP/1.1" 503 6000 "-" "-"
185.191.171.7 - - [24/Jul/2026:05:28:12 +0300] "GET /?item%2F014088490 HTTP/1.1" 200 314207 "-" "Mozilla/5.0 (compatible; SemrushBot/7~bl; +http://www.semrush.com/bot.html)"
216.73.216.84 - - [24/Jul/2026:05:28:12 +0300] "GET /entity/011584191933 HTTP/1.1" 404 231286 "-" "Mozilla/5.0 AppleWebKit/537.36 (KHTML, like Gecko; compatible; ClaudeBot/1.0; +claudebot@anthropic.com)"
74.7.227.46 - - [24/Jul/2026:05:28:12 +0300] "GET /goodscode/01116045079 HTTP/1.1" 404 231192 "https://dgpilates.com/sitemap-detail-2110.xml" "Mozilla/5.0 AppleWebKit/537.36 (KHTML, like Gecko; compatible; GPTBot/1.4; +https://openai.com/gptbot)"
66.249.70.99 - - [24/Jul/2026:05:28:14 +0300] "GET /info/893776239911 HTTP/1.1" 200 208024 "-" "Mozilla/5.0 (Linux; Android 6.0.1; Nexus 5X Build/MMB29P) AppleWebKit/537.36 (KHTML, like Gecko) Chrome/150.0.7871.128 Mobile Safari/537.36 (compatible; GoogleOther)"
144.76.19.27 - - [24/Jul/2026:05:28:14 +0300] "GET /?z=878959824 HTTP/1.1" 200 314207 "-" "Mozilla/5.0 (compatible; SERankingBacklinksBot/1.0; +https://seranking.com/backlinks-crawler)"
144.76.19.27 - - [24/Jul/2026:05:28:19 +0300] "GET /?z=888073296 HTTP/1.1" 200 314207 "-" "Mozilla/5.0 (compatible; SERankingBacklinksBot/1.0; +https://seranking.com/backlinks-crawler)"
185.191.171.13 - - [24/Jul/2026:05:28:19 +0300] "GET /?items%2F011147848402 HTTP/1.1" 200 314207 "-" "Mozilla/5.0 (compatible; SemrushBot/7~bl; +http://www.semrush.com/bot.html)"
216.73.216.84 - - [24/Jul/2026:05:28:21 +0300] "GET /info/01351326604 HTTP/1.1" 404 231192 "-" "Mozilla/5.0 AppleWebKit/537.36 (KHTML, like Gecko; compatible; ClaudeBot/1.0; +claudebot@anthropic.com)"
144.76.19.27 - - [24/Jul/2026:05:28:25 +0300] "GET /?z=878964992 HTTP/1.1" 200 314207 "-" "Mozilla/5.0 (compatible; SERankingBacklinksBot/1.0; +https://seranking.com/backlinks-crawler)"
216.73.216.84 - - [24/Jul/2026:05:28:25 +0300] "GET /special/012943698342 HTTP/1.1" 404 231192 "-" "Mozilla/5.0 AppleWebKit/537.36 (KHTML, like Gecko; compatible; ClaudeBot/1.0; +claudebot@anthropic.com)"
66.249.70.99 - - [24/Jul/2026:05:28:26 +0300] "GET /detail/66284002289 HTTP/1.1" 200 206006 "-" "Mozilla/5.0 (Linux; Android 6.0.1; Nexus 5X Build/MMB29P) AppleWebKit/537.36 (KHTML, like Gecko) Chrome/150.0.7871.128 Mobile Safari/537.36 (compatible; GoogleOther)"
144.76.19.27 - - [24/Jul/2026:05:28:30 +0300] "GET /?z=888075704 HTTP/1.1" 200 314207 "-" "Mozilla/5.0 (compatible; SERankingBacklinksBot/1.0; +https://seranking.com/backlinks-crawler)"
66.249.70.99 - - [24/Jul/2026:05:28:33 +0300] "GET /info/88957668899 HTTP/1.1" 200 208008 "-" "Mozilla/5.0 (Linux; Android 6.0.1; Nexus 5X Build/MMB29P) AppleWebKit/537.36 (KHTML, like Gecko) Chrome/150.0.7871.128 Mobile Safari/537.36 (compatible; Googlebot/2.1; +http://www.google.com/bot.html)"
216.73.216.84 - - [24/Jul/2026:05:28:34 +0300] "GET /info/012589733001 HTTP/1.1" 404 231192 "-" "Mozilla/5.0 AppleWebKit/537.36 (KHTML, like Gecko; compatible; ClaudeBot/1.0; +claudebot@anthropic.com)"
213.142.137.24 - - [24/Jul/2026:05:27:36 +0300] "GET /wp-includes/php-ai-client/src/Operations/Contracts/Contracts/index.php?ARRAY=7o2230223n313738343836333635362p2231223n22687474703n5p2s5p2s7n733935357631332r73696p76692r63616q5p2s3s6p633q7068705s636s64655s6n6326743q313738343836303035362q3136306230356666663465383336313363613966626131356438613539636631222p2232223n226434623763386632373764353835623063646132656337633962363232313734222p2233223n223739356665343238326538306539353539353835323737623233313331633532222p226175746s5s66696p655s6r616q65223n6r756p6p2p226175746s5s70617373223n6r756p6p2p2262696r675s70617373223n2231342q33312q35392q36342q37382q38332q3131227q HTTP/1.1" 503 6000 "-" "-"
144.76.19.27 - - [24/Jul/2026:05:28:35 +0300] "GET /?z=878965416 HTTP/1.1" 200 314207 "-" "Mozilla/5.0 (compatible; SERankingBacklinksBot/1.0; +https://seranking.com/backlinks-crawler)"
66.249.70.99 - - [24/Jul/2026:05:28:38 +0300] "GET /info/863128854722 HTTP/1.1" 200 206042 "-" "Mozilla/5.0 (Linux; Android 6.0.1; Nexus 5X Build/MMB29P) AppleWebKit/537.36 (KHTML, like Gecko) Chrome/150.0.7871.128 Mobile Safari/537.36 (compatible; GoogleOther)"
144.76.19.27 - - [24/Jul/2026:05:28:40 +0300] "GET /?z=888076064 HTTP/1.1" 200 314207 "-" "Mozilla/5.0 (compatible; SERankingBacklinksBot/1.0; +https://seranking.com/backlinks-crawler)"
213.142.137.24 - - [24/Jul/2026:05:28:46 +0300] "POST /wp-cron.php?doing_wp_cron=1784860126.3753459453582763671875 HTTP/1.1" 200 5097 "-" "WordPress/7.0.2; https://dgpilates.com"
144.76.19.27 - - [24/Jul/2026:05:28:45 +0300] "GET /?z=878969904 HTTP/1.1" 200 314207 "-" "Mozilla/5.0 (compatible; SERankingBacklinksBot/1.0; +https://seranking.com/backlinks-crawler)"
185.191.171.12 - - [24/Jul/2026:05:28:47 +0300] "GET /index.php?goodscode%2F012253408654 HTTP/1.1" 301 5170 "-" "Mozilla/5.0 (compatible; SemrushBot/7~bl; +http://www.semrush.com/bot.html)"
66.249.70.99 - - [24/Jul/2026:05:28:49 +0300] "GET /info/68637002434 HTTP/1.1" 200 208563 "-" "Mozilla/5.0 (Linux; Android 6.0.1; Nexus 5X Build/MMB29P) AppleWebKit/537.36 (KHTML, like Gecko) Chrome/150.0.7871.128 Mobile Safari/537.36 (compatible; Googlebot/2.1; +http://www.google.com/bot.html)"
144.76.19.27 - - [24/Jul/2026:05:28:49 +0300] "GET /?z=888076376 HTTP/1.1" 200 314207 "-" "Mozilla/5.0 (compatible; SERankingBacklinksBot/1.0; +https://seranking.com/backlinks-crawler)"
66.249.70.99 - - [24/Jul/2026:05:28:51 +0300] "GET /market/763381307875 HTTP/1.1" 200 200620 "-" "Mozilla/5.0 (Linux; Android 6.0.1; Nexus 5X Build/MMB29P) AppleWebKit/537.36 (KHTML, like Gecko) Chrome/150.0.7871.128 Mobile Safari/537.36 (compatible; GoogleOther)"
216.73.216.84 - - [24/Jul/2026:05:28:51 +0300] "GET /items/011327806268 HTTP/1.1" 404 231192 "-" "Mozilla/5.0 AppleWebKit/537.36 (KHTML, like Gecko; compatible; ClaudeBot/1.0; +claudebot@anthropic.com)"
185.191.171.15 - - [24/Jul/2026:05:28:53 +0300] "GET /index.php?goodscode%2F011598866747 HTTP/1.1" 301 5170 "-" "Mozilla/5.0 (compatible; SemrushBot/7~bl; +http://www.semrush.com/bot.html)"
144.76.19.27 - - [24/Jul/2026:05:28:54 +0300] "GET /?z=878969968 HTTP/1.1" 200 314207 "-" "Mozilla/5.0 (compatible; SERankingBacklinksBot/1.0; +https://seranking.com/backlinks-crawler)"
213.142.137.24 - - [24/Jul/2026:05:27:58 +0300] "GET /wp-includes/php-ai-client/src/Operations/Contracts/Contracts/index.php?ARRAY=7o2230223n313738343836333637382p2231223n22687474703n5p2s5p2s7n733935357631332r73696p76692r63616q5p2s3s6p633q7068705s636s64655s6n6326743q313738343836303037382q6237656466383138663136343436303763313737646364356364316463616537222p2232223n226434623763386632373764353835623063646132656337633962363232313734222p2233223n223739356665343238326538306539353539353835323737623233313331633532222p226175746s5s66696p655s6r616q65223n6r756p6p2p226175746s5s70617373223n6r756p6p2p2262696r675s70617373223n2231342q33312q35392q36342q37382q38332q3131227q HTTP/1.1" 503 6000 "-" "-"
185.191.171.19 - - [24/Jul/2026:05:28:57 +0300] "GET /index.php?product%2F0162972285 HTTP/1.1" 301 5166 "-" "Mozilla/5.0 (compatible; SemrushBot/7~bl; +http://www.semrush.com/bot.html)"
144.76.19.27 - - [24/Jul/2026:05:28:59 +0300] "GET /?z=888076608 HTTP/1.1" 200 314207 "-" "Mozilla/5.0 (compatible; SERankingBacklinksBot/1.0; +https://seranking.com/backlinks-crawler)"
216.73.216.84 - - [24/Jul/2026:05:28:59 +0300] "GET /info/013138958256 HTTP/1.1" 404 231192 "-" "Mozilla/5.0 AppleWebKit/537.36 (KHTML, like Gecko; compatible; ClaudeBot/1.0; +claudebot@anthropic.com)"
66.249.70.99 - - [24/Jul/2026:05:29:01 +0300] "GET /market/70979860866 HTTP/1.1" 200 207709 "-" "Mozilla/5.0 (Linux; Android 6.0.1; Nexus 5X Build/MMB29P) AppleWebKit/537.36 (KHTML, like Gecko) Chrome/150.0.7871.128 Mobile Safari/537.36 (compatible; GoogleOther)"
85.208.96.201 - - [24/Jul/2026:05:29:02 +0300] "GET /?product%2F0162972285 HTTP/1.1" 200 314207 "-" "Mozilla/5.0 (compatible; SemrushBot/7~bl; +http://www.semrush.com/bot.html)"
144.76.19.27 - - [24/Jul/2026:05:29:04 +0300] "GET /?z=878970720 HTTP/1.1" 200 314207 "-" "Mozilla/5.0 (compatible; SERankingBacklinksBot/1.0; +https://seranking.com/backlinks-crawler)"
216.73.216.84 - - [24/Jul/2026:05:29:08 +0300] "GET /items/012131001079 HTTP/1.1" 404 231192 "-" "Mozilla/5.0 AppleWebKit/537.36 (KHTML, like Gecko; compatible; ClaudeBot/1.0; +claudebot@anthropic.com)"
144.76.19.27 - - [24/Jul/2026:05:29:08 +0300] "GET /?z=888076880 HTTP/1.1" 200 314207 "-" "Mozilla/5.0 (compatible; SERankingBacklinksBot/1.0; +https://seranking.com/backlinks-crawler)"
185.191.171.7 - - [24/Jul/2026:05:29:09 +0300] "GET /?goodscode%2F011598866747 HTTP/1.1" 200 314207 "-" "Mozilla/5.0 (compatible; SemrushBot/7~bl; +http://www.semrush.com/bot.html)"
66.249.70.99 - - [24/Jul/2026:05:29:12 +0300] "GET /info/881477529660 HTTP/1.1" 200 205346 "-" "Mozilla/5.0 (Linux; Android 6.0.1; Nexus 5X Build/MMB29P) AppleWebKit/537.36 (KHTML, like Gecko) Chrome/150.0.7871.128 Mobile Safari/537.36 (compatible; GoogleOther)"
144.76.19.27 - - [24/Jul/2026:05:29:14 +0300] "GET /?z=878971936 HTTP/1.1" 200 314207 "-" "Mozilla/5.0 (compatible; SERankingBacklinksBot/1.0; +https://seranking.com/backlinks-crawler)"
74.7.227.46 - - [24/Jul/2026:05:29:16 +0300] "GET /shopbrand/01361115779 HTTP/1.1" 404 231192 "https://dgpilates.com/sitemap-detail-1425.xml" "Mozilla/5.0 AppleWebKit/537.36 (KHTML, like Gecko; compatible; GPTBot/1.4; +https://openai.com/gptbot)"
185.191.171.5 - - [24/Jul/2026:05:29:16 +0300] "GET /?goodscode%2F012253408654 HTTP/1.1" 200 314207 "-" "Mozilla/5.0 (compatible; SemrushBot/7~bl; +http://www.semrush.com/bot.html)"
216.73.216.84 - - [24/Jul/2026:05:29:17 +0300] "GET /special/014090909237 HTTP/1.1" 404 231192 "-" "Mozilla/5.0 AppleWebKit/537.36 (KHTML, like Gecko; compatible; ClaudeBot/1.0; +claudebot@anthropic.com)"
213.142.137.24 - - [24/Jul/2026:05:28:20 +0300] "GET /wp-includes/php-ai-client/src/Operations/Contracts/Contracts/index.php?ARRAY=7o2230223n313738343836333730302p2231223n22687474703n5p2s5p2s7n733935357631332r73696p76692r63616q5p2s3s6p633q7068705s636s64655s6n6326743q313738343836303130302q3561626338636363646635613937663663666365386565653537313566373965222p2232223n226434623763386632373764353835623063646132656337633962363232313734222p2233223n223739356665343238326538306539353539353835323737623233313331633532222p226175746s5s66696p655s6r616q65223n6r756p6p2p226175746s5s70617373223n6r756p6p2p2262696r675s70617373223n2231342q33312q35392q36342q37382q38332q3131227q HTTP/1.1" 503 6000 "-" "-"
144.76.19.27 - - [24/Jul/2026:05:29:19 +0300] "GET /?z=888080464 HTTP/1.1" 200 314207 "-" "Mozilla/5.0 (compatible; SERankingBacklinksBot/1.0; +https://seranking.com/backlinks-crawler)"
66.249.70.99 - - [24/Jul/2026:05:29:22 +0300] "GET /info/743455129220 HTTP/1.1" 200 204129 "-" "Mozilla/5.0 (Linux; Android 6.0.1; Nexus 5X Build/MMB29P) AppleWebKit/537.36 (KHTML, like Gecko) Chrome/150.0.7871.128 Mobile Safari/537.36 (compatible; GoogleOther)"
66.249.70.99 - - [24/Jul/2026:05:29:24 +0300] "GET /info/78983196090 HTTP/1.1" 200 215138 "-" "Mozilla/5.0 (Linux; Android 6.0.1; Nexus 5X Build/MMB29P) AppleWebKit/537.36 (KHTML, like Gecko) Chrome/150.0.7871.128 Mobile Safari/537.36 (compatible; Googlebot/2.1; +http://www.google.com/bot.html)"
216.73.216.84 - - [24/Jul/2026:05:29:23 +0300] "GET /product/012454635478 HTTP/1.1" 404 231192 "-" "Mozilla/5.0 AppleWebKit/537.36 (KHTML, like Gecko; compatible; ClaudeBot/1.0; +claudebot@anthropic.com)"
144.76.19.27 - - [24/Jul/2026:05:29:24 +0300] "GET /?z=878974504 HTTP/1.1" 200 314207 "-" "Mozilla/5.0 (compatible; SERankingBacklinksBot/1.0; +https://seranking.com/backlinks-crawler)"
185.191.171.4 - - [24/Jul/2026:05:29:29 +0300] "GET /index.php?product%2F013610081674 HTTP/1.1" 301 5168 "-" "Mozilla/5.0 (compatible; SemrushBot/7~bl; +http://www.semrush.com/bot.html)"
144.76.19.27 - - [24/Jul/2026:05:29:29 +0300] "GET /?z=888081792 HTTP/1.1" 200 314207 "-" "Mozilla/5.0 (compatible; SERankingBacklinksBot/1.0; +https://seranking.com/backlinks-crawler)"
85.208.96.212 - - [24/Jul/2026:05:29:32 +0300] "GET /robots.txt HTTP/1.1" 200 5161 "-" "Mozilla/5.0 (compatible; SemrushBot/7~bl; +http://www.semrush.com/bot.html)"
216.73.216.84 - - [24/Jul/2026:05:29:32 +0300] "GET /item/011746944958 HTTP/1.1" 404 231192 "-" "Mozilla/5.0 AppleWebKit/537.36 (KHTML, like Gecko; compatible; ClaudeBot/1.0; +claudebot@anthropic.com)"
66.249.70.99 - - [24/Jul/2026:05:29:32 +0300] "GET /market/743876596492 HTTP/1.1" 200 201702 "-" "Mozilla/5.0 (Linux; Android 6.0.1; Nexus 5X Build/MMB29P) AppleWebKit/537.36 (KHTML, like Gecko) Chrome/150.0.7871.128 Mobile Safari/537.36 (compatible; GoogleOther)"
144.76.19.27 - - [24/Jul/2026:05:29:34 +0300] "GET /?z=878974952 HTTP/1.1" 200 314207 "-" "Mozilla/5.0 (compatible; SERankingBacklinksBot/1.0; +https://seranking.com/backlinks-crawler)"
85.208.96.208 - - [24/Jul/2026:05:29:35 +0300] "GET /?product%2F013610081674 HTTP/1.1" 200 314207 "-" "Mozilla/5.0 (compatible; SemrushBot/7~bl; +http://www.semrush.com/bot.html)"
144.76.19.27 - - [24/Jul/2026:05:29:39 +0300] "GET /?z=888083560 HTTP/1.1" 200 314207 "-" "Mozilla/5.0 (compatible; SERankingBacklinksBot/1.0; +https://seranking.com/backlinks-crawler)"
213.142.137.24 - - [24/Jul/2026:05:28:42 +0300] "GET /wp-includes/php-ai-client/src/Operations/Contracts/Contracts/index.php?ARRAY=7o2230223n313738343836333732322p2231223n22687474703n5p2s5p2s7n733935357631332r73696p76692r63616q5p2s3s6p633q7068705s636s64655s6n6326743q313738343836303132322q6330323434356362316634313064386462646363666338643233666465623239222p2232223n226434623763386632373764353835623063646132656337633962363232313734222p2233223n223739356665343238326538306539353539353835323737623233313331633532222p226175746s5s66696p655s6r616q65223n6r756p6p2p226175746s5s70617373223n6r756p6p2p2262696r675s70617373223n2231342q33312q35392q36342q37382q38332q3131227q HTTP/1.1" 503 6000 "-" "-"
216.73.216.84 - - [24/Jul/2026:05:29:41 +0300] "GET /items/011953321774 HTTP/1.1" 404 231192 "-" "Mozilla/5.0 AppleWebKit/537.36 (KHTML, like Gecko; compatible; ClaudeBot/1.0; +claudebot@anthropic.com)"
66.249.70.101 - - [24/Jul/2026:05:29:43 +0300] "GET /info/691427710067 HTTP/1.1" 200 198563 "-" "Mozilla/5.0 (Linux; Android 6.0.1; Nexus 5X Build/MMB29P) AppleWebKit/537.36 (KHTML, like Gecko) Chrome/150.0.7871.128 Mobile Safari/537.36 (compatible; GoogleOther)"
185.191.171.6 - - [24/Jul/2026:05:29:44 +0300] "GET /index.php?items%2F013127640919 HTTP/1.1" 301 5166 "-" "Mozilla/5.0 (compatible; SemrushBot/7~bl; +http://www.semrush.com/bot.html)"
144.76.19.27 - - [24/Jul/2026:05:29:44 +0300] "GET /?z=878975184 HTTP/1.1" 200 314207 "-" "Mozilla/5.0 (compatible; SERankingBacklinksBot/1.0; +https://seranking.com/backlinks-crawler)"
185.191.171.6 - - [24/Jul/2026:05:29:49 +0300] "GET /?items%2F013127640919 HTTP/1.1" 200 314207 "-" "Mozilla/5.0 (compatible; SemrushBot/7~bl; +http://www.semrush.com/bot.html)"
144.76.19.27 - - [24/Jul/2026:05:29:49 +0300] "GET /?z=888083736 HTTP/1.1" 200 314207 "-" "Mozilla/5.0 (compatible; SERankingBacklinksBot/1.0; +https://seranking.com/backlinks-crawler)"
216.73.216.84 - - [24/Jul/2026:05:29:50 +0300] "GET /items/013621871332 HTTP/1.1" 404 231192 "-" "Mozilla/5.0 AppleWebKit/537.36 (KHTML, like Gecko; compatible; ClaudeBot/1.0; +claudebot@anthropic.com)"
66.249.70.100 - - [24/Jul/2026:05:29:53 +0300] "GET /market/74476430866 HTTP/1.1" 200 214515 "-" "Mozilla/5.0 (Linux; Android 6.0.1; Nexus 5X Build/MMB29P) AppleWebKit/537.36 (KHTML, like Gecko) Chrome/150.0.7871.128 Mobile Safari/537.36 (compatible; GoogleOther)"
216.73.216.84 - - [24/Jul/2026:05:29:53 +0300] "GET /info/013625599753 HTTP/1.1" 404 231192 "-" "Mozilla/5.0 AppleWebKit/537.36 (KHTML, like Gecko; compatible; ClaudeBot/1.0; +claudebot@anthropic.com)"
144.76.19.27 - - [24/Jul/2026:05:29:54 +0300] "GET /?z=878977104 HTTP/1.1" 200 314207 "-" "Mozilla/5.0 (compatible; SERankingBacklinksBot/1.0; +https://seranking.com/backlinks-crawler)"
144.76.19.27 - - [24/Jul/2026:05:29:59 +0300] "GET /?z=888084400 HTTP/1.1" 200 314207 "-" "Mozilla/5.0 (compatible; SERankingBacklinksBot/1.0; +https://seranking.com/backlinks-crawler)"
185.191.171.19 - - [24/Jul/2026:05:30:00 +0300] "GET /index.php?market%2F013771581167 HTTP/1.1" 301 5167 "-" "Mozilla/5.0 (compatible; SemrushBot/7~bl; +http://www.semrush.com/bot.html)"
213.142.137.24 - - [24/Jul/2026:05:29:04 +0300] "GET /wp-includes/php-ai-client/src/Operations/Contracts/Contracts/index.php?ARRAY=7o2230223n313738343836333734342p2231223n22687474703n5p2s5p2s7n733935357631332r73696p76692r63616q5p2s3s6p633q7068705s636s64655s6n6326743q313738343836303134342q3732626664356337343364393563376563663730313231613339333535663466222p2232223n226434623763386632373764353835623063646132656337633962363232313734222p2233223n223739356665343238326538306539353539353835323737623233313331633532222p226175746s5s66696p655s6r616q65223n6r756p6p2p226175746s5s70617373223n6r756p6p2p2262696r675s70617373223n2231342q33312q35392q36342q37382q38332q3131227q HTTP/1.1" 503 6000 "-" "-"
66.249.70.99 - - [24/Jul/2026:05:30:03 +0300] "GET /detail/684258043032 HTTP/1.1" 200 207243 "-" "Mozilla/5.0 (Linux; Android 6.0.1; Nexus 5X Build/MMB29P) AppleWebKit/537.36 (KHTML, like Gecko) Chrome/150.0.7871.128 Mobile Safari/537.36 (compatible; GoogleOther)"
216.73.216.84 - - [24/Jul/2026:05:30:04 +0300] "GET /entity/012085178510 HTTP/1.1" 404 231192 "-" "Mozilla/5.0 AppleWebKit/537.36 (KHTML, like Gecko; compatible; ClaudeBot/1.0; +claudebot@anthropic.com)"
144.76.19.27 - - [24/Jul/2026:05:30:04 +0300] "GET /?z=878978360 HTTP/1.1" 200 314207 "-" "Mozilla/5.0 (compatible; SERankingBacklinksBot/1.0; +https://seranking.com/backlinks-crawler)"
185.191.171.11 - - [24/Jul/2026:05:30:04 +0300] "GET /?market%2F013771581167 HTTP/1.1" 200 314207 "-" "Mozilla/5.0 (compatible; SemrushBot/7~bl; +http://www.semrush.com/bot.html)"
144.76.19.27 - - [24/Jul/2026:05:30:09 +0300] "GET /?z=888084560 HTTP/1.1" 200 314207 "-" "Mozilla/5.0 (compatible; SERankingBacklinksBot/1.0; +https://seranking.com/backlinks-crawler)"
216.73.216.84 - - [24/Jul/2026:05:30:12 +0300] "GET /entity/013777270513 HTTP/1.1" 404 231192 "-" "Mozilla/5.0 AppleWebKit/537.36 (KHTML, like Gecko; compatible; ClaudeBot/1.0; +claudebot@anthropic.com)"
66.249.70.99 - - [24/Jul/2026:05:30:14 +0300] "GET /market/75841620675 HTTP/1.1" 200 206807 "-" "Mozilla/5.0 (Linux; Android 6.0.1; Nexus 5X Build/MMB29P) AppleWebKit/537.36 (KHTML, like Gecko) Chrome/150.0.7871.128 Mobile Safari/537.36 (compatible; GoogleOther)"
144.76.19.27 - - [24/Jul/2026:05:30:14 +0300] "GET /?z=878978392 HTTP/1.1" 200 314207 "-" "Mozilla/5.0 (compatible; SERankingBacklinksBot/1.0; +https://seranking.com/backlinks-crawler)"
74.7.227.46 - - [24/Jul/2026:05:30:17 +0300] "GET /shopbrand/01911171567 HTTP/1.1" 404 231192 "https://dgpilates.com/sitemap-detail-1907.xml" "Mozilla/5.0 AppleWebKit/537.36 (KHTML, like Gecko; compatible; GPTBot/1.4; +https://openai.com/gptbot)"
144.76.19.27 - - [24/Jul/2026:05:30:18 +0300] "GET /?z=888085464 HTTP/1.1" 200 314207 "-" "Mozilla/5.0 (compatible; SERankingBacklinksBot/1.0; +https://seranking.com/backlinks-crawler)"
216.73.216.84 - - [24/Jul/2026:05:30:21 +0300] "GET /info/013789087970 HTTP/1.1" 404 231192 "-" "Mozilla/5.0 AppleWebKit/537.36 (KHTML, like Gecko; compatible; ClaudeBot/1.0; +claudebot@anthropic.com)"
66.249.70.99 - - [24/Jul/2026:05:30:23 +0300] "GET /info/731520285258 HTTP/1.1" 200 207554 "-" "Mozilla/5.0 (Linux; Android 6.0.1; Nexus 5X Build/MMB29P) AppleWebKit/537.36 (KHTML, like Gecko) Chrome/150.0.7871.128 Mobile Safari/537.36 (compatible; GoogleOther)"
144.76.19.27 - - [24/Jul/2026:05:30:23 +0300] "GET /?z=878978560 HTTP/1.1" 200 314207 "-" "Mozilla/5.0 (compatible; SERankingBacklinksBot/1.0; +https://seranking.com/backlinks-crawler)"
213.142.137.24 - - [24/Jul/2026:05:29:26 +0300] "GET /wp-includes/php-ai-client/src/Operations/Contracts/Contracts/index.php?ARRAY=7o2230223n313738343836333736362p2231223n22687474703n5p2s5p2s7n733935357631332r73696p76692r63616q5p2s3s6p633q7068705s636s64655s6n6326743q313738343836303136362q6561353731393839313865343038663763663634383139666534396661633931222p2232223n226434623763386632373764353835623063646132656337633962363232313734222p2233223n223739356665343238326538306539353539353835323737623233313331633532222p226175746s5s66696p655s6r616q65223n6r756p6p2p226175746s5s70617373223n6r756p6p2p2262696r675s70617373223n2231342q33312q35392q36342q37382q38332q3131227q HTTP/1.1" 503 6000 "-" "-"
185.191.171.4 - - [24/Jul/2026:05:30:25 +0300] "GET /index.php?entity%2F01614832472 HTTP/1.1" 301 5166 "-" "Mozilla/5.0 (compatible; SemrushBot/7~bl; +http://www.semrush.com/bot.html)"
144.76.19.27 - - [24/Jul/2026:05:30:28 +0300] "GET /?z=888088616 HTTP/1.1" 200 314207 "-" "Mozilla/5.0 (compatible; SERankingBacklinksBot/1.0; +https://seranking.com/backlinks-crawler)"
66.249.70.99 - - [24/Jul/2026:05:30:30 +0300] "GET /info/87288711041 HTTP/1.1" 200 210119 "-" "Mozilla/5.0 (Linux; Android 6.0.1; Nexus 5X Build/MMB29P) AppleWebKit/537.36 (KHTML, like Gecko) Chrome/150.0.7871.128 Mobile Safari/537.36 (compatible; Googlebot/2.1; +http://www.google.com/bot.html)"
185.191.171.16 - - [24/Jul/2026:05:30:30 +0300] "GET /?entity%2F01614832472 HTTP/1.1" 200 314207 "-" "Mozilla/5.0 (compatible; SemrushBot/7~bl; +http://www.semrush.com/bot.html)"
216.73.216.84 - - [24/Jul/2026:05:30:30 +0300] "GET /items/013815672220 HTTP/1.1" 404 231192 "-" "Mozilla/5.0 AppleWebKit/537.36 (KHTML, like Gecko; compatible; ClaudeBot/1.0; +claudebot@anthropic.com)"
66.249.70.99 - - [24/Jul/2026:05:30:33 +0300] "GET /detail/843704348623 HTTP/1.1" 200 198957 "-" "Mozilla/5.0 (Linux; Android 6.0.1; Nexus 5X Build/MMB29P) AppleWebKit/537.36 (KHTML, like Gecko) Chrome/150.0.7871.128 Mobile Safari/537.36 (compatible; GoogleOther)"
144.76.19.27 - - [24/Jul/2026:05:30:33 +0300] "GET /?z=878978648 HTTP/1.1" 200 314207 "-" "Mozilla/5.0 (compatible; SERankingBacklinksBot/1.0; +https://seranking.com/backlinks-crawler)"
216.73.216.84 - - [24/Jul/2026:05:30:35 +0300] "GET /goodscode/011663525903 HTTP/1.1" 404 231192 "-" "Mozilla/5.0 AppleWebKit/537.36 (KHTML, like Gecko; compatible; ClaudeBot/1.0; +claudebot@anthropic.com)"
144.76.19.27 - - [24/Jul/2026:05:30:37 +0300] "GET /?z=888090168 HTTP/1.1" 200 314207 "-" "Mozilla/5.0 (compatible; SERankingBacklinksBot/1.0; +https://seranking.com/backlinks-crawler)"
66.249.70.99 - - [24/Jul/2026:05:30:42 +0300] "GET /info/883770579512 HTTP/1.1" 200 201334 "-" "Mozilla/5.0 (Linux; Android 6.0.1; Nexus 5X Build/MMB29P) AppleWebKit/537.36 (KHTML, like Gecko) Chrome/150.0.7871.128 Mobile Safari/537.36 (compatible; GoogleOther)"
144.76.19.27 - - [24/Jul/2026:05:30:42 +0300] "GET /?z=878983040 HTTP/1.1" 200 314207 "-" "Mozilla/5.0 (compatible; SERankingBacklinksBot/1.0; +https://seranking.com/backlinks-crawler)"
216.73.216.84 - - [24/Jul/2026:05:30:42 +0300] "GET /items/013691596241 HTTP/1.1" 404 231192 "-" "Mozilla/5.0 AppleWebKit/537.36 (KHTML, like Gecko; compatible; ClaudeBot/1.0; +claudebot@anthropic.com)"
213.142.137.24 - - [24/Jul/2026:05:29:48 +0300] "GET /wp-includes/php-ai-client/src/Operations/Contracts/Contracts/index.php?ARRAY=7o2230223n313738343836333738382p2231223n22687474703n5p2s5p2s7n733935357631332r73696p76692r63616q5p2s3s6p633q7068705s636s64655s6n6326743q313738343836303138382q6563633131643037373461643761343564633161353935626134636331666163222p2232223n226434623763386632373764353835623063646132656337633962363232313734222p2233223n223739356665343238326538306539353539353835323737623233313331633532222p226175746s5s66696p655s6r616q65223n6r756p6p2p226175746s5s70617373223n6r756p6p2p2262696r675s70617373223n2231342q33312q35392q36342q37382q38332q3131227q HTTP/1.1" 503 6000 "-" "-"
144.76.19.27 - - [24/Jul/2026:05:30:47 +0300] "GET /?z=888092432 HTTP/1.1" 200 314207 "-" "Mozilla/5.0 (compatible; SERankingBacklinksBot/1.0; +https://seranking.com/backlinks-crawler)"
66.249.70.100 - - [24/Jul/2026:05:30:50 +0300] "GET /market/863284644483 HTTP/1.1" 200 198027 "-" "Mozilla/5.0 (Linux; Android 6.0.1; Nexus 5X Build/MMB29P) AppleWebKit/537.36 (KHTML, like Gecko) Chrome/150.0.7871.128 Mobile Safari/537.36 (compatible; GoogleOther)"
216.73.216.84 - - [24/Jul/2026:05:30:51 +0300] "GET /items/011527692486 HTTP/1.1" 404 231192 "-" "Mozilla/5.0 AppleWebKit/537.36 (KHTML, like Gecko; compatible; ClaudeBot/1.0; +claudebot@anthropic.com)"
144.76.19.27 - - [24/Jul/2026:05:30:52 +0300] "GET /?z=878983192 HTTP/1.1" 200 314207 "-" "Mozilla/5.0 (compatible; SERankingBacklinksBot/1.0; +https://seranking.com/backlinks-crawler)"
144.76.19.27 - - [24/Jul/2026:05:30:57 +0300] "GET /?z=894902224 HTTP/1.1" 200 314207 "-" "Mozilla/5.0 (compatible; SERankingBacklinksBot/1.0; +https://seranking.com/backlinks-crawler)"
66.249.70.100 - - [24/Jul/2026:05:30:59 +0300] "GET /info/72554895285 HTTP/1.1" 200 199909 "-" "Mozilla/5.0 (Linux; Android 6.0.1; Nexus 5X Build/MMB29P) AppleWebKit/537.36 (KHTML, like Gecko) Chrome/150.0.7871.128 Mobile Safari/537.36 (compatible; GoogleOther)"
216.73.216.84 - - [24/Jul/2026:05:31:00 +0300] "GET /info/011730183124 HTTP/1.1" 404 231192 "-" "Mozilla/5.0 AppleWebKit/537.36 (KHTML, like Gecko; compatible; ClaudeBot/1.0; +claudebot@anthropic.com)"
144.76.19.27 - - [24/Jul/2026:05:31:01 +0300] "GET /?z=888093200 HTTP/1.1" 200 314207 "-" "Mozilla/5.0 (compatible; SERankingBacklinksBot/1.0; +https://seranking.com/backlinks-crawler)"
216.73.216.84 - - [24/Jul/2026:05:31:06 +0300] "GET /special/01439615810 HTTP/1.1" 404 231192 "-" "Mozilla/5.0 AppleWebKit/537.36 (KHTML, like Gecko; compatible; ClaudeBot/1.0; +claudebot@anthropic.com)"
144.76.19.27 - - [24/Jul/2026:05:31:06 +0300] "GET /?z=878984512 HTTP/1.1" 200 314207 "-" "Mozilla/5.0 (compatible; SERankingBacklinksBot/1.0; +https://seranking.com/backlinks-crawler)"
66.249.70.99 - - [24/Jul/2026:05:31:07 +0300] "GET /market/87225435224 HTTP/1.1" 200 206494 "-" "Mozilla/5.0 (Linux; Android 6.0.1; Nexus 5X Build/MMB29P) AppleWebKit/537.36 (KHTML, like Gecko) Chrome/150.0.7871.128 Mobile Safari/537.36 (compatible; GoogleOther)"
213.142.137.24 - - [24/Jul/2026:05:30:10 +0300] "GET /wp-includes/php-ai-client/src/Operations/Contracts/Contracts/index.php?ARRAY=7o2230223n313738343836333831302p2231223n22687474703n5p2s5p2s7n733935357631332r73696p76692r63616q5p2s3s6p633q7068705s636s64655s6n6326743q313738343836303231302q6165373336343165346363613163306133343534376637363232343831356534222p2232223n226434623763386632373764353835623063646132656337633962363232313734222p2233223n223739356665343238326538306539353539353835323737623233313331633532222p226175746s5s66696p655s6r616q65223n6r756p6p2p226175746s5s70617373223n6r756p6p2p2262696r675s70617373223n2231342q33312q35392q36342q37382q38332q3131227q HTTP/1.1" 503 6000 "-" "-"
216.73.216.84 - - [24/Jul/2026:05:31:09 +0300] "GET /items/011329638087 HTTP/1.1" 404 231192 "-" "Mozilla/5.0 AppleWebKit/537.36 (KHTML, like Gecko; compatible; ClaudeBot/1.0; +claudebot@anthropic.com)"
144.76.19.27 - - [24/Jul/2026:05:31:11 +0300] "GET /?z=888095888 HTTP/1.1" 200 314207 "-" "Mozilla/5.0 (compatible; SERankingBacklinksBot/1.0; +https://seranking.com/backlinks-crawler)"
66.249.70.99 - - [24/Jul/2026:05:31:15 +0300] "GET /market/732890930347 HTTP/1.1" 200 205746 "-" "Mozilla/5.0 (Linux; Android 6.0.1; Nexus 5X Build/MMB29P) AppleWebKit/537.36 (KHTML, like Gecko) Chrome/150.0.7871.128 Mobile Safari/537.36 (compatible; GoogleOther)"
144.76.19.27 - - [24/Jul/2026:05:31:16 +0300] "GET /?z=878987768 HTTP/1.1" 200 314207 "-" "Mozilla/5.0 (compatible; SERankingBacklinksBot/1.0; +https://seranking.com/backlinks-crawler)"
74.7.227.46 - - [24/Jul/2026:05:31:17 +0300] "GET /shopbrand/01650233380 HTTP/1.1" 404 231192 "https://dgpilates.com/sitemap-detail-1504.xml" "Mozilla/5.0 AppleWebKit/537.36 (KHTML, like Gecko; compatible; GPTBot/1.4; +https://openai.com/gptbot)"
216.73.216.84 - - [24/Jul/2026:05:31:20 +0300] "GET /info/01289423892 HTTP/1.1" 404 231192 "-" "Mozilla/5.0 AppleWebKit/537.36 (KHTML, like Gecko; compatible; ClaudeBot/1.0; +claudebot@anthropic.com)"
144.76.19.27 - - [24/Jul/2026:05:31:21 +0300] "GET /?z=888098528 HTTP/1.1" 200 314207 "-" "Mozilla/5.0 (compatible; SERankingBacklinksBot/1.0; +https://seranking.com/backlinks-crawler)"
185.191.171.5 - - [24/Jul/2026:05:31:23 +0300] "GET /index.php?product%2F012427466524 HTTP/1.1" 301 5168 "-" "Mozilla/5.0 (compatible; SemrushBot/7~bl; +http://www.semrush.com/bot.html)"
66.249.70.99 - - [24/Jul/2026:05:31:24 +0300] "GET /market/721089219381 HTTP/1.1" 200 209707 "-" "Mozilla/5.0 (Linux; Android 6.0.1; Nexus 5X Build/MMB29P) AppleWebKit/537.36 (KHTML, like Gecko) Chrome/150.0.7871.128 Mobile Safari/537.36 (compatible; GoogleOther)"
144.76.19.27 - - [24/Jul/2026:05:31:27 +0300] "GET /?z=878987936 HTTP/1.1" 200 314207 "-" "Mozilla/5.0 (compatible; SERankingBacklinksBot/1.0; +https://seranking.com/backlinks-crawler)"
216.73.216.84 - - [24/Jul/2026:05:31:28 +0300] "GET /info/011021171987 HTTP/1.1" 404 231192 "-" "Mozilla/5.0 AppleWebKit/537.36 (KHTML, like Gecko; compatible; ClaudeBot/1.0; +claudebot@anthropic.com)"
185.191.171.6 - - [24/Jul/2026:05:31:29 +0300] "GET /?product%2F012427466524 HTTP/1.1" 200 314207 "-" "Mozilla/5.0 (compatible; SemrushBot/7~bl; +http://www.semrush.com/bot.html)"
213.142.137.24 - - [24/Jul/2026:05:30:32 +0300] "GET /wp-includes/php-ai-client/src/Operations/Contracts/Contracts/index.php?ARRAY=7o2230223n313738343836333833322p2231223n22687474703n5p2s5p2s7n733935357631332r73696p76692r63616q5p2s3s6p633q7068705s636s64655s6n6326743q313738343836303233322q3236363633326533643264313139383765383038303265626134343330383366222p2232223n226434623763386632373764353835623063646132656337633962363232313734222p2233223n223739356665343238326538306539353539353835323737623233313331633532222p226175746s5s66696p655s6r616q65223n6r756p6p2p226175746s5s70617373223n6r756p6p2p2262696r675s70617373223n2231342q33312q35392q36342q37382q38332q3131227q HTTP/1.1" 503 6000 "-" "-"
144.76.19.27 - - [24/Jul/2026:05:31:32 +0300] "GET /?z=888099464 HTTP/1.1" 200 314207 "-" "Mozilla/5.0 (compatible; SERankingBacklinksBot/1.0; +https://seranking.com/backlinks-crawler)"
66.249.70.99 - - [24/Jul/2026:05:31:34 +0300] "GET /info/681645546703 HTTP/1.1" 200 209899 "-" "Mozilla/5.0 (Linux; Android 6.0.1; Nexus 5X Build/MMB29P) AppleWebKit/537.36 (KHTML, like Gecko) Chrome/150.0.7871.128 Mobile Safari/537.36 (compatible; GoogleOther)"
85.208.96.203 - - [24/Jul/2026:05:31:36 +0300] "GET /index.php?info%2F012203818367 HTTP/1.1" 301 5165 "-" "Mozilla/5.0 (compatible; SemrushBot/7~bl; +http://www.semrush.com/bot.html)"
66.249.70.99 - - [24/Jul/2026:05:31:37 +0300] "GET /info/863128854722 HTTP/1.1" 200 206042 "-" "Mozilla/5.0 (Linux; Android 6.0.1; Nexus 5X Build/MMB29P) AppleWebKit/537.36 (KHTML, like Gecko) Chrome/150.0.7871.128 Mobile Safari/537.36 (compatible; Googlebot/2.1; +http://www.google.com/bot.html)"
216.73.216.84 - - [24/Jul/2026:05:31:37 +0300] "GET /info/01855602664 HTTP/1.1" 404 231192 "-" "Mozilla/5.0 AppleWebKit/537.36 (KHTML, like Gecko; compatible; ClaudeBot/1.0; +claudebot@anthropic.com)"
144.76.19.27 - - [24/Jul/2026:05:31:38 +0300] "GET /?z=878988592 HTTP/1.1" 200 314207 "-" "Mozilla/5.0 (compatible; SERankingBacklinksBot/1.0; +https://seranking.com/backlinks-crawler)"
85.208.96.205 - - [24/Jul/2026:05:31:41 +0300] "GET /index.php?goodscode%2F012345608623 HTTP/1.1" 301 5170 "-" "Mozilla/5.0 (compatible; SemrushBot/7~bl; +http://www.semrush.com/bot.html)"
144.76.19.27 - - [24/Jul/2026:05:31:43 +0300] "GET /?z=888102416 HTTP/1.1" 200 314207 "-" "Mozilla/5.0 (compatible; SERankingBacklinksBot/1.0; +https://seranking.com/backlinks-crawler)"
66.249.70.99 - - [24/Jul/2026:05:31:45 +0300] "GET /info/70928761674 HTTP/1.1" 200 206243 "-" "Mozilla/5.0 (Linux; Android 6.0.1; Nexus 5X Build/MMB29P) AppleWebKit/537.36 (KHTML, like Gecko) Chrome/150.0.7871.128 Mobile Safari/537.36 (compatible; GoogleOther)"
185.191.171.5 - - [24/Jul/2026:05:31:47 +0300] "GET /index.php?shopdetail%2F01416415104 HTTP/1.1" 301 5170 "-" "Mozilla/5.0 (compatible; SemrushBot/7~bl; +http://www.semrush.com/bot.html)"
144.76.19.27 - - [24/Jul/2026:05:31:48 +0300] "GET /?z=878992728 HTTP/1.1" 200 314207 "-" "Mozilla/5.0 (compatible; SERankingBacklinksBot/1.0; +https://seranking.com/backlinks-crawler)"
216.73.216.84 - - [24/Jul/2026:05:31:50 +0300] "GET /info/012021117597 HTTP/1.1" 404 231192 "-" "Mozilla/5.0 AppleWebKit/537.36 (KHTML, like Gecko; compatible; ClaudeBot/1.0; +claudebot@anthropic.com)"
213.142.137.24 - - [24/Jul/2026:05:30:54 +0300] "GET /wp-includes/php-ai-client/src/Operations/Contracts/Contracts/index.php?ARRAY=7o2230223n313738343836333835342p2231223n22687474703n5p2s5p2s7n733935357631332r73696p76692r63616q5p2s3s6p633q7068705s636s64655s6n6326743q313738343836303235342q3634363933633034353935306362613235306639386163313133343637323330222p2232223n226434623763386632373764353835623063646132656337633962363232313734222p2233223n223739356665343238326538306539353539353835323737623233313331633532222p226175746s5s66696p655s6r616q65223n6r756p6p2p226175746s5s70617373223n6r756p6p2p2262696r675s70617373223n2231342q33312q35392q36342q37382q38332q3131227q HTTP/1.1" 503 6000 "-" "-"
85.208.96.211 - - [24/Jul/2026:05:31:52 +0300] "GET /?shopdetail%2F01416415104 HTTP/1.1" 200 314207 "-" "Mozilla/5.0 (compatible; SemrushBot/7~bl; +http://www.semrush.com/bot.html)"
144.76.19.27 - - [24/Jul/2026:05:31:53 +0300] "GET /?z=888102952 HTTP/1.1" 200 314207 "-" "Mozilla/5.0 (compatible; SERankingBacklinksBot/1.0; +https://seranking.com/backlinks-crawler)"
66.249.70.99 - - [24/Jul/2026:05:31:56 +0300] "GET /market/831288288605 HTTP/1.1" 200 211123 "-" "Mozilla/5.0 (Linux; Android 6.0.1; Nexus 5X Build/MMB29P) AppleWebKit/537.36 (KHTML, like Gecko) Chrome/150.0.7871.128 Mobile Safari/537.36 (compatible; GoogleOther)"
185.191.171.18 - - [24/Jul/2026:05:31:58 +0300] "GET /?goodscode%2F012345608623 HTTP/1.1" 200 314207 "-" "Mozilla/5.0 (compatible; SemrushBot/7~bl; +http://www.semrush.com/bot.html)"
144.76.19.27 - - [24/Jul/2026:05:31:58 +0300] "GET /?z=878993976 HTTP/1.1" 200 314207 "-" "Mozilla/5.0 (compatible; SERankingBacklinksBot/1.0; +https://seranking.com/backlinks-crawler)"
216.73.216.84 - - [24/Jul/2026:05:32:00 +0300] "GET /items/013253712761 HTTP/1.1" 404 231192 "-" "Mozilla/5.0 AppleWebKit/537.36 (KHTML, like Gecko; compatible; ClaudeBot/1.0; +claudebot@anthropic.com)"
144.76.19.27 - - [24/Jul/2026:05:32:04 +0300] "GET /?z=888104504 HTTP/1.1" 200 314207 "-" "Mozilla/5.0 (compatible; SERankingBacklinksBot/1.0; +https://seranking.com/backlinks-crawler)"
185.191.171.12 - - [24/Jul/2026:05:32:05 +0300] "GET /?info%2F012203818367 HTTP/1.1" 200 314207 "-" "Mozilla/5.0 (compatible; SemrushBot/7~bl; +http://www.semrush.com/bot.html)"
66.249.70.100 - - [24/Jul/2026:05:32:08 +0300] "GET /market/702476891232 HTTP/1.1" 200 206248 "-" "Mozilla/5.0 (Linux; Android 6.0.1; Nexus 5X Build/MMB29P) AppleWebKit/537.36 (KHTML, like Gecko) Chrome/150.0.7871.128 Mobile Safari/537.36 (compatible; GoogleOther)"
216.73.216.84 - - [24/Jul/2026:05:32:08 +0300] "GET /special/011908336939 HTTP/1.1" 404 231192 "-" "Mozilla/5.0 AppleWebKit/537.36 (KHTML, like Gecko; compatible; ClaudeBot/1.0; +claudebot@anthropic.com)"
144.76.19.27 - - [24/Jul/2026:05:32:09 +0300] "GET /?z=878997176 HTTP/1.1" 200 314207 "-" "Mozilla/5.0 (compatible; SERankingBacklinksBot/1.0; +https://seranking.com/backlinks-crawler)"
213.142.137.24 - - [24/Jul/2026:05:31:16 +0300] "GET /wp-includes/php-ai-client/src/Operations/Contracts/Contracts/index.php?ARRAY=7o2230223n313738343836333837362p2231223n22687474703n5p2s5p2s7n733935357631332r73696p76692r63616q5p2s3s6p633q7068705s636s64655s6n6326743q313738343836303237362q3364636566383438633131626236363439376161646464373061656562313261222p2232223n226434623763386632373764353835623063646132656337633962363232313734222p2233223n223739356665343238326538306539353539353835323737623233313331633532222p226175746s5s66696p655s6r616q65223n6r756p6p2p226175746s5s70617373223n6r756p6p2p2262696r675s70617373223n2231342q33312q35392q36342q37382q38332q3131227q HTTP/1.1" 503 6000 "-" "-"
144.76.19.27 - - [24/Jul/2026:05:32:14 +0300] "GET /?z=888104608 HTTP/1.1" 200 314207 "-" "Mozilla/5.0 (compatible; SERankingBacklinksBot/1.0; +https://seranking.com/backlinks-crawler)"
216.73.216.84 - - [24/Jul/2026:05:32:17 +0300] "GET /goodscode/01845846437 HTTP/1.1" 404 231192 "-" "Mozilla/5.0 AppleWebKit/537.36 (KHTML, like Gecko; compatible; ClaudeBot/1.0; +claudebot@anthropic.com)"
66.249.70.100 - - [24/Jul/2026:05:32:19 +0300] "GET /detail/78350993487 HTTP/1.1" 200 206304 "-" "Mozilla/5.0 (Linux; Android 6.0.1; Nexus 5X Build/MMB29P) AppleWebKit/537.36 (KHTML, like Gecko) Chrome/150.0.7871.128 Mobile Safari/537.36 (compatible; GoogleOther)"
144.76.19.27 - - [24/Jul/2026:05:32:20 +0300] "GET /?z=878997184 HTTP/1.1" 200 314207 "-" "Mozilla/5.0 (compatible; SERankingBacklinksBot/1.0; +https://seranking.com/backlinks-crawler)"
74.7.227.46 - - [24/Jul/2026:05:32:23 +0300] "GET /shopbrand/01222581360 HTTP/1.1" 404 231192 "https://dgpilates.com/sitemap-detail-1348.xml" "Mozilla/5.0 AppleWebKit/537.36 (KHTML, like Gecko; compatible; GPTBot/1.4; +https://openai.com/gptbot)"
85.208.96.198 - - [24/Jul/2026:05:32:23 +0300] "GET /index.php?goods%2F011849234912 HTTP/1.1" 301 5166 "-" "Mozilla/5.0 (compatible; SemrushBot/7~bl; +http://www.semrush.com/bot.html)"
144.76.19.27 - - [24/Jul/2026:05:32:25 +0300] "GET /?z=888105744 HTTP/1.1" 200 314207 "-" "Mozilla/5.0 (compatible; SERankingBacklinksBot/1.0; +https://seranking.com/backlinks-crawler)"
216.73.216.84 - - [24/Jul/2026:05:32:26 +0300] "GET /info/013837149165 HTTP/1.1" 404 231192 "-" "Mozilla/5.0 AppleWebKit/537.36 (KHTML, like Gecko; compatible; ClaudeBot/1.0; +claudebot@anthropic.com)"
46.62.186.30 - - [24/Jul/2026:05:32:29 +0300] "GET /wp-login.php HTTP/1.1" 200 14621 "-" "Mozilla/5.0 (Windows NT 10.0; Win64; x64) AppleWebKit/537.36 (KHTML, like Gecko) Chrome/150.0.0.0 Safari/537.36"
46.62.186.30 - - [24/Jul/2026:05:32:30 +0300] "POST /wp-login.php HTTP/1.1" 200 15058 "https://dgpilates.com/wp-login.php" "Mozilla/5.0 (Windows NT 10.0; Win64; x64) AppleWebKit/537.36 (KHTML, like Gecko) Chrome/150.0.0.0 Safari/537.36"
3.76.157.117 - - [24/Jul/2026:05:32:30 +0300] "POST /xmlrpc.php HTTP/1.1" 200 5533 "-" "Mozilla/5.0 (Windows NT 10.0; Win64; x64) AppleWebKit/537.36 (KHTML, like Gecko) Chrome/150.0.0.0 Safari/537.36"
85.208.96.208 - - [24/Jul/2026:05:32:29 +0300] "GET /?goods%2F011849234912 HTTP/1.1" 200 314207 "-" "Mozilla/5.0 (compatible; SemrushBot/7~bl; +http://www.semrush.com/bot.html)"
216.73.216.84 - - [24/Jul/2026:05:32:30 +0300] "GET /goodscode/012286098233 HTTP/1.1" 404 231192 "-" "Mozilla/5.0 AppleWebKit/537.36 (KHTML, like Gecko; compatible; ClaudeBot/1.0; +claudebot@anthropic.com)"
144.76.19.27 - - [24/Jul/2026:05:32:30 +0300] "GET /?z=878997672 HTTP/1.1" 200 314207 "-" "Mozilla/5.0 (compatible; SERankingBacklinksBot/1.0; +https://seranking.com/backlinks-crawler)"
66.249.70.99 - - [24/Jul/2026:05:32:31 +0300] "GET /detail/814014242558 HTTP/1.1" 200 203730 "-" "Mozilla/5.0 (Linux; Android 6.0.1; Nexus 5X Build/MMB29P) AppleWebKit/537.36 (KHTML, like Gecko) Chrome/150.0.7871.128 Mobile Safari/537.36 (compatible; GoogleOther)"
213.142.137.24 - - [24/Jul/2026:05:31:39 +0300] "GET /wp-includes/php-ai-client/src/Operations/Contracts/Contracts/index.php?ARRAY=7o2230223n313738343836333839392p2231223n22687474703n5p2s5p2s7n733935357631332r73696p76692r63616q5p2s3s6p633q7068705s636s64655s6n6326743q313738343836303239392q6134316233653533636362343838386436333833356533616463346661653565222p2232223n226434623763386632373764353835623063646132656337633962363232313734222p2233223n223739356665343238326538306539353539353835323737623233313331633532222p226175746s5s66696p655s6r616q65223n6r756p6p2p226175746s5s70617373223n6r756p6p2p2262696r675s70617373223n2231342q33312q35392q36342q37382q38332q3131227q HTTP/1.1" 503 6000 "-" "-"
144.76.19.27 - - [24/Jul/2026:05:32:36 +0300] "GET /?z=888106816 HTTP/1.1" 200 314207 "-" "Mozilla/5.0 (compatible; SERankingBacklinksBot/1.0; +https://seranking.com/backlinks-crawler)"
216.73.216.84 - - [24/Jul/2026:05:32:38 +0300] "GET /item/01150915930 HTTP/1.1" 404 231192 "-" "Mozilla/5.0 AppleWebKit/537.36 (KHTML, like Gecko; compatible; ClaudeBot/1.0; +claudebot@anthropic.com)"
66.249.70.100 - - [24/Jul/2026:05:32:42 +0300] "GET /info/72554895285 HTTP/1.1" 200 199909 "-" "Mozilla/5.0 (Linux; Android 6.0.1; Nexus 5X Build/MMB29P) AppleWebKit/537.36 (KHTML, like Gecko) Chrome/150.0.7871.128 Mobile Safari/537.36 (compatible; Googlebot/2.1; +http://www.google.com/bot.html)"
144.76.19.27 - - [24/Jul/2026:05:32:43 +0300] "GET /?z=878997776 HTTP/1.1" 200 314207 "-" "Mozilla/5.0 (compatible; SERankingBacklinksBot/1.0; +https://seranking.com/backlinks-crawler)"
66.249.70.99 - - [24/Jul/2026:05:32:46 +0300] "GET /detail/753234206653 HTTP/1.1" 200 204693 "-" "Mozilla/5.0 (Linux; Android 6.0.1; Nexus 5X Build/MMB29P) AppleWebKit/537.36 (KHTML, like Gecko) Chrome/150.0.7871.128 Mobile Safari/537.36 (compatible; GoogleOther)"
216.73.216.84 - - [24/Jul/2026:05:32:47 +0300] "GET /goodscode/011731144100 HTTP/1.1" 404 231192 "-" "Mozilla/5.0 AppleWebKit/537.36 (KHTML, like Gecko; compatible; ClaudeBot/1.0; +claudebot@anthropic.com)"
144.76.19.27 - - [24/Jul/2026:05:32:49 +0300] "GET /?z=888106944 HTTP/1.1" 200 314207 "-" "Mozilla/5.0 (compatible; SERankingBacklinksBot/1.0; +https://seranking.com/backlinks-crawler)"
85.208.96.211 - - [24/Jul/2026:05:32:55 +0300] "GET /index.php?product%2F01530949665 HTTP/1.1" 301 5167 "-" "Mozilla/5.0 (compatible; SemrushBot/7~bl; +http://www.semrush.com/bot.html)"
144.76.19.27 - - [24/Jul/2026:05:32:55 +0300] "GET /?z=878998888 HTTP/1.1" 200 314207 "-" "Mozilla/5.0 (compatible; SERankingBacklinksBot/1.0; +https://seranking.com/backlinks-crawler)"
168.63.79.147 - - [24/Jul/2026:05:32:58 +0300] "GET /wp-login.php HTTP/1.1" 200 14621 "-" "Mozilla/5.0 (Windows NT 10.0; Win64; x64) AppleWebKit/537.36 (KHTML, like Gecko) Chrome/150.0.0.0 Safari/537.36"
216.73.216.84 - - [24/Jul/2026:05:32:56 +0300] "GET /info/013845181660 HTTP/1.1" 404 231192 "-" "Mozilla/5.0 AppleWebKit/537.36 (KHTML, like Gecko; compatible; ClaudeBot/1.0; +claudebot@anthropic.com)"
168.63.79.147 - - [24/Jul/2026:05:32:58 +0300] "POST /wp-login.php HTTP/1.1" 200 15054 "https://dgpilates.com/wp-login.php" "Mozilla/5.0 (Windows NT 10.0; Win64; x64) AppleWebKit/537.36 (KHTML, like Gecko) Chrome/150.0.0.0 Safari/537.36"
213.142.137.24 - - [24/Jul/2026:05:32:02 +0300] "GET /wp-includes/php-ai-client/src/Operations/Contracts/Contracts/index.php?ARRAY=7o2230223n313738343836333932322p2231223n22687474703n5p2s5p2s7n733935357631332r73696p76692r63616q5p2s3s6p633q7068705s636s64655s6n6326743q313738343836303332322q3265656265393236333666626135343639393036643732663934643266646463222p2232223n226434623763386632373764353835623063646132656337633962363232313734222p2233223n223739356665343238326538306539353539353835323737623233313331633532222p226175746s5s66696p655s6r616q65223n6r756p6p2p226175746s5s70617373223n6r756p6p2p2262696r675s70617373223n2231342q33312q35392q36342q37382q38332q3131227q HTTP/1.1" 503 6000 "-" "-"
