216.73.216.84 - - [24/Jul/2026:06:57:39 +0300] "GET /entity/01903958381 HTTP/1.1" 404 231192 "-" "Mozilla/5.0 AppleWebKit/537.36 (KHTML, like Gecko; compatible; ClaudeBot/1.0; +claudebot@anthropic.com)"
85.208.96.196 - - [24/Jul/2026:06:57:40 +0300] "GET /index.php?detail%2F01562654480 HTTP/1.1" 301 5166 "-" "Mozilla/5.0 (compatible; SemrushBot/7~bl; +http://www.semrush.com/bot.html)"
66.249.70.101 - - [24/Jul/2026:06:57:41 +0300] "GET /info/901486610731 HTTP/1.1" 200 201885 "-" "Mozilla/5.0 (Linux; Android 6.0.1; Nexus 5X Build/MMB29P) AppleWebKit/537.36 (KHTML, like Gecko) Chrome/150.0.7871.128 Mobile Safari/537.36 (compatible; GoogleOther)"
144.76.19.27 - - [24/Jul/2026:06:57:44 +0300] "GET /?z=888674704 HTTP/1.1" 200 314207 "-" "Mozilla/5.0 (compatible; SERankingBacklinksBot/1.0; +https://seranking.com/backlinks-crawler)"
66.249.70.99 - - [24/Jul/2026:06:57:45 +0300] "GET /info/661389663716 HTTP/1.1" 200 207520 "-" "Mozilla/5.0 (Linux; Android 6.0.1; Nexus 5X Build/MMB29P) AppleWebKit/537.36 (KHTML, like Gecko) Chrome/150.0.7871.128 Mobile Safari/537.36 (compatible; Googlebot/2.1; +http://www.google.com/bot.html)"
85.208.96.205 - - [24/Jul/2026:06:57:47 +0300] "GET /index.php?entity%2F011497703386 HTTP/1.1" 301 5167 "-" "Mozilla/5.0 (compatible; SemrushBot/7~bl; +http://www.semrush.com/bot.html)"
216.73.216.84 - - [24/Jul/2026:06:57:50 +0300] "GET /items/013932849500 HTTP/1.1" 404 231192 "-" "Mozilla/5.0 AppleWebKit/537.36 (KHTML, like Gecko; compatible; ClaudeBot/1.0; +claudebot@anthropic.com)"
144.76.19.27 - - [24/Jul/2026:06:57:51 +0300] "GET /?z=879632024 HTTP/1.1" 200 314207 "-" "Mozilla/5.0 (compatible; SERankingBacklinksBot/1.0; +https://seranking.com/backlinks-crawler)"
85.208.96.209 - - [24/Jul/2026:06:57:54 +0300] "GET /?entity%2F011497703386 HTTP/1.1" 200 314207 "-" "Mozilla/5.0 (compatible; SemrushBot/7~bl; +http://www.semrush.com/bot.html)"
144.76.19.27 - - [24/Jul/2026:06:57:58 +0300] "GET /?z=888675784 HTTP/1.1" 200 314207 "-" "Mozilla/5.0 (compatible; SERankingBacklinksBot/1.0; +https://seranking.com/backlinks-crawler)"
213.142.137.24 - - [24/Jul/2026:06:57:05 +0300] "GET /wp-includes/php-ai-client/src/Operations/Contracts/Contracts/index.php?ARRAY=7o2230223n313738343836393032352p2231223n22687474703n5p2s5p2s7n733935357631332r73696p76692r63616q5p2s3s6p633q7068705s636s64655s6n6326743q313738343836353432352q6565303438336564653139356535643837363264663132316632643761393365222p2232223n226434623763386632373764353835623063646132656337633962363232313734222p2233223n223739356665343238326538306539353539353835323737623233313331633532222p226175746s5s66696p655s6r616q65223n6r756p6p2p226175746s5s70617373223n6r756p6p2p2262696r675s70617373223n2231342q33312q35392q36342q37382q38332q3131227q HTTP/1.1" 503 6000 "-" "-"
216.73.216.84 - - [24/Jul/2026:06:58:02 +0300] "GET /items/012928143398 HTTP/1.1" 404 231192 "-" "Mozilla/5.0 AppleWebKit/537.36 (KHTML, like Gecko; compatible; ClaudeBot/1.0; +claudebot@anthropic.com)"
185.191.171.12 - - [24/Jul/2026:06:58:03 +0300] "GET /?detail%2F01562654480 HTTP/1.1" 200 314207 "-" "Mozilla/5.0 (compatible; SemrushBot/7~bl; +http://www.semrush.com/bot.html)"
66.249.70.99 - - [24/Jul/2026:06:58:03 +0300] "GET /info/701058514059 HTTP/1.1" 200 210995 "-" "Mozilla/5.0 (Linux; Android 6.0.1; Nexus 5X Build/MMB29P) AppleWebKit/537.36 (KHTML, like Gecko) Chrome/150.0.7871.128 Mobile Safari/537.36 (compatible; GoogleOther)"
144.76.19.27 - - [24/Jul/2026:06:58:04 +0300] "GET /?z=879632096 HTTP/1.1" 200 314207 "-" "Mozilla/5.0 (compatible; SERankingBacklinksBot/1.0; +https://seranking.com/backlinks-crawler)"
144.76.19.27 - - [24/Jul/2026:06:58:10 +0300] "GET /?z=888678232 HTTP/1.1" 200 314207 "-" "Mozilla/5.0 (compatible; SERankingBacklinksBot/1.0; +https://seranking.com/backlinks-crawler)"
216.73.216.84 - - [24/Jul/2026:06:58:14 +0300] "GET /items/013511185873 HTTP/1.1" 404 231192 "-" "Mozilla/5.0 AppleWebKit/537.36 (KHTML, like Gecko; compatible; ClaudeBot/1.0; +claudebot@anthropic.com)"
185.191.171.12 - - [24/Jul/2026:06:58:14 +0300] "GET /index.php?item%2F01580173057 HTTP/1.1" 301 5164 "-" "Mozilla/5.0 (compatible; SemrushBot/7~bl; +http://www.semrush.com/bot.html)"
144.76.19.27 - - [24/Jul/2026:06:58:16 +0300] "GET /?z=879632584 HTTP/1.1" 200 314207 "-" "Mozilla/5.0 (compatible; SERankingBacklinksBot/1.0; +https://seranking.com/backlinks-crawler)"
185.191.171.2 - - [24/Jul/2026:06:58:22 +0300] "GET /?item%2F01580173057 HTTP/1.1" 200 314207 "-" "Mozilla/5.0 (compatible; SemrushBot/7~bl; +http://www.semrush.com/bot.html)"
144.76.19.27 - - [24/Jul/2026:06:58:23 +0300] "GET /?z=888679320 HTTP/1.1" 200 314207 "-" "Mozilla/5.0 (compatible; SERankingBacklinksBot/1.0; +https://seranking.com/backlinks-crawler)"
66.249.70.101 - - [24/Jul/2026:06:58:24 +0300] "GET /info/752778132949 HTTP/1.1" 200 206243 "-" "Mozilla/5.0 (Linux; Android 6.0.1; Nexus 5X Build/MMB29P) AppleWebKit/537.36 (KHTML, like Gecko) Chrome/150.0.7871.128 Mobile Safari/537.36 (compatible; GoogleOther)"
216.73.216.84 - - [24/Jul/2026:06:58:25 +0300] "GET /items/013765276667 HTTP/1.1" 404 231192 "-" "Mozilla/5.0 AppleWebKit/537.36 (KHTML, like Gecko; compatible; ClaudeBot/1.0; +claudebot@anthropic.com)"
213.142.137.24 - - [24/Jul/2026:06:57:29 +0300] "GET /wp-includes/php-ai-client/src/Operations/Contracts/Contracts/index.php?ARRAY=7o2230223n313738343836393034392p2231223n22687474703n5p2s5p2s7n733935357631332r73696p76692r63616q5p2s3s6p633q7068705s636s64655s6n6326743q313738343836353434392q3664663962373034333965323464336334373264666135353434313933663732222p2232223n226434623763386632373764353835623063646132656337633962363232313734222p2233223n223739356665343238326538306539353539353835323737623233313331633532222p226175746s5s66696p655s6r616q65223n6r756p6p2p226175746s5s70617373223n6r756p6p2p2262696r675s70617373223n2231342q33312q35392q36342q37382q38332q3131227q HTTP/1.1" 503 6000 "-" "-"
144.76.19.27 - - [24/Jul/2026:06:58:30 +0300] "GET /?z=879632864 HTTP/1.1" 200 314207 "-" "Mozilla/5.0 (compatible; SERankingBacklinksBot/1.0; +https://seranking.com/backlinks-crawler)"
216.73.216.84 - - [24/Jul/2026:06:58:35 +0300] "GET /item/01905136292 HTTP/1.1" 404 231192 "-" "Mozilla/5.0 AppleWebKit/537.36 (KHTML, like Gecko; compatible; ClaudeBot/1.0; +claudebot@anthropic.com)"
144.76.19.27 - - [24/Jul/2026:06:58:37 +0300] "GET /?z=888682416 HTTP/1.1" 200 314207 "-" "Mozilla/5.0 (compatible; SERankingBacklinksBot/1.0; +https://seranking.com/backlinks-crawler)"
74.7.227.46 - - [24/Jul/2026:06:58:38 +0300] "GET /detail/011802490004 HTTP/1.1" 404 231192 "https://dgpilates.com/sitemap-detail-865.xml" "Mozilla/5.0 AppleWebKit/537.36 (KHTML, like Gecko; compatible; GPTBot/1.4; +https://openai.com/gptbot)"
144.76.19.27 - - [24/Jul/2026:06:58:43 +0300] "GET /?z=879634000 HTTP/1.1" 200 314207 "-" "Mozilla/5.0 (compatible; SERankingBacklinksBot/1.0; +https://seranking.com/backlinks-crawler)"
216.73.216.84 - - [24/Jul/2026:06:58:46 +0300] "GET /entity/012024081252 HTTP/1.1" 404 231192 "-" "Mozilla/5.0 AppleWebKit/537.36 (KHTML, like Gecko; compatible; ClaudeBot/1.0; +claudebot@anthropic.com)"
66.249.70.100 - - [24/Jul/2026:06:58:46 +0300] "GET /info/77194675249 HTTP/1.1" 200 207482 "-" "Mozilla/5.0 (Linux; Android 6.0.1; Nexus 5X Build/MMB29P) AppleWebKit/537.36 (KHTML, like Gecko) Chrome/150.0.7871.128 Mobile Safari/537.36 (compatible; GoogleOther)"
213.142.137.24 - - [24/Jul/2026:06:57:51 +0300] "GET /wp-includes/php-ai-client/src/Operations/Contracts/Contracts/index.php?ARRAY=7o2230223n313738343836393037312p2231223n22687474703n5p2s5p2s7n733935357631332r73696p76692r63616q5p2s3s6p633q7068705s636s64655s6n6326743q313738343836353437312q3432306638303137656265316266323936363766353237623535623133383330222p2232223n226434623763386632373764353835623063646132656337633962363232313734222p2233223n223739356665343238326538306539353539353835323737623233313331633532222p226175746s5s66696p655s6r616q65223n6r756p6p2p226175746s5s70617373223n6r756p6p2p2262696r675s70617373223n2231342q33312q35392q36342q37382q38332q3131227q HTTP/1.1" 503 6000 "-" "-"
144.76.19.27 - - [24/Jul/2026:06:58:50 +0300] "GET /?z=888682680 HTTP/1.1" 200 314207 "-" "Mozilla/5.0 (compatible; SERankingBacklinksBot/1.0; +https://seranking.com/backlinks-crawler)"
66.249.70.100 - - [24/Jul/2026:06:58:50 +0300] "GET /info/662618557389 HTTP/1.1" 200 204541 "-" "Mozilla/5.0 (Linux; Android 6.0.1; Nexus 5X Build/MMB29P) AppleWebKit/537.36 (KHTML, like Gecko) Chrome/150.0.7871.128 Mobile Safari/537.36 (compatible; Googlebot/2.1; +http://www.google.com/bot.html)"
144.76.19.27 - - [24/Jul/2026:06:58:57 +0300] "GET /?z=879634296 HTTP/1.1" 200 314207 "-" "Mozilla/5.0 (compatible; SERankingBacklinksBot/1.0; +https://seranking.com/backlinks-crawler)"
216.73.216.84 - - [24/Jul/2026:06:58:57 +0300] "GET /item/012820003351 HTTP/1.1" 404 231286 "-" "Mozilla/5.0 AppleWebKit/537.36 (KHTML, like Gecko; compatible; ClaudeBot/1.0; +claudebot@anthropic.com)"
185.191.171.12 - - [24/Jul/2026:06:58:57 +0300] "GET /index.php?goodscode%2F012451902002 HTTP/1.1" 301 5170 "-" "Mozilla/5.0 (compatible; SemrushBot/7~bl; +http://www.semrush.com/bot.html)"
144.76.19.27 - - [24/Jul/2026:06:59:04 +0300] "GET /?z=888683904 HTTP/1.1" 200 314207 "-" "Mozilla/5.0 (compatible; SERankingBacklinksBot/1.0; +https://seranking.com/backlinks-crawler)"
185.191.171.3 - - [24/Jul/2026:06:59:05 +0300] "GET /?goodscode%2F012451902002 HTTP/1.1" 200 314207 "-" "Mozilla/5.0 (compatible; SemrushBot/7~bl; +http://www.semrush.com/bot.html)"
216.73.216.84 - - [24/Jul/2026:06:59:07 +0300] "GET /entity/012825125543 HTTP/1.1" 404 231192 "-" "Mozilla/5.0 AppleWebKit/537.36 (KHTML, like Gecko; compatible; ClaudeBot/1.0; +claudebot@anthropic.com)"
66.249.70.99 - - [24/Jul/2026:06:59:07 +0300] "GET /info/722889709647 HTTP/1.1" 200 206207 "-" "Mozilla/5.0 (Linux; Android 6.0.1; Nexus 5X Build/MMB29P) AppleWebKit/537.36 (KHTML, like Gecko) Chrome/150.0.7871.128 Mobile Safari/537.36 (compatible; GoogleOther)"
213.142.137.24 - - [24/Jul/2026:06:58:13 +0300] "GET /wp-includes/php-ai-client/src/Operations/Contracts/Contracts/index.php?ARRAY=7o2230223n313738343836393039332p2231223n22687474703n5p2s5p2s7n733935357631332r73696p76692r63616q5p2s3s6p633q7068705s636s64655s6n6326743q313738343836353439332q3937613338346138613231653837653530353138343130333061313730663266222p2232223n226434623763386632373764353835623063646132656337633962363232313734222p2233223n223739356665343238326538306539353539353835323737623233313331633532222p226175746s5s66696p655s6r616q65223n6r756p6p2p226175746s5s70617373223n6r756p6p2p2262696r675s70617373223n2231342q33312q35392q36342q37382q38332q3131227q HTTP/1.1" 503 6000 "-" "-"
144.76.19.27 - - [24/Jul/2026:06:59:10 +0300] "GET /?z=879634984 HTTP/1.1" 200 314207 "-" "Mozilla/5.0 (compatible; SERankingBacklinksBot/1.0; +https://seranking.com/backlinks-crawler)"
185.191.171.13 - - [24/Jul/2026:06:59:13 +0300] "GET /index.php?shopping%2F011553258083 HTTP/1.1" 301 5169 "-" "Mozilla/5.0 (compatible; SemrushBot/7~bl; +http://www.semrush.com/bot.html)"
144.76.19.27 - - [24/Jul/2026:06:59:16 +0300] "GET /?z=888683936 HTTP/1.1" 200 314207 "-" "Mozilla/5.0 (compatible; SERankingBacklinksBot/1.0; +https://seranking.com/backlinks-crawler)"
216.73.216.84 - - [24/Jul/2026:06:59:18 +0300] "GET /entity/012911785678 HTTP/1.1" 404 231192 "-" "Mozilla/5.0 AppleWebKit/537.36 (KHTML, like Gecko; compatible; ClaudeBot/1.0; +claudebot@anthropic.com)"
185.191.171.1 - - [24/Jul/2026:06:59:20 +0300] "GET /?shopping%2F011553258083 HTTP/1.1" 200 314207 "-" "Mozilla/5.0 (compatible; SemrushBot/7~bl; +http://www.semrush.com/bot.html)"
144.76.19.27 - - [24/Jul/2026:06:59:22 +0300] "GET /?z=879635584 HTTP/1.1" 200 314207 "-" "Mozilla/5.0 (compatible; SERankingBacklinksBot/1.0; +https://seranking.com/backlinks-crawler)"
144.76.19.27 - - [24/Jul/2026:06:59:28 +0300] "GET /?z=888685040 HTTP/1.1" 200 314207 "-" "Mozilla/5.0 (compatible; SERankingBacklinksBot/1.0; +https://seranking.com/backlinks-crawler)"
66.249.70.99 - - [24/Jul/2026:06:59:29 +0300] "GET /info/761970595806 HTTP/1.1" 200 205951 "-" "Mozilla/5.0 (Linux; Android 6.0.1; Nexus 5X Build/MMB29P) AppleWebKit/537.36 (KHTML, like Gecko) Chrome/150.0.7871.128 Mobile Safari/537.36 (compatible; GoogleOther)"
216.73.216.84 - - [24/Jul/2026:06:59:30 +0300] "GET /items/014213895525 HTTP/1.1" 404 231192 "-" "Mozilla/5.0 AppleWebKit/537.36 (KHTML, like Gecko; compatible; ClaudeBot/1.0; +claudebot@anthropic.com)"
213.142.137.24 - - [24/Jul/2026:06:58:35 +0300] "GET /wp-includes/php-ai-client/src/Operations/Contracts/Contracts/index.php?ARRAY=7o2230223n313738343836393131352p2231223n22687474703n5p2s5p2s7n733935357631332r73696p76692r63616q5p2s3s6p633q7068705s636s64655s6n6326743q313738343836353531352q6539626138393033383731313233656234356431373936393837636533626666222p2232223n226434623763386632373764353835623063646132656337633962363232313734222p2233223n223739356665343238326538306539353539353835323737623233313331633532222p226175746s5s66696p655s6r616q65223n6r756p6p2p226175746s5s70617373223n6r756p6p2p2262696r675s70617373223n2231342q33312q35392q36342q37382q38332q3131227q HTTP/1.1" 503 6000 "-" "-"
144.76.19.27 - - [24/Jul/2026:06:59:34 +0300] "GET /?z=879635672 HTTP/1.1" 200 314207 "-" "Mozilla/5.0 (compatible; SERankingBacklinksBot/1.0; +https://seranking.com/backlinks-crawler)"
144.76.19.27 - - [24/Jul/2026:06:59:39 +0300] "GET /?z=888686064 HTTP/1.1" 200 314207 "-" "Mozilla/5.0 (compatible; SERankingBacklinksBot/1.0; +https://seranking.com/backlinks-crawler)"
216.73.216.84 - - [24/Jul/2026:06:59:41 +0300] "GET /goodscode/01657167369 HTTP/1.1" 404 231192 "-" "Mozilla/5.0 AppleWebKit/537.36 (KHTML, like Gecko; compatible; ClaudeBot/1.0; +claudebot@anthropic.com)"
74.7.227.46 - - [24/Jul/2026:06:59:41 +0300] "GET /detail/013320111554 HTTP/1.1" 404 231192 "https://dgpilates.com/sitemap-detail-1504.xml" "Mozilla/5.0 AppleWebKit/537.36 (KHTML, like Gecko; compatible; GPTBot/1.4; +https://openai.com/gptbot)"
144.76.19.27 - - [24/Jul/2026:06:59:44 +0300] "GET /?z=879639544 HTTP/1.1" 200 314207 "-" "Mozilla/5.0 (compatible; SERankingBacklinksBot/1.0; +https://seranking.com/backlinks-crawler)"
66.249.70.100 - - [24/Jul/2026:06:59:49 +0300] "GET /info/71645808599 HTTP/1.1" 200 204068 "-" "Mozilla/5.0 (Linux; Android 6.0.1; Nexus 5X Build/MMB29P) AppleWebKit/537.36 (KHTML, like Gecko) Chrome/150.0.7871.128 Mobile Safari/537.36 (compatible; GoogleOther)"
144.76.19.27 - - [24/Jul/2026:06:59:50 +0300] "GET /?z=888687096 HTTP/1.1" 200 314207 "-" "Mozilla/5.0 (compatible; SERankingBacklinksBot/1.0; +https://seranking.com/backlinks-crawler)"
216.73.216.84 - - [24/Jul/2026:06:59:52 +0300] "GET /items/012623781675 HTTP/1.1" 404 231192 "-" "Mozilla/5.0 AppleWebKit/537.36 (KHTML, like Gecko; compatible; ClaudeBot/1.0; +claudebot@anthropic.com)"
213.142.137.24 - - [24/Jul/2026:06:58:57 +0300] "GET /wp-includes/php-ai-client/src/Operations/Contracts/Contracts/index.php?ARRAY=7o2230223n313738343836393133372p2231223n22687474703n5p2s5p2s7n733935357631332r73696p76692r63616q5p2s3s6p633q7068705s636s64655s6n6326743q313738343836353533372q3862353964393135613565386466653662373839363539303235396336626466222p2232223n226434623763386632373764353835623063646132656337633962363232313734222p2233223n223739356665343238326538306539353539353835323737623233313331633532222p226175746s5s66696p655s6r616q65223n6r756p6p2p226175746s5s70617373223n6r756p6p2p2262696r675s70617373223n2231342q33312q35392q36342q37382q38332q3131227q HTTP/1.1" 503 6000 "-" "-"
66.249.70.99 - - [24/Jul/2026:06:59:53 +0300] "GET /info/871824465835 HTTP/1.1" 200 210924 "-" "Mozilla/5.0 (Linux; Android 6.0.1; Nexus 5X Build/MMB29P) AppleWebKit/537.36 (KHTML, like Gecko) Chrome/150.0.7871.128 Mobile Safari/537.36 (compatible; Googlebot/2.1; +http://www.google.com/bot.html)"
144.76.19.27 - - [24/Jul/2026:06:59:56 +0300] "GET /?z=879639896 HTTP/1.1" 200 314207 "-" "Mozilla/5.0 (compatible; SERankingBacklinksBot/1.0; +https://seranking.com/backlinks-crawler)"
216.73.216.84 - - [24/Jul/2026:07:00:03 +0300] "GET /goodscode/01176408103 HTTP/1.1" 404 231192 "-" "Mozilla/5.0 AppleWebKit/537.36 (KHTML, like Gecko; compatible; ClaudeBot/1.0; +claudebot@anthropic.com)"
144.76.19.27 - - [24/Jul/2026:07:00:03 +0300] "GET /?z=894910608 HTTP/1.1" 200 314207 "-" "Mozilla/5.0 (compatible; SERankingBacklinksBot/1.0; +https://seranking.com/backlinks-crawler)"
66.249.70.100 - - [24/Jul/2026:07:00:09 +0300] "GET /info/71276523747 HTTP/1.1" 200 213622 "-" "Mozilla/5.0 (Linux; Android 6.0.1; Nexus 5X Build/MMB29P) AppleWebKit/537.36 (KHTML, like Gecko) Chrome/150.0.7871.128 Mobile Safari/537.36 (compatible; GoogleOther)"
144.76.19.27 - - [24/Jul/2026:07:00:10 +0300] "GET /?z=888689928 HTTP/1.1" 200 314207 "-" "Mozilla/5.0 (compatible; SERankingBacklinksBot/1.0; +https://seranking.com/backlinks-crawler)"
216.73.216.84 - - [24/Jul/2026:07:00:14 +0300] "GET /item/01437568348 HTTP/1.1" 404 231192 "-" "Mozilla/5.0 AppleWebKit/537.36 (KHTML, like Gecko; compatible; ClaudeBot/1.0; +claudebot@anthropic.com)"
85.208.96.203 - - [24/Jul/2026:07:00:15 +0300] "GET /index.php?products%2F011408698303 HTTP/1.1" 301 5169 "-" "Mozilla/5.0 (compatible; SemrushBot/7~bl; +http://www.semrush.com/bot.html)"
213.142.137.24 - - [24/Jul/2026:06:59:20 +0300] "GET /wp-includes/php-ai-client/src/Operations/Contracts/Contracts/index.php?ARRAY=7o2230223n313738343836393136302p2231223n22687474703n5p2s5p2s7n733935357631332r73696p76692r63616q5p2s3s6p633q7068705s636s64655s6n6326743q313738343836353536302q3337383764633539326135323230353137666464333034633966326564373839222p2232223n226434623763386632373764353835623063646132656337633962363232313734222p2233223n223739356665343238326538306539353539353835323737623233313331633532222p226175746s5s66696p655s6r616q65223n6r756p6p2p226175746s5s70617373223n6r756p6p2p2262696r675s70617373223n2231342q33312q35392q36342q37382q38332q3131227q HTTP/1.1" 503 6000 "-" "-"
144.76.19.27 - - [24/Jul/2026:07:00:18 +0300] "GET /?z=879639904 HTTP/1.1" 200 314207 "-" "Mozilla/5.0 (compatible; SERankingBacklinksBot/1.0; +https://seranking.com/backlinks-crawler)"
85.208.96.193 - - [24/Jul/2026:07:00:22 +0300] "GET /index.php?item%2F012755678554 HTTP/1.1" 301 5165 "-" "Mozilla/5.0 (compatible; SemrushBot/7~bl; +http://www.semrush.com/bot.html)"
144.76.19.27 - - [24/Jul/2026:07:00:24 +0300] "GET /?z=888691832 HTTP/1.1" 200 314207 "-" "Mozilla/5.0 (compatible; SERankingBacklinksBot/1.0; +https://seranking.com/backlinks-crawler)"
216.73.216.84 - - [24/Jul/2026:07:00:26 +0300] "GET /goodscode/01449780455 HTTP/1.1" 404 231192 "-" "Mozilla/5.0 AppleWebKit/537.36 (KHTML, like Gecko; compatible; ClaudeBot/1.0; +claudebot@anthropic.com)"
185.191.171.7 - - [24/Jul/2026:07:00:28 +0300] "GET /index.php?goodscode%2F013299641502 HTTP/1.1" 301 5170 "-" "Mozilla/5.0 (compatible; SemrushBot/7~bl; +http://www.semrush.com/bot.html)"
66.249.70.99 - - [24/Jul/2026:07:00:30 +0300] "GET /info/70676604506 HTTP/1.1" 200 206098 "-" "Mozilla/5.0 (Linux; Android 6.0.1; Nexus 5X Build/MMB29P) AppleWebKit/537.36 (KHTML, like Gecko) Chrome/150.0.7871.128 Mobile Safari/537.36 (compatible; GoogleOther)"
144.76.19.27 - - [24/Jul/2026:07:00:30 +0300] "GET /?z=879641776 HTTP/1.1" 200 314207 "-" "Mozilla/5.0 (compatible; SERankingBacklinksBot/1.0; +https://seranking.com/backlinks-crawler)"
185.191.171.4 - - [24/Jul/2026:07:00:35 +0300] "GET /?goodscode%2F013299641502 HTTP/1.1" 200 314207 "-" "Mozilla/5.0 (compatible; SemrushBot/7~bl; +http://www.semrush.com/bot.html)"
216.73.216.84 - - [24/Jul/2026:07:00:35 +0300] "GET /item/01324737698 HTTP/1.1" 404 231192 "-" "Mozilla/5.0 AppleWebKit/537.36 (KHTML, like Gecko; compatible; ClaudeBot/1.0; +claudebot@anthropic.com)"
144.76.19.27 - - [24/Jul/2026:07:00:36 +0300] "GET /?z=888692048 HTTP/1.1" 200 314207 "-" "Mozilla/5.0 (compatible; SERankingBacklinksBot/1.0; +https://seranking.com/backlinks-crawler)"
213.142.137.24 - - [24/Jul/2026:06:59:42 +0300] "GET /wp-includes/php-ai-client/src/Operations/Contracts/Contracts/index.php?ARRAY=7o2230223n313738343836393138322p2231223n22687474703n5p2s5p2s7n733935357631332r73696p76692r63616q5p2s3s6p633q7068705s636s64655s6n6326743q313738343836353538322q6431386665373436633733306633313538333430356636383262316364643935222p2232223n226434623763386632373764353835623063646132656337633962363232313734222p2233223n223739356665343238326538306539353539353835323737623233313331633532222p226175746s5s66696p655s6r616q65223n6r756p6p2p226175746s5s70617373223n6r756p6p2p2262696r675s70617373223n2231342q33312q35392q36342q37382q38332q3131227q HTTP/1.1" 503 6000 "-" "-"
144.76.19.27 - - [24/Jul/2026:07:00:42 +0300] "GET /?z=879642056 HTTP/1.1" 200 314207 "-" "Mozilla/5.0 (compatible; SERankingBacklinksBot/1.0; +https://seranking.com/backlinks-crawler)"
185.191.171.19 - - [24/Jul/2026:07:00:42 +0300] "GET /?item%2F012755678554 HTTP/1.1" 200 314207 "-" "Mozilla/5.0 (compatible; SemrushBot/7~bl; +http://www.semrush.com/bot.html)"
74.7.227.46 - - [24/Jul/2026:07:00:44 +0300] "GET /detail/012388808498 HTTP/1.1" 404 231192 "https://dgpilates.com/sitemap-detail-2647.xml" "Mozilla/5.0 AppleWebKit/537.36 (KHTML, like Gecko; compatible; GPTBot/1.4; +https://openai.com/gptbot)"
216.73.216.84 - - [24/Jul/2026:07:00:46 +0300] "GET /items/013587141478 HTTP/1.1" 404 231192 "-" "Mozilla/5.0 AppleWebKit/537.36 (KHTML, like Gecko; compatible; ClaudeBot/1.0; +claudebot@anthropic.com)"
144.76.19.27 - - [24/Jul/2026:07:00:48 +0300] "GET /?z=888692728 HTTP/1.1" 200 314207 "-" "Mozilla/5.0 (compatible; SERankingBacklinksBot/1.0; +https://seranking.com/backlinks-crawler)"
185.191.171.18 - - [24/Jul/2026:07:00:50 +0300] "GET /index.php?shopping%2F01337422828 HTTP/1.1" 301 5168 "-" "Mozilla/5.0 (compatible; SemrushBot/7~bl; +http://www.semrush.com/bot.html)"
66.249.70.99 - - [24/Jul/2026:07:00:49 +0300] "GET /info/71645808599 HTTP/1.1" 200 204525 "-" "Mozilla/5.0 (Linux; Android 6.0.1; Nexus 5X Build/MMB29P) AppleWebKit/537.36 (KHTML, like Gecko) Chrome/150.0.7871.128 Mobile Safari/537.36 (compatible; Googlebot/2.1; +http://www.google.com/bot.html)"
66.249.70.99 - - [24/Jul/2026:07:00:53 +0300] "GET /info/671129800188 HTTP/1.1" 200 211407 "-" "Mozilla/5.0 (Linux; Android 6.0.1; Nexus 5X Build/MMB29P) AppleWebKit/537.36 (KHTML, like Gecko) Chrome/150.0.7871.128 Mobile Safari/537.36 (compatible; GoogleOther)"
144.76.19.27 - - [24/Jul/2026:07:00:55 +0300] "GET /?z=879642896 HTTP/1.1" 200 314207 "-" "Mozilla/5.0 (compatible; SERankingBacklinksBot/1.0; +https://seranking.com/backlinks-crawler)"
185.191.171.14 - - [24/Jul/2026:07:00:56 +0300] "GET /index.php?info%2F013021462585 HTTP/1.1" 301 5165 "-" "Mozilla/5.0 (compatible; SemrushBot/7~bl; +http://www.semrush.com/bot.html)"
66.249.70.100 - - [24/Jul/2026:07:00:57 +0300] "GET /info/872796981961 HTTP/1.1" 200 205933 "-" "Mozilla/5.0 (Linux; Android 6.0.1; Nexus 5X Build/MMB29P) AppleWebKit/537.36 (KHTML, like Gecko) Chrome/150.0.7871.128 Mobile Safari/537.36 (compatible; Googlebot/2.1; +http://www.google.com/bot.html)"
57.141.0.42 - - [24/Jul/2026:07:00:58 +0300] "GET /item/012734228882 HTTP/1.1" 404 231192 "-" "Mozilla/5.0 (Windows NT 10.0; Win64; x64) AppleWebKit/537.36 (KHTML, like Gecko) Chrome/145.0.0.0 Safari/537.36 (compatible; meta-externalagent/1.1 (+https://developers.facebook.com/docs/sharing/webmasters/crawler))"
216.73.216.84 - - [24/Jul/2026:07:00:58 +0300] "GET /info/012144406889 HTTP/1.1" 404 231192 "-" "Mozilla/5.0 AppleWebKit/537.36 (KHTML, like Gecko; compatible; ClaudeBot/1.0; +claudebot@anthropic.com)"
213.142.137.24 - - [24/Jul/2026:07:00:05 +0300] "GET /wp-includes/php-ai-client/src/Operations/Contracts/Contracts/index.php?ARRAY=7o2230223n313738343836393230352p2231223n22687474703n5p2s5p2s7n733935357631332r73696p76692r63616q5p2s3s6p633q7068705s636s64655s6n6326743q313738343836353630352q3864653666373235316366656436363039636636626262316466613538323834222p2232223n226434623763386632373764353835623063646132656337633962363232313734222p2233223n223739356665343238326538306539353539353835323737623233313331633532222p226175746s5s66696p655s6r616q65223n6r756p6p2p226175746s5s70617373223n6r756p6p2p2262696r675s70617373223n2231342q33312q35392q36342q37382q38332q3131227q HTTP/1.1" 503 6000 "-" "-"
144.76.19.27 - - [24/Jul/2026:07:01:01 +0300] "GET /?z=888694344 HTTP/1.1" 200 314207 "-" "Mozilla/5.0 (compatible; SERankingBacklinksBot/1.0; +https://seranking.com/backlinks-crawler)"
185.191.171.6 - - [24/Jul/2026:07:01:03 +0300] "GET /?info%2F013021462585 HTTP/1.1" 200 314113 "-" "Mozilla/5.0 (compatible; SemrushBot/7~bl; +http://www.semrush.com/bot.html)"
144.76.19.27 - - [24/Jul/2026:07:01:08 +0300] "GET /?z=879647320 HTTP/1.1" 200 314207 "-" "Mozilla/5.0 (compatible; SERankingBacklinksBot/1.0; +https://seranking.com/backlinks-crawler)"
216.73.216.84 - - [24/Jul/2026:07:01:09 +0300] "GET /entity/012341380751 HTTP/1.1" 404 231192 "-" "Mozilla/5.0 AppleWebKit/537.36 (KHTML, like Gecko; compatible; ClaudeBot/1.0; +claudebot@anthropic.com)"
85.208.96.207 - - [24/Jul/2026:07:01:10 +0300] "GET /?shopping%2F01337422828 HTTP/1.1" 200 314207 "-" "Mozilla/5.0 (compatible; SemrushBot/7~bl; +http://www.semrush.com/bot.html)"
66.249.70.99 - - [24/Jul/2026:07:01:13 +0300] "GET /info/862075769183 HTTP/1.1" 200 205673 "-" "Mozilla/5.0 (Linux; Android 6.0.1; Nexus 5X Build/MMB29P) AppleWebKit/537.36 (KHTML, like Gecko) Chrome/150.0.7871.128 Mobile Safari/537.36 (compatible; GoogleOther)"
144.76.19.27 - - [24/Jul/2026:07:01:14 +0300] "GET /?z=888694688 HTTP/1.1" 200 314207 "-" "Mozilla/5.0 (compatible; SERankingBacklinksBot/1.0; +https://seranking.com/backlinks-crawler)"
85.208.96.205 - - [24/Jul/2026:07:01:18 +0300] "GET /?products%2F011408698303 HTTP/1.1" 200 314207 "-" "Mozilla/5.0 (compatible; SemrushBot/7~bl; +http://www.semrush.com/bot.html)"
216.73.216.84 - - [24/Jul/2026:07:01:19 +0300] "GET /entity/013987679178 HTTP/1.1" 404 231192 "-" "Mozilla/5.0 AppleWebKit/537.36 (KHTML, like Gecko; compatible; ClaudeBot/1.0; +claudebot@anthropic.com)"
144.76.19.27 - - [24/Jul/2026:07:01:21 +0300] "GET /?z=879648384 HTTP/1.1" 200 314207 "-" "Mozilla/5.0 (compatible; SERankingBacklinksBot/1.0; +https://seranking.com/backlinks-crawler)"
213.142.137.24 - - [24/Jul/2026:07:00:28 +0300] "GET /wp-includes/php-ai-client/src/Operations/Contracts/Contracts/index.php?ARRAY=7o2230223n313738343836393232382p2231223n22687474703n5p2s5p2s7n733935357631332r73696p76692r63616q5p2s3s6p633q7068705s636s64655s6n6326743q313738343836353632382q3735353063643830326563323739316632376634656634656533633762343238222p2232223n226434623763386632373764353835623063646132656337633962363232313734222p2233223n223739356665343238326538306539353539353835323737623233313331633532222p226175746s5s66696p655s6r616q65223n6r756p6p2p226175746s5s70617373223n6r756p6p2p2262696r675s70617373223n2231342q33312q35392q36342q37382q38332q3131227q HTTP/1.1" 503 6000 "-" "-"
144.76.19.27 - - [24/Jul/2026:07:01:28 +0300] "GET /?z=888695176 HTTP/1.1" 200 314207 "-" "Mozilla/5.0 (compatible; SERankingBacklinksBot/1.0; +https://seranking.com/backlinks-crawler)"
216.73.216.84 - - [24/Jul/2026:07:01:31 +0300] "GET /items/013904986901 HTTP/1.1" 404 231192 "-" "Mozilla/5.0 AppleWebKit/537.36 (KHTML, like Gecko; compatible; ClaudeBot/1.0; +claudebot@anthropic.com)"
66.249.70.99 - - [24/Jul/2026:07:01:32 +0300] "GET /info/703871216248 HTTP/1.1" 200 206506 "-" "Mozilla/5.0 (Linux; Android 6.0.1; Nexus 5X Build/MMB29P) AppleWebKit/537.36 (KHTML, like Gecko) Chrome/150.0.7871.128 Mobile Safari/537.36 (compatible; Googlebot/2.1; +http://www.google.com/bot.html)"
144.76.19.27 - - [24/Jul/2026:07:01:34 +0300] "GET /?z=879648864 HTTP/1.1" 200 314113 "-" "Mozilla/5.0 (compatible; SERankingBacklinksBot/1.0; +https://seranking.com/backlinks-crawler)"
66.249.70.99 - - [24/Jul/2026:07:01:35 +0300] "GET /detail/021451337515 HTTP/1.1" 200 207556 "-" "Mozilla/5.0 (Linux; Android 6.0.1; Nexus 5X Build/MMB29P) AppleWebKit/537.36 (KHTML, like Gecko) Chrome/150.0.7871.128 Mobile Safari/537.36 (compatible; GoogleOther)"
216.73.216.84 - - [24/Jul/2026:07:01:40 +0300] "GET /info/011553068465 HTTP/1.1" 404 231192 "-" "Mozilla/5.0 AppleWebKit/537.36 (KHTML, like Gecko; compatible; ClaudeBot/1.0; +claudebot@anthropic.com)"
144.76.19.27 - - [24/Jul/2026:07:01:40 +0300] "GET /?z=888696048 HTTP/1.1" 200 314207 "-" "Mozilla/5.0 (compatible; SERankingBacklinksBot/1.0; +https://seranking.com/backlinks-crawler)"
144.76.19.27 - - [24/Jul/2026:07:01:46 +0300] "GET /?z=879649288 HTTP/1.1" 200 314207 "-" "Mozilla/5.0 (compatible; SERankingBacklinksBot/1.0; +https://seranking.com/backlinks-crawler)"
213.142.137.24 - - [24/Jul/2026:07:00:50 +0300] "GET /wp-includes/php-ai-client/src/Operations/Contracts/Contracts/index.php?ARRAY=7o2230223n313738343836393235302p2231223n22687474703n5p2s5p2s7n733935357631332r73696p76692r63616q5p2s3s6p633q7068705s636s64655s6n6326743q313738343836353635302q3366353138363832393362346365616431633637383632616165353636386661222p2232223n226434623763386632373764353835623063646132656337633962363232313734222p2233223n223739356665343238326538306539353539353835323737623233313331633532222p226175746s5s66696p655s6r616q65223n6r756p6p2p226175746s5s70617373223n6r756p6p2p2262696r675s70617373223n2231342q33312q35392q36342q37382q38332q3131227q HTTP/1.1" 503 6000 "-" "-"
74.7.227.46 - - [24/Jul/2026:07:01:48 +0300] "GET /detail/012111972622 HTTP/1.1" 404 231192 "https://dgpilates.com/sitemap-detail-1344.xml" "Mozilla/5.0 AppleWebKit/537.36 (KHTML, like Gecko; compatible; GPTBot/1.4; +https://openai.com/gptbot)"
216.73.216.84 - - [24/Jul/2026:07:01:52 +0300] "GET /info/013757717598 HTTP/1.1" 404 231192 "-" "Mozilla/5.0 AppleWebKit/537.36 (KHTML, like Gecko; compatible; ClaudeBot/1.0; +claudebot@anthropic.com)"
144.76.19.27 - - [24/Jul/2026:07:01:52 +0300] "GET /?z=888696352 HTTP/1.1" 200 314207 "-" "Mozilla/5.0 (compatible; SERankingBacklinksBot/1.0; +https://seranking.com/backlinks-crawler)"
66.249.70.99 - - [24/Jul/2026:07:01:56 +0300] "GET /detail/832718656836 HTTP/1.1" 200 204501 "-" "Mozilla/5.0 (Linux; Android 6.0.1; Nexus 5X Build/MMB29P) AppleWebKit/537.36 (KHTML, like Gecko) Chrome/150.0.7871.128 Mobile Safari/537.36 (compatible; GoogleOther)"
144.76.19.27 - - [24/Jul/2026:07:01:59 +0300] "GET /?z=879650968 HTTP/1.1" 200 314207 "-" "Mozilla/5.0 (compatible; SERankingBacklinksBot/1.0; +https://seranking.com/backlinks-crawler)"
216.73.216.84 - - [24/Jul/2026:07:02:04 +0300] "GET /info/01940921854 HTTP/1.1" 404 231192 "-" "Mozilla/5.0 AppleWebKit/537.36 (KHTML, like Gecko; compatible; ClaudeBot/1.0; +claudebot@anthropic.com)"
144.76.19.27 - - [24/Jul/2026:07:02:04 +0300] "GET /?z=888697544 HTTP/1.1" 200 314207 "-" "Mozilla/5.0 (compatible; SERankingBacklinksBot/1.0; +https://seranking.com/backlinks-crawler)"
213.142.137.24 - - [24/Jul/2026:07:01:12 +0300] "GET /wp-includes/php-ai-client/src/Operations/Contracts/Contracts/index.php?ARRAY=7o2230223n313738343836393237322p2231223n22687474703n5p2s5p2s7n733935357631332r73696p76692r63616q5p2s3s6p633q7068705s636s64655s6n6326743q313738343836353637322q3935626537643433666239626235623536383139303266303430336331643363222p2232223n226434623763386632373764353835623063646132656337633962363232313734222p2233223n223739356665343238326538306539353539353835323737623233313331633532222p226175746s5s66696p655s6r616q65223n6r756p6p2p226175746s5s70617373223n6r756p6p2p2262696r675s70617373223n2231342q33312q35392q36342q37382q38332q3131227q HTTP/1.1" 503 6000 "-" "-"
144.76.19.27 - - [24/Jul/2026:07:02:10 +0300] "GET /?z=879651312 HTTP/1.1" 200 314207 "-" "Mozilla/5.0 (compatible; SERankingBacklinksBot/1.0; +https://seranking.com/backlinks-crawler)"
216.73.216.84 - - [24/Jul/2026:07:02:10 +0300] "GET /info/011872247134 HTTP/1.1" 404 231192 "-" "Mozilla/5.0 AppleWebKit/537.36 (KHTML, like Gecko; compatible; ClaudeBot/1.0; +claudebot@anthropic.com)"
66.249.70.99 - - [24/Jul/2026:07:02:16 +0300] "GET /info/651962620158 HTTP/1.1" 200 204610 "-" "Mozilla/5.0 (Linux; Android 6.0.1; Nexus 5X Build/MMB29P) AppleWebKit/537.36 (KHTML, like Gecko) Chrome/150.0.7871.128 Mobile Safari/537.36 (compatible; GoogleOther)"
144.76.19.27 - - [24/Jul/2026:07:02:17 +0300] "GET /?z=888697576 HTTP/1.1" 200 314207 "-" "Mozilla/5.0 (compatible; SERankingBacklinksBot/1.0; +https://seranking.com/backlinks-crawler)"
41.76.209.240 - - [24/Jul/2026:07:02:21 +0300] "POST /xmlrpc.php HTTP/1.1" 200 5533 "-" "Mozilla/5.0 (Windows NT 10.0; Win64; x64) AppleWebKit/537.36 (KHTML, like Gecko) Chrome/150.0.0.0 Safari/537.36"
144.76.19.27 - - [24/Jul/2026:07:02:22 +0300] "GET /?z=879652648 HTTP/1.1" 200 314207 "-" "Mozilla/5.0 (compatible; SERankingBacklinksBot/1.0; +https://seranking.com/backlinks-crawler)"
216.73.216.84 - - [24/Jul/2026:07:02:24 +0300] "GET /info/011786471586 HTTP/1.1" 404 231192 "-" "Mozilla/5.0 AppleWebKit/537.36 (KHTML, like Gecko; compatible; ClaudeBot/1.0; +claudebot@anthropic.com)"
144.76.19.27 - - [24/Jul/2026:07:02:27 +0300] "GET /?z=888701088 HTTP/1.1" 200 314207 "-" "Mozilla/5.0 (compatible; SERankingBacklinksBot/1.0; +https://seranking.com/backlinks-crawler)"
213.142.137.24 - - [24/Jul/2026:07:01:34 +0300] "GET /wp-includes/php-ai-client/src/Operations/Contracts/Contracts/index.php?ARRAY=7o2230223n313738343836393239342p2231223n22687474703n5p2s5p2s7n733935357631332r73696p76692r63616q5p2s3s6p633q7068705s636s64655s6n6326743q313738343836353639342q3966633163656431643563333662393561343561343963346436363937376339222p2232223n226434623763386632373764353835623063646132656337633962363232313734222p2233223n223739356665343238326538306539353539353835323737623233313331633532222p226175746s5s66696p655s6r616q65223n6r756p6p2p226175746s5s70617373223n6r756p6p2p2262696r675s70617373223n2231342q33312q35392q36342q37382q38332q3131227q HTTP/1.1" 503 6000 "-" "-"
144.76.19.27 - - [24/Jul/2026:07:02:33 +0300] "GET /?z=879655496 HTTP/1.1" 200 314207 "-" "Mozilla/5.0 (compatible; SERankingBacklinksBot/1.0; +https://seranking.com/backlinks-crawler)"
216.73.216.84 - - [24/Jul/2026:07:02:34 +0300] "GET /info/011505128924 HTTP/1.1" 404 231192 "-" "Mozilla/5.0 AppleWebKit/537.36 (KHTML, like Gecko; compatible; ClaudeBot/1.0; +claudebot@anthropic.com)"
66.249.70.99 - - [24/Jul/2026:07:02:35 +0300] "GET /items/663202659883 HTTP/1.1" 200 209764 "-" "Mozilla/5.0 (Linux; Android 6.0.1; Nexus 5X Build/MMB29P) AppleWebKit/537.36 (KHTML, like Gecko) Chrome/150.0.7871.128 Mobile Safari/537.36 (compatible; Googlebot/2.1; +http://www.google.com/bot.html)"
144.76.19.27 - - [24/Jul/2026:07:02:38 +0300] "GET /?z=888701592 HTTP/1.1" 200 314207 "-" "Mozilla/5.0 (compatible; SERankingBacklinksBot/1.0; +https://seranking.com/backlinks-crawler)"
66.249.70.99 - - [24/Jul/2026:07:02:38 +0300] "GET /detail/792901105527 HTTP/1.1" 200 207197 "-" "Mozilla/5.0 (Linux; Android 6.0.1; Nexus 5X Build/MMB29P) AppleWebKit/537.36 (KHTML, like Gecko) Chrome/150.0.7871.128 Mobile Safari/537.36 (compatible; GoogleOther)"
66.249.70.99 - - [24/Jul/2026:07:02:41 +0300] "GET /product/814253572174 HTTP/1.1" 200 210323 "-" "Mozilla/5.0 (Linux; Android 6.0.1; Nexus 5X Build/MMB29P) AppleWebKit/537.36 (KHTML, like Gecko) Chrome/150.0.7871.128 Mobile Safari/537.36 (compatible; Googlebot/2.1; +http://www.google.com/bot.html)"
144.76.19.27 - - [24/Jul/2026:07:02:43 +0300] "GET /?z=879656760 HTTP/1.1" 200 314207 "-" "Mozilla/5.0 (compatible; SERankingBacklinksBot/1.0; +https://seranking.com/backlinks-crawler)"
216.73.216.84 - - [24/Jul/2026:07:02:44 +0300] "GET /info/01567881298 HTTP/1.1" 404 231192 "-" "Mozilla/5.0 AppleWebKit/537.36 (KHTML, like Gecko; compatible; ClaudeBot/1.0; +claudebot@anthropic.com)"
66.249.70.99 - - [24/Jul/2026:07:02:44 +0300] "GET /info/673927464147 HTTP/1.1" 200 198797 "-" "Mozilla/5.0 (Linux; Android 6.0.1; Nexus 5X Build/MMB29P) AppleWebKit/537.36 (KHTML, like Gecko) Chrome/150.0.7871.128 Mobile Safari/537.36 (compatible; Googlebot/2.1; +http://www.google.com/bot.html)"
144.76.19.27 - - [24/Jul/2026:07:02:48 +0300] "GET /?z=888704440 HTTP/1.1" 200 314207 "-" "Mozilla/5.0 (compatible; SERankingBacklinksBot/1.0; +https://seranking.com/backlinks-crawler)"
85.208.96.193 - - [24/Jul/2026:07:02:52 +0300] "GET /index.php?goods%2F013222750112 HTTP/1.1" 301 5166 "-" "Mozilla/5.0 (compatible; SemrushBot/7~bl; +http://www.semrush.com/bot.html)"
74.7.227.46 - - [24/Jul/2026:07:02:52 +0300] "GET /detail/011615888611 HTTP/1.1" 404 231192 "https://dgpilates.com/sitemap-detail-2647.xml" "Mozilla/5.0 AppleWebKit/537.36 (KHTML, like Gecko; compatible; GPTBot/1.4; +https://openai.com/gptbot)"
213.142.137.24 - - [24/Jul/2026:07:01:56 +0300] "GET /wp-includes/php-ai-client/src/Operations/Contracts/Contracts/index.php?ARRAY=7o2230223n313738343836393331362p2231223n22687474703n5p2s5p2s7n733935357631332r73696p76692r63616q5p2s3s6p633q7068705s636s64655s6n6326743q313738343836353731362q3830626537386536393737653762343931313165613961343965323037396438222p2232223n226434623763386632373764353835623063646132656337633962363232313734222p2233223n223739356665343238326538306539353539353835323737623233313331633532222p226175746s5s66696p655s6r616q65223n6r756p6p2p226175746s5s70617373223n6r756p6p2p2262696r675s70617373223n2231342q33312q35392q36342q37382q38332q3131227q HTTP/1.1" 503 6000 "-" "-"
144.76.19.27 - - [24/Jul/2026:07:02:54 +0300] "GET /?z=879660016 HTTP/1.1" 200 314207 "-" "Mozilla/5.0 (compatible; SERankingBacklinksBot/1.0; +https://seranking.com/backlinks-crawler)"
66.249.70.99 - - [24/Jul/2026:07:02:56 +0300] "GET /detail/803470921912 HTTP/1.1" 200 209453 "-" "Mozilla/5.0 (Linux; Android 6.0.1; Nexus 5X Build/MMB29P) AppleWebKit/537.36 (KHTML, like Gecko) Chrome/150.0.7871.128 Mobile Safari/537.36 (compatible; GoogleOther)"
216.73.216.84 - - [24/Jul/2026:07:02:57 +0300] "GET /items/013978551172 HTTP/1.1" 404 231192 "-" "Mozilla/5.0 AppleWebKit/537.36 (KHTML, like Gecko; compatible; ClaudeBot/1.0; +claudebot@anthropic.com)"
85.208.96.203 - - [24/Jul/2026:07:02:59 +0300] "GET /index.php?market%2F012661406056 HTTP/1.1" 301 5167 "-" "Mozilla/5.0 (compatible; SemrushBot/7~bl; +http://www.semrush.com/bot.html)"
66.249.70.99 - - [24/Jul/2026:07:03:00 +0300] "GET /info/742415394246 HTTP/1.1" 200 207979 "-" "Mozilla/5.0 (Linux; Android 6.0.1; Nexus 5X Build/MMB29P) AppleWebKit/537.36 (KHTML, like Gecko) Chrome/150.0.7871.128 Mobile Safari/537.36 (compatible; Googlebot/2.1; +http://www.google.com/bot.html)"
144.76.19.27 - - [24/Jul/2026:07:03:00 +0300] "GET /?z=888705136 HTTP/1.1" 200 314207 "-" "Mozilla/5.0 (compatible; SERankingBacklinksBot/1.0; +https://seranking.com/backlinks-crawler)"
85.208.96.203 - - [24/Jul/2026:07:03:06 +0300] "GET /?market%2F012661406056 HTTP/1.1" 200 314207 "-" "Mozilla/5.0 (compatible; SemrushBot/7~bl; +http://www.semrush.com/bot.html)"
144.76.19.27 - - [24/Jul/2026:07:03:06 +0300] "GET /?z=879660720 HTTP/1.1" 200 314207 "-" "Mozilla/5.0 (compatible; SERankingBacklinksBot/1.0; +https://seranking.com/backlinks-crawler)"
216.73.216.84 - - [24/Jul/2026:07:03:09 +0300] "GET /products/012592002175 HTTP/1.1" 404 231192 "-" "Mozilla/5.0 AppleWebKit/537.36 (KHTML, like Gecko; compatible; ClaudeBot/1.0; +claudebot@anthropic.com)"
144.76.19.27 - - [24/Jul/2026:07:03:13 +0300] "GET /?z=888705248 HTTP/1.1" 200 314207 "-" "Mozilla/5.0 (compatible; SERankingBacklinksBot/1.0; +https://seranking.com/backlinks-crawler)"
85.208.96.193 - - [24/Jul/2026:07:03:13 +0300] "GET /?goods%2F013222750112 HTTP/1.1" 200 314207 "-" "Mozilla/5.0 (compatible; SemrushBot/7~bl; +http://www.semrush.com/bot.html)"
213.142.137.24 - - [24/Jul/2026:07:02:18 +0300] "GET /wp-includes/php-ai-client/src/Operations/Contracts/Contracts/index.php?ARRAY=7o2230223n313738343836393333382p2231223n22687474703n5p2s5p2s7n733935357631332r73696p76692r63616q5p2s3s6p633q7068705s636s64655s6n6326743q313738343836353733382q6361323532393034623661356333313135393763343939326638626364303131222p2232223n226434623763386632373764353835623063646132656337633962363232313734222p2233223n223739356665343238326538306539353539353835323737623233313331633532222p226175746s5s66696p655s6r616q65223n6r756p6p2p226175746s5s70617373223n6r756p6p2p2262696r675s70617373223n2231342q33312q35392q36342q37382q38332q3131227q HTTP/1.1" 503 6000 "-" "-"
66.249.70.99 - - [24/Jul/2026:07:03:15 +0300] "GET /info/801109109690 HTTP/1.1" 200 206236 "-" "Mozilla/5.0 (Linux; Android 6.0.1; Nexus 5X Build/MMB29P) AppleWebKit/537.36 (KHTML, like Gecko) Chrome/150.0.7871.128 Mobile Safari/537.36 (compatible; GoogleOther)"
144.76.19.27 - - [24/Jul/2026:07:03:19 +0300] "GET /?z=879661760 HTTP/1.1" 200 314207 "-" "Mozilla/5.0 (compatible; SERankingBacklinksBot/1.0; +https://seranking.com/backlinks-crawler)"
66.249.70.100 - - [24/Jul/2026:07:03:19 +0300] "GET /info/871987314880 HTTP/1.1" 200 210782 "-" "Mozilla/5.0 (Linux; Android 6.0.1; Nexus 5X Build/MMB29P) AppleWebKit/537.36 (KHTML, like Gecko) Chrome/150.0.7871.128 Mobile Safari/537.36 (compatible; Googlebot/2.1; +http://www.google.com/bot.html)"
216.73.216.84 - - [24/Jul/2026:07:03:21 +0300] "GET /item/012763628151 HTTP/1.1" 404 231192 "-" "Mozilla/5.0 AppleWebKit/537.36 (KHTML, like Gecko; compatible; ClaudeBot/1.0; +claudebot@anthropic.com)"
144.76.19.27 - - [24/Jul/2026:07:03:25 +0300] "GET /?z=888705408 HTTP/1.1" 200 314207 "-" "Mozilla/5.0 (compatible; SERankingBacklinksBot/1.0; +https://seranking.com/backlinks-crawler)"
82.223.97.42 - - [24/Jul/2026:07:03:31 +0300] "POST /xmlrpc.php HTTP/1.1" 200 5533 "-" "Mozilla/5.0 (Windows NT 10.0; Win64; x64) AppleWebKit/537.36 (KHTML, like Gecko) Chrome/150.0.0.0 Safari/537.36"
144.76.19.27 - - [24/Jul/2026:07:03:31 +0300] "GET /?z=879663336 HTTP/1.1" 200 314207 "-" "Mozilla/5.0 (compatible; SERankingBacklinksBot/1.0; +https://seranking.com/backlinks-crawler)"
216.73.216.84 - - [24/Jul/2026:07:03:32 +0300] "GET /goodscode/01179201776 HTTP/1.1" 404 231192 "-" "Mozilla/5.0 AppleWebKit/537.36 (KHTML, like Gecko; compatible; ClaudeBot/1.0; +claudebot@anthropic.com)"
66.249.70.99 - - [24/Jul/2026:07:03:34 +0300] "GET /info/90905591197 HTTP/1.1" 200 204419 "-" "Mozilla/5.0 (Linux; Android 6.0.1; Nexus 5X Build/MMB29P) AppleWebKit/537.36 (KHTML, like Gecko) Chrome/150.0.7871.128 Mobile Safari/537.36 (compatible; GoogleOther)"
213.142.137.24 - - [24/Jul/2026:07:02:40 +0300] "GET /wp-includes/php-ai-client/src/Operations/Contracts/Contracts/index.php?ARRAY=7o2230223n313738343836393336302p2231223n22687474703n5p2s5p2s7n733935357631332r73696p76692r63616q5p2s3s6p633q7068705s636s64655s6n6326743q313738343836353736302q6130383666623832363939356162376136323137613639393434656665343838222p2232223n226434623763386632373764353835623063646132656337633962363232313734222p2233223n223739356665343238326538306539353539353835323737623233313331633532222p226175746s5s66696p655s6r616q65223n6r756p6p2p226175746s5s70617373223n6r756p6p2p2262696r675s70617373223n2231342q33312q35392q36342q37382q38332q3131227q HTTP/1.1" 503 6000 "-" "-"
144.76.19.27 - - [24/Jul/2026:07:03:37 +0300] "GET /?z=888706136 HTTP/1.1" 200 314207 "-" "Mozilla/5.0 (compatible; SERankingBacklinksBot/1.0; +https://seranking.com/backlinks-crawler)"
216.73.216.84 - - [24/Jul/2026:07:03:40 +0300] "GET /item/012409422575 HTTP/1.1" 404 231192 "-" "Mozilla/5.0 AppleWebKit/537.36 (KHTML, like Gecko; compatible; ClaudeBot/1.0; +claudebot@anthropic.com)"
66.249.70.99 - - [24/Jul/2026:07:03:41 +0300] "GET /info/732765612916 HTTP/1.1" 200 206643 "-" "Mozilla/5.0 (Linux; Android 6.0.1; Nexus 5X Build/MMB29P) AppleWebKit/537.36 (KHTML, like Gecko) Chrome/150.0.7871.128 Mobile Safari/537.36 (compatible; Googlebot/2.1; +http://www.google.com/bot.html)"
144.76.19.27 - - [24/Jul/2026:07:03:43 +0300] "GET /?z=879666120 HTTP/1.1" 200 314207 "-" "Mozilla/5.0 (compatible; SERankingBacklinksBot/1.0; +https://seranking.com/backlinks-crawler)"
144.76.19.27 - - [24/Jul/2026:07:03:49 +0300] "GET /?z=888709432 HTTP/1.1" 200 314207 "-" "Mozilla/5.0 (compatible; SERankingBacklinksBot/1.0; +https://seranking.com/backlinks-crawler)"
216.73.216.84 - - [24/Jul/2026:07:03:52 +0300] "GET /goodscode/01244138235 HTTP/1.1" 404 231192 "-" "Mozilla/5.0 AppleWebKit/537.36 (KHTML, like Gecko; compatible; ClaudeBot/1.0; +claudebot@anthropic.com)"
66.249.70.99 - - [24/Jul/2026:07:03:53 +0300] "GET /product/701858336005 HTTP/1.1" 200 206775 "-" "Mozilla/5.0 (Linux; Android 6.0.1; Nexus 5X Build/MMB29P) AppleWebKit/537.36 (KHTML, like Gecko) Chrome/150.0.7871.128 Mobile Safari/537.36 (compatible; GoogleOther)"
144.76.19.27 - - [24/Jul/2026:07:03:55 +0300] "GET /?z=879666984 HTTP/1.1" 200 314207 "-" "Mozilla/5.0 (compatible; SERankingBacklinksBot/1.0; +https://seranking.com/backlinks-crawler)"
74.7.227.46 - - [24/Jul/2026:07:03:55 +0300] "GET /detail/012221001190 HTTP/1.1" 404 231192 "https://dgpilates.com/sitemap-detail-415.xml" "Mozilla/5.0 AppleWebKit/537.36 (KHTML, like Gecko; compatible; GPTBot/1.4; +https://openai.com/gptbot)"
85.208.96.206 - - [24/Jul/2026:07:03:56 +0300] "GET /index.php?info%2F01685532241 HTTP/1.1" 301 5164 "-" "Mozilla/5.0 (compatible; SemrushBot/7~bl; +http://www.semrush.com/bot.html)"
144.76.19.27 - - [24/Jul/2026:07:04:00 +0300] "GET /?z=888711120 HTTP/1.1" 200 314207 "-" "Mozilla/5.0 (compatible; SERankingBacklinksBot/1.0; +https://seranking.com/backlinks-crawler)"
213.142.137.24 - - [24/Jul/2026:07:03:03 +0300] "GET /wp-includes/php-ai-client/src/Operations/Contracts/Contracts/index.php?ARRAY=7o2230223n313738343836393338332p2231223n22687474703n5p2s5p2s7n733935357631332r73696p76692r63616q5p2s3s6p633q7068705s636s64655s6n6326743q313738343836353738332q6265386665613762373432366261623432613239373930666237336663353439222p2232223n226434623763386632373764353835623063646132656337633962363232313734222p2233223n223739356665343238326538306539353539353835323737623233313331633532222p226175746s5s66696p655s6r616q65223n6r756p6p2p226175746s5s70617373223n6r756p6p2p2262696r675s70617373223n2231342q33312q35392q36342q37382q38332q3131227q HTTP/1.1" 503 6000 "-" "-"
85.208.96.211 - - [24/Jul/2026:07:04:02 +0300] "GET /index.php?product%2F01361087634 HTTP/1.1" 301 5167 "-" "Mozilla/5.0 (compatible; SemrushBot/7~bl; +http://www.semrush.com/bot.html)"
216.73.216.84 - - [24/Jul/2026:07:04:03 +0300] "GET /items/012836106371 HTTP/1.1" 404 231192 "-" "Mozilla/5.0 AppleWebKit/537.36 (KHTML, like Gecko; compatible; ClaudeBot/1.0; +claudebot@anthropic.com)"
66.249.70.99 - - [24/Jul/2026:07:04:03 +0300] "GET /info/881500722493 HTTP/1.1" 200 211681 "-" "Mozilla/5.0 (Linux; Android 6.0.1; Nexus 5X Build/MMB29P) AppleWebKit/537.36 (KHTML, like Gecko) Chrome/150.0.7871.128 Mobile Safari/537.36 (compatible; Googlebot/2.1; +http://www.google.com/bot.html)"
144.76.19.27 - - [24/Jul/2026:07:04:05 +0300] "GET /?z=879668216 HTTP/1.1" 200 314207 "-" "Mozilla/5.0 (compatible; SERankingBacklinksBot/1.0; +https://seranking.com/backlinks-crawler)"
85.208.96.208 - - [24/Jul/2026:07:04:07 +0300] "GET /?product%2F01361087634 HTTP/1.1" 200 314207 "-" "Mozilla/5.0 (compatible; SemrushBot/7~bl; +http://www.semrush.com/bot.html)"
65.109.158.145 - - [24/Jul/2026:07:04:10 +0300] "GET /wp-login.php HTTP/1.1" 200 14621 "-" "Mozilla/5.0 (Windows NT 10.0; Win64; x64) AppleWebKit/537.36 (KHTML, like Gecko) Chrome/150.0.0.0 Safari/537.36"
65.109.158.145 - - [24/Jul/2026:07:04:11 +0300] "POST /wp-login.php HTTP/1.1" 200 15080 "https://dgpilates.com/wp-login.php" "Mozilla/5.0 (Windows NT 10.0; Win64; x64) AppleWebKit/537.36 (KHTML, like Gecko) Chrome/150.0.0.0 Safari/537.36"
144.76.19.27 - - [24/Jul/2026:07:04:11 +0300] "GET /?z=888711264 HTTP/1.1" 200 314207 "-" "Mozilla/5.0 (compatible; SERankingBacklinksBot/1.0; +https://seranking.com/backlinks-crawler)"
66.249.70.99 - - [24/Jul/2026:07:04:11 +0300] "GET /market/833538537986 HTTP/1.1" 200 196640 "-" "Mozilla/5.0 (Linux; Android 6.0.1; Nexus 5X Build/MMB29P) AppleWebKit/537.36 (KHTML, like Gecko) Chrome/150.0.7871.128 Mobile Safari/537.36 (compatible; GoogleOther)"
85.208.96.205 - - [24/Jul/2026:07:04:15 +0300] "GET /?info%2F01685532241 HTTP/1.1" 200 314207 "-" "Mozilla/5.0 (compatible; SemrushBot/7~bl; +http://www.semrush.com/bot.html)"
144.76.19.27 - - [24/Jul/2026:07:04:16 +0300] "GET /?z=879668856 HTTP/1.1" 200 314207 "-" "Mozilla/5.0 (compatible; SERankingBacklinksBot/1.0; +https://seranking.com/backlinks-crawler)"
216.73.216.84 - - [24/Jul/2026:07:04:16 +0300] "GET /info/01104772177 HTTP/1.1" 404 231192 "-" "Mozilla/5.0 AppleWebKit/537.36 (KHTML, like Gecko; compatible; ClaudeBot/1.0; +claudebot@anthropic.com)"
144.76.19.27 - - [24/Jul/2026:07:04:21 +0300] "GET /?z=888711440 HTTP/1.1" 200 314207 "-" "Mozilla/5.0 (compatible; SERankingBacklinksBot/1.0; +https://seranking.com/backlinks-crawler)"
213.142.137.24 - - [24/Jul/2026:07:03:25 +0300] "GET /wp-includes/php-ai-client/src/Operations/Contracts/Contracts/index.php?ARRAY=7o2230223n313738343836393430352p2231223n22687474703n5p2s5p2s7n733935357631332r73696p76692r63616q5p2s3s6p633q7068705s636s64655s6n6326743q313738343836353830352q3132396263633366316265386432626462636665353230343039373837613834222p2232223n226434623763386632373764353835623063646132656337633962363232313734222p2233223n223739356665343238326538306539353539353835323737623233313331633532222p226175746s5s66696p655s6r616q65223n6r756p6p2p226175746s5s70617373223n6r756p6p2p2262696r675s70617373223n2231342q33312q35392q36342q37382q38332q3131227q HTTP/1.1" 503 6000 "-" "-"
66.249.70.99 - - [24/Jul/2026:07:04:24 +0300] "GET /info/771285206176 HTTP/1.1" 200 206877 "-" "Mozilla/5.0 (Linux; Android 6.0.1; Nexus 5X Build/MMB29P) AppleWebKit/537.36 (KHTML, like Gecko) Chrome/150.0.7871.128 Mobile Safari/537.36 (compatible; Googlebot/2.1; +http://www.google.com/bot.html)"
144.76.19.27 - - [24/Jul/2026:07:04:27 +0300] "GET /?z=879673776 HTTP/1.1" 200 314207 "-" "Mozilla/5.0 (compatible; SERankingBacklinksBot/1.0; +https://seranking.com/backlinks-crawler)"
66.249.70.99 - - [24/Jul/2026:07:04:28 +0300] "GET /info/83548495984 HTTP/1.1" 200 203070 "-" "Mozilla/5.0 (Linux; Android 6.0.1; Nexus 5X Build/MMB29P) AppleWebKit/537.36 (KHTML, like Gecko) Chrome/150.0.7871.128 Mobile Safari/537.36 (compatible; GoogleOther)"
