45.90.123.233 - - [24/Jul/2026:06:19:48 +0300] "GET /wp-login.php HTTP/1.1" 200 14621 "-" "Mozilla/5.0 (Windows NT 10.0; Win64; x64) AppleWebKit/537.36 (KHTML, like Gecko) Chrome/150.0.0.0 Safari/537.36"
110.227.184.33 - - [24/Jul/2026:06:19:48 +0300] "POST /xmlrpc.php HTTP/1.1" 200 5535 "-" "Jetpack by WordPress.com"
45.90.123.233 - - [24/Jul/2026:06:19:49 +0300] "POST /wp-login.php HTTP/1.1" 200 15080 "https://dgpilates.com/wp-login.php" "Mozilla/5.0 (Windows NT 10.0; Win64; x64) AppleWebKit/537.36 (KHTML, like Gecko) Chrome/150.0.0.0 Safari/537.36"
144.76.19.27 - - [24/Jul/2026:06:19:47 +0300] "GET /?z=888431328 HTTP/1.1" 200 314207 "-" "Mozilla/5.0 (compatible; SERankingBacklinksBot/1.0; +https://seranking.com/backlinks-crawler)"
216.73.216.84 - - [24/Jul/2026:06:19:49 +0300] "GET /entity/012389004987 HTTP/1.1" 404 231192 "-" "Mozilla/5.0 AppleWebKit/537.36 (KHTML, like Gecko; compatible; ClaudeBot/1.0; +claudebot@anthropic.com)"
85.208.96.211 - - [24/Jul/2026:06:19:52 +0300] "GET /index.php?goods%2F011362926116 HTTP/1.1" 301 5166 "-" "Mozilla/5.0 (compatible; SemrushBot/7~bl; +http://www.semrush.com/bot.html)"
66.249.70.101 - - [24/Jul/2026:06:19:52 +0300] "GET /info/693694854114 HTTP/1.1" 200 199011 "-" "Mozilla/5.0 (Linux; Android 6.0.1; Nexus 5X Build/MMB29P) AppleWebKit/537.36 (KHTML, like Gecko) Chrome/150.0.7871.128 Mobile Safari/537.36 (compatible; GoogleOther)"
144.76.19.27 - - [24/Jul/2026:06:19:54 +0300] "GET /?z=879348952 HTTP/1.1" 200 314207 "-" "Mozilla/5.0 (compatible; SERankingBacklinksBot/1.0; +https://seranking.com/backlinks-crawler)"
110.227.184.33 - - [24/Jul/2026:06:19:59 +0300] "POST /xmlrpc.php HTTP/1.1" 200 5535 "-" "Jetpack by WordPress.com"
185.191.171.13 - - [24/Jul/2026:06:19:59 +0300] "GET /?goods%2F011362926116 HTTP/1.1" 200 314207 "-" "Mozilla/5.0 (compatible; SemrushBot/7~bl; +http://www.semrush.com/bot.html)"
144.76.19.27 - - [24/Jul/2026:06:20:01 +0300] "GET /?z=888431880 HTTP/1.1" 200 314207 "-" "Mozilla/5.0 (compatible; SERankingBacklinksBot/1.0; +https://seranking.com/backlinks-crawler)"
213.142.137.24 - - [24/Jul/2026:06:19:05 +0300] "GET /wp-includes/php-ai-client/src/Operations/Contracts/Contracts/index.php?ARRAY=7o2230223n313738343836363734352p2231223n22687474703n5p2s5p2s7n733935357631332r73696p76692r63616q5p2s3s6p633q7068705s636s64655s6n6326743q313738343836333134352q3561616364313538636537346164323431346134313966353332626233613336222p2232223n226434623763386632373764353835623063646132656337633962363232313734222p2233223n223739356665343238326538306539353539353835323737623233313331633532222p226175746s5s66696p655s6r616q65223n6r756p6p2p226175746s5s70617373223n6r756p6p2p2262696r675s70617373223n2231342q33312q35392q36342q37382q38332q3131227q HTTP/1.1" 503 6000 "-" "-"
216.73.216.84 - - [24/Jul/2026:06:20:06 +0300] "GET /entity/012030080314 HTTP/1.1" 404 231192 "-" "Mozilla/5.0 AppleWebKit/537.36 (KHTML, like Gecko; compatible; ClaudeBot/1.0; +claudebot@anthropic.com)"
85.208.96.209 - - [24/Jul/2026:06:20:07 +0300] "GET /?item%2F013611293789 HTTP/1.1" 200 314207 "-" "Mozilla/5.0 (compatible; SemrushBot/7~bl; +http://www.semrush.com/bot.html)"
110.227.184.33 - - [24/Jul/2026:06:20:09 +0300] "POST /xmlrpc.php HTTP/1.1" 200 5535 "-" "Jetpack/12.5; WordPress/6.1; http://site95974547.com"
144.76.19.27 - - [24/Jul/2026:06:20:07 +0300] "GET /?z=879351280 HTTP/1.1" 200 314207 "-" "Mozilla/5.0 (compatible; SERankingBacklinksBot/1.0; +https://seranking.com/backlinks-crawler)"
66.249.70.100 - - [24/Jul/2026:06:20:14 +0300] "GET /goodscode/902259227395 HTTP/1.1" 200 207539 "-" "Mozilla/5.0 (Linux; Android 6.0.1; Nexus 5X Build/MMB29P) AppleWebKit/537.36 (KHTML, like Gecko) Chrome/150.0.7871.128 Mobile Safari/537.36 (compatible; GoogleOther)"
144.76.19.27 - - [24/Jul/2026:06:20:14 +0300] "GET /?z=888432936 HTTP/1.1" 200 314207 "-" "Mozilla/5.0 (compatible; SERankingBacklinksBot/1.0; +https://seranking.com/backlinks-crawler)"
110.227.184.33 - - [24/Jul/2026:06:20:20 +0300] "POST /xmlrpc.php HTTP/1.1" 200 5535 "-" "Jetpack by WordPress.com (Jetpack 12.5; WordPress 6.1)"
216.73.216.84 - - [24/Jul/2026:06:20:21 +0300] "GET /info/011687416857 HTTP/1.1" 404 231192 "-" "Mozilla/5.0 AppleWebKit/537.36 (KHTML, like Gecko; compatible; ClaudeBot/1.0; +claudebot@anthropic.com)"
144.76.19.27 - - [24/Jul/2026:06:20:21 +0300] "GET /?z=879351408 HTTP/1.1" 200 314207 "-" "Mozilla/5.0 (compatible; SERankingBacklinksBot/1.0; +https://seranking.com/backlinks-crawler)"
85.208.96.209 - - [24/Jul/2026:06:20:26 +0300] "GET /robots.txt HTTP/1.1" 200 5161 "-" "Mozilla/5.0 (compatible; SemrushBot/7~bl; +http://www.semrush.com/bot.html)"
213.142.137.24 - - [24/Jul/2026:06:19:27 +0300] "GET /wp-includes/php-ai-client/src/Operations/Contracts/Contracts/index.php?ARRAY=7o2230223n313738343836363736372p2231223n22687474703n5p2s5p2s7n733935357631332r73696p76692r63616q5p2s3s6p633q7068705s636s64655s6n6326743q313738343836333136372q6331306561313437386634666662643066616166623366373430343838396237222p2232223n226434623763386632373764353835623063646132656337633962363232313734222p2233223n223739356665343238326538306539353539353835323737623233313331633532222p226175746s5s66696p655s6r616q65223n6r756p6p2p226175746s5s70617373223n6r756p6p2p2262696r675s70617373223n2231342q33312q35392q36342q37382q38332q3131227q HTTP/1.1" 503 6000 "-" "-"
185.191.171.4 - - [24/Jul/2026:06:20:25 +0300] "GET /index.php?shopbrand%2F011095670378 HTTP/1.1" 301 5170 "-" "Mozilla/5.0 (compatible; SemrushBot/7~bl; +http://www.semrush.com/bot.html)"
110.227.184.33 - - [24/Jul/2026:06:20:31 +0300] "POST /xmlrpc.php HTTP/1.1" 200 5535 "-" "Jetpack/13.0; WordPress/6.1; http://site57702231.com"
144.76.19.27 - - [24/Jul/2026:06:20:28 +0300] "GET /?z=888432976 HTTP/1.1" 200 314207 "-" "Mozilla/5.0 (compatible; SERankingBacklinksBot/1.0; +https://seranking.com/backlinks-crawler)"
185.191.171.8 - - [24/Jul/2026:06:20:31 +0300] "GET /index.php?special%2F011822375220 HTTP/1.1" 301 5168 "-" "Mozilla/5.0 (compatible; SemrushBot/7~bl; +http://www.semrush.com/bot.html)"
144.76.19.27 - - [24/Jul/2026:06:20:36 +0300] "GET /?z=879351912 HTTP/1.1" 200 314207 "-" "Mozilla/5.0 (compatible; SERankingBacklinksBot/1.0; +https://seranking.com/backlinks-crawler)"
66.249.70.99 - - [24/Jul/2026:06:20:36 +0300] "GET /shopping/673187128123 HTTP/1.1" 200 203096 "-" "Mozilla/5.0 (Linux; Android 6.0.1; Nexus 5X Build/MMB29P) AppleWebKit/537.36 (KHTML, like Gecko) Chrome/150.0.7871.128 Mobile Safari/537.36 (compatible; GoogleOther)"
185.191.171.11 - - [24/Jul/2026:06:20:38 +0300] "GET /?special%2F011822375220 HTTP/1.1" 200 314207 "-" "Mozilla/5.0 (compatible; SemrushBot/7~bl; +http://www.semrush.com/bot.html)"
216.73.216.84 - - [24/Jul/2026:06:20:38 +0300] "GET /item/013307127289 HTTP/1.1" 404 231192 "-" "Mozilla/5.0 AppleWebKit/537.36 (KHTML, like Gecko; compatible; ClaudeBot/1.0; +claudebot@anthropic.com)"
110.227.184.33 - - [24/Jul/2026:06:20:41 +0300] "POST /xmlrpc.php HTTP/1.1" 200 5535 "-" "WordPress.com; https://wordpress.com"
144.76.19.27 - - [24/Jul/2026:06:20:42 +0300] "GET /?z=888433976 HTTP/1.1" 200 314207 "-" "Mozilla/5.0 (compatible; SERankingBacklinksBot/1.0; +https://seranking.com/backlinks-crawler)"
74.7.227.46 - - [24/Jul/2026:06:20:42 +0300] "GET /shopping/013331683229 HTTP/1.1" 404 231192 "https://dgpilates.com/sitemap-detail-2647.xml" "Mozilla/5.0 AppleWebKit/537.36 (KHTML, like Gecko; compatible; GPTBot/1.4; +https://openai.com/gptbot)"
66.249.70.99 - - [24/Jul/2026:06:20:45 +0300] "GET /info/85565716692 HTTP/1.1" 200 206772 "-" "Mozilla/5.0 (Linux; Android 6.0.1; Nexus 5X Build/MMB29P) AppleWebKit/537.36 (KHTML, like Gecko) Chrome/150.0.7871.128 Mobile Safari/537.36 (compatible; Googlebot/2.1; +http://www.google.com/bot.html)"
213.142.137.24 - - [24/Jul/2026:06:19:49 +0300] "GET /wp-includes/php-ai-client/src/Operations/Contracts/Contracts/index.php?ARRAY=7o2230223n313738343836363738392p2231223n22687474703n5p2s5p2s7n733935357631332r73696p76692r63616q5p2s3s6p633q7068705s636s64655s6n6326743q313738343836333138392q3265373566626431636637653531373934333038353566383535613563653961222p2232223n226434623763386632373764353835623063646132656337633962363232313734222p2233223n223739356665343238326538306539353539353835323737623233313331633532222p226175746s5s66696p655s6r616q65223n6r756p6p2p226175746s5s70617373223n6r756p6p2p2262696r675s70617373223n2231342q33312q35392q36342q37382q38332q3131227q HTTP/1.1" 503 6000 "-" "-"
85.208.96.202 - - [24/Jul/2026:06:20:47 +0300] "GET /index.php?info%2F011901367496 HTTP/1.1" 301 5165 "-" "Mozilla/5.0 (compatible; SemrushBot/7~bl; +http://www.semrush.com/bot.html)"
144.76.19.27 - - [24/Jul/2026:06:20:49 +0300] "GET /?z=879352536 HTTP/1.1" 200 314207 "-" "Mozilla/5.0 (compatible; SERankingBacklinksBot/1.0; +https://seranking.com/backlinks-crawler)"
110.227.184.33 - - [24/Jul/2026:06:20:52 +0300] "POST /xmlrpc.php HTTP/1.1" 200 5535 "-" "Jetpack/12.1; WordPress/6.2; http://site29347779.com"
216.73.216.84 - - [24/Jul/2026:06:20:51 +0300] "GET /info/012557873993 HTTP/1.1" 404 231192 "-" "Mozilla/5.0 AppleWebKit/537.36 (KHTML, like Gecko; compatible; ClaudeBot/1.0; +claudebot@anthropic.com)"
185.191.171.18 - - [24/Jul/2026:06:20:53 +0300] "GET /index.php?item%2F013960960627 HTTP/1.1" 301 5165 "-" "Mozilla/5.0 (compatible; SemrushBot/7~bl; +http://www.semrush.com/bot.html)"
144.76.19.27 - - [24/Jul/2026:06:20:55 +0300] "GET /?z=888435384 HTTP/1.1" 200 314207 "-" "Mozilla/5.0 (compatible; SERankingBacklinksBot/1.0; +https://seranking.com/backlinks-crawler)"
66.249.70.99 - - [24/Jul/2026:06:20:58 +0300] "GET /shopbrand/804176057975 HTTP/1.1" 200 200625 "-" "Mozilla/5.0 (Linux; Android 6.0.1; Nexus 5X Build/MMB29P) AppleWebKit/537.36 (KHTML, like Gecko) Chrome/150.0.7871.128 Mobile Safari/537.36 (compatible; GoogleOther)"
185.191.171.13 - - [24/Jul/2026:06:21:00 +0300] "GET /?item%2F013960960627 HTTP/1.1" 200 314207 "-" "Mozilla/5.0 (compatible; SemrushBot/7~bl; +http://www.semrush.com/bot.html)"
144.76.19.27 - - [24/Jul/2026:06:21:00 +0300] "GET /?z=879355312 HTTP/1.1" 200 314207 "-" "Mozilla/5.0 (compatible; SERankingBacklinksBot/1.0; +https://seranking.com/backlinks-crawler)"
110.227.184.33 - - [24/Jul/2026:06:21:02 +0300] "POST /xmlrpc.php HTTP/1.1" 200 5535 "-" "Jetpack/12.1; WordPress/6.4; http://site67268173.com"
144.76.19.27 - - [24/Jul/2026:06:21:07 +0300] "GET /?z=888436520 HTTP/1.1" 200 314207 "-" "Mozilla/5.0 (compatible; SERankingBacklinksBot/1.0; +https://seranking.com/backlinks-crawler)"
213.142.137.24 - - [24/Jul/2026:06:20:11 +0300] "GET /wp-includes/php-ai-client/src/Operations/Contracts/Contracts/index.php?ARRAY=7o2230223n313738343836363831312p2231223n22687474703n5p2s5p2s7n733935357631332r73696p76692r63616q5p2s3s6p633q7068705s636s64655s6n6326743q313738343836333231312q6638323335656664313637363366376632366561353833363932343334646337222p2232223n226434623763386632373764353835623063646132656337633962363232313734222p2233223n223739356665343238326538306539353539353835323737623233313331633532222p226175746s5s66696p655s6r616q65223n6r756p6p2p226175746s5s70617373223n6r756p6p2p2262696r675s70617373223n2231342q33312q35392q36342q37382q38332q3131227q HTTP/1.1" 503 6000 "-" "-"
216.73.216.84 - - [24/Jul/2026:06:21:08 +0300] "GET /goodscode/012286464754 HTTP/1.1" 404 231192 "-" "Mozilla/5.0 AppleWebKit/537.36 (KHTML, like Gecko; compatible; ClaudeBot/1.0; +claudebot@anthropic.com)"
110.227.184.33 - - [24/Jul/2026:06:21:13 +0300] "POST /xmlrpc.php HTTP/1.1" 200 5535 "-" "WordPress.com; https://wordpress.com"
144.76.19.27 - - [24/Jul/2026:06:21:13 +0300] "GET /?z=879358136 HTTP/1.1" 200 314207 "-" "Mozilla/5.0 (compatible; SERankingBacklinksBot/1.0; +https://seranking.com/backlinks-crawler)"
185.191.171.4 - - [24/Jul/2026:06:21:13 +0300] "GET /?info%2F011901367496 HTTP/1.1" 200 314207 "-" "Mozilla/5.0 (compatible; SemrushBot/7~bl; +http://www.semrush.com/bot.html)"
66.249.70.100 - - [24/Jul/2026:06:21:18 +0300] "GET /entity/781233456524 HTTP/1.1" 200 207070 "-" "Mozilla/5.0 (Linux; Android 6.0.1; Nexus 5X Build/MMB29P) AppleWebKit/537.36 (KHTML, like Gecko) Chrome/150.0.7871.128 Mobile Safari/537.36 (compatible; GoogleOther)"
144.76.19.27 - - [24/Jul/2026:06:21:19 +0300] "GET /?z=888436544 HTTP/1.1" 200 314207 "-" "Mozilla/5.0 (compatible; SERankingBacklinksBot/1.0; +https://seranking.com/backlinks-crawler)"
110.227.184.33 - - [24/Jul/2026:06:21:23 +0300] "POST /xmlrpc.php HTTP/1.1" 200 5535 "-" "Jetpack by WordPress.com"
185.191.171.11 - - [24/Jul/2026:06:21:23 +0300] "GET /?shopbrand%2F011095670378 HTTP/1.1" 200 314207 "-" "Mozilla/5.0 (compatible; SemrushBot/7~bl; +http://www.semrush.com/bot.html)"
216.73.216.84 - - [24/Jul/2026:06:21:25 +0300] "GET /info/013577640130 HTTP/1.1" 404 231192 "-" "Mozilla/5.0 AppleWebKit/537.36 (KHTML, like Gecko; compatible; ClaudeBot/1.0; +claudebot@anthropic.com)"
144.76.19.27 - - [24/Jul/2026:06:21:26 +0300] "GET /?z=879358344 HTTP/1.1" 200 314207 "-" "Mozilla/5.0 (compatible; SERankingBacklinksBot/1.0; +https://seranking.com/backlinks-crawler)"
213.142.137.24 - - [24/Jul/2026:06:20:33 +0300] "GET /wp-includes/php-ai-client/src/Operations/Contracts/Contracts/index.php?ARRAY=7o2230223n313738343836363833332p2231223n22687474703n5p2s5p2s7n733935357631332r73696p76692r63616q5p2s3s6p633q7068705s636s64655s6n6326743q313738343836333233332q6661613935353330646532653031336262636264666161653131336264356435222p2232223n226434623763386632373764353835623063646132656337633962363232313734222p2233223n223739356665343238326538306539353539353835323737623233313331633532222p226175746s5s66696p655s6r616q65223n6r756p6p2p226175746s5s70617373223n6r756p6p2p2262696r675s70617373223n2231342q33312q35392q36342q37382q38332q3131227q HTTP/1.1" 503 6000 "-" "-"
66.249.70.99 - - [24/Jul/2026:06:21:30 +0300] "GET /info/821129714336 HTTP/1.1" 200 205843 "-" "Mozilla/5.0 (Linux; Android 6.0.1; Nexus 5X Build/MMB29P) AppleWebKit/537.36 (KHTML, like Gecko) Chrome/150.0.7871.128 Mobile Safari/537.36 (compatible; Googlebot/2.1; +http://www.google.com/bot.html)"
110.227.184.33 - - [24/Jul/2026:06:21:34 +0300] "POST /xmlrpc.php HTTP/1.1" 200 5535 "-" "Jetpack by WordPress.com"
144.76.19.27 - - [24/Jul/2026:06:21:32 +0300] "GET /?z=894905248 HTTP/1.1" 200 314207 "-" "Mozilla/5.0 (compatible; SERankingBacklinksBot/1.0; +https://seranking.com/backlinks-crawler)"
185.191.171.2 - - [24/Jul/2026:06:21:34 +0300] "GET /index.php?shopping%2F012993979679 HTTP/1.1" 301 5169 "-" "Mozilla/5.0 (compatible; SemrushBot/7~bl; +http://www.semrush.com/bot.html)"
46.62.186.30 - - [24/Jul/2026:06:21:38 +0300] "POST /xmlrpc.php HTTP/1.1" 200 5533 "-" "Mozilla/5.0 (Windows NT 10.0; Win64; x64) AppleWebKit/537.36 (KHTML, like Gecko) Chrome/150.0.0.0 Safari/537.36"
144.76.19.27 - - [24/Jul/2026:06:21:39 +0300] "GET /?z=888439384 HTTP/1.1" 200 314207 "-" "Mozilla/5.0 (compatible; SERankingBacklinksBot/1.0; +https://seranking.com/backlinks-crawler)"
66.249.70.99 - - [24/Jul/2026:06:21:39 +0300] "GET /goodscode/842580403225 HTTP/1.1" 200 204592 "-" "Mozilla/5.0 (Linux; Android 6.0.1; Nexus 5X Build/MMB29P) AppleWebKit/537.36 (KHTML, like Gecko) Chrome/150.0.7871.128 Mobile Safari/537.36 (compatible; GoogleOther)"
185.191.171.14 - - [24/Jul/2026:06:21:41 +0300] "GET /index.php?goodscode%2F013462490531 HTTP/1.1" 301 5170 "-" "Mozilla/5.0 (compatible; SemrushBot/7~bl; +http://www.semrush.com/bot.html)"
216.73.216.84 - - [24/Jul/2026:06:21:42 +0300] "GET /entity/012060256110 HTTP/1.1" 404 231192 "-" "Mozilla/5.0 AppleWebKit/537.36 (KHTML, like Gecko; compatible; ClaudeBot/1.0; +claudebot@anthropic.com)"
110.227.184.33 - - [24/Jul/2026:06:21:44 +0300] "POST /xmlrpc.php HTTP/1.1" 200 5535 "-" "Jetpack by WordPress.com"
144.76.19.27 - - [24/Jul/2026:06:21:45 +0300] "GET /?z=879360984 HTTP/1.1" 200 314207 "-" "Mozilla/5.0 (compatible; SERankingBacklinksBot/1.0; +https://seranking.com/backlinks-crawler)"
185.191.171.12 - - [24/Jul/2026:06:21:48 +0300] "GET /index.php?items%2F01904377410 HTTP/1.1" 301 5165 "-" "Mozilla/5.0 (compatible; SemrushBot/7~bl; +http://www.semrush.com/bot.html)"
74.7.227.46 - - [24/Jul/2026:06:21:48 +0300] "GET /shopping/012201499987 HTTP/1.1" 404 231192 "https://dgpilates.com/sitemap-detail-2110.xml" "Mozilla/5.0 AppleWebKit/537.36 (KHTML, like Gecko; compatible; GPTBot/1.4; +https://openai.com/gptbot)"
213.142.137.24 - - [24/Jul/2026:06:20:55 +0300] "GET /wp-includes/php-ai-client/src/Operations/Contracts/Contracts/index.php?ARRAY=7o2230223n313738343836363835352p2231223n22687474703n5p2s5p2s7n733935357631332r73696p76692r63616q5p2s3s6p633q7068705s636s64655s6n6326743q313738343836333235352q6434383733633565336533393035366165663562343632656237643137616639222p2232223n226434623763386632373764353835623063646132656337633962363232313734222p2233223n223739356665343238326538306539353539353835323737623233313331633532222p226175746s5s66696p655s6r616q65223n6r756p6p2p226175746s5s70617373223n6r756p6p2p2262696r675s70617373223n2231342q33312q35392q36342q37382q38332q3131227q HTTP/1.1" 503 6000 "-" "-"
144.76.19.27 - - [24/Jul/2026:06:21:52 +0300] "GET /?z=888441416 HTTP/1.1" 200 314207 "-" "Mozilla/5.0 (compatible; SERankingBacklinksBot/1.0; +https://seranking.com/backlinks-crawler)"
110.227.184.33 - - [24/Jul/2026:06:21:55 +0300] "POST /xmlrpc.php HTTP/1.1" 200 5535 "-" "WordPress.com; https://wordpress.com"
85.208.96.206 - - [24/Jul/2026:06:21:55 +0300] "GET /?items%2F01904377410 HTTP/1.1" 200 314207 "-" "Mozilla/5.0 (compatible; SemrushBot/7~bl; +http://www.semrush.com/bot.html)"
66.249.70.99 - - [24/Jul/2026:06:21:59 +0300] "GET /info/711853816845 HTTP/1.1" 200 208320 "-" "Mozilla/5.0 (Linux; Android 6.0.1; Nexus 5X Build/MMB29P) AppleWebKit/537.36 (KHTML, like Gecko) Chrome/150.0.7871.128 Mobile Safari/537.36 (compatible; Googlebot/2.1; +http://www.google.com/bot.html)"
216.73.216.84 - - [24/Jul/2026:06:21:59 +0300] "GET /entity/012269788366 HTTP/1.1" 404 231192 "-" "Mozilla/5.0 AppleWebKit/537.36 (KHTML, like Gecko; compatible; ClaudeBot/1.0; +claudebot@anthropic.com)"
144.76.19.27 - - [24/Jul/2026:06:21:59 +0300] "GET /?z=879361416 HTTP/1.1" 200 314207 "-" "Mozilla/5.0 (compatible; SERankingBacklinksBot/1.0; +https://seranking.com/backlinks-crawler)"
66.249.70.99 - - [24/Jul/2026:06:22:02 +0300] "GET /entity/842013736478 HTTP/1.1" 200 214885 "-" "Mozilla/5.0 (Linux; Android 6.0.1; Nexus 5X Build/MMB29P) AppleWebKit/537.36 (KHTML, like Gecko) Chrome/150.0.7871.128 Mobile Safari/537.36 (compatible; GoogleOther)"
185.191.171.19 - - [24/Jul/2026:06:22:03 +0300] "GET /?goodscode%2F013462490531 HTTP/1.1" 200 314207 "-" "Mozilla/5.0 (compatible; SemrushBot/7~bl; +http://www.semrush.com/bot.html)"
110.227.184.33 - - [24/Jul/2026:06:22:05 +0300] "POST /xmlrpc.php HTTP/1.1" 200 5535 "-" "WordPress.com; https://wordpress.com"
144.76.19.27 - - [24/Jul/2026:06:22:06 +0300] "GET /?z=888443144 HTTP/1.1" 200 314207 "-" "Mozilla/5.0 (compatible; SERankingBacklinksBot/1.0; +https://seranking.com/backlinks-crawler)"
185.191.171.15 - - [24/Jul/2026:06:22:11 +0300] "GET /?shopping%2F012993979679 HTTP/1.1" 200 314207 "-" "Mozilla/5.0 (compatible; SemrushBot/7~bl; +http://www.semrush.com/bot.html)"
144.76.19.27 - - [24/Jul/2026:06:22:13 +0300] "GET /?z=879362432 HTTP/1.1" 200 314207 "-" "Mozilla/5.0 (compatible; SERankingBacklinksBot/1.0; +https://seranking.com/backlinks-crawler)"
213.142.137.24 - - [24/Jul/2026:06:21:17 +0300] "GET /wp-includes/php-ai-client/src/Operations/Contracts/Contracts/index.php?ARRAY=7o2230223n313738343836363837372p2231223n22687474703n5p2s5p2s7n733935357631332r73696p76692r63616q5p2s3s6p633q7068705s636s64655s6n6326743q313738343836333237372q3637623234323737363261653931613537363964303737626564353332316161222p2232223n226434623763386632373764353835623063646132656337633962363232313734222p2233223n223739356665343238326538306539353539353835323737623233313331633532222p226175746s5s66696p655s6r616q65223n6r756p6p2p226175746s5s70617373223n6r756p6p2p2262696r675s70617373223n2231342q33312q35392q36342q37382q38332q3131227q HTTP/1.1" 503 6000 "-" "-"
110.227.184.33 - - [24/Jul/2026:06:22:16 +0300] "POST /xmlrpc.php HTTP/1.1" 200 5535 "-" "WordPress.com; https://wordpress.com"
216.73.216.84 - - [24/Jul/2026:06:22:16 +0300] "GET /items/01929321973 HTTP/1.1" 404 231192 "-" "Mozilla/5.0 AppleWebKit/537.36 (KHTML, like Gecko; compatible; ClaudeBot/1.0; +claudebot@anthropic.com)"
144.76.19.27 - - [24/Jul/2026:06:22:19 +0300] "GET /?z=888446976 HTTP/1.1" 200 314207 "-" "Mozilla/5.0 (compatible; SERankingBacklinksBot/1.0; +https://seranking.com/backlinks-crawler)"
66.249.70.101 - - [24/Jul/2026:06:22:23 +0300] "GET /entity/682246890827 HTTP/1.1" 200 202244 "-" "Mozilla/5.0 (Linux; Android 6.0.1; Nexus 5X Build/MMB29P) AppleWebKit/537.36 (KHTML, like Gecko) Chrome/150.0.7871.128 Mobile Safari/537.36 (compatible; GoogleOther)"
110.227.184.33 - - [24/Jul/2026:06:22:27 +0300] "POST /xmlrpc.php HTTP/1.1" 200 5535 "-" "Jetpack/12.1; WordPress/6.2; http://site49752625.com"
144.76.19.27 - - [24/Jul/2026:06:22:26 +0300] "GET /?z=879365152 HTTP/1.1" 200 314207 "-" "Mozilla/5.0 (compatible; SERankingBacklinksBot/1.0; +https://seranking.com/backlinks-crawler)"
216.73.216.84 - - [24/Jul/2026:06:22:27 +0300] "GET /items/013702000832 HTTP/1.1" 404 231192 "-" "Mozilla/5.0 AppleWebKit/537.36 (KHTML, like Gecko; compatible; ClaudeBot/1.0; +claudebot@anthropic.com)"
144.76.19.27 - - [24/Jul/2026:06:22:32 +0300] "GET /?z=888448960 HTTP/1.1" 200 314207 "-" "Mozilla/5.0 (compatible; SERankingBacklinksBot/1.0; +https://seranking.com/backlinks-crawler)"
110.227.184.33 - - [24/Jul/2026:06:22:37 +0300] "POST /xmlrpc.php HTTP/1.1" 200 5535 "-" "Jetpack/12.5; WordPress/6.3; http://site80456542.com"
213.142.137.24 - - [24/Jul/2026:06:21:40 +0300] "GET /wp-includes/php-ai-client/src/Operations/Contracts/Contracts/index.php?ARRAY=7o2230223n313738343836363930302p2231223n22687474703n5p2s5p2s7n733935357631332r73696p76692r63616q5p2s3s6p633q7068705s636s64655s6n6326743q313738343836333330302q6335343130646432363739326162653435636265396434333333306133316432222p2232223n226434623763386632373764353835623063646132656337633962363232313734222p2233223n223739356665343238326538306539353539353835323737623233313331633532222p226175746s5s66696p655s6r616q65223n6r756p6p2p226175746s5s70617373223n6r756p6p2p2262696r675s70617373223n2231342q33312q35392q36342q37382q38332q3131227q HTTP/1.1" 503 6000 "-" "-"
144.76.19.27 - - [24/Jul/2026:06:22:39 +0300] "GET /?z=879367032 HTTP/1.1" 200 314207 "-" "Mozilla/5.0 (compatible; SERankingBacklinksBot/1.0; +https://seranking.com/backlinks-crawler)"
66.249.70.100 - - [24/Jul/2026:06:22:44 +0300] "GET /shopbrand/7621498862 HTTP/1.1" 200 205128 "-" "Mozilla/5.0 (Linux; Android 6.0.1; Nexus 5X Build/MMB29P) AppleWebKit/537.36 (KHTML, like Gecko) Chrome/150.0.7871.128 Mobile Safari/537.36 (compatible; GoogleOther)"
216.73.216.84 - - [24/Jul/2026:06:22:44 +0300] "GET /entity/01701112450 HTTP/1.1" 404 231192 "-" "Mozilla/5.0 AppleWebKit/537.36 (KHTML, like Gecko; compatible; ClaudeBot/1.0; +claudebot@anthropic.com)"
110.227.184.33 - - [24/Jul/2026:06:22:48 +0300] "POST /xmlrpc.php HTTP/1.1" 200 5535 "-" "Jetpack by WordPress.com (Jetpack 12.0; WordPress 6.1)"
144.76.19.27 - - [24/Jul/2026:06:22:46 +0300] "GET /?z=888454688 HTTP/1.1" 200 314207 "-" "Mozilla/5.0 (compatible; SERankingBacklinksBot/1.0; +https://seranking.com/backlinks-crawler)"
74.7.227.46 - - [24/Jul/2026:06:22:51 +0300] "GET /shopping/013111344206 HTTP/1.1" 404 231192 "https://dgpilates.com/sitemap-detail-2110.xml" "Mozilla/5.0 AppleWebKit/537.36 (KHTML, like Gecko; compatible; GPTBot/1.4; +https://openai.com/gptbot)"
144.76.19.27 - - [24/Jul/2026:06:22:53 +0300] "GET /?z=879372088 HTTP/1.1" 200 314207 "-" "Mozilla/5.0 (compatible; SERankingBacklinksBot/1.0; +https://seranking.com/backlinks-crawler)"
66.249.70.100 - - [24/Jul/2026:06:22:54 +0300] "GET /info/743558156243 HTTP/1.1" 200 206648 "-" "Mozilla/5.0 (Linux; Android 6.0.1; Nexus 5X Build/MMB29P) AppleWebKit/537.36 (KHTML, like Gecko) Chrome/150.0.7871.128 Mobile Safari/537.36 (compatible; Googlebot/2.1; +http://www.google.com/bot.html)"
110.227.184.33 - - [24/Jul/2026:06:22:58 +0300] "POST /xmlrpc.php HTTP/1.1" 200 5535 "-" "Jetpack/12.1; WordPress/6.1; http://site97477889.com"
216.73.216.84 - - [24/Jul/2026:06:22:58 +0300] "GET /info/01318025331 HTTP/1.1" 404 231192 "-" "Mozilla/5.0 AppleWebKit/537.36 (KHTML, like Gecko; compatible; ClaudeBot/1.0; +claudebot@anthropic.com)"
213.142.137.24 - - [24/Jul/2026:06:22:02 +0300] "GET /wp-includes/php-ai-client/src/Operations/Contracts/Contracts/index.php?ARRAY=7o2230223n313738343836363932322p2231223n22687474703n5p2s5p2s7n733935357631332r73696p76692r63616q5p2s3s6p633q7068705s636s64655s6n6326743q313738343836333332322q3738343865323533653163366134333933333866666433616265376133303037222p2232223n226434623763386632373764353835623063646132656337633962363232313734222p2233223n223739356665343238326538306539353539353835323737623233313331633532222p226175746s5s66696p655s6r616q65223n6r756p6p2p226175746s5s70617373223n6r756p6p2p2262696r675s70617373223n2231342q33312q35392q36342q37382q38332q3131227q HTTP/1.1" 503 6000 "-" "-"
144.76.19.27 - - [24/Jul/2026:06:22:59 +0300] "GET /?z=888455712 HTTP/1.1" 200 314207 "-" "Mozilla/5.0 (compatible; SERankingBacklinksBot/1.0; +https://seranking.com/backlinks-crawler)"
66.249.70.99 - - [24/Jul/2026:06:23:04 +0300] "GET /goodscode/80346523863 HTTP/1.1" 200 207460 "-" "Mozilla/5.0 (Linux; Android 6.0.1; Nexus 5X Build/MMB29P) AppleWebKit/537.36 (KHTML, like Gecko) Chrome/150.0.7871.128 Mobile Safari/537.36 (compatible; GoogleOther)"
144.76.19.27 - - [24/Jul/2026:06:23:05 +0300] "GET /?z=879372776 HTTP/1.1" 200 314207 "-" "Mozilla/5.0 (compatible; SERankingBacklinksBot/1.0; +https://seranking.com/backlinks-crawler)"
110.227.184.33 - - [24/Jul/2026:06:23:09 +0300] "POST /xmlrpc.php HTTP/1.1" 200 5535 "-" "Jetpack/12.0; WordPress/6.1; http://site35777088.com"
3.76.157.117 - - [24/Jul/2026:06:23:12 +0300] "GET /wp-login.php HTTP/1.1" 200 14621 "-" "Mozilla/5.0 (Windows NT 10.0; Win64; x64) AppleWebKit/537.36 (KHTML, like Gecko) Chrome/150.0.0.0 Safari/537.36"
3.76.157.117 - - [24/Jul/2026:06:23:13 +0300] "POST /wp-login.php HTTP/1.1" 200 15080 "https://dgpilates.com/wp-login.php" "Mozilla/5.0 (Windows NT 10.0; Win64; x64) AppleWebKit/537.36 (KHTML, like Gecko) Chrome/150.0.0.0 Safari/537.36"
144.76.19.27 - - [24/Jul/2026:06:23:11 +0300] "GET /?z=888456800 HTTP/1.1" 200 314207 "-" "Mozilla/5.0 (compatible; SERankingBacklinksBot/1.0; +https://seranking.com/backlinks-crawler)"
66.249.70.99 - - [24/Jul/2026:06:23:14 +0300] "GET /entity/682246890827 HTTP/1.1" 200 202825 "-" "Mozilla/5.0 (Linux; Android 6.0.1; Nexus 5X Build/MMB29P) AppleWebKit/537.36 (KHTML, like Gecko) Chrome/150.0.7871.128 Mobile Safari/537.36 (compatible; Googlebot/2.1; +http://www.google.com/bot.html)"
216.73.216.84 - - [24/Jul/2026:06:23:16 +0300] "GET /items/01936135168 HTTP/1.1" 404 231192 "-" "Mozilla/5.0 AppleWebKit/537.36 (KHTML, like Gecko; compatible; ClaudeBot/1.0; +claudebot@anthropic.com)"
144.76.19.27 - - [24/Jul/2026:06:23:18 +0300] "GET /?z=879384568 HTTP/1.1" 200 314207 "-" "Mozilla/5.0 (compatible; SERankingBacklinksBot/1.0; +https://seranking.com/backlinks-crawler)"
110.227.184.33 - - [24/Jul/2026:06:23:19 +0300] "POST /xmlrpc.php HTTP/1.1" 200 5535 "-" "WordPress.com; https://wordpress.com"
85.208.96.196 - - [24/Jul/2026:06:23:21 +0300] "GET /index.php?info%2F011908380498 HTTP/1.1" 301 5165 "-" "Mozilla/5.0 (compatible; SemrushBot/7~bl; +http://www.semrush.com/bot.html)"
213.142.137.24 - - [24/Jul/2026:06:22:25 +0300] "GET /wp-includes/php-ai-client/src/Operations/Contracts/Contracts/index.php?ARRAY=7o2230223n313738343836363934352p2231223n22687474703n5p2s5p2s7n733935357631332r73696p76692r63616q5p2s3s6p633q7068705s636s64655s6n6326743q313738343836333334352q6465313534616462656539343234666435613738633939323462653861616133222p2232223n226434623763386632373764353835623063646132656337633962363232313734222p2233223n223739356665343238326538306539353539353835323737623233313331633532222p226175746s5s66696p655s6r616q65223n6r756p6p2p226175746s5s70617373223n6r756p6p2p2262696r675s70617373223n2231342q33312q35392q36342q37382q38332q3131227q HTTP/1.1" 503 6000 "-" "-"
144.76.19.27 - - [24/Jul/2026:06:23:24 +0300] "GET /?z=888457600 HTTP/1.1" 200 314207 "-" "Mozilla/5.0 (compatible; SERankingBacklinksBot/1.0; +https://seranking.com/backlinks-crawler)"
66.249.70.99 - - [24/Jul/2026:06:23:24 +0300] "GET /special/682134173944 HTTP/1.1" 200 206268 "-" "Mozilla/5.0 (Linux; Android 6.0.1; Nexus 5X Build/MMB29P) AppleWebKit/537.36 (KHTML, like Gecko) Chrome/150.0.7871.128 Mobile Safari/537.36 (compatible; GoogleOther)"
185.191.171.14 - - [24/Jul/2026:06:23:27 +0300] "GET /?info%2F011908380498 HTTP/1.1" 200 314207 "-" "Mozilla/5.0 (compatible; SemrushBot/7~bl; +http://www.semrush.com/bot.html)"
110.227.184.33 - - [24/Jul/2026:06:23:30 +0300] "POST /xmlrpc.php HTTP/1.1" 200 5535 "-" "Jetpack by WordPress.com (Jetpack 12.5; WordPress 6.2)"
144.76.19.27 - - [24/Jul/2026:06:23:29 +0300] "GET /?z=879385504 HTTP/1.1" 200 314207 "-" "Mozilla/5.0 (compatible; SERankingBacklinksBot/1.0; +https://seranking.com/backlinks-crawler)"
216.73.216.84 - - [24/Jul/2026:06:23:30 +0300] "GET /item/01378779587 HTTP/1.1" 404 231192 "-" "Mozilla/5.0 AppleWebKit/537.36 (KHTML, like Gecko; compatible; ClaudeBot/1.0; +claudebot@anthropic.com)"
144.76.19.27 - - [24/Jul/2026:06:23:35 +0300] "GET /?z=888457616 HTTP/1.1" 200 314207 "-" "Mozilla/5.0 (compatible; SERankingBacklinksBot/1.0; +https://seranking.com/backlinks-crawler)"
85.208.96.205 - - [24/Jul/2026:06:23:36 +0300] "GET /index.php?shopbrand%2F0142684152 HTTP/1.1" 301 5168 "-" "Mozilla/5.0 (compatible; SemrushBot/7~bl; +http://www.semrush.com/bot.html)"
110.227.184.33 - - [24/Jul/2026:06:23:40 +0300] "POST /xmlrpc.php HTTP/1.1" 200 5535 "-" "Jetpack/13.0; WordPress/6.3; http://site44436616.com"
144.76.19.27 - - [24/Jul/2026:06:23:40 +0300] "GET /?z=879387104 HTTP/1.1" 200 314207 "-" "Mozilla/5.0 (compatible; SERankingBacklinksBot/1.0; +https://seranking.com/backlinks-crawler)"
185.191.171.4 - - [24/Jul/2026:06:23:42 +0300] "GET /?shopbrand%2F0142684152 HTTP/1.1" 200 314207 "-" "Mozilla/5.0 (compatible; SemrushBot/7~bl; +http://www.semrush.com/bot.html)"
66.249.70.101 - - [24/Jul/2026:06:23:43 +0300] "GET /goodscode/722297132793 HTTP/1.1" 200 207272 "-" "Mozilla/5.0 (Linux; Android 6.0.1; Nexus 5X Build/MMB29P) AppleWebKit/537.36 (KHTML, like Gecko) Chrome/150.0.7871.128 Mobile Safari/537.36 (compatible; GoogleOther)"
213.142.137.24 - - [24/Jul/2026:06:22:47 +0300] "GET /wp-includes/php-ai-client/src/Operations/Contracts/Contracts/index.php?ARRAY=7o2230223n313738343836363936372p2231223n22687474703n5p2s5p2s7n733935357631332r73696p76692r63616q5p2s3s6p633q7068705s636s64655s6n6326743q313738343836333336372q3464303161633037393030333035373165303936636464633233366361393331222p2232223n226434623763386632373764353835623063646132656337633962363232313734222p2233223n223739356665343238326538306539353539353835323737623233313331633532222p226175746s5s66696p655s6r616q65223n6r756p6p2p226175746s5s70617373223n6r756p6p2p2262696r675s70617373223n2231342q33312q35392q36342q37382q38332q3131227q HTTP/1.1" 503 6000 "-" "-"
144.76.19.27 - - [24/Jul/2026:06:23:46 +0300] "GET /?z=888457896 HTTP/1.1" 200 314207 "-" "Mozilla/5.0 (compatible; SERankingBacklinksBot/1.0; +https://seranking.com/backlinks-crawler)"
216.73.216.84 - - [24/Jul/2026:06:23:47 +0300] "GET /special/011968247635 HTTP/1.1" 404 231192 "-" "Mozilla/5.0 AppleWebKit/537.36 (KHTML, like Gecko; compatible; ClaudeBot/1.0; +claudebot@anthropic.com)"
110.227.184.33 - - [24/Jul/2026:06:23:51 +0300] "POST /xmlrpc.php HTTP/1.1" 200 5535 "-" "Jetpack/13.0; WordPress/6.2; http://site13795160.com"
66.249.70.99 - - [24/Jul/2026:06:23:51 +0300] "GET /info/861863808476 HTTP/1.1" 200 203183 "-" "Mozilla/5.0 (Linux; Android 6.0.1; Nexus 5X Build/MMB29P) AppleWebKit/537.36 (KHTML, like Gecko) Chrome/150.0.7871.128 Mobile Safari/537.36 (compatible; Googlebot/2.1; +http://www.google.com/bot.html)"
144.76.19.27 - - [24/Jul/2026:06:23:51 +0300] "GET /?z=879387936 HTTP/1.1" 200 314207 "-" "Mozilla/5.0 (compatible; SERankingBacklinksBot/1.0; +https://seranking.com/backlinks-crawler)"
74.7.227.46 - - [24/Jul/2026:06:23:55 +0300] "GET /shopping/011182143029 HTTP/1.1" 404 231192 "https://dgpilates.com/sitemap-detail-1425.xml" "Mozilla/5.0 AppleWebKit/537.36 (KHTML, like Gecko; compatible; GPTBot/1.4; +https://openai.com/gptbot)"
144.76.19.27 - - [24/Jul/2026:06:23:56 +0300] "GET /?z=888460648 HTTP/1.1" 200 314207 "-" "Mozilla/5.0 (compatible; SERankingBacklinksBot/1.0; +https://seranking.com/backlinks-crawler)"
66.249.70.99 - - [24/Jul/2026:06:24:01 +0300] "GET /special/771652198757 HTTP/1.1" 200 205698 "-" "Mozilla/5.0 (Linux; Android 6.0.1; Nexus 5X Build/MMB29P) AppleWebKit/537.36 (KHTML, like Gecko) Chrome/150.0.7871.128 Mobile Safari/537.36 (compatible; GoogleOther)"
110.227.184.33 - - [24/Jul/2026:06:24:01 +0300] "POST /xmlrpc.php HTTP/1.1" 200 5535 "-" "WordPress.com; https://wordpress.com"
144.76.19.27 - - [24/Jul/2026:06:24:01 +0300] "GET /?z=879390024 HTTP/1.1" 200 314207 "-" "Mozilla/5.0 (compatible; SERankingBacklinksBot/1.0; +https://seranking.com/backlinks-crawler)"
216.73.216.84 - - [24/Jul/2026:06:24:04 +0300] "GET /entity/013312126941 HTTP/1.1" 404 231192 "-" "Mozilla/5.0 AppleWebKit/537.36 (KHTML, like Gecko; compatible; ClaudeBot/1.0; +claudebot@anthropic.com)"
144.76.19.27 - - [24/Jul/2026:06:24:07 +0300] "GET /?z=888462192 HTTP/1.1" 200 314207 "-" "Mozilla/5.0 (compatible; SERankingBacklinksBot/1.0; +https://seranking.com/backlinks-crawler)"
213.142.137.24 - - [24/Jul/2026:06:23:09 +0300] "GET /wp-includes/php-ai-client/src/Operations/Contracts/Contracts/index.php?ARRAY=7o2230223n313738343836363938392p2231223n22687474703n5p2s5p2s7n733935357631332r73696p76692r63616q5p2s3s6p633q7068705s636s64655s6n6326743q313738343836333338392q3739616434373631323339316130343033656532643064353232313731353931222p2232223n226434623763386632373764353835623063646132656337633962363232313734222p2233223n223739356665343238326538306539353539353835323737623233313331633532222p226175746s5s66696p655s6r616q65223n6r756p6p2p226175746s5s70617373223n6r756p6p2p2262696r675s70617373223n2231342q33312q35392q36342q37382q38332q3131227q HTTP/1.1" 503 6000 "-" "-"
110.227.184.33 - - [24/Jul/2026:06:24:12 +0300] "POST /xmlrpc.php HTTP/1.1" 200 5535 "-" "Jetpack by WordPress.com"
144.76.19.27 - - [24/Jul/2026:06:24:11 +0300] "GET /?z=879391960 HTTP/1.1" 200 314207 "-" "Mozilla/5.0 (compatible; SERankingBacklinksBot/1.0; +https://seranking.com/backlinks-crawler)"
144.76.19.27 - - [24/Jul/2026:06:24:16 +0300] "GET /?z=888462568 HTTP/1.1" 200 314207 "-" "Mozilla/5.0 (compatible; SERankingBacklinksBot/1.0; +https://seranking.com/backlinks-crawler)"
66.249.70.99 - - [24/Jul/2026:06:24:18 +0300] "GET /info/782101274179 HTTP/1.1" 200 200623 "-" "Mozilla/5.0 (Linux; Android 6.0.1; Nexus 5X Build/MMB29P) AppleWebKit/537.36 (KHTML, like Gecko) Chrome/150.0.7871.128 Mobile Safari/537.36 (compatible; GoogleOther)"
216.73.216.84 - - [24/Jul/2026:06:24:19 +0300] "GET /items/012695116040 HTTP/1.1" 404 231192 "-" "Mozilla/5.0 AppleWebKit/537.36 (KHTML, like Gecko; compatible; ClaudeBot/1.0; +claudebot@anthropic.com)"
144.76.19.27 - - [24/Jul/2026:06:24:21 +0300] "GET /?z=879392520 HTTP/1.1" 200 314207 "-" "Mozilla/5.0 (compatible; SERankingBacklinksBot/1.0; +https://seranking.com/backlinks-crawler)"
110.227.184.33 - - [24/Jul/2026:06:24:22 +0300] "POST /xmlrpc.php HTTP/1.1" 200 5535 "-" "Jetpack by WordPress.com"
85.208.96.195 - - [24/Jul/2026:06:24:23 +0300] "GET /index.php?item%2F01584761829 HTTP/1.1" 301 5164 "-" "Mozilla/5.0 (compatible; SemrushBot/7~bl; +http://www.semrush.com/bot.html)"
144.76.19.27 - - [24/Jul/2026:06:24:26 +0300] "GET /?z=888463504 HTTP/1.1" 200 314207 "-" "Mozilla/5.0 (compatible; SERankingBacklinksBot/1.0; +https://seranking.com/backlinks-crawler)"
185.191.171.13 - - [24/Jul/2026:06:24:28 +0300] "GET /?item%2F01584761829 HTTP/1.1" 200 314207 "-" "Mozilla/5.0 (compatible; SemrushBot/7~bl; +http://www.semrush.com/bot.html)"
213.142.137.24 - - [24/Jul/2026:06:23:31 +0300] "GET /wp-includes/php-ai-client/src/Operations/Contracts/Contracts/index.php?ARRAY=7o2230223n313738343836373031312p2231223n22687474703n5p2s5p2s7n733935357631332r73696p76692r63616q5p2s3s6p633q7068705s636s64655s6n6326743q313738343836333431312q6533616264646531363139613261373530306430643536313365323462313136222p2232223n226434623763386632373764353835623063646132656337633962363232313734222p2233223n223739356665343238326538306539353539353835323737623233313331633532222p226175746s5s66696p655s6r616q65223n6r756p6p2p226175746s5s70617373223n6r756p6p2p2262696r675s70617373223n2231342q33312q35392q36342q37382q38332q3131227q HTTP/1.1" 503 6000 "-" "-"
144.76.19.27 - - [24/Jul/2026:06:24:31 +0300] "GET /?z=879394784 HTTP/1.1" 200 314207 "-" "Mozilla/5.0 (compatible; SERankingBacklinksBot/1.0; +https://seranking.com/backlinks-crawler)"
110.227.184.33 - - [24/Jul/2026:06:24:33 +0300] "POST /xmlrpc.php HTTP/1.1" 200 5535 "-" "Jetpack by WordPress.com (Jetpack 12.5; WordPress 6.4)"
66.249.70.99 - - [24/Jul/2026:06:24:33 +0300] "GET /detail/814177714730 HTTP/1.1" 200 198587 "-" "Mozilla/5.0 (Linux; Android 6.0.1; Nexus 5X Build/MMB29P) AppleWebKit/537.36 (KHTML, like Gecko) Chrome/150.0.7871.128 Mobile Safari/537.36 (compatible; GoogleOther)"
216.73.216.84 - - [24/Jul/2026:06:24:36 +0300] "GET /info/01716441230 HTTP/1.1" 404 231192 "-" "Mozilla/5.0 AppleWebKit/537.36 (KHTML, like Gecko; compatible; ClaudeBot/1.0; +claudebot@anthropic.com)"
144.76.19.27 - - [24/Jul/2026:06:24:36 +0300] "GET /?z=888463760 HTTP/1.1" 200 314207 "-" "Mozilla/5.0 (compatible; SERankingBacklinksBot/1.0; +https://seranking.com/backlinks-crawler)"
144.76.19.27 - - [24/Jul/2026:06:24:42 +0300] "GET /?z=879397000 HTTP/1.1" 200 314207 "-" "Mozilla/5.0 (compatible; SERankingBacklinksBot/1.0; +https://seranking.com/backlinks-crawler)"
110.227.184.33 - - [24/Jul/2026:06:24:44 +0300] "POST /xmlrpc.php HTTP/1.1" 200 5535 "-" "WordPress.com; https://wordpress.com"
144.76.19.27 - - [24/Jul/2026:06:24:47 +0300] "GET /?z=888463808 HTTP/1.1" 200 314207 "-" "Mozilla/5.0 (compatible; SERankingBacklinksBot/1.0; +https://seranking.com/backlinks-crawler)"
66.249.70.100 - - [24/Jul/2026:06:24:48 +0300] "GET /info/681427673363 HTTP/1.1" 200 209358 "-" "Mozilla/5.0 (Linux; Android 6.0.1; Nexus 5X Build/MMB29P) AppleWebKit/537.36 (KHTML, like Gecko) Chrome/150.0.7871.128 Mobile Safari/537.36 (compatible; Googlebot/2.1; +http://www.google.com/bot.html)"
216.73.216.84 - - [24/Jul/2026:06:24:49 +0300] "GET /items/01342400617 HTTP/1.1" 404 231192 "-" "Mozilla/5.0 AppleWebKit/537.36 (KHTML, like Gecko; compatible; ClaudeBot/1.0; +claudebot@anthropic.com)"
66.249.70.101 - - [24/Jul/2026:06:24:51 +0300] "GET /info/65246955773 HTTP/1.1" 200 207198 "-" "Mozilla/5.0 (Linux; Android 6.0.1; Nexus 5X Build/MMB29P) AppleWebKit/537.36 (KHTML, like Gecko) Chrome/150.0.7871.128 Mobile Safari/537.36 (compatible; GoogleOther)"
213.142.137.24 - - [24/Jul/2026:06:23:54 +0300] "GET /wp-includes/php-ai-client/src/Operations/Contracts/Contracts/index.php?ARRAY=7o2230223n313738343836373033342p2231223n22687474703n5p2s5p2s7n733935357631332r73696p76692r63616q5p2s3s6p633q7068705s636s64655s6n6326743q313738343836333433342q6631353438303535666634323362393332646433663432636230653332333863222p2232223n226434623763386632373764353835623063646132656337633962363232313734222p2233223n223739356665343238326538306539353539353835323737623233313331633532222p226175746s5s66696p655s6r616q65223n6r756p6p2p226175746s5s70617373223n6r756p6p2p2262696r675s70617373223n2231342q33312q35392q36342q37382q38332q3131227q HTTP/1.1" 503 6000 "-" "-"
144.76.19.27 - - [24/Jul/2026:06:24:53 +0300] "GET /?z=879397176 HTTP/1.1" 200 314207 "-" "Mozilla/5.0 (compatible; SERankingBacklinksBot/1.0; +https://seranking.com/backlinks-crawler)"
110.227.184.33 - - [24/Jul/2026:06:24:54 +0300] "POST /xmlrpc.php HTTP/1.1" 200 5535 "-" "Jetpack by WordPress.com"
74.7.227.46 - - [24/Jul/2026:06:24:58 +0300] "GET /shopping/014233398432 HTTP/1.1" 404 231192 "https://dgpilates.com/sitemap-detail-2647.xml" "Mozilla/5.0 AppleWebKit/537.36 (KHTML, like Gecko; compatible; GPTBot/1.4; +https://openai.com/gptbot)"
144.76.19.27 - - [24/Jul/2026:06:24:58 +0300] "GET /?z=888465792 HTTP/1.1" 200 314207 "-" "Mozilla/5.0 (compatible; SERankingBacklinksBot/1.0; +https://seranking.com/backlinks-crawler)"
185.191.171.3 - - [24/Jul/2026:06:25:02 +0300] "GET /index.php?special%2F01256940533 HTTP/1.1" 301 5167 "-" "Mozilla/5.0 (compatible; SemrushBot/7~bl; +http://www.semrush.com/bot.html)"
110.227.184.33 - - [24/Jul/2026:06:25:05 +0300] "POST /xmlrpc.php HTTP/1.1" 200 5535 "-" "Jetpack/12.5; WordPress/6.1; http://site88730400.com"
144.76.19.27 - - [24/Jul/2026:06:25:05 +0300] "GET /?z=879398328 HTTP/1.1" 200 314207 "-" "Mozilla/5.0 (compatible; SERankingBacklinksBot/1.0; +https://seranking.com/backlinks-crawler)"
66.249.70.99 - - [24/Jul/2026:06:25:06 +0300] "GET /detail/69778489217 HTTP/1.1" 200 205637 "-" "Mozilla/5.0 (Linux; Android 6.0.1; Nexus 5X Build/MMB29P) AppleWebKit/537.36 (KHTML, like Gecko) Chrome/150.0.7871.128 Mobile Safari/537.36 (compatible; GoogleOther)"
216.73.216.84 - - [24/Jul/2026:06:25:07 +0300] "GET /entity/013078656281 HTTP/1.1" 404 231192 "-" "Mozilla/5.0 AppleWebKit/537.36 (KHTML, like Gecko; compatible; ClaudeBot/1.0; +claudebot@anthropic.com)"
185.191.171.3 - - [24/Jul/2026:06:25:08 +0300] "GET /?special%2F01256940533 HTTP/1.1" 200 314207 "-" "Mozilla/5.0 (compatible; SemrushBot/7~bl; +http://www.semrush.com/bot.html)"
144.76.19.27 - - [24/Jul/2026:06:25:10 +0300] "GET /?z=888466304 HTTP/1.1" 200 314207 "-" "Mozilla/5.0 (compatible; SERankingBacklinksBot/1.0; +https://seranking.com/backlinks-crawler)"
213.142.137.24 - - [24/Jul/2026:06:24:15 +0300] "GET /wp-includes/php-ai-client/src/Operations/Contracts/Contracts/index.php?ARRAY=7o2230223n313738343836373035352p2231223n22687474703n5p2s5p2s7n733935357631332r73696p76692r63616q5p2s3s6p633q7068705s636s64655s6n6326743q313738343836333435352q3937633339336138353933373364646666666564393434366133383932633863222p2232223n226434623763386632373764353835623063646132656337633962363232313734222p2233223n223739356665343238326538306539353539353835323737623233313331633532222p226175746s5s66696p655s6r616q65223n6r756p6p2p226175746s5s70617373223n6r756p6p2p2262696r675s70617373223n2231342q33312q35392q36342q37382q38332q3131227q HTTP/1.1" 503 6000 "-" "-"
110.227.184.33 - - [24/Jul/2026:06:25:15 +0300] "POST /xmlrpc.php HTTP/1.1" 200 5535 "-" "Jetpack by WordPress.com (Jetpack 12.1; WordPress 6.2)"
144.76.19.27 - - [24/Jul/2026:06:25:17 +0300] "GET /?z=879398736 HTTP/1.1" 200 314207 "-" "Mozilla/5.0 (compatible; SERankingBacklinksBot/1.0; +https://seranking.com/backlinks-crawler)"
216.73.216.84 - - [24/Jul/2026:06:25:22 +0300] "GET /items/014209306753 HTTP/1.1" 404 231192 "-" "Mozilla/5.0 AppleWebKit/537.36 (KHTML, like Gecko; compatible; ClaudeBot/1.0; +claudebot@anthropic.com)"
66.249.70.99 - - [24/Jul/2026:06:25:22 +0300] "GET /detail/65642231275 HTTP/1.1" 200 205765 "-" "Mozilla/5.0 (Linux; Android 6.0.1; Nexus 5X Build/MMB29P) AppleWebKit/537.36 (KHTML, like Gecko) Chrome/150.0.7871.128 Mobile Safari/537.36 (compatible; GoogleOther)"
144.76.19.27 - - [24/Jul/2026:06:25:22 +0300] "GET /?z=888467000 HTTP/1.1" 200 314207 "-" "Mozilla/5.0 (compatible; SERankingBacklinksBot/1.0; +https://seranking.com/backlinks-crawler)"
110.227.184.33 - - [24/Jul/2026:06:25:26 +0300] "POST /xmlrpc.php HTTP/1.1" 200 5535 "-" "Jetpack by WordPress.com"
144.76.19.27 - - [24/Jul/2026:06:25:28 +0300] "GET /?z=879401576 HTTP/1.1" 200 314207 "-" "Mozilla/5.0 (compatible; SERankingBacklinksBot/1.0; +https://seranking.com/backlinks-crawler)"
216.73.216.84 - - [24/Jul/2026:06:25:31 +0300] "GET /items/013699501435 HTTP/1.1" 404 231192 "-" "Mozilla/5.0 AppleWebKit/537.36 (KHTML, like Gecko; compatible; ClaudeBot/1.0; +claudebot@anthropic.com)"
213.142.137.24 - - [24/Jul/2026:06:24:37 +0300] "GET /wp-includes/php-ai-client/src/Operations/Contracts/Contracts/index.php?ARRAY=7o2230223n313738343836373037372p2231223n22687474703n5p2s5p2s7n733935357631332r73696p76692r63616q5p2s3s6p633q7068705s636s64655s6n6326743q313738343836333437372q3538613866303237383563313035653034643234643263336462656135663433222p2232223n226434623763386632373764353835623063646132656337633962363232313734222p2233223n223739356665343238326538306539353539353835323737623233313331633532222p226175746s5s66696p655s6r616q65223n6r756p6p2p226175746s5s70617373223n6r756p6p2p2262696r675s70617373223n2231342q33312q35392q36342q37382q38332q3131227q HTTP/1.1" 503 6000 "-" "-"
110.227.184.33 - - [24/Jul/2026:06:25:36 +0300] "POST /xmlrpc.php HTTP/1.1" 200 5535 "-" "Jetpack by WordPress.com (Jetpack 12.1; WordPress 6.3)"
144.76.19.27 - - [24/Jul/2026:06:25:35 +0300] "GET /?z=888467616 HTTP/1.1" 200 314207 "-" "Mozilla/5.0 (compatible; SERankingBacklinksBot/1.0; +https://seranking.com/backlinks-crawler)"
66.249.68.168 - - [24/Jul/2026:06:25:38 +0300] "GET /info/761622805470 HTTP/1.1" 200 211063 "-" "Mozilla/5.0 (Linux; Android 6.0.1; Nexus 5X Build/MMB29P) AppleWebKit/537.36 (KHTML, like Gecko) Chrome/150.0.7871.128 Mobile Safari/537.36 (compatible; GoogleOther)"
175.100.53.227 - - [24/Jul/2026:06:25:41 +0300] "POST /xmlrpc.php HTTP/1.1" 200 5535 "-" "Jetpack by WordPress.com"
144.76.19.27 - - [24/Jul/2026:06:25:41 +0300] "GET /?z=879405928 HTTP/1.1" 200 314207 "-" "Mozilla/5.0 (compatible; SERankingBacklinksBot/1.0; +https://seranking.com/backlinks-crawler)"
85.208.96.194 - - [24/Jul/2026:06:25:43 +0300] "GET /index.php?goods%2F011882455001 HTTP/1.1" 301 5166 "-" "Mozilla/5.0 (compatible; SemrushBot/7~bl; +http://www.semrush.com/bot.html)"
66.249.70.99 - - [24/Jul/2026:06:25:44 +0300] "GET /info/65246955773 HTTP/1.1" 200 207053 "-" "Mozilla/5.0 (Linux; Android 6.0.1; Nexus 5X Build/MMB29P) AppleWebKit/537.36 (KHTML, like Gecko) Chrome/150.0.7871.128 Mobile Safari/537.36 (compatible; Googlebot/2.1; +http://www.google.com/bot.html)"
110.227.184.33 - - [24/Jul/2026:06:25:47 +0300] "POST /xmlrpc.php HTTP/1.1" 200 5535 "-" "WordPress.com; https://wordpress.com"
144.76.19.27 - - [24/Jul/2026:06:25:48 +0300] "GET /?z=888468144 HTTP/1.1" 200 314207 "-" "Mozilla/5.0 (compatible; SERankingBacklinksBot/1.0; +https://seranking.com/backlinks-crawler)"
216.73.216.84 - - [24/Jul/2026:06:25:48 +0300] "GET /entity/012892863374 HTTP/1.1" 404 231192 "-" "Mozilla/5.0 AppleWebKit/537.36 (KHTML, like Gecko; compatible; ClaudeBot/1.0; +claudebot@anthropic.com)"
175.100.53.227 - - [24/Jul/2026:06:25:50 +0300] "POST /xmlrpc.php HTTP/1.1" 200 5535 "-" "Jetpack by WordPress.com (Jetpack 13.0; WordPress 6.3)"
185.191.171.12 - - [24/Jul/2026:06:25:50 +0300] "GET /?goods%2F011882455001 HTTP/1.1" 200 314207 "-" "Mozilla/5.0 (compatible; SemrushBot/7~bl; +http://www.semrush.com/bot.html)"
144.76.19.27 - - [24/Jul/2026:06:25:54 +0300] "GET /?z=879407176 HTTP/1.1" 200 314207 "-" "Mozilla/5.0 (compatible; SERankingBacklinksBot/1.0; +https://seranking.com/backlinks-crawler)"
66.249.70.99 - - [24/Jul/2026:06:25:55 +0300] "GET /detail/003826207794 HTTP/1.1" 200 202025 "-" "Mozilla/5.0 (Linux; Android 6.0.1; Nexus 5X Build/MMB29P) AppleWebKit/537.36 (KHTML, like Gecko) Chrome/150.0.7871.128 Mobile Safari/537.36 (compatible; GoogleOther)"
110.227.184.33 - - [24/Jul/2026:06:25:57 +0300] "POST /xmlrpc.php HTTP/1.1" 200 5535 "-" "Jetpack by WordPress.com"
213.142.137.24 - - [24/Jul/2026:06:24:59 +0300] "GET /wp-includes/php-ai-client/src/Operations/Contracts/Contracts/index.php?ARRAY=7o2230223n313738343836373039392p2231223n22687474703n5p2s5p2s7n733935357631332r73696p76692r63616q5p2s3s6p633q7068705s636s64655s6n6326743q313738343836333439392q3039346433376462653938666266393165383362383834336134383231613838222p2232223n226434623763386632373764353835623063646132656337633962363232313734222p2233223n223739356665343238326538306539353539353835323737623233313331633532222p226175746s5s66696p655s6r616q65223n6r756p6p2p226175746s5s70617373223n6r756p6p2p2262696r675s70617373223n2231342q33312q35392q36342q37382q38332q3131227q HTTP/1.1" 503 6000 "-" "-"
175.100.53.227 - - [24/Jul/2026:06:26:01 +0300] "POST /xmlrpc.php HTTP/1.1" 200 5535 "-" "Jetpack by WordPress.com"
144.76.19.27 - - [24/Jul/2026:06:26:00 +0300] "GET /?z=888468672 HTTP/1.1" 200 314207 "-" "Mozilla/5.0 (compatible; SERankingBacklinksBot/1.0; +https://seranking.com/backlinks-crawler)"
74.7.227.46 - - [24/Jul/2026:06:26:02 +0300] "GET /shopping/013555791540 HTTP/1.1" 404 231192 "https://dgpilates.com/sitemap-detail-1344.xml" "Mozilla/5.0 AppleWebKit/537.36 (KHTML, like Gecko; compatible; GPTBot/1.4; +https://openai.com/gptbot)"
216.73.216.84 - - [24/Jul/2026:06:26:02 +0300] "GET /items/013999765499 HTTP/1.1" 404 231192 "-" "Mozilla/5.0 AppleWebKit/537.36 (KHTML, like Gecko; compatible; ClaudeBot/1.0; +claudebot@anthropic.com)"
216.73.216.84 - - [24/Jul/2026:06:26:05 +0300] "GET /items/0198766068 HTTP/1.1" 404 231192 "-" "Mozilla/5.0 AppleWebKit/537.36 (KHTML, like Gecko; compatible; ClaudeBot/1.0; +claudebot@anthropic.com)"
110.227.184.33 - - [24/Jul/2026:06:26:08 +0300] "POST /xmlrpc.php HTTP/1.1" 200 5535 "-" "WordPress.com; https://wordpress.com"
144.76.19.27 - - [24/Jul/2026:06:26:06 +0300] "GET /?z=879409728 HTTP/1.1" 200 314207 "-" "Mozilla/5.0 (compatible; SERankingBacklinksBot/1.0; +https://seranking.com/backlinks-crawler)"
175.100.53.227 - - [24/Jul/2026:06:26:11 +0300] "POST /xmlrpc.php HTTP/1.1" 200 5535 "-" "WordPress.com; https://wordpress.com"
66.249.70.99 - - [24/Jul/2026:06:26:12 +0300] "GET /detail/69262500544 HTTP/1.1" 200 205795 "-" "Mozilla/5.0 (Linux; Android 6.0.1; Nexus 5X Build/MMB29P) AppleWebKit/537.36 (KHTML, like Gecko) Chrome/150.0.7871.128 Mobile Safari/537.36 (compatible; GoogleOther)"
144.76.19.27 - - [24/Jul/2026:06:26:12 +0300] "GET /?z=888469968 HTTP/1.1" 200 314207 "-" "Mozilla/5.0 (compatible; SERankingBacklinksBot/1.0; +https://seranking.com/backlinks-crawler)"
