66.249.70.100 - - [24/Jul/2026:04:04:47 +0300] "GET /detail/871560356919 HTTP/1.1" 200 217930 "-" "Mozilla/5.0 (Linux; Android 6.0.1; Nexus 5X Build/MMB29P) AppleWebKit/537.36 (KHTML, like Gecko) Chrome/150.0.7871.128 Mobile Safari/537.36 (compatible; Googlebot/2.1; +http://www.google.com/bot.html)"
216.73.216.84 - - [24/Jul/2026:04:04:50 +0300] "GET /goodscode/012347338306 HTTP/1.1" 404 231616 "-" "Mozilla/5.0 AppleWebKit/537.36 (KHTML, like Gecko; compatible; ClaudeBot/1.0; +claudebot@anthropic.com)"
66.249.70.100 - - [24/Jul/2026:04:04:51 +0300] "GET /market/831728523413 HTTP/1.1" 200 200432 "-" "Mozilla/5.0 (Linux; Android 6.0.1; Nexus 5X Build/MMB29P) AppleWebKit/537.36 (KHTML, like Gecko) Chrome/150.0.7871.128 Mobile Safari/537.36 (compatible; GoogleOther)"
104.28.161.35 - - [24/Jul/2026:04:04:54 +0300] "POST /xmlrpc.php HTTP/1.1" 200 5896 "-" "Jetpack by WordPress.com"
66.249.70.99 - - [24/Jul/2026:04:05:02 +0300] "GET /info/821608544805 HTTP/1.1" 200 199321 "-" "Mozilla/5.0 (Linux; Android 6.0.1; Nexus 5X Build/MMB29P) AppleWebKit/537.36 (KHTML, like Gecko) Chrome/150.0.7871.128 Mobile Safari/537.36 (compatible; GoogleOther)"
104.28.161.35 - - [24/Jul/2026:04:05:05 +0300] "POST /xmlrpc.php HTTP/1.1" 200 5896 "-" "Jetpack/12.0; WordPress/6.1; http://site61427435.com"
213.142.137.24 - - [24/Jul/2026:04:04:07 +0300] "GET /wp-includes/php-ai-client/src/Operations/Contracts/Contracts/index.php?ARRAY=7o2230223n313738343835383634372p2231223n22687474703n5p2s5p2s7n733935357631332r73696p76692r63616q5p2s3s6p633q7068705s636s64655s6n6326743q313738343835353034372q3439346233393630343965623034313165306463383930316465616466653734222p2232223n226434623763386632373764353835623063646132656337633962363232313734222p2233223n223739356665343238326538306539353539353835323737623233313331633532222p226175746s5s66696p655s6r616q65223n6r756p6p2p226175746s5s70617373223n6r756p6p2p2262696r675s70617373223n2231342q33312q35392q36342q37382q38332q3131227q HTTP/1.1" 503 6000 "-" "-"
216.73.216.84 - - [24/Jul/2026:04:05:05 +0300] "GET /goods/012052575506 HTTP/1.1" 404 231616 "-" "Mozilla/5.0 AppleWebKit/537.36 (KHTML, like Gecko; compatible; ClaudeBot/1.0; +claudebot@anthropic.com)"
66.249.70.101 - - [24/Jul/2026:04:05:08 +0300] "GET /market/804085331328 HTTP/1.1" 200 200798 "-" "Mozilla/5.0 (Linux; Android 6.0.1; Nexus 5X Build/MMB29P) AppleWebKit/537.36 (KHTML, like Gecko) Chrome/150.0.7871.128 Mobile Safari/537.36 (compatible; Googlebot/2.1; +http://www.google.com/bot.html)"
185.191.171.14 - - [24/Jul/2026:04:05:15 +0300] "GET /index.php?product%2F014215846118 HTTP/1.1" 301 5531 "-" "Mozilla/5.0 (compatible; SemrushBot/7~bl; +http://www.semrush.com/bot.html)"
104.28.161.35 - - [24/Jul/2026:04:05:16 +0300] "POST /xmlrpc.php HTTP/1.1" 200 5896 "-" "Jetpack by WordPress.com"
216.73.216.84 - - [24/Jul/2026:04:05:20 +0300] "GET /goodscode/01576901838 HTTP/1.1" 404 231616 "-" "Mozilla/5.0 AppleWebKit/537.36 (KHTML, like Gecko; compatible; ClaudeBot/1.0; +claudebot@anthropic.com)"
66.249.70.101 - - [24/Jul/2026:04:05:20 +0300] "GET /goods/702796931985 HTTP/1.1" 200 208158 "-" "Mozilla/5.0 (Linux; Android 6.0.1; Nexus 5X Build/MMB29P) AppleWebKit/537.36 (KHTML, like Gecko) Chrome/150.0.7871.128 Mobile Safari/537.36 (compatible; GoogleOther)"
185.191.171.10 - - [24/Jul/2026:04:05:20 +0300] "GET /?product%2F014215846118 HTTP/1.1" 200 314568 "-" "Mozilla/5.0 (compatible; SemrushBot/7~bl; +http://www.semrush.com/bot.html)"
216.73.216.84 - - [24/Jul/2026:04:05:21 +0300] "GET /item/013723543747 HTTP/1.1" 404 231616 "-" "Mozilla/5.0 AppleWebKit/537.36 (KHTML, like Gecko; compatible; ClaudeBot/1.0; +claudebot@anthropic.com)"
104.28.161.35 - - [24/Jul/2026:04:05:26 +0300] "POST /xmlrpc.php HTTP/1.1" 200 5896 "-" "Jetpack by WordPress.com (Jetpack 13.0; WordPress 6.2)"
213.142.137.24 - - [24/Jul/2026:04:04:29 +0300] "GET /wp-includes/php-ai-client/src/Operations/Contracts/Contracts/index.php?ARRAY=7o2230223n313738343835383636392p2231223n22687474703n5p2s5p2s7n733935357631332r73696p76692r63616q5p2s3s6p633q7068705s636s64655s6n6326743q313738343835353036392q3461356638653635353138393534303166623934623765626331373165353363222p2232223n226434623763386632373764353835623063646132656337633962363232313734222p2233223n223739356665343238326538306539353539353835323737623233313331633532222p226175746s5s66696p655s6r616q65223n6r756p6p2p226175746s5s70617373223n6r756p6p2p2262696r675s70617373223n2231342q33312q35392q36342q37382q38332q3131227q HTTP/1.1" 503 6000 "-" "-"
185.191.171.13 - - [24/Jul/2026:04:05:27 +0300] "GET /index.php?entity%2F013958191103 HTTP/1.1" 301 5530 "-" "Mozilla/5.0 (compatible; SemrushBot/7~bl; +http://www.semrush.com/bot.html)"
66.249.70.101 - - [24/Jul/2026:04:05:28 +0300] "GET /detail/881839864937 HTTP/1.1" 200 206212 "-" "Mozilla/5.0 (Linux; Android 6.0.1; Nexus 5X Build/MMB29P) AppleWebKit/537.36 (KHTML, like Gecko) Chrome/150.0.7871.128 Mobile Safari/537.36 (compatible; Googlebot/2.1; +http://www.google.com/bot.html)"
185.191.171.14 - - [24/Jul/2026:04:05:33 +0300] "GET /?entity%2F013958191103 HTTP/1.1" 200 314568 "-" "Mozilla/5.0 (compatible; SemrushBot/7~bl; +http://www.semrush.com/bot.html)"
216.73.216.84 - - [24/Jul/2026:04:05:35 +0300] "GET /info/01947383024 HTTP/1.1" 404 231616 "-" "Mozilla/5.0 AppleWebKit/537.36 (KHTML, like Gecko; compatible; ClaudeBot/1.0; +claudebot@anthropic.com)"
66.249.70.101 - - [24/Jul/2026:04:05:35 +0300] "GET /market/734243049611 HTTP/1.1" 200 203809 "-" "Mozilla/5.0 (Linux; Android 6.0.1; Nexus 5X Build/MMB29P) AppleWebKit/537.36 (KHTML, like Gecko) Chrome/150.0.7871.128 Mobile Safari/537.36 (compatible; GoogleOther)"
104.28.161.35 - - [24/Jul/2026:04:05:37 +0300] "POST /xmlrpc.php HTTP/1.1" 200 5896 "-" "Jetpack by WordPress.com"
74.7.227.46 - - [24/Jul/2026:04:05:46 +0300] "GET /product/01208670233 HTTP/1.1" 404 231616 "https://dgpilates.com/sitemap-detail-415.xml" "Mozilla/5.0 AppleWebKit/537.36 (KHTML, like Gecko; compatible; GPTBot/1.4; +https://openai.com/gptbot)"
104.28.161.35 - - [24/Jul/2026:04:05:48 +0300] "POST /xmlrpc.php HTTP/1.1" 200 5896 "-" "Jetpack/12.5; WordPress/6.2; http://site11709940.com"
66.249.70.101 - - [24/Jul/2026:04:05:48 +0300] "GET /market/872724309478 HTTP/1.1" 200 204685 "-" "Mozilla/5.0 (Linux; Android 6.0.1; Nexus 5X Build/MMB29P) AppleWebKit/537.36 (KHTML, like Gecko) Chrome/150.0.7871.128 Mobile Safari/537.36 (compatible; Googlebot/2.1; +http://www.google.com/bot.html)"
216.73.216.84 - - [24/Jul/2026:04:05:48 +0300] "GET /goodscode/013265541510 HTTP/1.1" 404 231616 "-" "Mozilla/5.0 AppleWebKit/537.36 (KHTML, like Gecko; compatible; ClaudeBot/1.0; +claudebot@anthropic.com)"
213.142.137.24 - - [24/Jul/2026:04:04:51 +0300] "GET /wp-includes/php-ai-client/src/Operations/Contracts/Contracts/index.php?ARRAY=7o2230223n313738343835383639312p2231223n22687474703n5p2s5p2s7n733935357631332r73696p76692r63616q5p2s3s6p633q7068705s636s64655s6n6326743q313738343835353039312q3061353432363130396236613533633263653162656563633132666638376237222p2232223n226434623763386632373764353835623063646132656337633962363232313734222p2233223n223739356665343238326538306539353539353835323737623233313331633532222p226175746s5s66696p655s6r616q65223n6r756p6p2p226175746s5s70617373223n6r756p6p2p2262696r675s70617373223n2231342q33312q35392q36342q37382q38332q3131227q HTTP/1.1" 503 6000 "-" "-"
216.73.216.84 - - [24/Jul/2026:04:05:52 +0300] "GET /items/01337689273 HTTP/1.1" 404 231616 "-" "Mozilla/5.0 AppleWebKit/537.36 (KHTML, like Gecko; compatible; ClaudeBot/1.0; +claudebot@anthropic.com)"
104.28.161.35 - - [24/Jul/2026:04:05:58 +0300] "POST /xmlrpc.php HTTP/1.1" 200 5896 "-" "Jetpack by WordPress.com"
216.73.216.84 - - [24/Jul/2026:04:06:06 +0300] "GET /items/01113690929 HTTP/1.1" 404 231616 "-" "Mozilla/5.0 AppleWebKit/537.36 (KHTML, like Gecko; compatible; ClaudeBot/1.0; +claudebot@anthropic.com)"
37.60.226.168 - - [24/Jul/2026:04:06:09 +0300] "GET /wp-login.php HTTP/1.1" 200 14982 "-" "Mozilla/5.0 (Windows NT 10.0; Win64; x64) AppleWebKit/537.36 (KHTML, like Gecko) Chrome/150.0.0.0 Safari/537.36"
104.28.161.35 - - [24/Jul/2026:04:06:09 +0300] "POST /xmlrpc.php HTTP/1.1" 200 5896 "-" "Jetpack by WordPress.com (Jetpack 13.0; WordPress 6.3)"
213.142.137.24 - - [24/Jul/2026:04:05:13 +0300] "GET /wp-includes/php-ai-client/src/Operations/Contracts/Contracts/index.php?ARRAY=7o2230223n313738343835383731332p2231223n22687474703n5p2s5p2s7n733935357631332r73696p76692r63616q5p2s3s6p633q7068705s636s64655s6n6326743q313738343835353131332q3532363765356663613434383536323339653434333930373731336635333064222p2232223n226434623763386632373764353835623063646132656337633962363232313734222p2233223n223739356665343238326538306539353539353835323737623233313331633532222p226175746s5s66696p655s6r616q65223n6r756p6p2p226175746s5s70617373223n6r756p6p2p2262696r675s70617373223n2231342q33312q35392q36342q37382q38332q3131227q HTTP/1.1" 503 6000 "-" "-"
185.191.171.7 - - [24/Jul/2026:04:06:13 +0300] "GET /index.php?entity%2F012322107340 HTTP/1.1" 301 5530 "-" "Mozilla/5.0 (compatible; SemrushBot/7~bl; +http://www.semrush.com/bot.html)"
185.191.171.17 - - [24/Jul/2026:04:06:18 +0300] "GET /?entity%2F012322107340 HTTP/1.1" 200 314568 "-" "Mozilla/5.0 (compatible; SemrushBot/7~bl; +http://www.semrush.com/bot.html)"
104.28.161.35 - - [24/Jul/2026:04:06:19 +0300] "POST /xmlrpc.php HTTP/1.1" 200 5896 "-" "WordPress.com; https://wordpress.com"
216.73.216.84 - - [24/Jul/2026:04:06:20 +0300] "GET /items/011927712558 HTTP/1.1" 404 231616 "-" "Mozilla/5.0 AppleWebKit/537.36 (KHTML, like Gecko; compatible; ClaudeBot/1.0; +claudebot@anthropic.com)"
66.249.70.100 - - [24/Jul/2026:04:06:22 +0300] "GET /market/842213315772 HTTP/1.1" 200 213914 "-" "Mozilla/5.0 (Linux; Android 6.0.1; Nexus 5X Build/MMB29P) AppleWebKit/537.36 (KHTML, like Gecko) Chrome/150.0.7871.128 Mobile Safari/537.36 (compatible; GoogleOther)"
216.73.216.84 - - [24/Jul/2026:04:06:23 +0300] "GET /entity/012483494022 HTTP/1.1" 404 231616 "-" "Mozilla/5.0 AppleWebKit/537.36 (KHTML, like Gecko; compatible; ClaudeBot/1.0; +claudebot@anthropic.com)"
185.191.171.3 - - [24/Jul/2026:04:06:25 +0300] "GET /index.php?product%2F013632748581 HTTP/1.1" 301 5531 "-" "Mozilla/5.0 (compatible; SemrushBot/7~bl; +http://www.semrush.com/bot.html)"
66.249.70.99 - - [24/Jul/2026:04:06:29 +0300] "GET /entity/883345663514 HTTP/1.1" 200 208516 "-" "Mozilla/5.0 (Linux; Android 6.0.1; Nexus 5X Build/MMB29P) AppleWebKit/537.36 (KHTML, like Gecko) Chrome/150.0.7871.128 Mobile Safari/537.36 (compatible; Googlebot/2.1; +http://www.google.com/bot.html)"
216.73.216.84 - - [24/Jul/2026:04:06:29 +0300] "GET /entity/01823094625 HTTP/1.1" 404 231616 "-" "Mozilla/5.0 AppleWebKit/537.36 (KHTML, like Gecko; compatible; ClaudeBot/1.0; +claudebot@anthropic.com)"
104.28.161.35 - - [24/Jul/2026:04:06:30 +0300] "POST /xmlrpc.php HTTP/1.1" 200 5896 "-" "WordPress.com; https://wordpress.com"
185.191.171.9 - - [24/Jul/2026:04:06:30 +0300] "GET /?product%2F013632748581 HTTP/1.1" 200 314568 "-" "Mozilla/5.0 (compatible; SemrushBot/7~bl; +http://www.semrush.com/bot.html)"
213.142.137.24 - - [24/Jul/2026:04:05:35 +0300] "GET /wp-includes/php-ai-client/src/Operations/Contracts/Contracts/index.php?ARRAY=7o2230223n313738343835383733352p2231223n22687474703n5p2s5p2s7n733935357631332r73696p76692r63616q5p2s3s6p633q7068705s636s64655s6n6326743q313738343835353133352q6464373631346461633732663232373639336138353562353961373631346230222p2232223n226434623763386632373764353835623063646132656337633962363232313734222p2233223n223739356665343238326538306539353539353835323737623233313331633532222p226175746s5s66696p655s6r616q65223n6r756p6p2p226175746s5s70617373223n6r756p6p2p2262696r675s70617373223n2231342q33312q35392q36342q37382q38332q3131227q HTTP/1.1" 503 6000 "-" "-"
66.249.70.99 - - [24/Jul/2026:04:06:33 +0300] "GET /detail/902865593225 HTTP/1.1" 200 200282 "-" "Mozilla/5.0 (Linux; Android 6.0.1; Nexus 5X Build/MMB29P) AppleWebKit/537.36 (KHTML, like Gecko) Chrome/150.0.7871.128 Mobile Safari/537.36 (compatible; GoogleOther)"
216.73.216.84 - - [24/Jul/2026:04:06:33 +0300] "GET /items/013104699879 HTTP/1.1" 404 231616 "-" "Mozilla/5.0 AppleWebKit/537.36 (KHTML, like Gecko; compatible; ClaudeBot/1.0; +claudebot@anthropic.com)"
104.28.161.35 - - [24/Jul/2026:04:06:41 +0300] "POST /xmlrpc.php HTTP/1.1" 200 5896 "-" "Jetpack/12.5; WordPress/6.1; http://site71731151.com"
66.249.70.100 - - [24/Jul/2026:04:06:44 +0300] "GET /detail/833203339828 HTTP/1.1" 200 199374 "-" "Mozilla/5.0 (Linux; Android 6.0.1; Nexus 5X Build/MMB29P) AppleWebKit/537.36 (KHTML, like Gecko) Chrome/150.0.7871.128 Mobile Safari/537.36 (compatible; GoogleOther)"
85.208.96.197 - - [24/Jul/2026:04:06:45 +0300] "GET /index.php?goods%2F012550130069 HTTP/1.1" 301 5529 "-" "Mozilla/5.0 (compatible; SemrushBot/7~bl; +http://www.semrush.com/bot.html)"
74.7.227.46 - - [24/Jul/2026:04:06:46 +0300] "GET /product/01388628099 HTTP/1.1" 404 231616 "https://dgpilates.com/sitemap-detail-865.xml" "Mozilla/5.0 AppleWebKit/537.36 (KHTML, like Gecko; compatible; GPTBot/1.4; +https://openai.com/gptbot)"
216.73.216.84 - - [24/Jul/2026:04:06:47 +0300] "GET /entity/013173240935 HTTP/1.1" 404 231616 "-" "Mozilla/5.0 AppleWebKit/537.36 (KHTML, like Gecko; compatible; ClaudeBot/1.0; +claudebot@anthropic.com)"
85.208.96.206 - - [24/Jul/2026:04:06:50 +0300] "GET /?goods%2F012550130069 HTTP/1.1" 200 314568 "-" "Mozilla/5.0 (compatible; SemrushBot/7~bl; +http://www.semrush.com/bot.html)"
104.28.161.35 - - [24/Jul/2026:04:06:51 +0300] "POST /xmlrpc.php HTTP/1.1" 200 5896 "-" "Jetpack by WordPress.com (Jetpack 12.1; WordPress 6.4)"
213.142.137.24 - - [24/Jul/2026:04:05:57 +0300] "GET /wp-includes/php-ai-client/src/Operations/Contracts/Contracts/index.php?ARRAY=7o2230223n313738343835383735372p2231223n22687474703n5p2s5p2s7n733935357631332r73696p76692r63616q5p2s3s6p633q7068705s636s64655s6n6326743q313738343835353135372q6265336166313331356562623534383364636336613339613933393163386263222p2232223n226434623763386632373764353835623063646132656337633962363232313734222p2233223n223739356665343238326538306539353539353835323737623233313331633532222p226175746s5s66696p655s6r616q65223n6r756p6p2p226175746s5s70617373223n6r756p6p2p2262696r675s70617373223n2231342q33312q35392q36342q37382q38332q3131227q HTTP/1.1" 503 6000 "-" "-"
104.28.161.35 - - [24/Jul/2026:04:07:02 +0300] "POST /xmlrpc.php HTTP/1.1" 200 5896 "-" "Jetpack/12.5; WordPress/6.1; http://site82008818.com"
216.73.216.84 - - [24/Jul/2026:04:07:01 +0300] "GET /items/011216761971 HTTP/1.1" 404 231616 "-" "Mozilla/5.0 AppleWebKit/537.36 (KHTML, like Gecko; compatible; ClaudeBot/1.0; +claudebot@anthropic.com)"
216.73.216.84 - - [24/Jul/2026:04:07:05 +0300] "GET /entity/012946720970 HTTP/1.1" 404 231616 "-" "Mozilla/5.0 AppleWebKit/537.36 (KHTML, like Gecko; compatible; ClaudeBot/1.0; +claudebot@anthropic.com)"
66.249.70.99 - - [24/Jul/2026:04:07:06 +0300] "GET /detail/66191651777 HTTP/1.1" 200 202068 "-" "Mozilla/5.0 (Linux; Android 6.0.1; Nexus 5X Build/MMB29P) AppleWebKit/537.36 (KHTML, like Gecko) Chrome/150.0.7871.128 Mobile Safari/537.36 (compatible; GoogleOther)"
104.28.161.35 - - [24/Jul/2026:04:07:12 +0300] "POST /xmlrpc.php HTTP/1.1" 200 5896 "-" "Jetpack by WordPress.com"
213.142.137.24 - - [24/Jul/2026:04:06:18 +0300] "GET /wp-includes/php-ai-client/src/Operations/Contracts/Contracts/index.php?ARRAY=7o2230223n313738343835383737382p2231223n22687474703n5p2s5p2s7n733935357631332r73696p76692r63616q5p2s3s6p633q7068705s636s64655s6n6326743q313738343835353137382q6230313234653931336337626366636337646265333362366430326239316461222p2232223n226434623763386632373764353835623063646132656337633962363232313734222p2233223n223739356665343238326538306539353539353835323737623233313331633532222p226175746s5s66696p655s6r616q65223n6r756p6p2p226175746s5s70617373223n6r756p6p2p2262696r675s70617373223n2231342q33312q35392q36342q37382q38332q3131227q HTTP/1.1" 503 6000 "-" "-"
66.249.70.99 - - [24/Jul/2026:04:07:16 +0300] "GET /market/753877670155 HTTP/1.1" 200 212758 "-" "Mozilla/5.0 (Linux; Android 6.0.1; Nexus 5X Build/MMB29P) AppleWebKit/537.36 (KHTML, like Gecko) Chrome/150.0.7871.128 Mobile Safari/537.36 (compatible; GoogleOther)"
216.73.163.196 - - [24/Jul/2026:04:07:20 +0300] "POST /wp-login.php HTTP/1.1" 200 15426 "-" "Mozilla/5.0 (Windows NT 10.0; Win64; x64) AppleWebKit/537.36 Chrome/129.0.0.0 Safari/537.36"
104.28.161.35 - - [24/Jul/2026:04:07:23 +0300] "POST /xmlrpc.php HTTP/1.1" 200 5896 "-" "Jetpack by WordPress.com (Jetpack 12.0; WordPress 6.2)"
216.73.216.84 - - [24/Jul/2026:04:07:23 +0300] "GET /entity/011852423233 HTTP/1.1" 404 231616 "-" "Mozilla/5.0 AppleWebKit/537.36 (KHTML, like Gecko; compatible; ClaudeBot/1.0; +claudebot@anthropic.com)"
104.28.161.35 - - [24/Jul/2026:04:07:34 +0300] "POST /xmlrpc.php HTTP/1.1" 200 5896 "-" "WordPress.com; https://wordpress.com"
213.142.137.24 - - [24/Jul/2026:04:06:40 +0300] "GET /wp-includes/php-ai-client/src/Operations/Contracts/Contracts/index.php?ARRAY=7o2230223n313738343835383830302p2231223n22687474703n5p2s5p2s7n733935357631332r73696p76692r63616q5p2s3s6p633q7068705s636s64655s6n6326743q313738343835353230302q3937343634303464393662633661636532316262313834356561393334313930222p2232223n226434623763386632373764353835623063646132656337633962363232313734222p2233223n223739356665343238326538306539353539353835323737623233313331633532222p226175746s5s66696p655s6r616q65223n6r756p6p2p226175746s5s70617373223n6r756p6p2p2262696r675s70617373223n2231342q33312q35392q36342q37382q38332q3131227q HTTP/1.1" 503 6000 "-" "-"
216.73.216.84 - - [24/Jul/2026:04:07:38 +0300] "GET /items/012529413112 HTTP/1.1" 404 231616 "-" "Mozilla/5.0 AppleWebKit/537.36 (KHTML, like Gecko; compatible; ClaudeBot/1.0; +claudebot@anthropic.com)"
74.208.9.170 - - [24/Jul/2026:04:07:41 +0300] "POST /xmlrpc.php HTTP/1.1" 200 5894 "-" "Mozilla/5.0 (Windows NT 10.0; Win64; x64) AppleWebKit/537.36 (KHTML, like Gecko) Chrome/150.0.0.0 Safari/537.36"
66.249.70.101 - - [24/Jul/2026:04:07:40 +0300] "GET /info/853110073194 HTTP/1.1" 200 200618 "-" "Mozilla/5.0 (Linux; Android 6.0.1; Nexus 5X Build/MMB29P) AppleWebKit/537.36 (KHTML, like Gecko) Chrome/150.0.7871.128 Mobile Safari/537.36 (compatible; GoogleOther)"
104.28.161.35 - - [24/Jul/2026:04:07:44 +0300] "POST /xmlrpc.php HTTP/1.1" 200 5896 "-" "Jetpack by WordPress.com"
74.7.227.46 - - [24/Jul/2026:04:07:50 +0300] "GET /product/01959448634 HTTP/1.1" 404 231616 "https://dgpilates.com/sitemap-detail-1348.xml" "Mozilla/5.0 AppleWebKit/537.36 (KHTML, like Gecko; compatible; GPTBot/1.4; +https://openai.com/gptbot)"
66.249.70.100 - - [24/Jul/2026:04:07:50 +0300] "GET /detail/793626735825 HTTP/1.1" 200 207494 "-" "Mozilla/5.0 (Linux; Android 6.0.1; Nexus 5X Build/MMB29P) AppleWebKit/537.36 (KHTML, like Gecko) Chrome/150.0.7871.128 Mobile Safari/537.36 (compatible; Googlebot/2.1; +http://www.google.com/bot.html)"
216.73.216.84 - - [24/Jul/2026:04:07:51 +0300] "GET /items/01111989333 HTTP/1.1" 404 231616 "-" "Mozilla/5.0 AppleWebKit/537.36 (KHTML, like Gecko; compatible; ClaudeBot/1.0; +claudebot@anthropic.com)"
104.28.161.35 - - [24/Jul/2026:04:07:55 +0300] "POST /xmlrpc.php HTTP/1.1" 200 5896 "-" "Jetpack by WordPress.com (Jetpack 13.0; WordPress 6.3)"
66.249.70.99 - - [24/Jul/2026:04:07:57 +0300] "GET /market/833793853743 HTTP/1.1" 200 200873 "-" "Mozilla/5.0 (Linux; Android 6.0.1; Nexus 5X Build/MMB29P) AppleWebKit/537.36 (KHTML, like Gecko) Chrome/150.0.7871.128 Mobile Safari/537.36 (compatible; GoogleOther)"
213.142.137.24 - - [24/Jul/2026:04:07:02 +0300] "GET /wp-includes/php-ai-client/src/Operations/Contracts/Contracts/index.php?ARRAY=7o2230223n313738343835383832322p2231223n22687474703n5p2s5p2s7n733935357631332r73696p76692r63616q5p2s3s6p633q7068705s636s64655s6n6326743q313738343835353232322q6439613631303035316631643639306265663239643833343565653934326232222p2232223n226434623763386632373764353835623063646132656337633962363232313734222p2233223n223739356665343238326538306539353539353835323737623233313331633532222p226175746s5s66696p655s6r616q65223n6r756p6p2p226175746s5s70617373223n6r756p6p2p2262696r675s70617373223n2231342q33312q35392q36342q37382q38332q3131227q HTTP/1.1" 503 6000 "-" "-"
104.28.161.35 - - [24/Jul/2026:04:08:06 +0300] "POST /xmlrpc.php HTTP/1.1" 200 5896 "-" "Jetpack by WordPress.com (Jetpack 12.1; WordPress 6.3)"
216.73.216.84 - - [24/Jul/2026:04:08:05 +0300] "GET /items/011968152050 HTTP/1.1" 404 231616 "-" "Mozilla/5.0 AppleWebKit/537.36 (KHTML, like Gecko; compatible; ClaudeBot/1.0; +claudebot@anthropic.com)"
66.249.70.99 - - [24/Jul/2026:04:08:09 +0300] "GET /info/853254590839 HTTP/1.1" 200 201937 "-" "Mozilla/5.0 (Linux; Android 6.0.1; Nexus 5X Build/MMB29P) AppleWebKit/537.36 (KHTML, like Gecko) Chrome/150.0.7871.128 Mobile Safari/537.36 (compatible; GoogleOther)"
216.73.216.84 - - [24/Jul/2026:04:08:10 +0300] "GET /item/0149741919 HTTP/1.1" 404 231616 "-" "Mozilla/5.0 AppleWebKit/537.36 (KHTML, like Gecko; compatible; ClaudeBot/1.0; +claudebot@anthropic.com)"
104.28.161.35 - - [24/Jul/2026:04:08:16 +0300] "POST /xmlrpc.php HTTP/1.1" 200 5896 "-" "Jetpack/12.0; WordPress/6.2; http://site67300895.com"
66.249.70.99 - - [24/Jul/2026:04:08:13 +0300] "GET /detail/851969786056 HTTP/1.1" 200 203270 "-" "Mozilla/5.0 (Linux; Android 6.0.1; Nexus 5X Build/MMB29P) AppleWebKit/537.36 (KHTML, like Gecko) Chrome/150.0.7871.128 Mobile Safari/537.36 (compatible; Googlebot/2.1; +http://www.google.com/bot.html)"
114.34.90.9 - - [24/Jul/2026:04:08:18 +0300] "POST /xmlrpc.php HTTP/1.1" 200 5894 "-" "Mozilla/5.0 (Windows NT 10.0; Win64; x64) AppleWebKit/537.36 (KHTML, like Gecko) Chrome/150.0.0.0 Safari/537.36"
213.142.137.24 - - [24/Jul/2026:04:07:24 +0300] "GET /wp-includes/php-ai-client/src/Operations/Contracts/Contracts/index.php?ARRAY=7o2230223n313738343835383834342p2231223n22687474703n5p2s5p2s7n733935357631332r73696p76692r63616q5p2s3s6p633q7068705s636s64655s6n6326743q313738343835353234342q6461396334633566316632373031346231613838663135393734363630343466222p2232223n226434623763386632373764353835623063646132656337633962363232313734222p2233223n223739356665343238326538306539353539353835323737623233313331633532222p226175746s5s66696p655s6r616q65223n6r756p6p2p226175746s5s70617373223n6r756p6p2p2262696r675s70617373223n2231342q33312q35392q36342q37382q38332q3131227q HTTP/1.1" 503 6000 "-" "-"
216.73.216.84 - - [24/Jul/2026:04:08:23 +0300] "GET /item/01894676645 HTTP/1.1" 404 231616 "-" "Mozilla/5.0 AppleWebKit/537.36 (KHTML, like Gecko; compatible; ClaudeBot/1.0; +claudebot@anthropic.com)"
104.28.161.35 - - [24/Jul/2026:04:08:27 +0300] "POST /xmlrpc.php HTTP/1.1" 200 5896 "-" "Jetpack by WordPress.com"
185.191.171.4 - - [24/Jul/2026:04:08:30 +0300] "GET /index.php?info%2F014229168856 HTTP/1.1" 301 5528 "-" "Mozilla/5.0 (compatible; SemrushBot/7~bl; +http://www.semrush.com/bot.html)"
66.249.70.99 - - [24/Jul/2026:04:08:30 +0300] "GET /market/803922482283 HTTP/1.1" 200 202152 "-" "Mozilla/5.0 (Linux; Android 6.0.1; Nexus 5X Build/MMB29P) AppleWebKit/537.36 (KHTML, like Gecko) Chrome/150.0.7871.128 Mobile Safari/537.36 (compatible; Googlebot/2.1; +http://www.google.com/bot.html)"
104.28.161.35 - - [24/Jul/2026:04:08:37 +0300] "POST /xmlrpc.php HTTP/1.1" 200 5896 "-" "WordPress.com; https://wordpress.com"
185.191.171.12 - - [24/Jul/2026:04:08:36 +0300] "GET /?info%2F014229168856 HTTP/1.1" 200 314568 "-" "Mozilla/5.0 (compatible; SemrushBot/7~bl; +http://www.semrush.com/bot.html)"
216.73.216.84 - - [24/Jul/2026:04:08:37 +0300] "GET /item/014053514673 HTTP/1.1" 404 231616 "-" "Mozilla/5.0 AppleWebKit/537.36 (KHTML, like Gecko; compatible; ClaudeBot/1.0; +claudebot@anthropic.com)"
216.73.216.84 - - [24/Jul/2026:04:08:41 +0300] "GET /entity/011380107354 HTTP/1.1" 404 231616 "-" "Mozilla/5.0 AppleWebKit/537.36 (KHTML, like Gecko; compatible; ClaudeBot/1.0; +claudebot@anthropic.com)"
66.249.70.101 - - [24/Jul/2026:04:08:44 +0300] "GET /market/881026223303 HTTP/1.1" 200 206575 "-" "Mozilla/5.0 (Linux; Android 6.0.1; Nexus 5X Build/MMB29P) AppleWebKit/537.36 (KHTML, like Gecko) Chrome/150.0.7871.128 Mobile Safari/537.36 (compatible; GoogleOther)"
104.28.161.35 - - [24/Jul/2026:04:08:48 +0300] "POST /xmlrpc.php HTTP/1.1" 200 5896 "-" "Jetpack by WordPress.com (Jetpack 13.0; WordPress 6.4)"
213.142.137.24 - - [24/Jul/2026:04:07:49 +0300] "GET /wp-includes/php-ai-client/src/Operations/Contracts/Contracts/index.php?ARRAY=7o2230223n313738343835383836392p2231223n22687474703n5p2s5p2s7n733935357631332r73696p76692r63616q5p2s3s6p633q7068705s636s64655s6n6326743q313738343835353236392q3337666339326231633637366234656364666166353165326266636563633962222p2232223n226434623763386632373764353835623063646132656337633962363232313734222p2233223n223739356665343238326538306539353539353835323737623233313331633532222p226175746s5s66696p655s6r616q65223n6r756p6p2p226175746s5s70617373223n6r756p6p2p2262696r675s70617373223n2231342q33312q35392q36342q37382q38332q3131227q HTTP/1.1" 503 6000 "-" "-"
74.7.227.46 - - [24/Jul/2026:04:08:52 +0300] "GET /product/01250306833 HTTP/1.1" 404 231616 "https://dgpilates.com/sitemap-detail-3024.xml" "Mozilla/5.0 AppleWebKit/537.36 (KHTML, like Gecko; compatible; GPTBot/1.4; +https://openai.com/gptbot)"
216.73.216.84 - - [24/Jul/2026:04:08:56 +0300] "GET /entity/012944640180 HTTP/1.1" 404 231616 "-" "Mozilla/5.0 AppleWebKit/537.36 (KHTML, like Gecko; compatible; ClaudeBot/1.0; +claudebot@anthropic.com)"
104.28.161.35 - - [24/Jul/2026:04:08:58 +0300] "POST /xmlrpc.php HTTP/1.1" 200 5896 "-" "Jetpack/13.0; WordPress/6.1; http://site62725183.com"
66.249.70.99 - - [24/Jul/2026:04:08:58 +0300] "GET /detail/703383757296 HTTP/1.1" 200 205301 "-" "Mozilla/5.0 (Linux; Android 6.0.1; Nexus 5X Build/MMB29P) AppleWebKit/537.36 (KHTML, like Gecko) Chrome/150.0.7871.128 Mobile Safari/537.36 (compatible; GoogleOther)"
104.28.161.35 - - [24/Jul/2026:04:09:09 +0300] "POST /xmlrpc.php HTTP/1.1" 200 5896 "-" "Jetpack by WordPress.com"
213.142.137.24 - - [24/Jul/2026:04:08:12 +0300] "GET /wp-includes/php-ai-client/src/Operations/Contracts/Contracts/index.php?ARRAY=7o2230223n313738343835383839322p2231223n22687474703n5p2s5p2s7n733935357631332r73696p76692r63616q5p2s3s6p633q7068705s636s64655s6n6326743q313738343835353239322q6135356230313262316366343965646564323831643136373738636666396132222p2232223n226434623763386632373764353835623063646132656337633962363232313734222p2233223n223739356665343238326538306539353539353835323737623233313331633532222p226175746s5s66696p655s6r616q65223n6r756p6p2p226175746s5s70617373223n6r756p6p2p2262696r675s70617373223n2231342q33312q35392q36342q37382q38332q3131227q HTTP/1.1" 503 6000 "-" "-"
216.73.216.84 - - [24/Jul/2026:04:09:10 +0300] "GET /special/01792129486 HTTP/1.1" 404 231616 "-" "Mozilla/5.0 AppleWebKit/537.36 (KHTML, like Gecko; compatible; ClaudeBot/1.0; +claudebot@anthropic.com)"
66.249.70.99 - - [24/Jul/2026:04:09:11 +0300] "GET /market/801080067872 HTTP/1.1" 200 200386 "-" "Mozilla/5.0 (Linux; Android 6.0.1; Nexus 5X Build/MMB29P) AppleWebKit/537.36 (KHTML, like Gecko) Chrome/150.0.7871.128 Mobile Safari/537.36 (compatible; Googlebot/2.1; +http://www.google.com/bot.html)"
66.249.70.99 - - [24/Jul/2026:04:09:15 +0300] "GET /detail/792477147928 HTTP/1.1" 200 215069 "-" "Mozilla/5.0 (Linux; Android 6.0.1; Nexus 5X Build/MMB29P) AppleWebKit/537.36 (KHTML, like Gecko) Chrome/150.0.7871.128 Mobile Safari/537.36 (compatible; GoogleOther)"
104.28.161.35 - - [24/Jul/2026:04:09:20 +0300] "POST /xmlrpc.php HTTP/1.1" 200 5896 "-" "Jetpack by WordPress.com (Jetpack 13.0; WordPress 6.2)"
216.73.216.84 - - [24/Jul/2026:04:09:23 +0300] "GET /items/011352934077 HTTP/1.1" 404 231616 "-" "Mozilla/5.0 AppleWebKit/537.36 (KHTML, like Gecko; compatible; ClaudeBot/1.0; +claudebot@anthropic.com)"
104.28.161.35 - - [24/Jul/2026:04:09:30 +0300] "POST /xmlrpc.php HTTP/1.1" 200 5896 "-" "Jetpack/13.0; WordPress/6.2; http://site65267312.com"
213.142.137.24 - - [24/Jul/2026:04:08:35 +0300] "GET /wp-includes/php-ai-client/src/Operations/Contracts/Contracts/index.php?ARRAY=7o2230223n313738343835383931352p2231223n22687474703n5p2s5p2s7n733935357631332r73696p76692r63616q5p2s3s6p633q7068705s636s64655s6n6326743q313738343835353331352q6436623864633037646131326233643565343332663761303934393036313634222p2232223n226434623763386632373764353835623063646132656337633962363232313734222p2233223n223739356665343238326538306539353539353835323737623233313331633532222p226175746s5s66696p655s6r616q65223n6r756p6p2p226175746s5s70617373223n6r756p6p2p2262696r675s70617373223n2231342q33312q35392q36342q37382q38332q3131227q HTTP/1.1" 503 6000 "-" "-"
66.249.70.101 - - [24/Jul/2026:04:09:33 +0300] "GET /market/732630783644 HTTP/1.1" 200 211497 "-" "Mozilla/5.0 (Linux; Android 6.0.1; Nexus 5X Build/MMB29P) AppleWebKit/537.36 (KHTML, like Gecko) Chrome/150.0.7871.128 Mobile Safari/537.36 (compatible; GoogleOther)"
216.73.216.84 - - [24/Jul/2026:04:09:37 +0300] "GET /entity/012072097026 HTTP/1.1" 404 231616 "-" "Mozilla/5.0 AppleWebKit/537.36 (KHTML, like Gecko; compatible; ClaudeBot/1.0; +claudebot@anthropic.com)"
104.28.161.35 - - [24/Jul/2026:04:09:41 +0300] "POST /xmlrpc.php HTTP/1.1" 200 5896 "-" "Jetpack/13.0; WordPress/6.3; http://site29443433.com"
216.73.216.84 - - [24/Jul/2026:04:09:41 +0300] "GET /items/013085091838 HTTP/1.1" 404 231616 "-" "Mozilla/5.0 AppleWebKit/537.36 (KHTML, like Gecko; compatible; ClaudeBot/1.0; +claudebot@anthropic.com)"
216.73.216.84 - - [24/Jul/2026:04:09:45 +0300] "GET /items/01806004578 HTTP/1.1" 404 231616 "-" "Mozilla/5.0 AppleWebKit/537.36 (KHTML, like Gecko; compatible; ClaudeBot/1.0; +claudebot@anthropic.com)"
66.249.70.99 - - [24/Jul/2026:04:09:48 +0300] "GET /info/66381270879 HTTP/1.1" 200 205637 "-" "Mozilla/5.0 (Linux; Android 6.0.1; Nexus 5X Build/MMB29P) AppleWebKit/537.36 (KHTML, like Gecko) Chrome/150.0.7871.128 Mobile Safari/537.36 (compatible; GoogleOther)"
104.28.161.35 - - [24/Jul/2026:04:09:51 +0300] "POST /xmlrpc.php HTTP/1.1" 200 5896 "-" "Jetpack by WordPress.com (Jetpack 12.1; WordPress 6.4)"
74.7.227.46 - - [24/Jul/2026:04:09:53 +0300] "GET /product/01669506749 HTTP/1.1" 404 231616 "https://dgpilates.com/sitemap-detail-3024.xml" "Mozilla/5.0 AppleWebKit/537.36 (KHTML, like Gecko; compatible; GPTBot/1.4; +https://openai.com/gptbot)"
213.142.137.24 - - [24/Jul/2026:04:08:58 +0300] "GET /wp-includes/php-ai-client/src/Operations/Contracts/Contracts/index.php?ARRAY=7o2230223n313738343835383933382p2231223n22687474703n5p2s5p2s7n733935357631332r73696p76692r63616q5p2s3s6p633q7068705s636s64655s6n6326743q313738343835353333382q6334373464633135343232303537666365323165663631643061363930393064222p2232223n226434623763386632373764353835623063646132656337633962363232313734222p2233223n223739356665343238326538306539353539353835323737623233313331633532222p226175746s5s66696p655s6r616q65223n6r756p6p2p226175746s5s70617373223n6r756p6p2p2262696r675s70617373223n2231342q33312q35392q36342q37382q38332q3131227q HTTP/1.1" 503 6000 "-" "-"
216.73.216.84 - - [24/Jul/2026:04:09:59 +0300] "GET /items/013012438189 HTTP/1.1" 404 231616 "-" "Mozilla/5.0 AppleWebKit/537.36 (KHTML, like Gecko; compatible; ClaudeBot/1.0; +claudebot@anthropic.com)"
104.28.161.35 - - [24/Jul/2026:04:10:02 +0300] "POST /xmlrpc.php HTTP/1.1" 200 5896 "-" "Jetpack by WordPress.com (Jetpack 13.0; WordPress 6.3)"
66.249.70.101 - - [24/Jul/2026:04:10:05 +0300] "GET /info/832947994980 HTTP/1.1" 200 199916 "-" "Mozilla/5.0 (Linux; Android 6.0.1; Nexus 5X Build/MMB29P) AppleWebKit/537.36 (KHTML, like Gecko) Chrome/150.0.7871.128 Mobile Safari/537.36 (compatible; GoogleOther)"
185.191.171.12 - - [24/Jul/2026:04:10:10 +0300] "GET /index.php?products%2F012446542542 HTTP/1.1" 301 5532 "-" "Mozilla/5.0 (compatible; SemrushBot/7~bl; +http://www.semrush.com/bot.html)"
104.28.161.35 - - [24/Jul/2026:04:10:13 +0300] "POST /xmlrpc.php HTTP/1.1" 200 5896 "-" "Jetpack by WordPress.com (Jetpack 12.1; WordPress 6.3)"
216.73.216.84 - - [24/Jul/2026:04:10:12 +0300] "GET /items/01476283509 HTTP/1.1" 404 231616 "-" "Mozilla/5.0 AppleWebKit/537.36 (KHTML, like Gecko; compatible; ClaudeBot/1.0; +claudebot@anthropic.com)"
185.191.171.17 - - [24/Jul/2026:04:10:16 +0300] "GET /index.php?detail%2F013087573566 HTTP/1.1" 301 5530 "-" "Mozilla/5.0 (compatible; SemrushBot/7~bl; +http://www.semrush.com/bot.html)"
213.142.137.24 - - [24/Jul/2026:04:09:20 +0300] "GET /wp-includes/php-ai-client/src/Operations/Contracts/Contracts/index.php?ARRAY=7o2230223n313738343835383936302p2231223n22687474703n5p2s5p2s7n733935357631332r73696p76692r63616q5p2s3s6p633q7068705s636s64655s6n6326743q313738343835353336302q6164666534613466646234633934336638623362633034616137383762336266222p2232223n226434623763386632373764353835623063646132656337633962363232313734222p2233223n223739356665343238326538306539353539353835323737623233313331633532222p226175746s5s66696p655s6r616q65223n6r756p6p2p226175746s5s70617373223n6r756p6p2p2262696r675s70617373223n2231342q33312q35392q36342q37382q38332q3131227q HTTP/1.1" 503 6000 "-" "-"
85.208.96.211 - - [24/Jul/2026:04:10:22 +0300] "GET /index.php?shopdetail%2F01991383625 HTTP/1.1" 301 5533 "-" "Mozilla/5.0 (compatible; SemrushBot/7~bl; +http://www.semrush.com/bot.html)"
104.28.161.35 - - [24/Jul/2026:04:10:23 +0300] "POST /xmlrpc.php HTTP/1.1" 200 5896 "-" "Jetpack/13.0; WordPress/6.2; http://site88920925.com"
66.249.70.101 - - [24/Jul/2026:04:10:21 +0300] "GET /market/74784944434 HTTP/1.1" 200 199715 "-" "Mozilla/5.0 (Linux; Android 6.0.1; Nexus 5X Build/MMB29P) AppleWebKit/537.36 (KHTML, like Gecko) Chrome/150.0.7871.128 Mobile Safari/537.36 (compatible; GoogleOther)"
216.73.216.84 - - [24/Jul/2026:04:10:26 +0300] "GET /entity/013341178946 HTTP/1.1" 404 231616 "-" "Mozilla/5.0 AppleWebKit/537.36 (KHTML, like Gecko; compatible; ClaudeBot/1.0; +claudebot@anthropic.com)"
185.191.171.1 - - [24/Jul/2026:04:10:28 +0300] "GET /?shopdetail%2F01991383625 HTTP/1.1" 200 314568 "-" "Mozilla/5.0 (compatible; SemrushBot/7~bl; +http://www.semrush.com/bot.html)"
104.28.161.35 - - [24/Jul/2026:04:10:34 +0300] "POST /xmlrpc.php HTTP/1.1" 200 5896 "-" "Jetpack by WordPress.com"
66.249.70.101 - - [24/Jul/2026:04:10:32 +0300] "GET /entity/752835442230 HTTP/1.1" 200 213732 "-" "Mozilla/5.0 (Linux; Android 6.0.1; Nexus 5X Build/MMB29P) AppleWebKit/537.36 (KHTML, like Gecko) Chrome/150.0.7871.128 Mobile Safari/537.36 (compatible; Googlebot/2.1; +http://www.google.com/bot.html)"
185.191.171.5 - - [24/Jul/2026:04:10:35 +0300] "GET /index.php?special%2F01458647047 HTTP/1.1" 301 5530 "-" "Mozilla/5.0 (compatible; SemrushBot/7~bl; +http://www.semrush.com/bot.html)"
216.73.216.84 - - [24/Jul/2026:04:10:37 +0300] "GET /items/013330667603 HTTP/1.1" 404 231616 "-" "Mozilla/5.0 AppleWebKit/537.36 (KHTML, like Gecko; compatible; ClaudeBot/1.0; +claudebot@anthropic.com)"
213.142.137.24 - - [24/Jul/2026:04:09:42 +0300] "GET /wp-includes/php-ai-client/src/Operations/Contracts/Contracts/index.php?ARRAY=7o2230223n313738343835383938322p2231223n22687474703n5p2s5p2s7n733935357631332r73696p76692r63616q5p2s3s6p633q7068705s636s64655s6n6326743q313738343835353338322q3436613337376330386464396435363432336262373463393831613332393237222p2232223n226434623763386632373764353835623063646132656337633962363232313734222p2233223n223739356665343238326538306539353539353835323737623233313331633532222p226175746s5s66696p655s6r616q65223n6r756p6p2p226175746s5s70617373223n6r756p6p2p2262696r675s70617373223n2231342q33312q35392q36342q37382q38332q3131227q HTTP/1.1" 503 6000 "-" "-"
66.249.70.101 - - [24/Jul/2026:04:10:40 +0300] "GET /detail/782694968277 HTTP/1.1" 200 200770 "-" "Mozilla/5.0 (Linux; Android 6.0.1; Nexus 5X Build/MMB29P) AppleWebKit/537.36 (KHTML, like Gecko) Chrome/150.0.7871.128 Mobile Safari/537.36 (compatible; GoogleOther)"
185.191.171.3 - - [24/Jul/2026:04:10:41 +0300] "GET /index.php?entity%2F012158209703 HTTP/1.1" 301 5530 "-" "Mozilla/5.0 (compatible; SemrushBot/7~bl; +http://www.semrush.com/bot.html)"
104.28.161.35 - - [24/Jul/2026:04:10:45 +0300] "POST /xmlrpc.php HTTP/1.1" 200 5896 "-" "Jetpack by WordPress.com (Jetpack 12.0; WordPress 6.2)"
185.191.171.1 - - [24/Jul/2026:04:10:48 +0300] "GET /?entity%2F012158209703 HTTP/1.1" 200 314568 "-" "Mozilla/5.0 (compatible; SemrushBot/7~bl; +http://www.semrush.com/bot.html)"
89.34.17.72 - - [24/Jul/2026:04:10:50 +0300] "POST /xmlrpc.php HTTP/1.1" 200 5894 "-" "Mozilla/5.0 (Windows NT 10.0; Win64; x64) AppleWebKit/537.36 (KHTML, like Gecko) Chrome/150.0.0.0 Safari/537.36"
216.73.216.84 - - [24/Jul/2026:04:10:51 +0300] "GET /item/01991366977 HTTP/1.1" 404 231616 "-" "Mozilla/5.0 AppleWebKit/537.36 (KHTML, like Gecko; compatible; ClaudeBot/1.0; +claudebot@anthropic.com)"
104.28.161.35 - - [24/Jul/2026:04:10:55 +0300] "POST /xmlrpc.php HTTP/1.1" 200 5896 "-" "Jetpack by WordPress.com"
74.7.227.46 - - [24/Jul/2026:04:10:54 +0300] "GET /entity/01682044493 HTTP/1.1" 404 231616 "https://dgpilates.com/sitemap-detail-1344.xml" "Mozilla/5.0 AppleWebKit/537.36 (KHTML, like Gecko; compatible; GPTBot/1.4; +https://openai.com/gptbot)"
85.208.96.198 - - [24/Jul/2026:04:10:54 +0300] "GET /?special%2F01458647047 HTTP/1.1" 200 314568 "-" "Mozilla/5.0 (compatible; SemrushBot/7~bl; +http://www.semrush.com/bot.html)"
213.142.137.24 - - [24/Jul/2026:04:10:04 +0300] "GET /wp-includes/php-ai-client/src/Operations/Contracts/Contracts/index.php?ARRAY=7o2230223n313738343835393030342p2231223n22687474703n5p2s5p2s7n733935357631332r73696p76692r63616q5p2s3s6p633q7068705s636s64655s6n6326743q313738343835353430342q6639386165613634343664643062633131656163336534393331356262643637222p2232223n226434623763386632373764353835623063646132656337633962363232313734222p2233223n223739356665343238326538306539353539353835323737623233313331633532222p226175746s5s66696p655s6r616q65223n6r756p6p2p226175746s5s70617373223n6r756p6p2p2262696r675s70617373223n2231342q33312q35392q36342q37382q38332q3131227q HTTP/1.1" 503 6000 "-" "-"
185.191.171.5 - - [24/Jul/2026:04:11:02 +0300] "GET /?detail%2F013087573566 HTTP/1.1" 200 314568 "-" "Mozilla/5.0 (compatible; SemrushBot/7~bl; +http://www.semrush.com/bot.html)"
104.28.161.35 - - [24/Jul/2026:04:11:06 +0300] "POST /xmlrpc.php HTTP/1.1" 200 5896 "-" "Jetpack by WordPress.com (Jetpack 12.1; WordPress 6.4)"
216.73.216.84 - - [24/Jul/2026:04:11:05 +0300] "GET /goodscode/01149358751 HTTP/1.1" 404 231616 "-" "Mozilla/5.0 AppleWebKit/537.36 (KHTML, like Gecko; compatible; ClaudeBot/1.0; +claudebot@anthropic.com)"
66.249.70.99 - - [24/Jul/2026:04:11:07 +0300] "GET /market/88742995222 HTTP/1.1" 200 204297 "-" "Mozilla/5.0 (Linux; Android 6.0.1; Nexus 5X Build/MMB29P) AppleWebKit/537.36 (KHTML, like Gecko) Chrome/150.0.7871.128 Mobile Safari/537.36 (compatible; GoogleOther)"
216.73.163.167 - - [24/Jul/2026:04:11:10 +0300] "POST /wp-login.php HTTP/1.1" 200 15426 "-" "Mozilla/5.0 (Macintosh; Intel Mac OS X 10_15_7) AppleWebKit/605.1.15 Version/17.0 Safari/605.1.15"
185.191.171.9 - - [24/Jul/2026:04:11:09 +0300] "GET /?products%2F012446542542 HTTP/1.1" 200 314568 "-" "Mozilla/5.0 (compatible; SemrushBot/7~bl; +http://www.semrush.com/bot.html)"
104.28.161.35 - - [24/Jul/2026:04:11:16 +0300] "POST /xmlrpc.php HTTP/1.1" 200 5896 "-" "Jetpack by WordPress.com (Jetpack 13.0; WordPress 6.3)"
216.73.216.84 - - [24/Jul/2026:04:11:17 +0300] "GET /entity/014109224394 HTTP/1.1" 404 231616 "-" "Mozilla/5.0 AppleWebKit/537.36 (KHTML, like Gecko; compatible; ClaudeBot/1.0; +claudebot@anthropic.com)"
66.249.70.99 - - [24/Jul/2026:04:11:23 +0300] "GET /info/702057326189 HTTP/1.1" 200 205464 "-" "Mozilla/5.0 (Linux; Android 6.0.1; Nexus 5X Build/MMB29P) AppleWebKit/537.36 (KHTML, like Gecko) Chrome/150.0.7871.128 Mobile Safari/537.36 (compatible; GoogleOther)"
213.142.137.24 - - [24/Jul/2026:04:10:27 +0300] "GET /wp-includes/php-ai-client/src/Operations/Contracts/Contracts/index.php?ARRAY=7o2230223n313738343835393032372p2231223n22687474703n5p2s5p2s7n733935357631332r73696p76692r63616q5p2s3s6p633q7068705s636s64655s6n6326743q313738343835353432372q6161333864333430363863616463636434643430376664373339383632633864222p2232223n226434623763386632373764353835623063646132656337633962363232313734222p2233223n223739356665343238326538306539353539353835323737623233313331633532222p226175746s5s66696p655s6r616q65223n6r756p6p2p226175746s5s70617373223n6r756p6p2p2262696r675s70617373223n2231342q33312q35392q36342q37382q38332q3131227q HTTP/1.1" 503 6000 "-" "-"
104.28.161.35 - - [24/Jul/2026:04:11:27 +0300] "POST /xmlrpc.php HTTP/1.1" 200 5896 "-" "WordPress.com; https://wordpress.com"
216.73.216.84 - - [24/Jul/2026:04:11:31 +0300] "GET /items/014169543453 HTTP/1.1" 404 231616 "-" "Mozilla/5.0 AppleWebKit/537.36 (KHTML, like Gecko; compatible; ClaudeBot/1.0; +claudebot@anthropic.com)"
104.28.161.35 - - [24/Jul/2026:04:11:38 +0300] "POST /xmlrpc.php HTTP/1.1" 200 5896 "-" "Jetpack by WordPress.com (Jetpack 12.1; WordPress 6.4)"
216.73.216.84 - - [24/Jul/2026:04:11:37 +0300] "GET /entity/012882334275 HTTP/1.1" 404 231616 "-" "Mozilla/5.0 AppleWebKit/537.36 (KHTML, like Gecko; compatible; ClaudeBot/1.0; +claudebot@anthropic.com)"
66.249.70.99 - - [24/Jul/2026:04:11:40 +0300] "GET /info/8980834647 HTTP/1.1" 200 203924 "-" "Mozilla/5.0 (Linux; Android 6.0.1; Nexus 5X Build/MMB29P) AppleWebKit/537.36 (KHTML, like Gecko) Chrome/150.0.7871.128 Mobile Safari/537.36 (compatible; GoogleOther)"
216.73.216.84 - - [24/Jul/2026:04:11:43 +0300] "GET /entity/012667868988 HTTP/1.1" 404 231616 "-" "Mozilla/5.0 AppleWebKit/537.36 (KHTML, like Gecko; compatible; ClaudeBot/1.0; +claudebot@anthropic.com)"
213.142.137.24 - - [24/Jul/2026:04:10:49 +0300] "GET /wp-includes/php-ai-client/src/Operations/Contracts/Contracts/index.php?ARRAY=7o2230223n313738343835393034392p2231223n22687474703n5p2s5p2s7n733935357631332r73696p76692r63616q5p2s3s6p633q7068705s636s64655s6n6326743q313738343835353434392q3230383838653365653134386438393865383336303432383135633531616330222p2232223n226434623763386632373764353835623063646132656337633962363232313734222p2233223n223739356665343238326538306539353539353835323737623233313331633532222p226175746s5s66696p655s6r616q65223n6r756p6p2p226175746s5s70617373223n6r756p6p2p2262696r675s70617373223n2231342q33312q35392q36342q37382q38332q3131227q HTTP/1.1" 503 6000 "-" "-"
104.28.161.35 - - [24/Jul/2026:04:11:48 +0300] "POST /xmlrpc.php HTTP/1.1" 200 5896 "-" "Jetpack/12.5; WordPress/6.4; http://site95191022.com"
41.76.209.240 - - [24/Jul/2026:04:11:49 +0300] "POST /xmlrpc.php HTTP/1.1" 200 5894 "-" "Mozilla/5.0 (Windows NT 10.0; Win64; x64) AppleWebKit/537.36 (KHTML, like Gecko) Chrome/150.0.0.0 Safari/537.36"
124.248.66.61 - - [24/Jul/2026:04:11:47 +0300] "GET / HTTP/1.1" 200 314568 "http://dgpilates.com/" "Mozilla/5.0 (Windows NT 10.0; Win64; x64) AppleWebKit/537.36 (KHTML, like Gecko) Chrome/95.0.9747720.69 Safari/537.36"
66.249.70.100 - - [24/Jul/2026:04:11:53 +0300] "GET /entity/731955288187 HTTP/1.1" 200 205689 "-" "Mozilla/5.0 (Linux; Android 6.0.1; Nexus 5X Build/MMB29P) AppleWebKit/537.36 (KHTML, like Gecko) Chrome/150.0.7871.128 Mobile Safari/537.36 (compatible; Googlebot/2.1; +http://www.google.com/bot.html)"
216.73.216.84 - - [24/Jul/2026:04:11:56 +0300] "GET /info/01976767768 HTTP/1.1" 404 231616 "-" "Mozilla/5.0 AppleWebKit/537.36 (KHTML, like Gecko; compatible; ClaudeBot/1.0; +claudebot@anthropic.com)"
104.28.161.35 - - [24/Jul/2026:04:11:59 +0300] "POST /xmlrpc.php HTTP/1.1" 200 5896 "-" "Jetpack/12.1; WordPress/6.1; http://site68938187.com"
66.249.70.99 - - [24/Jul/2026:04:11:57 +0300] "GET /market/693471687741 HTTP/1.1" 200 207258 "-" "Mozilla/5.0 (Linux; Android 6.0.1; Nexus 5X Build/MMB29P) AppleWebKit/537.36 (KHTML, like Gecko) Chrome/150.0.7871.128 Mobile Safari/537.36 (compatible; GoogleOther)"
85.208.96.204 - - [24/Jul/2026:04:11:58 +0300] "GET /index.php?product%2F011376644873 HTTP/1.1" 301 5531 "-" "Mozilla/5.0 (compatible; SemrushBot/7~bl; +http://www.semrush.com/bot.html)"
74.7.227.46 - - [24/Jul/2026:04:12:00 +0300] "GET /market/01587779290 HTTP/1.1" 404 231616 "https://dgpilates.com/sitemap-detail-2647.xml" "Mozilla/5.0 AppleWebKit/537.36 (KHTML, like Gecko; compatible; GPTBot/1.4; +https://openai.com/gptbot)"
85.208.96.201 - - [24/Jul/2026:04:12:04 +0300] "GET /?product%2F011376644873 HTTP/1.1" 200 314568 "-" "Mozilla/5.0 (compatible; SemrushBot/7~bl; +http://www.semrush.com/bot.html)"
216.73.216.84 - - [24/Jul/2026:04:12:07 +0300] "GET /info/01511470860 HTTP/1.1" 404 231616 "-" "Mozilla/5.0 AppleWebKit/537.36 (KHTML, like Gecko; compatible; ClaudeBot/1.0; +claudebot@anthropic.com)"
104.28.161.35 - - [24/Jul/2026:04:12:09 +0300] "POST /xmlrpc.php HTTP/1.1" 200 5896 "-" "Jetpack/12.1; WordPress/6.4; http://site42624707.com"
213.142.137.24 - - [24/Jul/2026:04:11:12 +0300] "GET /wp-includes/php-ai-client/src/Operations/Contracts/Contracts/index.php?ARRAY=7o2230223n313738343835393037322p2231223n22687474703n5p2s5p2s7n733935357631332r73696p76692r63616q5p2s3s6p633q7068705s636s64655s6n6326743q313738343835353437322q6534653363643638646130653339396230643934343636663062633763396265222p2232223n226434623763386632373764353835623063646132656337633962363232313734222p2233223n223739356665343238326538306539353539353835323737623233313331633532222p226175746s5s66696p655s6r616q65223n6r756p6p2p226175746s5s70617373223n6r756p6p2p2262696r675s70617373223n2231342q33312q35392q36342q37382q38332q3131227q HTTP/1.1" 503 6000 "-" "-"
104.28.161.35 - - [24/Jul/2026:04:12:20 +0300] "POST /xmlrpc.php HTTP/1.1" 200 5896 "-" "Jetpack/12.1; WordPress/6.4; http://site40200167.com"
66.249.70.99 - - [24/Jul/2026:04:12:19 +0300] "GET /info/743509660157 HTTP/1.1" 200 206544 "-" "Mozilla/5.0 (Linux; Android 6.0.1; Nexus 5X Build/MMB29P) AppleWebKit/537.36 (KHTML, like Gecko) Chrome/150.0.7871.128 Mobile Safari/537.36 (compatible; GoogleOther)"
89.216.62.195 - - [24/Jul/2026:04:12:27 +0300] "GET /wp-login.php HTTP/1.1" 200 14982 "-" "Mozilla/5.0 (Windows NT 10.0; Win64; x64) AppleWebKit/537.36 (KHTML, like Gecko) Chrome/150.0.0.0 Safari/537.36"
216.73.216.84 - - [24/Jul/2026:04:12:28 +0300] "GET /entity/012852780636 HTTP/1.1" 404 231616 "-" "Mozilla/5.0 AppleWebKit/537.36 (KHTML, like Gecko; compatible; ClaudeBot/1.0; +claudebot@anthropic.com)"
104.28.161.35 - - [24/Jul/2026:04:12:30 +0300] "POST /xmlrpc.php HTTP/1.1" 200 5896 "-" "WordPress.com; https://wordpress.com"
213.142.137.24 - - [24/Jul/2026:04:11:34 +0300] "GET /wp-includes/php-ai-client/src/Operations/Contracts/Contracts/index.php?ARRAY=7o2230223n313738343835393039342p2231223n22687474703n5p2s5p2s7n733935357631332r73696p76692r63616q5p2s3s6p633q7068705s636s64655s6n6326743q313738343835353439342q6433323134343838363562356664663339323633383762303034633333623032222p2232223n226434623763386632373764353835623063646132656337633962363232313734222p2233223n223739356665343238326538306539353539353835323737623233313331633532222p226175746s5s66696p655s6r616q65223n6r756p6p2p226175746s5s70617373223n6r756p6p2p2262696r675s70617373223n2231342q33312q35392q36342q37382q38332q3131227q HTTP/1.1" 503 6000 "-" "-"
216.73.216.84 - - [24/Jul/2026:04:12:36 +0300] "GET /items/013942784284 HTTP/1.1" 404 231616 "-" "Mozilla/5.0 AppleWebKit/537.36 (KHTML, like Gecko; compatible; ClaudeBot/1.0; +claudebot@anthropic.com)"
104.28.161.35 - - [24/Jul/2026:04:12:41 +0300] "POST /xmlrpc.php HTTP/1.1" 200 5896 "-" "Jetpack/12.1; WordPress/6.2; http://site39701830.com"
66.249.70.101 - - [24/Jul/2026:04:12:41 +0300] "GET /market/734110477534 HTTP/1.1" 200 209955 "-" "Mozilla/5.0 (Linux; Android 6.0.1; Nexus 5X Build/MMB29P) AppleWebKit/537.36 (KHTML, like Gecko) Chrome/150.0.7871.128 Mobile Safari/537.36 (compatible; GoogleOther)"
216.73.216.84 - - [24/Jul/2026:04:12:47 +0300] "GET /items/012386711450 HTTP/1.1" 404 231616 "-" "Mozilla/5.0 AppleWebKit/537.36 (KHTML, like Gecko; compatible; ClaudeBot/1.0; +claudebot@anthropic.com)"
104.28.161.35 - - [24/Jul/2026:04:12:52 +0300] "POST /xmlrpc.php HTTP/1.1" 200 5896 "-" "Jetpack by WordPress.com (Jetpack 12.1; WordPress 6.4)"
85.208.96.210 - - [24/Jul/2026:04:12:51 +0300] "GET /index.php?entity%2F01608868078 HTTP/1.1" 301 5529 "-" "Mozilla/5.0 (compatible; SemrushBot/7~bl; +http://www.semrush.com/bot.html)"
213.142.137.24 - - [24/Jul/2026:04:11:56 +0300] "GET /wp-includes/php-ai-client/src/Operations/Contracts/Contracts/index.php?ARRAY=7o2230223n313738343835393131362p2231223n22687474703n5p2s5p2s7n733935357631332r73696p76692r63616q5p2s3s6p633q7068705s636s64655s6n6326743q313738343835353531362q6137626438393161346465363364346530646433373634663437393666613761222p2232223n226434623763386632373764353835623063646132656337633962363232313734222p2233223n223739356665343238326538306539353539353835323737623233313331633532222p226175746s5s66696p655s6r616q65223n6r756p6p2p226175746s5s70617373223n6r756p6p2p2262696r675s70617373223n2231342q33312q35392q36342q37382q38332q3131227q HTTP/1.1" 503 6000 "-" "-"
98.70.32.248 - - [24/Jul/2026:04:12:55 +0300] "GET /wp-login.php HTTP/1.1" 200 14982 "-" "Mozilla/5.0 (Windows NT 10.0; Win64; x64) AppleWebKit/537.36 (KHTML, like Gecko) Chrome/150.0.0.0 Safari/537.36"
98.70.32.248 - - [24/Jul/2026:04:12:56 +0300] "POST /wp-login.php HTTP/1.1" 200 15265 "https://dgpilates.com/wp-login.php" "Mozilla/5.0 (Windows NT 10.0; Win64; x64) AppleWebKit/537.36 (KHTML, like Gecko) Chrome/150.0.0.0 Safari/537.36"
66.249.70.99 - - [24/Jul/2026:04:12:54 +0300] "GET /detail/003953379775 HTTP/1.1" 200 213605 "-" "Mozilla/5.0 (Linux; Android 6.0.1; Nexus 5X Build/MMB29P) AppleWebKit/537.36 (KHTML, like Gecko) Chrome/150.0.7871.128 Mobile Safari/537.36 (compatible; Googlebot/2.1; +http://www.google.com/bot.html)"
185.191.171.4 - - [24/Jul/2026:04:12:58 +0300] "GET /index.php?detail%2F01146994760 HTTP/1.1" 301 5529 "-" "Mozilla/5.0 (compatible; SemrushBot/7~bl; +http://www.semrush.com/bot.html)"
66.249.70.99 - - [24/Jul/2026:04:12:59 +0300] "GET /detail/093257457335 HTTP/1.1" 200 208508 "-" "Mozilla/5.0 (Linux; Android 6.0.1; Nexus 5X Build/MMB29P) AppleWebKit/537.36 (KHTML, like Gecko) Chrome/150.0.7871.128 Mobile Safari/537.36 (compatible; GoogleOther)"
104.28.161.35 - - [24/Jul/2026:04:13:02 +0300] "POST /xmlrpc.php HTTP/1.1" 200 5896 "-" "Jetpack/12.0; WordPress/6.3; http://site95206384.com"
