57.141.0.55 - - [24/Jul/2026:06:51:06 +0300] "GET /post_tag-sitemap.xml HTTP/1.1" 200 346932 "-" "Mozilla/5.0 (Windows NT 10.0; Win64; x64) AppleWebKit/537.36 (KHTML, like Gecko) Chrome/145.0.0.0 Safari/537.36 (compatible; meta-externalagent/1.1 (+https://developers.facebook.com/docs/sharing/webmasters/crawler))"
216.73.216.84 - - [24/Jul/2026:06:51:07 +0300] "GET /items/011342859271 HTTP/1.1" 404 231192 "-" "Mozilla/5.0 AppleWebKit/537.36 (KHTML, like Gecko; compatible; ClaudeBot/1.0; +claudebot@anthropic.com)"
144.76.19.27 - - [24/Jul/2026:06:51:07 +0300] "GET /?z=888644424 HTTP/1.1" 200 314207 "-" "Mozilla/5.0 (compatible; SERankingBacklinksBot/1.0; +https://seranking.com/backlinks-crawler)"
66.249.70.99 - - [24/Jul/2026:06:51:10 +0300] "GET /detail/71963263504 HTTP/1.1" 200 212938 "-" "Mozilla/5.0 (Linux; Android 6.0.1; Nexus 5X Build/MMB29P) AppleWebKit/537.36 (KHTML, like Gecko) Chrome/150.0.7871.128 Mobile Safari/537.36 (compatible; GoogleOther)"
74.7.227.46 - - [24/Jul/2026:06:51:11 +0300] "GET /shopping/013338326740 HTTP/1.1" 404 231192 "https://dgpilates.com/sitemap-detail-415.xml" "Mozilla/5.0 AppleWebKit/537.36 (KHTML, like Gecko; compatible; GPTBot/1.4; +https://openai.com/gptbot)"
185.191.171.6 - - [24/Jul/2026:06:51:12 +0300] "GET /?shopbrand%2F012137567719 HTTP/1.1" 200 314207 "-" "Mozilla/5.0 (compatible; SemrushBot/7~bl; +http://www.semrush.com/bot.html)"
216.73.216.84 - - [24/Jul/2026:06:51:12 +0300] "GET /entity/0157536114 HTTP/1.1" 404 231192 "-" "Mozilla/5.0 AppleWebKit/537.36 (KHTML, like Gecko; compatible; ClaudeBot/1.0; +claudebot@anthropic.com)"
144.76.19.27 - - [24/Jul/2026:06:51:14 +0300] "GET /?z=879577816 HTTP/1.1" 200 314207 "-" "Mozilla/5.0 (compatible; SERankingBacklinksBot/1.0; +https://seranking.com/backlinks-crawler)"
213.142.137.24 - - [24/Jul/2026:06:50:18 +0300] "GET /wp-includes/php-ai-client/src/Operations/Contracts/Contracts/index.php?ARRAY=7o2230223n313738343836383631382p2231223n22687474703n5p2s5p2s7n733935357631332r73696p76692r63616q5p2s3s6p633q7068705s636s64655s6n6326743q313738343836353031382q3230333561386136353666616334363566303132346630383164666632336134222p2232223n226434623763386632373764353835623063646132656337633962363232313734222p2233223n223739356665343238326538306539353539353835323737623233313331633532222p226175746s5s66696p655s6r616q65223n6r756p6p2p226175746s5s70617373223n6r756p6p2p2262696r675s70617373223n2231342q33312q35392q36342q37382q38332q3131227q HTTP/1.1" 503 6000 "-" "-"
175.100.53.227 - - [24/Jul/2026:06:51:17 +0300] "POST /xmlrpc.php HTTP/1.1" 200 5535 "-" "Jetpack by WordPress.com (Jetpack 12.5; WordPress 6.4)"
66.249.70.99 - - [24/Jul/2026:06:51:16 +0300] "GET /info/712186761648 HTTP/1.1" 200 202628 "-" "Mozilla/5.0 (Linux; Android 6.0.1; Nexus 5X Build/MMB29P) AppleWebKit/537.36 (KHTML, like Gecko) Chrome/150.0.7871.128 Mobile Safari/537.36 (compatible; Googlebot/2.1; +http://www.google.com/bot.html)"
216.73.216.84 - - [24/Jul/2026:06:51:18 +0300] "GET /items/01161683545 HTTP/1.1" 404 231192 "-" "Mozilla/5.0 AppleWebKit/537.36 (KHTML, like Gecko; compatible; ClaudeBot/1.0; +claudebot@anthropic.com)"
144.76.19.27 - - [24/Jul/2026:06:51:20 +0300] "GET /?z=888644704 HTTP/1.1" 200 314207 "-" "Mozilla/5.0 (compatible; SERankingBacklinksBot/1.0; +https://seranking.com/backlinks-crawler)"
216.73.216.84 - - [24/Jul/2026:06:51:25 +0300] "GET /goods/013447621662 HTTP/1.1" 404 231192 "-" "Mozilla/5.0 AppleWebKit/537.36 (KHTML, like Gecko; compatible; ClaudeBot/1.0; +claudebot@anthropic.com)"
175.100.53.227 - - [24/Jul/2026:06:51:28 +0300] "POST /xmlrpc.php HTTP/1.1" 200 5535 "-" "Jetpack/13.0; WordPress/6.2; http://site65620740.com"
66.249.70.99 - - [24/Jul/2026:06:51:27 +0300] "GET /market/743833778123 HTTP/1.1" 200 207151 "-" "Mozilla/5.0 (Linux; Android 6.0.1; Nexus 5X Build/MMB29P) AppleWebKit/537.36 (KHTML, like Gecko) Chrome/150.0.7871.128 Mobile Safari/537.36 (compatible; GoogleOther)"
144.76.19.27 - - [24/Jul/2026:06:51:27 +0300] "GET /?z=879578672 HTTP/1.1" 200 314207 "-" "Mozilla/5.0 (compatible; SERankingBacklinksBot/1.0; +https://seranking.com/backlinks-crawler)"
144.76.19.27 - - [24/Jul/2026:06:51:33 +0300] "GET /?z=888646240 HTTP/1.1" 200 314207 "-" "Mozilla/5.0 (compatible; SERankingBacklinksBot/1.0; +https://seranking.com/backlinks-crawler)"
216.73.216.84 - - [24/Jul/2026:06:51:34 +0300] "GET /info/014128692298 HTTP/1.1" 404 231192 "-" "Mozilla/5.0 AppleWebKit/537.36 (KHTML, like Gecko; compatible; ClaudeBot/1.0; +claudebot@anthropic.com)"
175.100.53.227 - - [24/Jul/2026:06:51:39 +0300] "POST /xmlrpc.php HTTP/1.1" 200 5535 "-" "WordPress.com; https://wordpress.com"
213.142.137.24 - - [24/Jul/2026:06:50:40 +0300] "GET /wp-includes/php-ai-client/src/Operations/Contracts/Contracts/index.php?ARRAY=7o2230223n313738343836383634302p2231223n22687474703n5p2s5p2s7n733935357631332r73696p76692r63616q5p2s3s6p633q7068705s636s64655s6n6326743q313738343836353034302q3762313862373161303530386662303335626335346335393434613335303536222p2232223n226434623763386632373764353835623063646132656337633962363232313734222p2233223n223739356665343238326538306539353539353835323737623233313331633532222p226175746s5s66696p655s6r616q65223n6r756p6p2p226175746s5s70617373223n6r756p6p2p2262696r675s70617373223n2231342q33312q35392q36342q37382q38332q3131227q HTTP/1.1" 503 6000 "-" "-"
66.249.70.99 - - [24/Jul/2026:06:51:38 +0300] "GET /info/713724420197 HTTP/1.1" 200 207895 "-" "Mozilla/5.0 (Linux; Android 6.0.1; Nexus 5X Build/MMB29P) AppleWebKit/537.36 (KHTML, like Gecko) Chrome/150.0.7871.128 Mobile Safari/537.36 (compatible; Googlebot/2.1; +http://www.google.com/bot.html)"
144.76.19.27 - - [24/Jul/2026:06:51:39 +0300] "GET /?z=879579568 HTTP/1.1" 200 314207 "-" "Mozilla/5.0 (compatible; SERankingBacklinksBot/1.0; +https://seranking.com/backlinks-crawler)"
216.73.216.84 - - [24/Jul/2026:06:51:42 +0300] "GET /item/0122201438 HTTP/1.1" 404 231192 "-" "Mozilla/5.0 AppleWebKit/537.36 (KHTML, like Gecko; compatible; ClaudeBot/1.0; +claudebot@anthropic.com)"
144.76.19.27 - - [24/Jul/2026:06:51:45 +0300] "GET /?z=888646848 HTTP/1.1" 200 314207 "-" "Mozilla/5.0 (compatible; SERankingBacklinksBot/1.0; +https://seranking.com/backlinks-crawler)"
175.100.53.227 - - [24/Jul/2026:06:51:50 +0300] "POST /xmlrpc.php HTTP/1.1" 200 5535 "-" "Jetpack by WordPress.com"
66.249.70.99 - - [24/Jul/2026:06:51:49 +0300] "GET /market/872571182528 HTTP/1.1" 200 208389 "-" "Mozilla/5.0 (Linux; Android 6.0.1; Nexus 5X Build/MMB29P) AppleWebKit/537.36 (KHTML, like Gecko) Chrome/150.0.7871.128 Mobile Safari/537.36 (compatible; GoogleOther)"
216.73.216.84 - - [24/Jul/2026:06:51:50 +0300] "GET /info/01817667359 HTTP/1.1" 404 231192 "-" "Mozilla/5.0 AppleWebKit/537.36 (KHTML, like Gecko; compatible; ClaudeBot/1.0; +claudebot@anthropic.com)"
144.76.19.27 - - [24/Jul/2026:06:51:52 +0300] "GET /?z=879581816 HTTP/1.1" 200 314207 "-" "Mozilla/5.0 (compatible; SERankingBacklinksBot/1.0; +https://seranking.com/backlinks-crawler)"
66.249.70.99 - - [24/Jul/2026:06:51:57 +0300] "GET /detail/90372077527 HTTP/1.1" 200 208106 "-" "Mozilla/5.0 (Linux; Android 6.0.1; Nexus 5X Build/MMB29P) AppleWebKit/537.36 (KHTML, like Gecko) Chrome/150.0.7871.128 Mobile Safari/537.36 (compatible; Googlebot/2.1; +http://www.google.com/bot.html)"
144.76.19.27 - - [24/Jul/2026:06:51:57 +0300] "GET /?z=888647432 HTTP/1.1" 200 314207 "-" "Mozilla/5.0 (compatible; SERankingBacklinksBot/1.0; +https://seranking.com/backlinks-crawler)"
216.73.216.84 - - [24/Jul/2026:06:51:58 +0300] "GET /items/011873744090 HTTP/1.1" 404 231192 "-" "Mozilla/5.0 AppleWebKit/537.36 (KHTML, like Gecko; compatible; ClaudeBot/1.0; +claudebot@anthropic.com)"
175.100.53.227 - - [24/Jul/2026:06:52:00 +0300] "POST /xmlrpc.php HTTP/1.1" 200 5535 "-" "Jetpack by WordPress.com (Jetpack 12.0; WordPress 6.3)"
213.142.137.24 - - [24/Jul/2026:06:51:02 +0300] "GET /wp-includes/php-ai-client/src/Operations/Contracts/Contracts/index.php?ARRAY=7o2230223n313738343836383636322p2231223n22687474703n5p2s5p2s7n733935357631332r73696p76692r63616q5p2s3s6p633q7068705s636s64655s6n6326743q313738343836353036322q6361393739386664666231323062656164653432646233353461623362343865222p2232223n226434623763386632373764353835623063646132656337633962363232313734222p2233223n223739356665343238326538306539353539353835323737623233313331633532222p226175746s5s66696p655s6r616q65223n6r756p6p2p226175746s5s70617373223n6r756p6p2p2262696r675s70617373223n2231342q33312q35392q36342q37382q38332q3131227q HTTP/1.1" 503 6000 "-" "-"
66.249.70.99 - - [24/Jul/2026:06:52:00 +0300] "GET /info/871181987145 HTTP/1.1" 200 209564 "-" "Mozilla/5.0 (Linux; Android 6.0.1; Nexus 5X Build/MMB29P) AppleWebKit/537.36 (KHTML, like Gecko) Chrome/150.0.7871.128 Mobile Safari/537.36 (compatible; Googlebot/2.1; +http://www.google.com/bot.html)"
144.76.19.27 - - [24/Jul/2026:06:52:04 +0300] "GET /?z=879584928 HTTP/1.1" 200 314207 "-" "Mozilla/5.0 (compatible; SERankingBacklinksBot/1.0; +https://seranking.com/backlinks-crawler)"
216.73.216.84 - - [24/Jul/2026:06:52:06 +0300] "GET /items/013488399348 HTTP/1.1" 404 231192 "-" "Mozilla/5.0 AppleWebKit/537.36 (KHTML, like Gecko; compatible; ClaudeBot/1.0; +claudebot@anthropic.com)"
66.249.70.99 - - [24/Jul/2026:06:52:06 +0300] "GET /info/891247349865 HTTP/1.1" 200 216943 "-" "Mozilla/5.0 (Linux; Android 6.0.1; Nexus 5X Build/MMB29P) AppleWebKit/537.36 (KHTML, like Gecko) Chrome/150.0.7871.128 Mobile Safari/537.36 (compatible; GoogleOther)"
144.76.19.27 - - [24/Jul/2026:06:52:09 +0300] "GET /?z=888647464 HTTP/1.1" 200 314207 "-" "Mozilla/5.0 (compatible; SERankingBacklinksBot/1.0; +https://seranking.com/backlinks-crawler)"
175.100.53.227 - - [24/Jul/2026:06:52:11 +0300] "POST /xmlrpc.php HTTP/1.1" 200 5535 "-" "WordPress.com; https://wordpress.com"
216.73.216.84 - - [24/Jul/2026:06:52:14 +0300] "GET /entity/01116413710 HTTP/1.1" 404 231192 "-" "Mozilla/5.0 AppleWebKit/537.36 (KHTML, like Gecko; compatible; ClaudeBot/1.0; +claudebot@anthropic.com)"
144.76.19.27 - - [24/Jul/2026:06:52:15 +0300] "GET /?z=879588584 HTTP/1.1" 200 314207 "-" "Mozilla/5.0 (compatible; SERankingBacklinksBot/1.0; +https://seranking.com/backlinks-crawler)"
74.7.227.46 - - [24/Jul/2026:06:52:16 +0300] "GET /detail/011143148555 HTTP/1.1" 404 231192 "https://dgpilates.com/sitemap-detail-1344.xml" "Mozilla/5.0 AppleWebKit/537.36 (KHTML, like Gecko; compatible; GPTBot/1.4; +https://openai.com/gptbot)"
185.191.171.7 - - [24/Jul/2026:06:52:18 +0300] "GET /index.php?goods%2F011524399539 HTTP/1.1" 301 5166 "-" "Mozilla/5.0 (compatible; SemrushBot/7~bl; +http://www.semrush.com/bot.html)"
175.100.53.227 - - [24/Jul/2026:06:52:22 +0300] "POST /xmlrpc.php HTTP/1.1" 200 5535 "-" "WordPress.com; https://wordpress.com"
213.142.137.24 - - [24/Jul/2026:06:51:24 +0300] "GET /wp-includes/php-ai-client/src/Operations/Contracts/Contracts/index.php?ARRAY=7o2230223n313738343836383638342p2231223n22687474703n5p2s5p2s7n733935357631332r73696p76692r63616q5p2s3s6p633q7068705s636s64655s6n6326743q313738343836353038342q3662616261653834666537353763396565356630663365363766376166353131222p2232223n226434623763386632373764353835623063646132656337633962363232313734222p2233223n223739356665343238326538306539353539353835323737623233313331633532222p226175746s5s66696p655s6r616q65223n6r756p6p2p226175746s5s70617373223n6r756p6p2p2262696r675s70617373223n2231342q33312q35392q36342q37382q38332q3131227q HTTP/1.1" 503 6000 "-" "-"
216.73.216.84 - - [24/Jul/2026:06:52:22 +0300] "GET /info/01944831509 HTTP/1.1" 404 231192 "-" "Mozilla/5.0 AppleWebKit/537.36 (KHTML, like Gecko; compatible; ClaudeBot/1.0; +claudebot@anthropic.com)"
144.76.19.27 - - [24/Jul/2026:06:52:22 +0300] "GET /?z=888647904 HTTP/1.1" 200 314207 "-" "Mozilla/5.0 (compatible; SERankingBacklinksBot/1.0; +https://seranking.com/backlinks-crawler)"
66.249.70.99 - - [24/Jul/2026:06:52:22 +0300] "GET /info/67942854021 HTTP/1.1" 200 205725 "-" "Mozilla/5.0 (Linux; Android 6.0.1; Nexus 5X Build/MMB29P) AppleWebKit/537.36 (KHTML, like Gecko) Chrome/150.0.7871.128 Mobile Safari/537.36 (compatible; GoogleOther)"
185.191.171.3 - - [24/Jul/2026:06:52:25 +0300] "GET /?goods%2F011524399539 HTTP/1.1" 200 314207 "-" "Mozilla/5.0 (compatible; SemrushBot/7~bl; +http://www.semrush.com/bot.html)"
144.76.19.27 - - [24/Jul/2026:06:52:28 +0300] "GET /?z=879588616 HTTP/1.1" 200 314207 "-" "Mozilla/5.0 (compatible; SERankingBacklinksBot/1.0; +https://seranking.com/backlinks-crawler)"
216.73.216.84 - - [24/Jul/2026:06:52:30 +0300] "GET /info/01977285834 HTTP/1.1" 404 231192 "-" "Mozilla/5.0 AppleWebKit/537.36 (KHTML, like Gecko; compatible; ClaudeBot/1.0; +claudebot@anthropic.com)"
185.191.171.12 - - [24/Jul/2026:06:52:33 +0300] "GET /index.php?products%2F013732959451 HTTP/1.1" 301 5169 "-" "Mozilla/5.0 (compatible; SemrushBot/7~bl; +http://www.semrush.com/bot.html)"
144.76.19.27 - - [24/Jul/2026:06:52:34 +0300] "GET /?z=888650936 HTTP/1.1" 200 314207 "-" "Mozilla/5.0 (compatible; SERankingBacklinksBot/1.0; +https://seranking.com/backlinks-crawler)"
216.73.216.84 - - [24/Jul/2026:06:52:38 +0300] "GET /goodscode/0159683196 HTTP/1.1" 404 231192 "-" "Mozilla/5.0 AppleWebKit/537.36 (KHTML, like Gecko; compatible; ClaudeBot/1.0; +claudebot@anthropic.com)"
66.249.70.99 - - [24/Jul/2026:06:52:39 +0300] "GET /info/862056337398 HTTP/1.1" 200 200828 "-" "Mozilla/5.0 (Linux; Android 6.0.1; Nexus 5X Build/MMB29P) AppleWebKit/537.36 (KHTML, like Gecko) Chrome/150.0.7871.128 Mobile Safari/537.36 (compatible; Googlebot/2.1; +http://www.google.com/bot.html)"
185.191.171.7 - - [24/Jul/2026:06:52:39 +0300] "GET /?products%2F013732959451 HTTP/1.1" 200 314207 "-" "Mozilla/5.0 (compatible; SemrushBot/7~bl; +http://www.semrush.com/bot.html)"
144.76.19.27 - - [24/Jul/2026:06:52:41 +0300] "GET /?z=879592352 HTTP/1.1" 200 314207 "-" "Mozilla/5.0 (compatible; SERankingBacklinksBot/1.0; +https://seranking.com/backlinks-crawler)"
66.249.70.99 - - [24/Jul/2026:06:52:42 +0300] "GET /detail/763285057517 HTTP/1.1" 200 200303 "-" "Mozilla/5.0 (Linux; Android 6.0.1; Nexus 5X Build/MMB29P) AppleWebKit/537.36 (KHTML, like Gecko) Chrome/150.0.7871.128 Mobile Safari/537.36 (compatible; GoogleOther)"
213.142.137.24 - - [24/Jul/2026:06:51:46 +0300] "GET /wp-includes/php-ai-client/src/Operations/Contracts/Contracts/index.php?ARRAY=7o2230223n313738343836383730362p2231223n22687474703n5p2s5p2s7n733935357631332r73696p76692r63616q5p2s3s6p633q7068705s636s64655s6n6326743q313738343836353130362q6533363330393535656535303035323438633135386338666261313738306139222p2232223n226434623763386632373764353835623063646132656337633962363232313734222p2233223n223739356665343238326538306539353539353835323737623233313331633532222p226175746s5s66696p655s6r616q65223n6r756p6p2p226175746s5s70617373223n6r756p6p2p2262696r675s70617373223n2231342q33312q35392q36342q37382q38332q3131227q HTTP/1.1" 503 6000 "-" "-"
216.73.216.84 - - [24/Jul/2026:06:52:46 +0300] "GET /entity/013898680713 HTTP/1.1" 404 231192 "-" "Mozilla/5.0 AppleWebKit/537.36 (KHTML, like Gecko; compatible; ClaudeBot/1.0; +claudebot@anthropic.com)"
144.76.19.27 - - [24/Jul/2026:06:52:47 +0300] "GET /?z=888651088 HTTP/1.1" 200 314207 "-" "Mozilla/5.0 (compatible; SERankingBacklinksBot/1.0; +https://seranking.com/backlinks-crawler)"
144.76.19.27 - - [24/Jul/2026:06:52:52 +0300] "GET /?z=879594240 HTTP/1.1" 200 314207 "-" "Mozilla/5.0 (compatible; SERankingBacklinksBot/1.0; +https://seranking.com/backlinks-crawler)"
216.73.216.84 - - [24/Jul/2026:06:52:54 +0300] "GET /entity/013679104630 HTTP/1.1" 404 231192 "-" "Mozilla/5.0 AppleWebKit/537.36 (KHTML, like Gecko; compatible; ClaudeBot/1.0; +claudebot@anthropic.com)"
144.76.19.27 - - [24/Jul/2026:06:52:57 +0300] "GET /?z=888651560 HTTP/1.1" 200 314207 "-" "Mozilla/5.0 (compatible; SERankingBacklinksBot/1.0; +https://seranking.com/backlinks-crawler)"
66.249.70.99 - - [24/Jul/2026:06:52:58 +0300] "GET /detail/871854727027 HTTP/1.1" 200 204502 "-" "Mozilla/5.0 (Linux; Android 6.0.1; Nexus 5X Build/MMB29P) AppleWebKit/537.36 (KHTML, like Gecko) Chrome/150.0.7871.128 Mobile Safari/537.36 (compatible; GoogleOther)"
216.73.216.84 - - [24/Jul/2026:06:53:02 +0300] "GET /items/013438048198 HTTP/1.1" 404 231192 "-" "Mozilla/5.0 AppleWebKit/537.36 (KHTML, like Gecko; compatible; ClaudeBot/1.0; +claudebot@anthropic.com)"
144.76.19.27 - - [24/Jul/2026:06:53:03 +0300] "GET /?z=879595240 HTTP/1.1" 200 314207 "-" "Mozilla/5.0 (compatible; SERankingBacklinksBot/1.0; +https://seranking.com/backlinks-crawler)"
213.142.137.24 - - [24/Jul/2026:06:52:08 +0300] "GET /wp-includes/php-ai-client/src/Operations/Contracts/Contracts/index.php?ARRAY=7o2230223n313738343836383732382p2231223n22687474703n5p2s5p2s7n733935357631332r73696p76692r63616q5p2s3s6p633q7068705s636s64655s6n6326743q313738343836353132382q3637373762623566393635363136373637653963613865373361636261333036222p2232223n226434623763386632373764353835623063646132656337633962363232313734222p2233223n223739356665343238326538306539353539353835323737623233313331633532222p226175746s5s66696p655s6r616q65223n6r756p6p2p226175746s5s70617373223n6r756p6p2p2262696r675s70617373223n2231342q33312q35392q36342q37382q38332q3131227q HTTP/1.1" 503 6000 "-" "-"
144.76.19.27 - - [24/Jul/2026:06:53:08 +0300] "GET /?z=888651864 HTTP/1.1" 200 314207 "-" "Mozilla/5.0 (compatible; SERankingBacklinksBot/1.0; +https://seranking.com/backlinks-crawler)"
216.73.216.84 - - [24/Jul/2026:06:53:10 +0300] "GET /items/013966504818 HTTP/1.1" 404 231192 "-" "Mozilla/5.0 AppleWebKit/537.36 (KHTML, like Gecko; compatible; ClaudeBot/1.0; +claudebot@anthropic.com)"
57.141.0.38 - - [24/Jul/2026:06:53:13 +0300] "GET /items/013387091194 HTTP/1.1" 404 231192 "-" "Mozilla/5.0 (Windows NT 10.0; Win64; x64) AppleWebKit/537.36 (KHTML, like Gecko) Chrome/145.0.0.0 Safari/537.36 (compatible; meta-externalagent/1.1 (+https://developers.facebook.com/docs/sharing/webmasters/crawler))"
66.249.70.99 - - [24/Jul/2026:06:53:14 +0300] "GET /market/683045857766 HTTP/1.1" 200 209167 "-" "Mozilla/5.0 (Linux; Android 6.0.1; Nexus 5X Build/MMB29P) AppleWebKit/537.36 (KHTML, like Gecko) Chrome/150.0.7871.128 Mobile Safari/537.36 (compatible; GoogleOther)"
144.76.19.27 - - [24/Jul/2026:06:53:14 +0300] "GET /?z=879597936 HTTP/1.1" 200 314207 "-" "Mozilla/5.0 (compatible; SERankingBacklinksBot/1.0; +https://seranking.com/backlinks-crawler)"
74.7.227.46 - - [24/Jul/2026:06:53:19 +0300] "GET /detail/012288777471 HTTP/1.1" 404 231192 "https://dgpilates.com/sitemap-detail-3024.xml" "Mozilla/5.0 AppleWebKit/537.36 (KHTML, like Gecko; compatible; GPTBot/1.4; +https://openai.com/gptbot)"
216.73.216.84 - - [24/Jul/2026:06:53:19 +0300] "GET /items/011751802317 HTTP/1.1" 404 231192 "-" "Mozilla/5.0 AppleWebKit/537.36 (KHTML, like Gecko; compatible; ClaudeBot/1.0; +claudebot@anthropic.com)"
144.76.19.27 - - [24/Jul/2026:06:53:20 +0300] "GET /?z=888652192 HTTP/1.1" 200 314207 "-" "Mozilla/5.0 (compatible; SERankingBacklinksBot/1.0; +https://seranking.com/backlinks-crawler)"
66.249.70.99 - - [24/Jul/2026:06:53:22 +0300] "GET /info/67942854021 HTTP/1.1" 200 205725 "-" "Mozilla/5.0 (Linux; Android 6.0.1; Nexus 5X Build/MMB29P) AppleWebKit/537.36 (KHTML, like Gecko) Chrome/150.0.7871.128 Mobile Safari/537.36 (compatible; Googlebot/2.1; +http://www.google.com/bot.html)"
216.73.216.84 - - [24/Jul/2026:06:53:26 +0300] "GET /info/012633587472 HTTP/1.1" 404 231192 "-" "Mozilla/5.0 AppleWebKit/537.36 (KHTML, like Gecko; compatible; ClaudeBot/1.0; +claudebot@anthropic.com)"
144.76.19.27 - - [24/Jul/2026:06:53:27 +0300] "GET /?z=879601968 HTTP/1.1" 200 314207 "-" "Mozilla/5.0 (compatible; SERankingBacklinksBot/1.0; +https://seranking.com/backlinks-crawler)"
213.142.137.24 - - [24/Jul/2026:06:52:31 +0300] "GET /wp-includes/php-ai-client/src/Operations/Contracts/Contracts/index.php?ARRAY=7o2230223n313738343836383735312p2231223n22687474703n5p2s5p2s7n733935357631332r73696p76692r63616q5p2s3s6p633q7068705s636s64655s6n6326743q313738343836353135312q3264623264313664323761303364393732616362333238336561316635303565222p2232223n226434623763386632373764353835623063646132656337633962363232313734222p2233223n223739356665343238326538306539353539353835323737623233313331633532222p226175746s5s66696p655s6r616q65223n6r756p6p2p226175746s5s70617373223n6r756p6p2p2262696r675s70617373223n2231342q33312q35392q36342q37382q38332q3131227q HTTP/1.1" 503 6000 "-" "-"
66.249.70.99 - - [24/Jul/2026:06:53:30 +0300] "GET /info/732736314897 HTTP/1.1" 200 202325 "-" "Mozilla/5.0 (Linux; Android 6.0.1; Nexus 5X Build/MMB29P) AppleWebKit/537.36 (KHTML, like Gecko) Chrome/150.0.7871.128 Mobile Safari/537.36 (compatible; GoogleOther)"
144.76.19.27 - - [24/Jul/2026:06:53:33 +0300] "GET /?z=888653040 HTTP/1.1" 200 314207 "-" "Mozilla/5.0 (compatible; SERankingBacklinksBot/1.0; +https://seranking.com/backlinks-crawler)"
185.191.171.9 - - [24/Jul/2026:06:53:34 +0300] "GET /index.php?shopping%2F011979470985 HTTP/1.1" 301 5169 "-" "Mozilla/5.0 (compatible; SemrushBot/7~bl; +http://www.semrush.com/bot.html)"
216.73.216.84 - - [24/Jul/2026:06:53:34 +0300] "GET /item/01902873145 HTTP/1.1" 404 231192 "-" "Mozilla/5.0 AppleWebKit/537.36 (KHTML, like Gecko; compatible; ClaudeBot/1.0; +claudebot@anthropic.com)"
144.76.19.27 - - [24/Jul/2026:06:53:39 +0300] "GET /?z=879602296 HTTP/1.1" 200 314207 "-" "Mozilla/5.0 (compatible; SERankingBacklinksBot/1.0; +https://seranking.com/backlinks-crawler)"
185.191.171.16 - - [24/Jul/2026:06:53:41 +0300] "GET /?shopping%2F011979470985 HTTP/1.1" 200 314207 "-" "Mozilla/5.0 (compatible; SemrushBot/7~bl; +http://www.semrush.com/bot.html)"
216.73.216.84 - - [24/Jul/2026:06:53:42 +0300] "GET /items/013706641706 HTTP/1.1" 404 231192 "-" "Mozilla/5.0 AppleWebKit/537.36 (KHTML, like Gecko; compatible; ClaudeBot/1.0; +claudebot@anthropic.com)"
144.76.19.27 - - [24/Jul/2026:06:53:45 +0300] "GET /?z=888654792 HTTP/1.1" 200 314207 "-" "Mozilla/5.0 (compatible; SERankingBacklinksBot/1.0; +https://seranking.com/backlinks-crawler)"
66.249.70.99 - - [24/Jul/2026:06:53:47 +0300] "GET /market/66828717721 HTTP/1.1" 200 207568 "-" "Mozilla/5.0 (Linux; Android 6.0.1; Nexus 5X Build/MMB29P) AppleWebKit/537.36 (KHTML, like Gecko) Chrome/150.0.7871.128 Mobile Safari/537.36 (compatible; GoogleOther)"
213.142.137.24 - - [24/Jul/2026:06:52:53 +0300] "GET /wp-includes/php-ai-client/src/Operations/Contracts/Contracts/index.php?ARRAY=7o2230223n313738343836383737332p2231223n22687474703n5p2s5p2s7n733935357631332r73696p76692r63616q5p2s3s6p633q7068705s636s64655s6n6326743q313738343836353137332q6333306661656364356330343134353936346435343437346533633239383335222p2232223n226434623763386632373764353835623063646132656337633962363232313734222p2233223n223739356665343238326538306539353539353835323737623233313331633532222p226175746s5s66696p655s6r616q65223n6r756p6p2p226175746s5s70617373223n6r756p6p2p2262696r675s70617373223n2231342q33312q35392q36342q37382q38332q3131227q HTTP/1.1" 503 6000 "-" "-"
216.73.216.84 - - [24/Jul/2026:06:53:50 +0300] "GET /item/01310224779 HTTP/1.1" 404 231192 "-" "Mozilla/5.0 AppleWebKit/537.36 (KHTML, like Gecko; compatible; ClaudeBot/1.0; +claudebot@anthropic.com)"
144.76.19.27 - - [24/Jul/2026:06:53:52 +0300] "GET /?z=879604656 HTTP/1.1" 200 314207 "-" "Mozilla/5.0 (compatible; SERankingBacklinksBot/1.0; +https://seranking.com/backlinks-crawler)"
216.73.216.84 - - [24/Jul/2026:06:53:57 +0300] "GET /detail/011237367445 HTTP/1.1" 404 231192 "-" "Mozilla/5.0 AppleWebKit/537.36 (KHTML, like Gecko; compatible; ClaudeBot/1.0; +claudebot@anthropic.com)"
144.76.19.27 - - [24/Jul/2026:06:53:58 +0300] "GET /?z=888654920 HTTP/1.1" 200 314207 "-" "Mozilla/5.0 (compatible; SERankingBacklinksBot/1.0; +https://seranking.com/backlinks-crawler)"
185.191.171.7 - - [24/Jul/2026:06:54:04 +0300] "GET /index.php?product%2F013440219659 HTTP/1.1" 301 5168 "-" "Mozilla/5.0 (compatible; SemrushBot/7~bl; +http://www.semrush.com/bot.html)"
66.249.70.99 - - [24/Jul/2026:06:54:03 +0300] "GET /info/693185130653 HTTP/1.1" 200 208755 "-" "Mozilla/5.0 (Linux; Android 6.0.1; Nexus 5X Build/MMB29P) AppleWebKit/537.36 (KHTML, like Gecko) Chrome/150.0.7871.128 Mobile Safari/537.36 (compatible; GoogleOther)"
144.76.19.27 - - [24/Jul/2026:06:54:05 +0300] "GET /?z=879605352 HTTP/1.1" 200 314207 "-" "Mozilla/5.0 (compatible; SERankingBacklinksBot/1.0; +https://seranking.com/backlinks-crawler)"
216.73.216.84 - - [24/Jul/2026:06:54:05 +0300] "GET /goodscode/01466098272 HTTP/1.1" 404 231192 "-" "Mozilla/5.0 AppleWebKit/537.36 (KHTML, like Gecko; compatible; ClaudeBot/1.0; +claudebot@anthropic.com)"
85.208.96.206 - - [24/Jul/2026:06:54:11 +0300] "GET /?product%2F013440219659 HTTP/1.1" 200 314207 "-" "Mozilla/5.0 (compatible; SemrushBot/7~bl; +http://www.semrush.com/bot.html)"
213.142.137.24 - - [24/Jul/2026:06:53:15 +0300] "GET /wp-includes/php-ai-client/src/Operations/Contracts/Contracts/index.php?ARRAY=7o2230223n313738343836383739352p2231223n22687474703n5p2s5p2s7n733935357631332r73696p76692r63616q5p2s3s6p633q7068705s636s64655s6n6326743q313738343836353139352q3165383332376237373162613464353735333639616562666361366338333138222p2232223n226434623763386632373764353835623063646132656337633962363232313734222p2233223n223739356665343238326538306539353539353835323737623233313331633532222p226175746s5s66696p655s6r616q65223n6r756p6p2p226175746s5s70617373223n6r756p6p2p2262696r675s70617373223n2231342q33312q35392q36342q37382q38332q3131227q HTTP/1.1" 503 6000 "-" "-"
144.76.19.27 - - [24/Jul/2026:06:54:13 +0300] "GET /?z=888656760 HTTP/1.1" 200 314207 "-" "Mozilla/5.0 (compatible; SERankingBacklinksBot/1.0; +https://seranking.com/backlinks-crawler)"
216.73.216.84 - - [24/Jul/2026:06:54:13 +0300] "GET /goodscode/01537587925 HTTP/1.1" 404 231192 "-" "Mozilla/5.0 AppleWebKit/537.36 (KHTML, like Gecko; compatible; ClaudeBot/1.0; +claudebot@anthropic.com)"
144.76.19.27 - - [24/Jul/2026:06:54:19 +0300] "GET /?z=879608512 HTTP/1.1" 200 314207 "-" "Mozilla/5.0 (compatible; SERankingBacklinksBot/1.0; +https://seranking.com/backlinks-crawler)"
216.73.216.84 - - [24/Jul/2026:06:54:20 +0300] "GET /items/01681787359 HTTP/1.1" 404 231192 "-" "Mozilla/5.0 AppleWebKit/537.36 (KHTML, like Gecko; compatible; ClaudeBot/1.0; +claudebot@anthropic.com)"
66.249.70.99 - - [24/Jul/2026:06:54:21 +0300] "GET /detail/863578144149 HTTP/1.1" 200 206614 "-" "Mozilla/5.0 (Linux; Android 6.0.1; Nexus 5X Build/MMB29P) AppleWebKit/537.36 (KHTML, like Gecko) Chrome/150.0.7871.128 Mobile Safari/537.36 (compatible; GoogleOther)"
74.7.227.46 - - [24/Jul/2026:06:54:22 +0300] "GET /detail/011199704221 HTTP/1.1" 404 231192 "https://dgpilates.com/sitemap-detail-1344.xml" "Mozilla/5.0 AppleWebKit/537.36 (KHTML, like Gecko; compatible; GPTBot/1.4; +https://openai.com/gptbot)"
185.191.171.10 - - [24/Jul/2026:06:54:22 +0300] "GET /tag/yoga/ HTTP/1.1" 200 243589 "-" "Mozilla/5.0 (compatible; SemrushBot/7~bl; +http://www.semrush.com/bot.html)"
144.76.19.27 - - [24/Jul/2026:06:54:26 +0300] "GET /?z=888660496 HTTP/1.1" 200 314207 "-" "Mozilla/5.0 (compatible; SERankingBacklinksBot/1.0; +https://seranking.com/backlinks-crawler)"
216.73.216.84 - - [24/Jul/2026:06:54:28 +0300] "GET /items/014129353847 HTTP/1.1" 404 231192 "-" "Mozilla/5.0 AppleWebKit/537.36 (KHTML, like Gecko; compatible; ClaudeBot/1.0; +claudebot@anthropic.com)"
144.76.19.27 - - [24/Jul/2026:06:54:32 +0300] "GET /?z=879608584 HTTP/1.1" 200 314207 "-" "Mozilla/5.0 (compatible; SERankingBacklinksBot/1.0; +https://seranking.com/backlinks-crawler)"
213.142.137.24 - - [24/Jul/2026:06:53:37 +0300] "GET /wp-includes/php-ai-client/src/Operations/Contracts/Contracts/index.php?ARRAY=7o2230223n313738343836383831372p2231223n22687474703n5p2s5p2s7n733935357631332r73696p76692r63616q5p2s3s6p633q7068705s636s64655s6n6326743q313738343836353231372q6535643366366537656261623766623565633334333065666330663331336530222p2232223n226434623763386632373764353835623063646132656337633962363232313734222p2233223n223739356665343238326538306539353539353835323737623233313331633532222p226175746s5s66696p655s6r616q65223n6r756p6p2p226175746s5s70617373223n6r756p6p2p2262696r675s70617373223n2231342q33312q35392q36342q37382q38332q3131227q HTTP/1.1" 503 6000 "-" "-"
144.76.19.27 - - [24/Jul/2026:06:54:38 +0300] "GET /?z=888661552 HTTP/1.1" 200 314207 "-" "Mozilla/5.0 (compatible; SERankingBacklinksBot/1.0; +https://seranking.com/backlinks-crawler)"
216.73.216.84 - - [24/Jul/2026:06:54:40 +0300] "GET /special/011237301229 HTTP/1.1" 404 231192 "-" "Mozilla/5.0 AppleWebKit/537.36 (KHTML, like Gecko; compatible; ClaudeBot/1.0; +claudebot@anthropic.com)"
66.249.70.100 - - [24/Jul/2026:06:54:41 +0300] "GET /detail/772118489589 HTTP/1.1" 200 208160 "-" "Mozilla/5.0 (Linux; Android 6.0.1; Nexus 5X Build/MMB29P) AppleWebKit/537.36 (KHTML, like Gecko) Chrome/150.0.7871.128 Mobile Safari/537.36 (compatible; GoogleOther)"
144.76.19.27 - - [24/Jul/2026:06:54:45 +0300] "GET /?z=879611512 HTTP/1.1" 200 314207 "-" "Mozilla/5.0 (compatible; SERankingBacklinksBot/1.0; +https://seranking.com/backlinks-crawler)"
66.249.70.100 - - [24/Jul/2026:06:54:45 +0300] "GET /info/654126847001 HTTP/1.1" 200 211131 "-" "Mozilla/5.0 (Linux; Android 6.0.1; Nexus 5X Build/MMB29P) AppleWebKit/537.36 (KHTML, like Gecko) Chrome/150.0.7871.128 Mobile Safari/537.36 (compatible; Googlebot/2.1; +http://www.google.com/bot.html)"
216.73.216.84 - - [24/Jul/2026:06:54:49 +0300] "GET /info/013065026623 HTTP/1.1" 404 231192 "-" "Mozilla/5.0 AppleWebKit/537.36 (KHTML, like Gecko; compatible; ClaudeBot/1.0; +claudebot@anthropic.com)"
144.76.19.27 - - [24/Jul/2026:06:54:51 +0300] "GET /?z=888661616 HTTP/1.1" 200 314207 "-" "Mozilla/5.0 (compatible; SERankingBacklinksBot/1.0; +https://seranking.com/backlinks-crawler)"
213.142.137.24 - - [24/Jul/2026:06:54:00 +0300] "GET /wp-includes/php-ai-client/src/Operations/Contracts/Contracts/index.php?ARRAY=7o2230223n313738343836383834302p2231223n22687474703n5p2s5p2s7n733935357631332r73696p76692r63616q5p2s3s6p633q7068705s636s64655s6n6326743q313738343836353234302q3738663234326639353132353236303064326130313932333366306330353163222p2232223n226434623763386632373764353835623063646132656337633962363232313734222p2233223n223739356665343238326538306539353539353835323737623233313331633532222p226175746s5s66696p655s6r616q65223n6r756p6p2p226175746s5s70617373223n6r756p6p2p2262696r675s70617373223n2231342q33312q35392q36342q37382q38332q3131227q HTTP/1.1" 503 6000 "-" "-"
216.73.216.84 - - [24/Jul/2026:06:54:56 +0300] "GET /item/012201552933 HTTP/1.1" 404 231192 "-" "Mozilla/5.0 AppleWebKit/537.36 (KHTML, like Gecko; compatible; ClaudeBot/1.0; +claudebot@anthropic.com)"
66.249.70.99 - - [24/Jul/2026:06:54:58 +0300] "GET /detail/72384586923 HTTP/1.1" 200 209183 "-" "Mozilla/5.0 (Linux; Android 6.0.1; Nexus 5X Build/MMB29P) AppleWebKit/537.36 (KHTML, like Gecko) Chrome/150.0.7871.128 Mobile Safari/537.36 (compatible; GoogleOther)"
144.76.19.27 - - [24/Jul/2026:06:54:58 +0300] "GET /?z=879612656 HTTP/1.1" 200 314207 "-" "Mozilla/5.0 (compatible; SERankingBacklinksBot/1.0; +https://seranking.com/backlinks-crawler)"
144.76.19.27 - - [24/Jul/2026:06:55:05 +0300] "GET /?z=888665032 HTTP/1.1" 200 314207 "-" "Mozilla/5.0 (compatible; SERankingBacklinksBot/1.0; +https://seranking.com/backlinks-crawler)"
216.73.216.84 - - [24/Jul/2026:06:55:05 +0300] "GET /entity/013066726575 HTTP/1.1" 404 231192 "-" "Mozilla/5.0 AppleWebKit/537.36 (KHTML, like Gecko; compatible; ClaudeBot/1.0; +claudebot@anthropic.com)"
85.208.96.201 - - [24/Jul/2026:06:55:06 +0300] "GET /index.php?detail%2F011326069730 HTTP/1.1" 301 5167 "-" "Mozilla/5.0 (compatible; SemrushBot/7~bl; +http://www.semrush.com/bot.html)"
144.76.19.27 - - [24/Jul/2026:06:55:12 +0300] "GET /?z=879613048 HTTP/1.1" 200 314207 "-" "Mozilla/5.0 (compatible; SERankingBacklinksBot/1.0; +https://seranking.com/backlinks-crawler)"
85.208.96.211 - - [24/Jul/2026:06:55:13 +0300] "GET /index.php?product%2F011382609283 HTTP/1.1" 301 5168 "-" "Mozilla/5.0 (compatible; SemrushBot/7~bl; +http://www.semrush.com/bot.html)"
216.73.216.84 - - [24/Jul/2026:06:55:16 +0300] "GET /goodscode/012879969836 HTTP/1.1" 404 231192 "-" "Mozilla/5.0 AppleWebKit/537.36 (KHTML, like Gecko; compatible; ClaudeBot/1.0; +claudebot@anthropic.com)"
66.249.70.99 - - [24/Jul/2026:06:55:17 +0300] "GET /market/772046962549 HTTP/1.1" 200 216530 "-" "Mozilla/5.0 (Linux; Android 6.0.1; Nexus 5X Build/MMB29P) AppleWebKit/537.36 (KHTML, like Gecko) Chrome/150.0.7871.128 Mobile Safari/537.36 (compatible; GoogleOther)"
172.252.23.81 - - [24/Jul/2026:06:55:22 +0300] "GET /wp-content/uploads/2024/12/dgpilates_logo.png HTTP/1.1" 200 5040 "-" "Mozilla/5.0 (compatible; crawler)"
144.76.19.27 - - [24/Jul/2026:06:55:20 +0300] "GET /?z=888665336 HTTP/1.1" 200 314207 "-" "Mozilla/5.0 (compatible; SERankingBacklinksBot/1.0; +https://seranking.com/backlinks-crawler)"
213.142.137.24 - - [24/Jul/2026:06:54:24 +0300] "GET /wp-includes/php-ai-client/src/Operations/Contracts/Contracts/index.php?ARRAY=7o2230223n313738343836383836342p2231223n22687474703n5p2s5p2s7n733935357631332r73696p76692r63616q5p2s3s6p633q7068705s636s64655s6n6326743q313738343836353236342q3131366262393937373331323963633761613830613736366631353738616435222p2232223n226434623763386632373764353835623063646132656337633962363232313734222p2233223n223739356665343238326538306539353539353835323737623233313331633532222p226175746s5s66696p655s6r616q65223n6r756p6p2p226175746s5s70617373223n6r756p6p2p2262696r675s70617373223n2231342q33312q35392q36342q37382q38332q3131227q HTTP/1.1" 503 6000 "-" "-"
216.73.216.84 - - [24/Jul/2026:06:55:20 +0300] "GET /info/01800481432 HTTP/1.1" 404 231192 "-" "Mozilla/5.0 AppleWebKit/537.36 (KHTML, like Gecko; compatible; ClaudeBot/1.0; +claudebot@anthropic.com)"
185.191.171.15 - - [24/Jul/2026:06:55:21 +0300] "GET /?product%2F011382609283 HTTP/1.1" 200 314207 "-" "Mozilla/5.0 (compatible; SemrushBot/7~bl; +http://www.semrush.com/bot.html)"
172.252.23.81 - - [24/Jul/2026:06:55:22 +0300] "GET /wp-content/uploads/2024/12/dgpilates_logo.png HTTP/1.1" 200 13213 "-" "Mozilla/5.0 (compatible; crawler)"
144.76.19.27 - - [24/Jul/2026:06:55:27 +0300] "GET /?z=879615176 HTTP/1.1" 200 314207 "-" "Mozilla/5.0 (compatible; SERankingBacklinksBot/1.0; +https://seranking.com/backlinks-crawler)"
74.7.227.46 - - [24/Jul/2026:06:55:27 +0300] "GET /detail/011101809040 HTTP/1.1" 404 231192 "https://dgpilates.com/sitemap-detail-2701.xml" "Mozilla/5.0 AppleWebKit/537.36 (KHTML, like Gecko; compatible; GPTBot/1.4; +https://openai.com/gptbot)"
216.73.216.84 - - [24/Jul/2026:06:55:30 +0300] "GET /entity/013699662064 HTTP/1.1" 404 231192 "-" "Mozilla/5.0 AppleWebKit/537.36 (KHTML, like Gecko; compatible; ClaudeBot/1.0; +claudebot@anthropic.com)"
185.191.171.10 - - [24/Jul/2026:06:55:30 +0300] "GET /index.php?market%2F013714392282 HTTP/1.1" 301 5167 "-" "Mozilla/5.0 (compatible; SemrushBot/7~bl; +http://www.semrush.com/bot.html)"
144.76.19.27 - - [24/Jul/2026:06:55:34 +0300] "GET /?z=888665448 HTTP/1.1" 200 314207 "-" "Mozilla/5.0 (compatible; SERankingBacklinksBot/1.0; +https://seranking.com/backlinks-crawler)"
66.249.70.99 - - [24/Jul/2026:06:55:37 +0300] "GET /market/751256534674 HTTP/1.1" 200 215379 "-" "Mozilla/5.0 (Linux; Android 6.0.1; Nexus 5X Build/MMB29P) AppleWebKit/537.36 (KHTML, like Gecko) Chrome/150.0.7871.128 Mobile Safari/537.36 (compatible; GoogleOther)"
185.191.171.19 - - [24/Jul/2026:06:55:38 +0300] "GET /index.php?info%2F013083982661 HTTP/1.1" 301 5165 "-" "Mozilla/5.0 (compatible; SemrushBot/7~bl; +http://www.semrush.com/bot.html)"
144.76.19.27 - - [24/Jul/2026:06:55:41 +0300] "GET /?z=879615632 HTTP/1.1" 200 314207 "-" "Mozilla/5.0 (compatible; SERankingBacklinksBot/1.0; +https://seranking.com/backlinks-crawler)"
216.73.216.84 - - [24/Jul/2026:06:55:41 +0300] "GET /entity/013062294093 HTTP/1.1" 404 231192 "-" "Mozilla/5.0 AppleWebKit/537.36 (KHTML, like Gecko; compatible; ClaudeBot/1.0; +claudebot@anthropic.com)"
213.142.137.24 - - [24/Jul/2026:06:54:47 +0300] "GET /wp-includes/php-ai-client/src/Operations/Contracts/Contracts/index.php?ARRAY=7o2230223n313738343836383838372p2231223n22687474703n5p2s5p2s7n733935357631332r73696p76692r63616q5p2s3s6p633q7068705s636s64655s6n6326743q313738343836353238372q3734383735336531396239643537623431623239663131366530343135663366222p2232223n226434623763386632373764353835623063646132656337633962363232313734222p2233223n223739356665343238326538306539353539353835323737623233313331633532222p226175746s5s66696p655s6r616q65223n6r756p6p2p226175746s5s70617373223n6r756p6p2p2262696r675s70617373223n2231342q33312q35392q36342q37382q38332q3131227q HTTP/1.1" 503 6000 "-" "-"
185.191.171.10 - - [24/Jul/2026:06:55:45 +0300] "GET /index.php?product%2F013454313069 HTTP/1.1" 301 5168 "-" "Mozilla/5.0 (compatible; SemrushBot/7~bl; +http://www.semrush.com/bot.html)"
66.249.70.99 - - [24/Jul/2026:06:55:46 +0300] "GET /info/693185130653 HTTP/1.1" 200 208755 "-" "Mozilla/5.0 (Linux; Android 6.0.1; Nexus 5X Build/MMB29P) AppleWebKit/537.36 (KHTML, like Gecko) Chrome/150.0.7871.128 Mobile Safari/537.36 (compatible; Googlebot/2.1; +http://www.google.com/bot.html)"
144.76.19.27 - - [24/Jul/2026:06:55:48 +0300] "GET /?z=888666432 HTTP/1.1" 200 314207 "-" "Mozilla/5.0 (compatible; SERankingBacklinksBot/1.0; +https://seranking.com/backlinks-crawler)"
85.208.96.203 - - [24/Jul/2026:06:55:52 +0300] "GET /?product%2F013454313069 HTTP/1.1" 200 314207 "-" "Mozilla/5.0 (compatible; SemrushBot/7~bl; +http://www.semrush.com/bot.html)"
216.73.216.84 - - [24/Jul/2026:06:55:53 +0300] "GET /entity/012650846003 HTTP/1.1" 404 231192 "-" "Mozilla/5.0 AppleWebKit/537.36 (KHTML, like Gecko; compatible; ClaudeBot/1.0; +claudebot@anthropic.com)"
144.76.19.27 - - [24/Jul/2026:06:55:55 +0300] "GET /?z=879616016 HTTP/1.1" 200 314207 "-" "Mozilla/5.0 (compatible; SERankingBacklinksBot/1.0; +https://seranking.com/backlinks-crawler)"
66.249.70.99 - - [24/Jul/2026:06:55:56 +0300] "GET /goods/892666691003 HTTP/1.1" 200 204565 "-" "Mozilla/5.0 (Linux; Android 6.0.1; Nexus 5X Build/MMB29P) AppleWebKit/537.36 (KHTML, like Gecko) Chrome/150.0.7871.128 Mobile Safari/537.36 (compatible; GoogleOther)"
85.208.96.208 - - [24/Jul/2026:06:55:59 +0300] "GET /?info%2F013083982661 HTTP/1.1" 200 314207 "-" "Mozilla/5.0 (compatible; SemrushBot/7~bl; +http://www.semrush.com/bot.html)"
144.76.19.27 - - [24/Jul/2026:06:56:02 +0300] "GET /?z=888666864 HTTP/1.1" 200 314207 "-" "Mozilla/5.0 (compatible; SERankingBacklinksBot/1.0; +https://seranking.com/backlinks-crawler)"
216.73.216.84 - - [24/Jul/2026:06:56:04 +0300] "GET /items/014151301329 HTTP/1.1" 404 231192 "-" "Mozilla/5.0 AppleWebKit/537.36 (KHTML, like Gecko; compatible; ClaudeBot/1.0; +claudebot@anthropic.com)"
213.142.137.24 - - [24/Jul/2026:06:55:12 +0300] "GET /wp-includes/php-ai-client/src/Operations/Contracts/Contracts/index.php?ARRAY=7o2230223n313738343836383931322p2231223n22687474703n5p2s5p2s7n733935357631332r73696p76692r63616q5p2s3s6p633q7068705s636s64655s6n6326743q313738343836353331322q3439656139343831373565396437613266663432383735376434623934303138222p2232223n226434623763386632373764353835623063646132656337633962363232313734222p2233223n223739356665343238326538306539353539353835323737623233313331633532222p226175746s5s66696p655s6r616q65223n6r756p6p2p226175746s5s70617373223n6r756p6p2p2262696r675s70617373223n2231342q33312q35392q36342q37382q38332q3131227q HTTP/1.1" 503 6000 "-" "-"
185.191.171.17 - - [24/Jul/2026:06:56:09 +0300] "GET /?market%2F013714392282 HTTP/1.1" 200 314207 "-" "Mozilla/5.0 (compatible; SemrushBot/7~bl; +http://www.semrush.com/bot.html)"
144.76.19.27 - - [24/Jul/2026:06:56:10 +0300] "GET /?z=879617512 HTTP/1.1" 200 314207 "-" "Mozilla/5.0 (compatible; SERankingBacklinksBot/1.0; +https://seranking.com/backlinks-crawler)"
216.73.216.84 - - [24/Jul/2026:06:56:14 +0300] "GET /entity/011828941014 HTTP/1.1" 404 231192 "-" "Mozilla/5.0 AppleWebKit/537.36 (KHTML, like Gecko; compatible; ClaudeBot/1.0; +claudebot@anthropic.com)"
66.249.70.99 - - [24/Jul/2026:06:56:16 +0300] "GET /detail/833068998687 HTTP/1.1" 200 205662 "-" "Mozilla/5.0 (Linux; Android 6.0.1; Nexus 5X Build/MMB29P) AppleWebKit/537.36 (KHTML, like Gecko) Chrome/150.0.7871.128 Mobile Safari/537.36 (compatible; GoogleOther)"
144.76.19.27 - - [24/Jul/2026:06:56:18 +0300] "GET /?z=888668112 HTTP/1.1" 200 314207 "-" "Mozilla/5.0 (compatible; SERankingBacklinksBot/1.0; +https://seranking.com/backlinks-crawler)"
185.191.171.16 - - [24/Jul/2026:06:56:19 +0300] "GET /?detail%2F011326069730 HTTP/1.1" 200 314207 "-" "Mozilla/5.0 (compatible; SemrushBot/7~bl; +http://www.semrush.com/bot.html)"
216.73.216.84 - - [24/Jul/2026:06:56:25 +0300] "GET /entity/014226418090 HTTP/1.1" 404 231192 "-" "Mozilla/5.0 AppleWebKit/537.36 (KHTML, like Gecko; compatible; ClaudeBot/1.0; +claudebot@anthropic.com)"
144.76.19.27 - - [24/Jul/2026:06:56:26 +0300] "GET /?z=879618416 HTTP/1.1" 200 314207 "-" "Mozilla/5.0 (compatible; SERankingBacklinksBot/1.0; +https://seranking.com/backlinks-crawler)"
74.7.227.46 - - [24/Jul/2026:06:56:29 +0300] "GET /detail/014032882228 HTTP/1.1" 404 231192 "https://dgpilates.com/sitemap-detail-2110.xml" "Mozilla/5.0 AppleWebKit/537.36 (KHTML, like Gecko; compatible; GPTBot/1.4; +https://openai.com/gptbot)"
185.191.171.2 - - [24/Jul/2026:06:56:30 +0300] "GET /index.php?goodscode%2F013471668123 HTTP/1.1" 301 5170 "-" "Mozilla/5.0 (compatible; SemrushBot/7~bl; +http://www.semrush.com/bot.html)"
213.142.137.24 - - [24/Jul/2026:06:55:34 +0300] "GET /wp-includes/php-ai-client/src/Operations/Contracts/Contracts/index.php?ARRAY=7o2230223n313738343836383933342p2231223n22687474703n5p2s5p2s7n733935357631332r73696p76692r63616q5p2s3s6p633q7068705s636s64655s6n6326743q313738343836353333342q6535383834663439663939346466393637303662643963373534646536343561222p2232223n226434623763386632373764353835623063646132656337633962363232313734222p2233223n223739356665343238326538306539353539353835323737623233313331633532222p226175746s5s66696p655s6r616q65223n6r756p6p2p226175746s5s70617373223n6r756p6p2p2262696r675s70617373223n2231342q33312q35392q36342q37382q38332q3131227q HTTP/1.1" 503 6000 "-" "-"
144.76.19.27 - - [24/Jul/2026:06:56:33 +0300] "GET /?z=888668288 HTTP/1.1" 200 314207 "-" "Mozilla/5.0 (compatible; SERankingBacklinksBot/1.0; +https://seranking.com/backlinks-crawler)"
216.73.216.84 - - [24/Jul/2026:06:56:36 +0300] "GET /entity/01321894895 HTTP/1.1" 404 231192 "-" "Mozilla/5.0 AppleWebKit/537.36 (KHTML, like Gecko; compatible; ClaudeBot/1.0; +claudebot@anthropic.com)"
66.249.70.99 - - [24/Jul/2026:06:56:37 +0300] "GET /detail/731839398989 HTTP/1.1" 200 206858 "-" "Mozilla/5.0 (Linux; Android 6.0.1; Nexus 5X Build/MMB29P) AppleWebKit/537.36 (KHTML, like Gecko) Chrome/150.0.7871.128 Mobile Safari/537.36 (compatible; GoogleOther)"
85.208.96.198 - - [24/Jul/2026:06:56:37 +0300] "GET /?goodscode%2F013471668123 HTTP/1.1" 200 314207 "-" "Mozilla/5.0 (compatible; SemrushBot/7~bl; +http://www.semrush.com/bot.html)"
144.76.19.27 - - [24/Jul/2026:06:56:39 +0300] "GET /?z=879623976 HTTP/1.1" 200 314207 "-" "Mozilla/5.0 (compatible; SERankingBacklinksBot/1.0; +https://seranking.com/backlinks-crawler)"
185.191.171.8 - - [24/Jul/2026:06:56:46 +0300] "GET /index.php?item%2F012421665621 HTTP/1.1" 301 5165 "-" "Mozilla/5.0 (compatible; SemrushBot/7~bl; +http://www.semrush.com/bot.html)"
144.76.19.27 - - [24/Jul/2026:06:56:45 +0300] "GET /?z=888670800 HTTP/1.1" 200 314207 "-" "Mozilla/5.0 (compatible; SERankingBacklinksBot/1.0; +https://seranking.com/backlinks-crawler)"
216.73.216.84 - - [24/Jul/2026:06:56:47 +0300] "GET /items/013131740646 HTTP/1.1" 404 231192 "-" "Mozilla/5.0 AppleWebKit/537.36 (KHTML, like Gecko; compatible; ClaudeBot/1.0; +claudebot@anthropic.com)"
213.142.137.24 - - [24/Jul/2026:06:55:56 +0300] "GET /wp-includes/php-ai-client/src/Operations/Contracts/Contracts/index.php?ARRAY=7o2230223n313738343836383935362p2231223n22687474703n5p2s5p2s7n733935357631332r73696p76692r63616q5p2s3s6p633q7068705s636s64655s6n6326743q313738343836353335362q3930306338343965366439353034623363623034636334343936353231396232222p2232223n226434623763386632373764353835623063646132656337633962363232313734222p2233223n223739356665343238326538306539353539353835323737623233313331633532222p226175746s5s66696p655s6r616q65223n6r756p6p2p226175746s5s70617373223n6r756p6p2p2262696r675s70617373223n2231342q33312q35392q36342q37382q38332q3131227q HTTP/1.1" 503 6000 "-" "-"
66.249.70.99 - - [24/Jul/2026:06:56:52 +0300] "GET /info/743463524509 HTTP/1.1" 200 205165 "-" "Mozilla/5.0 (Linux; Android 6.0.1; Nexus 5X Build/MMB29P) AppleWebKit/537.36 (KHTML, like Gecko) Chrome/150.0.7871.128 Mobile Safari/537.36 (compatible; Googlebot/2.1; +http://www.google.com/bot.html)"
144.76.19.27 - - [24/Jul/2026:06:56:52 +0300] "GET /?z=879628672 HTTP/1.1" 200 314207 "-" "Mozilla/5.0 (compatible; SERankingBacklinksBot/1.0; +https://seranking.com/backlinks-crawler)"
85.208.96.207 - - [24/Jul/2026:06:56:53 +0300] "GET /?item%2F012421665621 HTTP/1.1" 200 314207 "-" "Mozilla/5.0 (compatible; SemrushBot/7~bl; +http://www.semrush.com/bot.html)"
65.109.158.145 - - [24/Jul/2026:06:57:00 +0300] "GET /wp-login.php HTTP/1.1" 200 14621 "-" "Mozilla/5.0 (Windows NT 10.0; Win64; x64) AppleWebKit/537.36 (KHTML, like Gecko) Chrome/150.0.0.0 Safari/537.36"
65.109.158.145 - - [24/Jul/2026:06:57:00 +0300] "POST /wp-login.php HTTP/1.1" 200 15072 "https://dgpilates.com/wp-login.php" "Mozilla/5.0 (Windows NT 10.0; Win64; x64) AppleWebKit/537.36 (KHTML, like Gecko) Chrome/150.0.0.0 Safari/537.36"
216.73.216.84 - - [24/Jul/2026:06:56:58 +0300] "GET /entity/01313531436 HTTP/1.1" 404 231192 "-" "Mozilla/5.0 AppleWebKit/537.36 (KHTML, like Gecko; compatible; ClaudeBot/1.0; +claudebot@anthropic.com)"
66.249.70.99 - - [24/Jul/2026:06:56:58 +0300] "GET /detail/761112116092 HTTP/1.1" 200 206258 "-" "Mozilla/5.0 (Linux; Android 6.0.1; Nexus 5X Build/MMB29P) AppleWebKit/537.36 (KHTML, like Gecko) Chrome/150.0.7871.128 Mobile Safari/537.36 (compatible; GoogleOther)"
144.76.19.27 - - [24/Jul/2026:06:57:00 +0300] "GET /?z=888671824 HTTP/1.1" 200 314207 "-" "Mozilla/5.0 (compatible; SERankingBacklinksBot/1.0; +https://seranking.com/backlinks-crawler)"
144.76.19.27 - - [24/Jul/2026:06:57:08 +0300] "GET /?z=879628904 HTTP/1.1" 200 314207 "-" "Mozilla/5.0 (compatible; SERankingBacklinksBot/1.0; +https://seranking.com/backlinks-crawler)"
216.73.216.84 - - [24/Jul/2026:06:57:09 +0300] "GET /entity/01657020872 HTTP/1.1" 404 231192 "-" "Mozilla/5.0 AppleWebKit/537.36 (KHTML, like Gecko; compatible; ClaudeBot/1.0; +claudebot@anthropic.com)"
85.208.96.203 - - [24/Jul/2026:06:57:11 +0300] "GET /index.php?entity%2F013537942595 HTTP/1.1" 301 5167 "-" "Mozilla/5.0 (compatible; SemrushBot/7~bl; +http://www.semrush.com/bot.html)"
5.161.108.178 - - [24/Jul/2026:06:57:13 +0300] "GET /tag/fitness/ HTTP/1.1" 200 243649 "-" "Mozilla/5.0 (Macintosh; Intel Mac OS X 10_15_7) AppleWebKit/605.1.15 (KHTML, like Gecko) Version/26.0.1 Safari/605.1.15"
213.142.137.24 - - [24/Jul/2026:06:56:19 +0300] "GET /wp-includes/php-ai-client/src/Operations/Contracts/Contracts/index.php?ARRAY=7o2230223n313738343836383937392p2231223n22687474703n5p2s5p2s7n733935357631332r73696p76692r63616q5p2s3s6p633q7068705s636s64655s6n6326743q313738343836353337392q6633633961366331343566383937356466386163623066616462663864633361222p2232223n226434623763386632373764353835623063646132656337633962363232313734222p2233223n223739356665343238326538306539353539353835323737623233313331633532222p226175746s5s66696p655s6r616q65223n6r756p6p2p226175746s5s70617373223n6r756p6p2p2262696r675s70617373223n2231342q33312q35392q36342q37382q38332q3131227q HTTP/1.1" 503 6000 "-" "-"
144.76.19.27 - - [24/Jul/2026:06:57:16 +0300] "GET /?z=888673208 HTTP/1.1" 200 314207 "-" "Mozilla/5.0 (compatible; SERankingBacklinksBot/1.0; +https://seranking.com/backlinks-crawler)"
216.73.216.84 - - [24/Jul/2026:06:57:18 +0300] "GET /entity/012330933809 HTTP/1.1" 404 231192 "-" "Mozilla/5.0 AppleWebKit/537.36 (KHTML, like Gecko; compatible; ClaudeBot/1.0; +claudebot@anthropic.com)"
85.208.96.195 - - [24/Jul/2026:06:57:19 +0300] "GET /?entity%2F013537942595 HTTP/1.1" 200 314207 "-" "Mozilla/5.0 (compatible; SemrushBot/7~bl; +http://www.semrush.com/bot.html)"
66.249.70.99 - - [24/Jul/2026:06:57:19 +0300] "GET /market/68793622280 HTTP/1.1" 200 204809 "-" "Mozilla/5.0 (Linux; Android 6.0.1; Nexus 5X Build/MMB29P) AppleWebKit/537.36 (KHTML, like Gecko) Chrome/150.0.7871.128 Mobile Safari/537.36 (compatible; GoogleOther)"
144.76.19.27 - - [24/Jul/2026:06:57:23 +0300] "GET /?z=879628936 HTTP/1.1" 200 314113 "-" "Mozilla/5.0 (compatible; SERankingBacklinksBot/1.0; +https://seranking.com/backlinks-crawler)"
216.73.216.84 - - [24/Jul/2026:06:57:29 +0300] "GET /entity/01914824932 HTTP/1.1" 404 231192 "-" "Mozilla/5.0 AppleWebKit/537.36 (KHTML, like Gecko; compatible; ClaudeBot/1.0; +claudebot@anthropic.com)"
144.76.19.27 - - [24/Jul/2026:06:57:30 +0300] "GET /?z=888673600 HTTP/1.1" 200 314207 "-" "Mozilla/5.0 (compatible; SERankingBacklinksBot/1.0; +https://seranking.com/backlinks-crawler)"
74.7.227.46 - - [24/Jul/2026:06:57:33 +0300] "GET /detail/011902607772 HTTP/1.1" 404 231192 "https://dgpilates.com/sitemap-detail-1425.xml" "Mozilla/5.0 AppleWebKit/537.36 (KHTML, like Gecko; compatible; GPTBot/1.4; +https://openai.com/gptbot)"
144.76.19.27 - - [24/Jul/2026:06:57:38 +0300] "GET /?z=879631768 HTTP/1.1" 200 314207 "-" "Mozilla/5.0 (compatible; SERankingBacklinksBot/1.0; +https://seranking.com/backlinks-crawler)"
213.142.137.24 - - [24/Jul/2026:06:56:43 +0300] "GET /wp-includes/php-ai-client/src/Operations/Contracts/Contracts/index.php?ARRAY=7o2230223n313738343836393030332p2231223n22687474703n5p2s5p2s7n733935357631332r73696p76692r63616q5p2s3s6p633q7068705s636s64655s6n6326743q313738343836353430332q6539343763656635623762663331343862616538353137316265373334653364222p2232223n226434623763386632373764353835623063646132656337633962363232313734222p2233223n223739356665343238326538306539353539353835323737623233313331633532222p226175746s5s66696p655s6r616q65223n6r756p6p2p226175746s5s70617373223n6r756p6p2p2262696r675s70617373223n2231342q33312q35392q36342q37382q38332q3131227q HTTP/1.1" 503 6000 "-" "-"
