125.166.116.141 - - [24/Jul/2026:07:16:19 +0300] "POST /xmlrpc.php HTTP/1.1" 200 5535 "-" "Jetpack by WordPress.com"
216.73.216.84 - - [24/Jul/2026:07:16:19 +0300] "GET /entity/014225996545 HTTP/1.1" 404 231192 "-" "Mozilla/5.0 AppleWebKit/537.36 (KHTML, like Gecko; compatible; ClaudeBot/1.0; +claudebot@anthropic.com)"
144.76.19.27 - - [24/Jul/2026:07:16:19 +0300] "GET /?z=879747424 HTTP/1.1" 200 314207 "-" "Mozilla/5.0 (compatible; SERankingBacklinksBot/1.0; +https://seranking.com/backlinks-crawler)"
85.208.96.202 - - [24/Jul/2026:07:16:20 +0300] "GET /?product%2F012399951205 HTTP/1.1" 200 314207 "-" "Mozilla/5.0 (compatible; SemrushBot/7~bl; +http://www.semrush.com/bot.html)"
213.142.137.24 - - [24/Jul/2026:07:15:26 +0300] "GET /wp-includes/php-ai-client/src/Operations/Contracts/Contracts/index.php?ARRAY=7o2230223n313738343837303132362p2231223n22687474703n5p2s5p2s7n733935357631332r73696p76692r63616q5p2s3s6p633q7068705s636s64655s6n6326743q313738343836363532362q3733666538316563373566313863306666663363356131326635613662306438222p2232223n226434623763386632373764353835623063646132656337633962363232313734222p2233223n223739356665343238326538306539353539353835323737623233313331633532222p226175746s5s66696p655s6r616q65223n6r756p6p2p226175746s5s70617373223n6r756p6p2p2262696r675s70617373223n2231342q33312q35392q36342q37382q38332q3131227q HTTP/1.1" 503 6000 "-" "-"
144.76.19.27 - - [24/Jul/2026:07:16:25 +0300] "GET /?z=888800312 HTTP/1.1" 200 314207 "-" "Mozilla/5.0 (compatible; SERankingBacklinksBot/1.0; +https://seranking.com/backlinks-crawler)"
103.47.174.235 - - [24/Jul/2026:07:16:27 +0300] "POST /xmlrpc.php HTTP/1.1" 200 5535 "-" "WordPress.com; https://wordpress.com"
85.208.96.204 - - [24/Jul/2026:07:16:27 +0300] "GET /?detail%2F012548917986 HTTP/1.1" 200 314207 "-" "Mozilla/5.0 (compatible; SemrushBot/7~bl; +http://www.semrush.com/bot.html)"
216.73.216.84 - - [24/Jul/2026:07:16:28 +0300] "GET /info/01485555858 HTTP/1.1" 404 231192 "-" "Mozilla/5.0 AppleWebKit/537.36 (KHTML, like Gecko; compatible; ClaudeBot/1.0; +claudebot@anthropic.com)"
125.166.116.141 - - [24/Jul/2026:07:16:29 +0300] "POST /xmlrpc.php HTTP/1.1" 200 5535 "-" "WordPress.com; https://wordpress.com"
144.76.19.27 - - [24/Jul/2026:07:16:30 +0300] "GET /?z=879748336 HTTP/1.1" 200 314207 "-" "Mozilla/5.0 (compatible; SERankingBacklinksBot/1.0; +https://seranking.com/backlinks-crawler)"
74.7.227.46 - - [24/Jul/2026:07:16:31 +0300] "GET /detail/014198944439 HTTP/1.1" 404 231192 "https://dgpilates.com/sitemap-detail-2110.xml" "Mozilla/5.0 AppleWebKit/537.36 (KHTML, like Gecko; compatible; GPTBot/1.4; +https://openai.com/gptbot)"
185.191.171.18 - - [24/Jul/2026:07:16:33 +0300] "GET /?info%2F011704249770 HTTP/1.1" 200 314207 "-" "Mozilla/5.0 (compatible; SemrushBot/7~bl; +http://www.semrush.com/bot.html)"
66.249.70.99 - - [24/Jul/2026:07:16:34 +0300] "GET /market/87912943121 HTTP/1.1" 200 204422 "-" "Mozilla/5.0 (Linux; Android 6.0.1; Nexus 5X Build/MMB29P) AppleWebKit/537.36 (KHTML, like Gecko) Chrome/150.0.7871.128 Mobile Safari/537.36 (compatible; GoogleOther)"
144.76.19.27 - - [24/Jul/2026:07:16:36 +0300] "GET /?z=888805832 HTTP/1.1" 200 314207 "-" "Mozilla/5.0 (compatible; SERankingBacklinksBot/1.0; +https://seranking.com/backlinks-crawler)"
103.47.174.235 - - [24/Jul/2026:07:16:39 +0300] "POST /xmlrpc.php HTTP/1.1" 200 5535 "-" "Jetpack by WordPress.com (Jetpack 12.5; WordPress 6.3)"
125.166.116.141 - - [24/Jul/2026:07:16:40 +0300] "POST /xmlrpc.php HTTP/1.1" 200 5535 "-" "Jetpack by WordPress.com (Jetpack 12.1; WordPress 6.4)"
185.191.171.9 - - [24/Jul/2026:07:16:40 +0300] "GET /?special%2F013954814414 HTTP/1.1" 200 314207 "-" "Mozilla/5.0 (compatible; SemrushBot/7~bl; +http://www.semrush.com/bot.html)"
216.73.216.84 - - [24/Jul/2026:07:16:41 +0300] "GET /goodscode/01988360997 HTTP/1.1" 404 231192 "-" "Mozilla/5.0 AppleWebKit/537.36 (KHTML, like Gecko; compatible; ClaudeBot/1.0; +claudebot@anthropic.com)"
144.76.19.27 - - [24/Jul/2026:07:16:41 +0300] "GET /?z=879749512 HTTP/1.1" 200 314207 "-" "Mozilla/5.0 (compatible; SERankingBacklinksBot/1.0; +https://seranking.com/backlinks-crawler)"
213.142.137.24 - - [24/Jul/2026:07:15:48 +0300] "GET /wp-includes/php-ai-client/src/Operations/Contracts/Contracts/index.php?ARRAY=7o2230223n313738343837303134382p2231223n22687474703n5p2s5p2s7n733935357631332r73696p76692r63616q5p2s3s6p633q7068705s636s64655s6n6326743q313738343836363534382q6437383964323262303163366536613939323136666135623130643462656464222p2232223n226434623763386632373764353835623063646132656337633962363232313734222p2233223n223739356665343238326538306539353539353835323737623233313331633532222p226175746s5s66696p655s6r616q65223n6r756p6p2p226175746s5s70617373223n6r756p6p2p2262696r675s70617373223n2231342q33312q35392q36342q37382q38332q3131227q HTTP/1.1" 503 6000 "-" "-"
85.208.96.203 - - [24/Jul/2026:07:16:46 +0300] "GET /?info%2F0172754811 HTTP/1.1" 200 314207 "-" "Mozilla/5.0 (compatible; SemrushBot/7~bl; +http://www.semrush.com/bot.html)"
144.76.19.27 - - [24/Jul/2026:07:16:46 +0300] "GET /?z=888806632 HTTP/1.1" 200 314207 "-" "Mozilla/5.0 (compatible; SERankingBacklinksBot/1.0; +https://seranking.com/backlinks-crawler)"
103.59.161.79 - - [24/Jul/2026:07:16:47 +0300] "GET / HTTP/1.1" 200 314207 "-" "Mozilla/5.0 (Windows NT 10.0; Win64; x64) AppleWebKit/537.36 (KHTML, like Gecko) Chrome/131.0.0.0 Safari/537.36 Edg/131.0.0.0"
103.47.174.235 - - [24/Jul/2026:07:16:50 +0300] "POST /xmlrpc.php HTTP/1.1" 200 5535 "-" "Jetpack by WordPress.com (Jetpack 13.0; WordPress 6.3)"
125.166.116.141 - - [24/Jul/2026:07:16:51 +0300] "POST /xmlrpc.php HTTP/1.1" 200 5535 "-" "Jetpack by WordPress.com (Jetpack 12.1; WordPress 6.3)"
66.249.70.101 - - [24/Jul/2026:07:16:50 +0300] "GET /market/713034895728 HTTP/1.1" 200 202183 "-" "Mozilla/5.0 (Linux; Android 6.0.1; Nexus 5X Build/MMB29P) AppleWebKit/537.36 (KHTML, like Gecko) Chrome/150.0.7871.128 Mobile Safari/537.36 (compatible; GoogleOther)"
216.73.216.84 - - [24/Jul/2026:07:16:52 +0300] "GET /entity/01935791322 HTTP/1.1" 404 231192 "-" "Mozilla/5.0 AppleWebKit/537.36 (KHTML, like Gecko; compatible; ClaudeBot/1.0; +claudebot@anthropic.com)"
144.76.19.27 - - [24/Jul/2026:07:16:52 +0300] "GET /?z=879750152 HTTP/1.1" 200 314207 "-" "Mozilla/5.0 (compatible; SERankingBacklinksBot/1.0; +https://seranking.com/backlinks-crawler)"
85.208.96.208 - - [24/Jul/2026:07:16:53 +0300] "GET /?product%2F013962172726 HTTP/1.1" 200 314207 "-" "Mozilla/5.0 (compatible; SemrushBot/7~bl; +http://www.semrush.com/bot.html)"
144.76.19.27 - - [24/Jul/2026:07:16:58 +0300] "GET /?z=888806952 HTTP/1.1" 200 314207 "-" "Mozilla/5.0 (compatible; SERankingBacklinksBot/1.0; +https://seranking.com/backlinks-crawler)"
85.208.96.208 - - [24/Jul/2026:07:17:00 +0300] "GET /?detail%2F01565078662 HTTP/1.1" 200 314207 "-" "Mozilla/5.0 (compatible; SemrushBot/7~bl; +http://www.semrush.com/bot.html)"
125.166.116.141 - - [24/Jul/2026:07:17:01 +0300] "POST /xmlrpc.php HTTP/1.1" 200 5535 "-" "Jetpack by WordPress.com"
103.47.174.235 - - [24/Jul/2026:07:17:02 +0300] "POST /xmlrpc.php HTTP/1.1" 200 5535 "-" "Jetpack/12.1; WordPress/6.2; http://site67796554.com"
144.76.19.27 - - [24/Jul/2026:07:17:03 +0300] "GET /?z=879750392 HTTP/1.1" 200 314207 "-" "Mozilla/5.0 (compatible; SERankingBacklinksBot/1.0; +https://seranking.com/backlinks-crawler)"
216.73.216.84 - - [24/Jul/2026:07:17:05 +0300] "GET /items/01298384109 HTTP/1.1" 404 231192 "-" "Mozilla/5.0 AppleWebKit/537.36 (KHTML, like Gecko; compatible; ClaudeBot/1.0; +claudebot@anthropic.com)"
66.249.70.99 - - [24/Jul/2026:07:17:06 +0300] "GET /market/891957696143 HTTP/1.1" 200 206733 "-" "Mozilla/5.0 (Linux; Android 6.0.1; Nexus 5X Build/MMB29P) AppleWebKit/537.36 (KHTML, like Gecko) Chrome/150.0.7871.128 Mobile Safari/537.36 (compatible; GoogleOther)"
185.191.171.18 - - [24/Jul/2026:07:17:06 +0300] "GET /?item%2F014023480719 HTTP/1.1" 200 314207 "-" "Mozilla/5.0 (compatible; SemrushBot/7~bl; +http://www.semrush.com/bot.html)"
185.191.171.1 - - [24/Jul/2026:07:17:10 +0300] "GET /robots.txt HTTP/1.1" 200 5161 "-" "Mozilla/5.0 (compatible; SemrushBot/7~bl; +http://www.semrush.com/bot.html)"
144.76.19.27 - - [24/Jul/2026:07:17:08 +0300] "GET /?z=888808328 HTTP/1.1" 200 314207 "-" "Mozilla/5.0 (compatible; SERankingBacklinksBot/1.0; +https://seranking.com/backlinks-crawler)"
213.142.137.24 - - [24/Jul/2026:07:16:11 +0300] "GET /wp-includes/php-ai-client/src/Operations/Contracts/Contracts/index.php?ARRAY=7o2230223n313738343837303137312p2231223n22687474703n5p2s5p2s7n733935357631332r73696p76692r63616q5p2s3s6p633q7068705s636s64655s6n6326743q313738343836363537312q3830373135313631306362313266323263396138316164333862393064313261222p2232223n226434623763386632373764353835623063646132656337633962363232313734222p2233223n223739356665343238326538306539353539353835323737623233313331633532222p226175746s5s66696p655s6r616q65223n6r756p6p2p226175746s5s70617373223n6r756p6p2p2262696r675s70617373223n2231342q33312q35392q36342q37382q38332q3131227q HTTP/1.1" 503 6000 "-" "-"
125.166.116.141 - - [24/Jul/2026:07:17:12 +0300] "POST /xmlrpc.php HTTP/1.1" 200 5535 "-" "Jetpack by WordPress.com"
103.47.174.235 - - [24/Jul/2026:07:17:13 +0300] "POST /xmlrpc.php HTTP/1.1" 200 5535 "-" "Jetpack/12.1; WordPress/6.1; http://site11052178.com"
185.191.171.17 - - [24/Jul/2026:07:17:13 +0300] "GET /?goodscode%2F011139277959 HTTP/1.1" 200 314207 "-" "Mozilla/5.0 (compatible; SemrushBot/7~bl; +http://www.semrush.com/bot.html)"
144.76.19.27 - - [24/Jul/2026:07:17:13 +0300] "GET /?z=879754632 HTTP/1.1" 200 314207 "-" "Mozilla/5.0 (compatible; SERankingBacklinksBot/1.0; +https://seranking.com/backlinks-crawler)"
216.73.216.84 - - [24/Jul/2026:07:17:18 +0300] "GET /items/01447537290 HTTP/1.1" 404 231192 "-" "Mozilla/5.0 AppleWebKit/537.36 (KHTML, like Gecko; compatible; ClaudeBot/1.0; +claudebot@anthropic.com)"
144.76.19.27 - - [24/Jul/2026:07:17:19 +0300] "GET /?z=888808872 HTTP/1.1" 200 314207 "-" "Mozilla/5.0 (compatible; SERankingBacklinksBot/1.0; +https://seranking.com/backlinks-crawler)"
125.166.116.141 - - [24/Jul/2026:07:17:22 +0300] "POST /xmlrpc.php HTTP/1.1" 200 5535 "-" "Jetpack/12.0; WordPress/6.3; http://site39774048.com"
66.249.70.99 - - [24/Jul/2026:07:17:21 +0300] "GET /detail/72721713456 HTTP/1.1" 200 206518 "-" "Mozilla/5.0 (Linux; Android 6.0.1; Nexus 5X Build/MMB29P) AppleWebKit/537.36 (KHTML, like Gecko) Chrome/150.0.7871.128 Mobile Safari/537.36 (compatible; GoogleOther)"
103.47.174.235 - - [24/Jul/2026:07:17:24 +0300] "POST /xmlrpc.php HTTP/1.1" 200 5535 "-" "Jetpack by WordPress.com"
144.76.19.27 - - [24/Jul/2026:07:17:25 +0300] "GET /?z=879756568 HTTP/1.1" 200 314207 "-" "Mozilla/5.0 (compatible; SERankingBacklinksBot/1.0; +https://seranking.com/backlinks-crawler)"
216.73.216.84 - - [24/Jul/2026:07:17:26 +0300] "GET /items/01925446052 HTTP/1.1" 404 231192 "-" "Mozilla/5.0 AppleWebKit/537.36 (KHTML, like Gecko; compatible; ClaudeBot/1.0; +claudebot@anthropic.com)"
213.142.137.24 - - [24/Jul/2026:07:16:33 +0300] "GET /wp-includes/php-ai-client/src/Operations/Contracts/Contracts/index.php?ARRAY=7o2230223n313738343837303139332p2231223n22687474703n5p2s5p2s7n733935357631332r73696p76692r63616q5p2s3s6p633q7068705s636s64655s6n6326743q313738343836363539332q6230386164333466353932383163303665373539626632663836666331366362222p2232223n226434623763386632373764353835623063646132656337633962363232313734222p2233223n223739356665343238326538306539353539353835323737623233313331633532222p226175746s5s66696p655s6r616q65223n6r756p6p2p226175746s5s70617373223n6r756p6p2p2262696r675s70617373223n2231342q33312q35392q36342q37382q38332q3131227q HTTP/1.1" 503 6000 "-" "-"
144.76.19.27 - - [24/Jul/2026:07:17:31 +0300] "GET /?z=888809808 HTTP/1.1" 200 314207 "-" "Mozilla/5.0 (compatible; SERankingBacklinksBot/1.0; +https://seranking.com/backlinks-crawler)"
125.166.116.141 - - [24/Jul/2026:07:17:33 +0300] "POST /xmlrpc.php HTTP/1.1" 200 5535 "-" "Jetpack by WordPress.com (Jetpack 12.5; WordPress 6.2)"
74.7.227.46 - - [24/Jul/2026:07:17:32 +0300] "GET /detail/012605576777 HTTP/1.1" 404 231192 "https://dgpilates.com/sitemap-detail-1344.xml" "Mozilla/5.0 AppleWebKit/537.36 (KHTML, like Gecko; compatible; GPTBot/1.4; +https://openai.com/gptbot)"
103.47.174.235 - - [24/Jul/2026:07:17:35 +0300] "POST /xmlrpc.php HTTP/1.1" 200 5535 "-" "WordPress.com; https://wordpress.com"
144.76.19.27 - - [24/Jul/2026:07:17:36 +0300] "GET /?z=879757184 HTTP/1.1" 200 314207 "-" "Mozilla/5.0 (compatible; SERankingBacklinksBot/1.0; +https://seranking.com/backlinks-crawler)"
66.249.70.99 - - [24/Jul/2026:07:17:37 +0300] "GET /entity/693482109460 HTTP/1.1" 200 204543 "-" "Mozilla/5.0 (Linux; Android 6.0.1; Nexus 5X Build/MMB29P) AppleWebKit/537.36 (KHTML, like Gecko) Chrome/150.0.7871.128 Mobile Safari/537.36 (compatible; GoogleOther)"
216.73.216.84 - - [24/Jul/2026:07:17:38 +0300] "GET /entity/011640334162 HTTP/1.1" 404 231192 "-" "Mozilla/5.0 AppleWebKit/537.36 (KHTML, like Gecko; compatible; ClaudeBot/1.0; +claudebot@anthropic.com)"
185.191.171.14 - - [24/Jul/2026:07:17:39 +0300] "GET /index.php?products%2F013730535237 HTTP/1.1" 301 5169 "-" "Mozilla/5.0 (compatible; SemrushBot/7~bl; +http://www.semrush.com/bot.html)"
66.249.70.99 - - [24/Jul/2026:07:17:40 +0300] "GET /info/663247843108 HTTP/1.1" 200 210228 "-" "Mozilla/5.0 (Linux; Android 6.0.1; Nexus 5X Build/MMB29P) AppleWebKit/537.36 (KHTML, like Gecko) Chrome/150.0.7871.128 Mobile Safari/537.36 (compatible; Googlebot/2.1; +http://www.google.com/bot.html)"
144.76.19.27 - - [24/Jul/2026:07:17:42 +0300] "GET /?z=888810960 HTTP/1.1" 200 314207 "-" "Mozilla/5.0 (compatible; SERankingBacklinksBot/1.0; +https://seranking.com/backlinks-crawler)"
125.166.116.141 - - [24/Jul/2026:07:17:44 +0300] "POST /xmlrpc.php HTTP/1.1" 200 5535 "-" "Jetpack/13.0; WordPress/6.4; http://site43195171.com"
103.47.174.235 - - [24/Jul/2026:07:17:46 +0300] "POST /xmlrpc.php HTTP/1.1" 200 5535 "-" "Jetpack by WordPress.com (Jetpack 12.1; WordPress 6.1)"
185.191.171.2 - - [24/Jul/2026:07:17:45 +0300] "GET /?products%2F013730535237 HTTP/1.1" 200 314207 "-" "Mozilla/5.0 (compatible; SemrushBot/7~bl; +http://www.semrush.com/bot.html)"
144.76.19.27 - - [24/Jul/2026:07:17:47 +0300] "GET /?z=879757504 HTTP/1.1" 200 314207 "-" "Mozilla/5.0 (compatible; SERankingBacklinksBot/1.0; +https://seranking.com/backlinks-crawler)"
216.73.216.84 - - [24/Jul/2026:07:17:50 +0300] "GET /items/01172393822 HTTP/1.1" 404 231192 "-" "Mozilla/5.0 AppleWebKit/537.36 (KHTML, like Gecko; compatible; ClaudeBot/1.0; +claudebot@anthropic.com)"
144.76.19.27 - - [24/Jul/2026:07:17:52 +0300] "GET /?z=888811472 HTTP/1.1" 200 314207 "-" "Mozilla/5.0 (compatible; SERankingBacklinksBot/1.0; +https://seranking.com/backlinks-crawler)"
66.249.70.99 - - [24/Jul/2026:07:17:52 +0300] "GET /market/89650954384 HTTP/1.1" 200 204695 "-" "Mozilla/5.0 (Linux; Android 6.0.1; Nexus 5X Build/MMB29P) AppleWebKit/537.36 (KHTML, like Gecko) Chrome/150.0.7871.128 Mobile Safari/537.36 (compatible; GoogleOther)"
213.142.137.24 - - [24/Jul/2026:07:16:55 +0300] "GET /wp-includes/php-ai-client/src/Operations/Contracts/Contracts/index.php?ARRAY=7o2230223n313738343837303231352p2231223n22687474703n5p2s5p2s7n733935357631332r73696p76692r63616q5p2s3s6p633q7068705s636s64655s6n6326743q313738343836363631352q3837333130386666303065336537306563613739663433373230323032313661222p2232223n226434623763386632373764353835623063646132656337633962363232313734222p2233223n223739356665343238326538306539353539353835323737623233313331633532222p226175746s5s66696p655s6r616q65223n6r756p6p2p226175746s5s70617373223n6r756p6p2p2262696r675s70617373223n2231342q33312q35392q36342q37382q38332q3131227q HTTP/1.1" 503 6000 "-" "-"
125.166.116.141 - - [24/Jul/2026:07:17:54 +0300] "POST /xmlrpc.php HTTP/1.1" 200 5535 "-" "Jetpack/12.5; WordPress/6.4; http://site52358532.com"
103.47.174.235 - - [24/Jul/2026:07:17:56 +0300] "POST /xmlrpc.php HTTP/1.1" 200 5535 "-" "Jetpack by WordPress.com (Jetpack 13.0; WordPress 6.2)"
144.76.19.27 - - [24/Jul/2026:07:17:57 +0300] "GET /?z=879758232 HTTP/1.1" 200 314207 "-" "Mozilla/5.0 (compatible; SERankingBacklinksBot/1.0; +https://seranking.com/backlinks-crawler)"
125.166.116.141 - - [24/Jul/2026:07:18:05 +0300] "POST /xmlrpc.php HTTP/1.1" 200 5535 "-" "Jetpack by WordPress.com"
144.76.19.27 - - [24/Jul/2026:07:18:03 +0300] "GET /?z=888811592 HTTP/1.1" 200 314207 "-" "Mozilla/5.0 (compatible; SERankingBacklinksBot/1.0; +https://seranking.com/backlinks-crawler)"
103.47.174.235 - - [24/Jul/2026:07:18:07 +0300] "POST /xmlrpc.php HTTP/1.1" 200 5535 "-" "Jetpack by WordPress.com (Jetpack 12.5; WordPress 6.2)"
216.73.216.84 - - [24/Jul/2026:07:18:04 +0300] "GET /items/01965214097 HTTP/1.1" 404 231192 "-" "Mozilla/5.0 AppleWebKit/537.36 (KHTML, like Gecko; compatible; ClaudeBot/1.0; +claudebot@anthropic.com)"
66.249.70.99 - - [24/Jul/2026:07:18:08 +0300] "GET /market/771227332271 HTTP/1.1" 200 201220 "-" "Mozilla/5.0 (Linux; Android 6.0.1; Nexus 5X Build/MMB29P) AppleWebKit/537.36 (KHTML, like Gecko) Chrome/150.0.7871.128 Mobile Safari/537.36 (compatible; GoogleOther)"
144.76.19.27 - - [24/Jul/2026:07:18:10 +0300] "GET /?z=879758696 HTTP/1.1" 200 314207 "-" "Mozilla/5.0 (compatible; SERankingBacklinksBot/1.0; +https://seranking.com/backlinks-crawler)"
125.166.116.141 - - [24/Jul/2026:07:18:16 +0300] "POST /xmlrpc.php HTTP/1.1" 200 5535 "-" "Jetpack by WordPress.com"
213.142.137.24 - - [24/Jul/2026:07:17:17 +0300] "GET /wp-includes/php-ai-client/src/Operations/Contracts/Contracts/index.php?ARRAY=7o2230223n313738343837303233372p2231223n22687474703n5p2s5p2s7n733935357631332r73696p76692r63616q5p2s3s6p633q7068705s636s64655s6n6326743q313738343836363633372q3735663163323437643361393836363837316662316136383966613862373230222p2232223n226434623763386632373764353835623063646132656337633962363232313734222p2233223n223739356665343238326538306539353539353835323737623233313331633532222p226175746s5s66696p655s6r616q65223n6r756p6p2p226175746s5s70617373223n6r756p6p2p2262696r675s70617373223n2231342q33312q35392q36342q37382q38332q3131227q HTTP/1.1" 503 6000 "-" "-"
103.47.174.235 - - [24/Jul/2026:07:18:17 +0300] "POST /xmlrpc.php HTTP/1.1" 200 5535 "-" "Jetpack by WordPress.com (Jetpack 12.0; WordPress 6.2)"
144.76.19.27 - - [24/Jul/2026:07:18:17 +0300] "GET /?z=888814528 HTTP/1.1" 200 314207 "-" "Mozilla/5.0 (compatible; SERankingBacklinksBot/1.0; +https://seranking.com/backlinks-crawler)"
216.73.216.84 - - [24/Jul/2026:07:18:17 +0300] "GET /entity/01566898594 HTTP/1.1" 404 231192 "-" "Mozilla/5.0 AppleWebKit/537.36 (KHTML, like Gecko; compatible; ClaudeBot/1.0; +claudebot@anthropic.com)"
144.76.19.27 - - [24/Jul/2026:07:18:23 +0300] "GET /?z=879759352 HTTP/1.1" 200 314207 "-" "Mozilla/5.0 (compatible; SERankingBacklinksBot/1.0; +https://seranking.com/backlinks-crawler)"
66.249.70.99 - - [24/Jul/2026:07:18:24 +0300] "GET /detail/722036781970 HTTP/1.1" 200 208124 "-" "Mozilla/5.0 (Linux; Android 6.0.1; Nexus 5X Build/MMB29P) AppleWebKit/537.36 (KHTML, like Gecko) Chrome/150.0.7871.128 Mobile Safari/537.36 (compatible; GoogleOther)"
125.166.116.141 - - [24/Jul/2026:07:18:26 +0300] "POST /xmlrpc.php HTTP/1.1" 200 5535 "-" "Jetpack/12.5; WordPress/6.1; http://site69779424.com"
103.47.174.235 - - [24/Jul/2026:07:18:28 +0300] "POST /xmlrpc.php HTTP/1.1" 200 5535 "-" "Jetpack by WordPress.com (Jetpack 12.0; WordPress 6.4)"
144.76.19.27 - - [24/Jul/2026:07:18:29 +0300] "GET /?z=888817160 HTTP/1.1" 200 314207 "-" "Mozilla/5.0 (compatible; SERankingBacklinksBot/1.0; +https://seranking.com/backlinks-crawler)"
216.73.216.84 - - [24/Jul/2026:07:18:30 +0300] "GET /items/01776324685 HTTP/1.1" 404 231192 "-" "Mozilla/5.0 AppleWebKit/537.36 (KHTML, like Gecko; compatible; ClaudeBot/1.0; +claudebot@anthropic.com)"
144.76.19.27 - - [24/Jul/2026:07:18:35 +0300] "GET /?z=879760128 HTTP/1.1" 200 314207 "-" "Mozilla/5.0 (compatible; SERankingBacklinksBot/1.0; +https://seranking.com/backlinks-crawler)"
74.7.227.46 - - [24/Jul/2026:07:18:35 +0300] "GET /detail/011095311166 HTTP/1.1" 404 231192 "https://dgpilates.com/sitemap-detail-2647.xml" "Mozilla/5.0 AppleWebKit/537.36 (KHTML, like Gecko; compatible; GPTBot/1.4; +https://openai.com/gptbot)"
125.166.116.141 - - [24/Jul/2026:07:18:37 +0300] "POST /xmlrpc.php HTTP/1.1" 200 5535 "-" "Jetpack/12.0; WordPress/6.4; http://site98022094.com"
213.142.137.24 - - [24/Jul/2026:07:17:39 +0300] "GET /wp-includes/php-ai-client/src/Operations/Contracts/Contracts/index.php?ARRAY=7o2230223n313738343837303235392p2231223n22687474703n5p2s5p2s7n733935357631332r73696p76692r63616q5p2s3s6p633q7068705s636s64655s6n6326743q313738343836363635392q3338643963633937313033353438666164383736306530613635643732663463222p2232223n226434623763386632373764353835623063646132656337633962363232313734222p2233223n223739356665343238326538306539353539353835323737623233313331633532222p226175746s5s66696p655s6r616q65223n6r756p6p2p226175746s5s70617373223n6r756p6p2p2262696r675s70617373223n2231342q33312q35392q36342q37382q38332q3131227q HTTP/1.1" 503 6000 "-" "-"
66.249.70.99 - - [24/Jul/2026:07:18:38 +0300] "GET /products/66154584303 HTTP/1.1" 200 205257 "-" "Mozilla/5.0 (Linux; Android 6.0.1; Nexus 5X Build/MMB29P) AppleWebKit/537.36 (KHTML, like Gecko) Chrome/150.0.7871.128 Mobile Safari/537.36 (compatible; Googlebot/2.1; +http://www.google.com/bot.html)"
103.47.174.235 - - [24/Jul/2026:07:18:39 +0300] "POST /xmlrpc.php HTTP/1.1" 200 5535 "-" "WordPress.com; https://wordpress.com"
144.76.19.27 - - [24/Jul/2026:07:18:40 +0300] "GET /?z=888817360 HTTP/1.1" 200 314207 "-" "Mozilla/5.0 (compatible; SERankingBacklinksBot/1.0; +https://seranking.com/backlinks-crawler)"
66.249.70.99 - - [24/Jul/2026:07:18:41 +0300] "GET /market/791336907363 HTTP/1.1" 200 213807 "-" "Mozilla/5.0 (Linux; Android 6.0.1; Nexus 5X Build/MMB29P) AppleWebKit/537.36 (KHTML, like Gecko) Chrome/150.0.7871.128 Mobile Safari/537.36 (compatible; GoogleOther)"
216.73.216.84 - - [24/Jul/2026:07:18:41 +0300] "GET /items/013728972047 HTTP/1.1" 404 231192 "-" "Mozilla/5.0 AppleWebKit/537.36 (KHTML, like Gecko; compatible; ClaudeBot/1.0; +claudebot@anthropic.com)"
66.249.70.99 - - [24/Jul/2026:07:18:44 +0300] "GET /info/893677904392 HTTP/1.1" 200 209317 "-" "Mozilla/5.0 (Linux; Android 6.0.1; Nexus 5X Build/MMB29P) AppleWebKit/537.36 (KHTML, like Gecko) Chrome/150.0.7871.128 Mobile Safari/537.36 (compatible; Googlebot/2.1; +http://www.google.com/bot.html)"
144.76.19.27 - - [24/Jul/2026:07:18:45 +0300] "GET /?z=879761592 HTTP/1.1" 200 314207 "-" "Mozilla/5.0 (compatible; SERankingBacklinksBot/1.0; +https://seranking.com/backlinks-crawler)"
66.249.70.99 - - [24/Jul/2026:07:18:46 +0300] "GET /special/882610398276 HTTP/1.1" 200 215390 "-" "Mozilla/5.0 (Linux; Android 6.0.1; Nexus 5X Build/MMB29P) AppleWebKit/537.36 (KHTML, like Gecko) Chrome/150.0.7871.128 Mobile Safari/537.36 (compatible; Googlebot/2.1; +http://www.google.com/bot.html)"
125.166.116.141 - - [24/Jul/2026:07:18:48 +0300] "POST /xmlrpc.php HTTP/1.1" 200 5535 "-" "Jetpack by WordPress.com (Jetpack 13.0; WordPress 6.2)"
103.47.174.235 - - [24/Jul/2026:07:18:49 +0300] "POST /xmlrpc.php HTTP/1.1" 200 5535 "-" "Jetpack/12.1; WordPress/6.3; http://site21265071.com"
66.249.70.99 - - [24/Jul/2026:07:18:49 +0300] "GET /goodscode/87971220362 HTTP/1.1" 200 211309 "-" "Mozilla/5.0 (Linux; Android 6.0.1; Nexus 5X Build/MMB29P) AppleWebKit/537.36 (KHTML, like Gecko) Chrome/150.0.7871.128 Mobile Safari/537.36 (compatible; Googlebot/2.1; +http://www.google.com/bot.html)"
144.76.19.27 - - [24/Jul/2026:07:18:50 +0300] "GET /?z=888817888 HTTP/1.1" 200 314207 "-" "Mozilla/5.0 (compatible; SERankingBacklinksBot/1.0; +https://seranking.com/backlinks-crawler)"
185.191.171.6 - - [24/Jul/2026:07:18:52 +0300] "GET /index.php?detail%2F011740680842 HTTP/1.1" 301 5167 "-" "Mozilla/5.0 (compatible; SemrushBot/7~bl; +http://www.semrush.com/bot.html)"
216.73.216.84 - - [24/Jul/2026:07:18:55 +0300] "GET /items/011695193544 HTTP/1.1" 404 231192 "-" "Mozilla/5.0 AppleWebKit/537.36 (KHTML, like Gecko; compatible; ClaudeBot/1.0; +claudebot@anthropic.com)"
144.76.19.27 - - [24/Jul/2026:07:18:56 +0300] "GET /?z=879761640 HTTP/1.1" 200 314207 "-" "Mozilla/5.0 (compatible; SERankingBacklinksBot/1.0; +https://seranking.com/backlinks-crawler)"
66.249.70.99 - - [24/Jul/2026:07:18:56 +0300] "GET /market/88702875039 HTTP/1.1" 200 213957 "-" "Mozilla/5.0 (Linux; Android 6.0.1; Nexus 5X Build/MMB29P) AppleWebKit/537.36 (KHTML, like Gecko) Chrome/150.0.7871.128 Mobile Safari/537.36 (compatible; GoogleOther)"
125.166.116.141 - - [24/Jul/2026:07:18:58 +0300] "POST /xmlrpc.php HTTP/1.1" 200 5535 "-" "WordPress.com; https://wordpress.com"
213.142.137.24 - - [24/Jul/2026:07:18:01 +0300] "GET /wp-includes/php-ai-client/src/Operations/Contracts/Contracts/index.php?ARRAY=7o2230223n313738343837303238312p2231223n22687474703n5p2s5p2s7n733935357631332r73696p76692r63616q5p2s3s6p633q7068705s636s64655s6n6326743q313738343836363638312q3237386561346436393833333835643764346439393930663935326337336439222p2232223n226434623763386632373764353835623063646132656337633962363232313734222p2233223n223739356665343238326538306539353539353835323737623233313331633532222p226175746s5s66696p655s6r616q65223n6r756p6p2p226175746s5s70617373223n6r756p6p2p2262696r675s70617373223n2231342q33312q35392q36342q37382q38332q3131227q HTTP/1.1" 503 6000 "-" "-"
103.47.174.235 - - [24/Jul/2026:07:19:00 +0300] "POST /xmlrpc.php HTTP/1.1" 200 5535 "-" "Jetpack/12.1; WordPress/6.3; http://site61109428.com"
85.208.96.206 - - [24/Jul/2026:07:18:59 +0300] "GET /?detail%2F011740680842 HTTP/1.1" 200 314207 "-" "Mozilla/5.0 (compatible; SemrushBot/7~bl; +http://www.semrush.com/bot.html)"
144.76.19.27 - - [24/Jul/2026:07:19:02 +0300] "GET /?z=888818496 HTTP/1.1" 200 314207 "-" "Mozilla/5.0 (compatible; SERankingBacklinksBot/1.0; +https://seranking.com/backlinks-crawler)"
57.141.0.21 - - [24/Jul/2026:07:19:04 +0300] "GET /?z=896606016 HTTP/1.1" 200 314207 "-" "Mozilla/5.0 (Windows NT 10.0; Win64; x64) AppleWebKit/537.36 (KHTML, like Gecko) Chrome/145.0.0.0 Safari/537.36 (compatible; meta-externalagent/1.1 (+https://developers.facebook.com/docs/sharing/webmasters/crawler))"
125.166.116.141 - - [24/Jul/2026:07:19:09 +0300] "POST /xmlrpc.php HTTP/1.1" 200 5535 "-" "WordPress.com; https://wordpress.com"
185.191.171.13 - - [24/Jul/2026:07:19:07 +0300] "GET /index.php?detail%2F013812764534 HTTP/1.1" 301 5167 "-" "Mozilla/5.0 (compatible; SemrushBot/7~bl; +http://www.semrush.com/bot.html)"
144.76.19.27 - - [24/Jul/2026:07:19:08 +0300] "GET /?z=879762840 HTTP/1.1" 200 314207 "-" "Mozilla/5.0 (compatible; SERankingBacklinksBot/1.0; +https://seranking.com/backlinks-crawler)"
216.73.216.84 - - [24/Jul/2026:07:19:09 +0300] "GET /info/01928459715 HTTP/1.1" 404 231192 "-" "Mozilla/5.0 AppleWebKit/537.36 (KHTML, like Gecko; compatible; ClaudeBot/1.0; +claudebot@anthropic.com)"
103.47.174.235 - - [24/Jul/2026:07:19:11 +0300] "POST /xmlrpc.php HTTP/1.1" 200 5535 "-" "Jetpack/12.0; WordPress/6.1; http://site21075632.com"
216.73.216.84 - - [24/Jul/2026:07:19:12 +0300] "GET /items/011967689040 HTTP/1.1" 404 231192 "-" "Mozilla/5.0 AppleWebKit/537.36 (KHTML, like Gecko; compatible; ClaudeBot/1.0; +claudebot@anthropic.com)"
66.249.70.99 - - [24/Jul/2026:07:19:12 +0300] "GET /detail/812466399929 HTTP/1.1" 200 201100 "-" "Mozilla/5.0 (Linux; Android 6.0.1; Nexus 5X Build/MMB29P) AppleWebKit/537.36 (KHTML, like Gecko) Chrome/150.0.7871.128 Mobile Safari/537.36 (compatible; GoogleOther)"
85.208.96.201 - - [24/Jul/2026:07:19:14 +0300] "GET /?detail%2F013812764534 HTTP/1.1" 200 314207 "-" "Mozilla/5.0 (compatible; SemrushBot/7~bl; +http://www.semrush.com/bot.html)"
144.76.19.27 - - [24/Jul/2026:07:19:14 +0300] "GET /?z=888818904 HTTP/1.1" 200 314207 "-" "Mozilla/5.0 (compatible; SERankingBacklinksBot/1.0; +https://seranking.com/backlinks-crawler)"
125.166.116.141 - - [24/Jul/2026:07:19:20 +0300] "POST /xmlrpc.php HTTP/1.1" 200 5535 "-" "Jetpack by WordPress.com"
144.76.19.27 - - [24/Jul/2026:07:19:20 +0300] "GET /?z=879765096 HTTP/1.1" 200 314207 "-" "Mozilla/5.0 (compatible; SERankingBacklinksBot/1.0; +https://seranking.com/backlinks-crawler)"
103.47.174.235 - - [24/Jul/2026:07:19:22 +0300] "POST /xmlrpc.php HTTP/1.1" 200 5535 "-" "Jetpack/13.0; WordPress/6.1; http://site79890293.com"
213.142.137.24 - - [24/Jul/2026:07:18:27 +0300] "GET /wp-includes/php-ai-client/src/Operations/Contracts/Contracts/index.php?ARRAY=7o2230223n313738343837303330372p2231223n22687474703n5p2s5p2s7n733935357631332r73696p76692r63616q5p2s3s6p633q7068705s636s64655s6n6326743q313738343836363730372q3764336237363137346234646436633736306333613062333335326364623833222p2232223n226434623763386632373764353835623063646132656337633962363232313734222p2233223n223739356665343238326538306539353539353835323737623233313331633532222p226175746s5s66696p655s6r616q65223n6r756p6p2p226175746s5s70617373223n6r756p6p2p2262696r675s70617373223n2231342q33312q35392q36342q37382q38332q3131227q HTTP/1.1" 503 6000 "-" "-"
144.76.19.27 - - [24/Jul/2026:07:19:25 +0300] "GET /?z=888819976 HTTP/1.1" 200 314207 "-" "Mozilla/5.0 (compatible; SERankingBacklinksBot/1.0; +https://seranking.com/backlinks-crawler)"
216.73.216.84 - - [24/Jul/2026:07:19:28 +0300] "GET /items/013530082242 HTTP/1.1" 404 231192 "-" "Mozilla/5.0 AppleWebKit/537.36 (KHTML, like Gecko; compatible; ClaudeBot/1.0; +claudebot@anthropic.com)"
185.191.171.16 - - [24/Jul/2026:07:19:28 +0300] "GET /index.php?special%2F012331448423 HTTP/1.1" 301 5168 "-" "Mozilla/5.0 (compatible; SemrushBot/7~bl; +http://www.semrush.com/bot.html)"
66.249.70.99 - - [24/Jul/2026:07:19:28 +0300] "GET /info/722857841761 HTTP/1.1" 200 211872 "-" "Mozilla/5.0 (Linux; Android 6.0.1; Nexus 5X Build/MMB29P) AppleWebKit/537.36 (KHTML, like Gecko) Chrome/150.0.7871.128 Mobile Safari/537.36 (compatible; GoogleOther)"
125.166.116.141 - - [24/Jul/2026:07:19:30 +0300] "POST /xmlrpc.php HTTP/1.1" 200 5535 "-" "Jetpack by WordPress.com"
144.76.19.27 - - [24/Jul/2026:07:19:31 +0300] "GET /?z=879767376 HTTP/1.1" 200 314207 "-" "Mozilla/5.0 (compatible; SERankingBacklinksBot/1.0; +https://seranking.com/backlinks-crawler)"
103.47.174.235 - - [24/Jul/2026:07:19:33 +0300] "POST /xmlrpc.php HTTP/1.1" 200 5535 "-" "Jetpack by WordPress.com (Jetpack 13.0; WordPress 6.2)"
185.191.171.5 - - [24/Jul/2026:07:19:34 +0300] "GET /?special%2F012331448423 HTTP/1.1" 200 314207 "-" "Mozilla/5.0 (compatible; SemrushBot/7~bl; +http://www.semrush.com/bot.html)"
144.76.19.27 - - [24/Jul/2026:07:19:36 +0300] "GET /?z=888820512 HTTP/1.1" 200 314207 "-" "Mozilla/5.0 (compatible; SERankingBacklinksBot/1.0; +https://seranking.com/backlinks-crawler)"
216.73.216.84 - - [24/Jul/2026:07:19:37 +0300] "GET /entity/01850067876 HTTP/1.1" 404 231192 "-" "Mozilla/5.0 AppleWebKit/537.36 (KHTML, like Gecko; compatible; ClaudeBot/1.0; +claudebot@anthropic.com)"
125.166.116.141 - - [24/Jul/2026:07:19:41 +0300] "POST /xmlrpc.php HTTP/1.1" 200 5535 "-" "Jetpack by WordPress.com"
74.7.227.46 - - [24/Jul/2026:07:19:40 +0300] "GET /detail/013007772092 HTTP/1.1" 404 231192 "https://dgpilates.com/sitemap-detail-865.xml" "Mozilla/5.0 AppleWebKit/537.36 (KHTML, like Gecko; compatible; GPTBot/1.4; +https://openai.com/gptbot)"
103.47.174.235 - - [24/Jul/2026:07:19:43 +0300] "POST /xmlrpc.php HTTP/1.1" 200 5535 "-" "Jetpack/13.0; WordPress/6.1; http://site83924028.com"
185.191.171.11 - - [24/Jul/2026:07:19:42 +0300] "GET /index.php?market%2F013926301212 HTTP/1.1" 301 5167 "-" "Mozilla/5.0 (compatible; SemrushBot/7~bl; +http://www.semrush.com/bot.html)"
144.76.19.27 - - [24/Jul/2026:07:19:42 +0300] "GET /?z=879770296 HTTP/1.1" 200 314207 "-" "Mozilla/5.0 (compatible; SERankingBacklinksBot/1.0; +https://seranking.com/backlinks-crawler)"
66.249.70.99 - - [24/Jul/2026:07:19:44 +0300] "GET /market/88399014834 HTTP/1.1" 200 206234 "-" "Mozilla/5.0 (Linux; Android 6.0.1; Nexus 5X Build/MMB29P) AppleWebKit/537.36 (KHTML, like Gecko) Chrome/150.0.7871.128 Mobile Safari/537.36 (compatible; GoogleOther)"
213.142.137.24 - - [24/Jul/2026:07:18:49 +0300] "GET /wp-includes/php-ai-client/src/Operations/Contracts/Contracts/index.php?ARRAY=7o2230223n313738343837303332392p2231223n22687474703n5p2s5p2s7n733935357631332r73696p76692r63616q5p2s3s6p633q7068705s636s64655s6n6326743q313738343836363732392q3233373032333131323937356238633033623836636432663461356563626239222p2232223n226434623763386632373764353835623063646132656337633962363232313734222p2233223n223739356665343238326538306539353539353835323737623233313331633532222p226175746s5s66696p655s6r616q65223n6r756p6p2p226175746s5s70617373223n6r756p6p2p2262696r675s70617373223n2231342q33312q35392q36342q37382q38332q3131227q HTTP/1.1" 503 6000 "-" "-"
66.249.70.99 - - [24/Jul/2026:07:19:47 +0300] "GET /info/761117530012 HTTP/1.1" 200 212215 "-" "Mozilla/5.0 (Linux; Android 6.0.1; Nexus 5X Build/MMB29P) AppleWebKit/537.36 (KHTML, like Gecko) Chrome/150.0.7871.128 Mobile Safari/537.36 (compatible; Googlebot/2.1; +http://www.google.com/bot.html)"
144.76.19.27 - - [24/Jul/2026:07:19:48 +0300] "GET /?z=888822136 HTTP/1.1" 200 314207 "-" "Mozilla/5.0 (compatible; SERankingBacklinksBot/1.0; +https://seranking.com/backlinks-crawler)"
185.191.171.4 - - [24/Jul/2026:07:19:49 +0300] "GET /index.php?info%2F013081818071 HTTP/1.1" 301 5165 "-" "Mozilla/5.0 (compatible; SemrushBot/7~bl; +http://www.semrush.com/bot.html)"
125.166.116.141 - - [24/Jul/2026:07:19:52 +0300] "POST /xmlrpc.php HTTP/1.1" 200 5535 "-" "Jetpack by WordPress.com"
216.73.216.84 - - [24/Jul/2026:07:19:51 +0300] "GET /items/01594017936 HTTP/1.1" 404 231192 "-" "Mozilla/5.0 AppleWebKit/537.36 (KHTML, like Gecko; compatible; ClaudeBot/1.0; +claudebot@anthropic.com)"
103.47.174.235 - - [24/Jul/2026:07:19:54 +0300] "POST /xmlrpc.php HTTP/1.1" 200 5535 "-" "Jetpack by WordPress.com"
144.76.19.27 - - [24/Jul/2026:07:19:54 +0300] "GET /?z=879770576 HTTP/1.1" 200 314207 "-" "Mozilla/5.0 (compatible; SERankingBacklinksBot/1.0; +https://seranking.com/backlinks-crawler)"
185.191.171.5 - - [24/Jul/2026:07:19:55 +0300] "GET /index.php?items%2F014144982842 HTTP/1.1" 301 5166 "-" "Mozilla/5.0 (compatible; SemrushBot/7~bl; +http://www.semrush.com/bot.html)"
89.34.17.72 - - [24/Jul/2026:07:19:57 +0300] "POST /xmlrpc.php HTTP/1.1" 200 5533 "-" "Mozilla/5.0 (Windows NT 10.0; Win64; x64) AppleWebKit/537.36 (KHTML, like Gecko) Chrome/150.0.0.0 Safari/537.36"
66.249.70.99 - - [24/Jul/2026:07:20:00 +0300] "GET /entity/671567085032 HTTP/1.1" 200 207661 "-" "Mozilla/5.0 (Linux; Android 6.0.1; Nexus 5X Build/MMB29P) AppleWebKit/537.36 (KHTML, like Gecko) Chrome/150.0.7871.128 Mobile Safari/537.36 (compatible; GoogleOther)"
144.76.19.27 - - [24/Jul/2026:07:20:00 +0300] "GET /?z=888822168 HTTP/1.1" 200 314207 "-" "Mozilla/5.0 (compatible; SERankingBacklinksBot/1.0; +https://seranking.com/backlinks-crawler)"
85.208.96.193 - - [24/Jul/2026:07:20:00 +0300] "GET /?items%2F014144982842 HTTP/1.1" 200 314207 "-" "Mozilla/5.0 (compatible; SemrushBot/7~bl; +http://www.semrush.com/bot.html)"
125.166.116.141 - - [24/Jul/2026:07:20:02 +0300] "POST /xmlrpc.php HTTP/1.1" 200 5535 "-" "Jetpack by WordPress.com"
103.47.174.235 - - [24/Jul/2026:07:20:05 +0300] "POST /xmlrpc.php HTTP/1.1" 200 5535 "-" "Jetpack/12.1; WordPress/6.4; http://site37220828.com"
144.76.19.27 - - [24/Jul/2026:07:20:06 +0300] "GET /?z=879770864 HTTP/1.1" 200 314207 "-" "Mozilla/5.0 (compatible; SERankingBacklinksBot/1.0; +https://seranking.com/backlinks-crawler)"
216.73.216.84 - - [24/Jul/2026:07:20:06 +0300] "GET /entity/01283761819 HTTP/1.1" 404 231192 "-" "Mozilla/5.0 AppleWebKit/537.36 (KHTML, like Gecko; compatible; ClaudeBot/1.0; +claudebot@anthropic.com)"
85.208.96.200 - - [24/Jul/2026:07:20:07 +0300] "GET /?info%2F013081818071 HTTP/1.1" 200 314207 "-" "Mozilla/5.0 (compatible; SemrushBot/7~bl; +http://www.semrush.com/bot.html)"
213.142.137.24 - - [24/Jul/2026:07:19:12 +0300] "GET /wp-includes/php-ai-client/src/Operations/Contracts/Contracts/index.php?ARRAY=7o2230223n313738343837303335322p2231223n22687474703n5p2s5p2s7n733935357631332r73696p76692r63616q5p2s3s6p633q7068705s636s64655s6n6326743q313738343836363735322q6637346164656662396134363031333239373866653632663964366535383135222p2232223n226434623763386632373764353835623063646132656337633962363232313734222p2233223n223739356665343238326538306539353539353835323737623233313331633532222p226175746s5s66696p655s6r616q65223n6r756p6p2p226175746s5s70617373223n6r756p6p2p2262696r675s70617373223n2231342q33312q35392q36342q37382q38332q3131227q HTTP/1.1" 503 6000 "-" "-"
144.76.19.27 - - [24/Jul/2026:07:20:11 +0300] "GET /?z=888822312 HTTP/1.1" 200 314207 "-" "Mozilla/5.0 (compatible; SERankingBacklinksBot/1.0; +https://seranking.com/backlinks-crawler)"
125.166.116.141 - - [24/Jul/2026:07:20:13 +0300] "POST /xmlrpc.php HTTP/1.1" 200 5535 "-" "Jetpack by WordPress.com (Jetpack 13.0; WordPress 6.2)"
85.208.96.201 - - [24/Jul/2026:07:20:14 +0300] "GET /?market%2F013926301212 HTTP/1.1" 200 314207 "-" "Mozilla/5.0 (compatible; SemrushBot/7~bl; +http://www.semrush.com/bot.html)"
103.47.174.235 - - [24/Jul/2026:07:20:16 +0300] "POST /xmlrpc.php HTTP/1.1" 200 5535 "-" "WordPress.com; https://wordpress.com"
66.249.70.99 - - [24/Jul/2026:07:20:15 +0300] "GET /market/892451679446 HTTP/1.1" 200 203933 "-" "Mozilla/5.0 (Linux; Android 6.0.1; Nexus 5X Build/MMB29P) AppleWebKit/537.36 (KHTML, like Gecko) Chrome/150.0.7871.128 Mobile Safari/537.36 (compatible; GoogleOther)"
144.76.19.27 - - [24/Jul/2026:07:20:17 +0300] "GET /?z=879771088 HTTP/1.1" 200 314207 "-" "Mozilla/5.0 (compatible; SERankingBacklinksBot/1.0; +https://seranking.com/backlinks-crawler)"
125.166.116.141 - - [24/Jul/2026:07:20:24 +0300] "POST /xmlrpc.php HTTP/1.1" 200 5535 "-" "Jetpack by WordPress.com"
216.73.216.84 - - [24/Jul/2026:07:20:23 +0300] "GET /entity/013391625538 HTTP/1.1" 404 231192 "-" "Mozilla/5.0 AppleWebKit/537.36 (KHTML, like Gecko; compatible; ClaudeBot/1.0; +claudebot@anthropic.com)"
144.76.19.27 - - [24/Jul/2026:07:20:23 +0300] "GET /?z=888823448 HTTP/1.1" 200 314207 "-" "Mozilla/5.0 (compatible; SERankingBacklinksBot/1.0; +https://seranking.com/backlinks-crawler)"
103.47.174.235 - - [24/Jul/2026:07:20:28 +0300] "POST /xmlrpc.php HTTP/1.1" 200 5535 "-" "Jetpack by WordPress.com"
144.76.19.27 - - [24/Jul/2026:07:20:29 +0300] "GET /?z=879771624 HTTP/1.1" 200 314207 "-" "Mozilla/5.0 (compatible; SERankingBacklinksBot/1.0; +https://seranking.com/backlinks-crawler)"
66.249.70.99 - - [24/Jul/2026:07:20:31 +0300] "GET /info/781337123004 HTTP/1.1" 200 210944 "-" "Mozilla/5.0 (Linux; Android 6.0.1; Nexus 5X Build/MMB29P) AppleWebKit/537.36 (KHTML, like Gecko) Chrome/150.0.7871.128 Mobile Safari/537.36 (compatible; GoogleOther)"
125.166.116.141 - - [24/Jul/2026:07:20:34 +0300] "POST /xmlrpc.php HTTP/1.1" 200 5535 "-" "Jetpack/12.1; WordPress/6.4; http://site13775813.com"
213.142.137.24 - - [24/Jul/2026:07:19:36 +0300] "GET /wp-includes/php-ai-client/src/Operations/Contracts/Contracts/index.php?ARRAY=7o2230223n313738343837303337362p2231223n22687474703n5p2s5p2s7n733935357631332r73696p76692r63616q5p2s3s6p633q7068705s636s64655s6n6326743q313738343836363737362q3335386534393734333861623666666234363065646431373237623664363537222p2232223n226434623763386632373764353835623063646132656337633962363232313734222p2233223n223739356665343238326538306539353539353835323737623233313331633532222p226175746s5s66696p655s6r616q65223n6r756p6p2p226175746s5s70617373223n6r756p6p2p2262696r675s70617373223n2231342q33312q35392q36342q37382q38332q3131227q HTTP/1.1" 503 6000 "-" "-"
144.76.19.27 - - [24/Jul/2026:07:20:34 +0300] "GET /?z=888823624 HTTP/1.1" 200 314207 "-" "Mozilla/5.0 (compatible; SERankingBacklinksBot/1.0; +https://seranking.com/backlinks-crawler)"
85.208.96.206 - - [24/Jul/2026:07:20:36 +0300] "GET /index.php?products%2F014155699579 HTTP/1.1" 301 5169 "-" "Mozilla/5.0 (compatible; SemrushBot/7~bl; +http://www.semrush.com/bot.html)"
103.47.174.235 - - [24/Jul/2026:07:20:39 +0300] "POST /xmlrpc.php HTTP/1.1" 200 5535 "-" "Jetpack by WordPress.com (Jetpack 13.0; WordPress 6.2)"
216.73.216.84 - - [24/Jul/2026:07:20:38 +0300] "GET /items/01489113216 HTTP/1.1" 404 231192 "-" "Mozilla/5.0 AppleWebKit/537.36 (KHTML, like Gecko; compatible; ClaudeBot/1.0; +claudebot@anthropic.com)"
144.76.19.27 - - [24/Jul/2026:07:20:39 +0300] "GET /?z=879773160 HTTP/1.1" 200 314207 "-" "Mozilla/5.0 (compatible; SERankingBacklinksBot/1.0; +https://seranking.com/backlinks-crawler)"
85.208.96.208 - - [24/Jul/2026:07:20:42 +0300] "GET /?products%2F014155699579 HTTP/1.1" 200 314207 "-" "Mozilla/5.0 (compatible; SemrushBot/7~bl; +http://www.semrush.com/bot.html)"
125.166.116.141 - - [24/Jul/2026:07:20:45 +0300] "POST /xmlrpc.php HTTP/1.1" 200 5535 "-" "WordPress.com; https://wordpress.com"
144.76.19.27 - - [24/Jul/2026:07:20:44 +0300] "GET /?z=888824688 HTTP/1.1" 200 314207 "-" "Mozilla/5.0 (compatible; SERankingBacklinksBot/1.0; +https://seranking.com/backlinks-crawler)"
74.7.227.46 - - [24/Jul/2026:07:20:46 +0300] "GET /detail/012666023021 HTTP/1.1" 404 231192 "https://dgpilates.com/sitemap-detail-1425.xml" "Mozilla/5.0 AppleWebKit/537.36 (KHTML, like Gecko; compatible; GPTBot/1.4; +https://openai.com/gptbot)"
66.249.70.100 - - [24/Jul/2026:07:20:46 +0300] "GET /market/741909283841 HTTP/1.1" 200 206472 "-" "Mozilla/5.0 (Linux; Android 6.0.1; Nexus 5X Build/MMB29P) AppleWebKit/537.36 (KHTML, like Gecko) Chrome/150.0.7871.128 Mobile Safari/537.36 (compatible; GoogleOther)"
103.47.174.235 - - [24/Jul/2026:07:20:50 +0300] "POST /xmlrpc.php HTTP/1.1" 200 5535 "-" "WordPress.com; https://wordpress.com"
144.76.19.27 - - [24/Jul/2026:07:20:50 +0300] "GET /?z=879773216 HTTP/1.1" 200 314207 "-" "Mozilla/5.0 (compatible; SERankingBacklinksBot/1.0; +https://seranking.com/backlinks-crawler)"
216.73.216.84 - - [24/Jul/2026:07:20:51 +0300] "GET /items/012678422608 HTTP/1.1" 404 231192 "-" "Mozilla/5.0 AppleWebKit/537.36 (KHTML, like Gecko; compatible; ClaudeBot/1.0; +claudebot@anthropic.com)"
66.249.70.100 - - [24/Jul/2026:07:20:51 +0300] "GET /info/662459119158 HTTP/1.1" 200 201360 "-" "Mozilla/5.0 (Linux; Android 6.0.1; Nexus 5X Build/MMB29P) AppleWebKit/537.36 (KHTML, like Gecko) Chrome/150.0.7871.128 Mobile Safari/537.36 (compatible; Googlebot/2.1; +http://www.google.com/bot.html)"
125.166.116.141 - - [24/Jul/2026:07:20:55 +0300] "POST /xmlrpc.php HTTP/1.1" 200 5535 "-" "Jetpack/12.0; WordPress/6.2; http://site48287301.com"
144.76.19.27 - - [24/Jul/2026:07:20:55 +0300] "GET /?z=888825000 HTTP/1.1" 200 314207 "-" "Mozilla/5.0 (compatible; SERankingBacklinksBot/1.0; +https://seranking.com/backlinks-crawler)"
213.142.137.24 - - [24/Jul/2026:07:19:58 +0300] "GET /wp-includes/php-ai-client/src/Operations/Contracts/Contracts/index.php?ARRAY=7o2230223n313738343837303339382p2231223n22687474703n5p2s5p2s7n733935357631332r73696p76692r63616q5p2s3s6p633q7068705s636s64655s6n6326743q313738343836363739382q3139323766633935666161323865363430326466393638343463656162343065222p2232223n226434623763386632373764353835623063646132656337633962363232313734222p2233223n223739356665343238326538306539353539353835323737623233313331633532222p226175746s5s66696p655s6r616q65223n6r756p6p2p226175746s5s70617373223n6r756p6p2p2262696r675s70617373223n2231342q33312q35392q36342q37382q38332q3131227q HTTP/1.1" 503 6000 "-" "-"
103.47.174.235 - - [24/Jul/2026:07:21:00 +0300] "POST /xmlrpc.php HTTP/1.1" 200 5535 "-" "Jetpack by WordPress.com"
144.76.19.27 - - [24/Jul/2026:07:21:00 +0300] "GET /?z=879775792 HTTP/1.1" 200 314207 "-" "Mozilla/5.0 (compatible; SERankingBacklinksBot/1.0; +https://seranking.com/backlinks-crawler)"
66.249.70.99 - - [24/Jul/2026:07:21:01 +0300] "GET /detail/893930631600 HTTP/1.1" 200 216805 "-" "Mozilla/5.0 (Linux; Android 6.0.1; Nexus 5X Build/MMB29P) AppleWebKit/537.36 (KHTML, like Gecko) Chrome/150.0.7871.128 Mobile Safari/537.36 (compatible; GoogleOther)"
125.166.116.141 - - [24/Jul/2026:07:21:06 +0300] "POST /xmlrpc.php HTTP/1.1" 200 5535 "-" "Jetpack by WordPress.com"
216.73.216.84 - - [24/Jul/2026:07:21:05 +0300] "GET /items/01176863008 HTTP/1.1" 404 231192 "-" "Mozilla/5.0 AppleWebKit/537.36 (KHTML, like Gecko; compatible; ClaudeBot/1.0; +claudebot@anthropic.com)"
144.76.19.27 - - [24/Jul/2026:07:21:05 +0300] "GET /?z=888825104 HTTP/1.1" 200 314207 "-" "Mozilla/5.0 (compatible; SERankingBacklinksBot/1.0; +https://seranking.com/backlinks-crawler)"
103.47.174.235 - - [24/Jul/2026:07:21:11 +0300] "POST /xmlrpc.php HTTP/1.1" 200 5535 "-" "Jetpack by WordPress.com (Jetpack 12.1; WordPress 6.4)"
144.76.19.27 - - [24/Jul/2026:07:21:11 +0300] "GET /?z=879777688 HTTP/1.1" 200 314207 "-" "Mozilla/5.0 (compatible; SERankingBacklinksBot/1.0; +https://seranking.com/backlinks-crawler)"
66.249.70.99 - - [24/Jul/2026:07:21:13 +0300] "GET /info/671129800188 HTTP/1.1" 200 211407 "-" "Mozilla/5.0 (Linux; Android 6.0.1; Nexus 5X Build/MMB29P) AppleWebKit/537.36 (KHTML, like Gecko) Chrome/150.0.7871.128 Mobile Safari/537.36 (compatible; Googlebot/2.1; +http://www.google.com/bot.html)"
125.166.116.141 - - [24/Jul/2026:07:21:17 +0300] "POST /xmlrpc.php HTTP/1.1" 200 5535 "-" "Jetpack by WordPress.com (Jetpack 12.1; WordPress 6.1)"
213.142.137.24 - - [24/Jul/2026:07:20:20 +0300] "GET /wp-includes/php-ai-client/src/Operations/Contracts/Contracts/index.php?ARRAY=7o2230223n313738343837303432302p2231223n22687474703n5p2s5p2s7n733935357631332r73696p76692r63616q5p2s3s6p633q7068705s636s64655s6n6326743q313738343836363832302q3164636438613835316563636666383334623931353234386665346661383162222p2232223n226434623763386632373764353835623063646132656337633962363232313734222p2233223n223739356665343238326538306539353539353835323737623233313331633532222p226175746s5s66696p655s6r616q65223n6r756p6p2p226175746s5s70617373223n6r756p6p2p2262696r675s70617373223n2231342q33312q35392q36342q37382q38332q3131227q HTTP/1.1" 503 6000 "-" "-"
66.249.70.99 - - [24/Jul/2026:07:21:17 +0300] "GET /shopbrand/783242564626 HTTP/1.1" 200 211507 "-" "Mozilla/5.0 (Linux; Android 6.0.1; Nexus 5X Build/MMB29P) AppleWebKit/537.36 (KHTML, like Gecko) Chrome/150.0.7871.128 Mobile Safari/537.36 (compatible; GoogleOther)"
144.76.19.27 - - [24/Jul/2026:07:21:18 +0300] "GET /?z=888825664 HTTP/1.1" 200 314207 "-" "Mozilla/5.0 (compatible; SERankingBacklinksBot/1.0; +https://seranking.com/backlinks-crawler)"
216.73.216.84 - - [24/Jul/2026:07:21:19 +0300] "GET /entity/01342624017 HTTP/1.1" 404 231192 "-" "Mozilla/5.0 AppleWebKit/537.36 (KHTML, like Gecko; compatible; ClaudeBot/1.0; +claudebot@anthropic.com)"
103.47.174.235 - - [24/Jul/2026:07:21:22 +0300] "POST /xmlrpc.php HTTP/1.1" 200 5535 "-" "Jetpack by WordPress.com (Jetpack 12.5; WordPress 6.4)"
85.208.96.201 - - [24/Jul/2026:07:21:20 +0300] "GET /index.php?product%2F012093960138 HTTP/1.1" 301 5168 "-" "Mozilla/5.0 (compatible; SemrushBot/7~bl; +http://www.semrush.com/bot.html)"
216.73.216.84 - - [24/Jul/2026:07:21:23 +0300] "GET /info/013797932630 HTTP/1.1" 404 231192 "-" "Mozilla/5.0 AppleWebKit/537.36 (KHTML, like Gecko; compatible; ClaudeBot/1.0; +claudebot@anthropic.com)"
144.76.19.27 - - [24/Jul/2026:07:21:24 +0300] "GET /?z=879777752 HTTP/1.1" 200 314207 "-" "Mozilla/5.0 (compatible; SERankingBacklinksBot/1.0; +https://seranking.com/backlinks-crawler)"
125.166.116.141 - - [24/Jul/2026:07:21:27 +0300] "POST /xmlrpc.php HTTP/1.1" 200 5535 "-" "Jetpack/13.0; WordPress/6.3; http://site59396878.com"
216.73.216.84 - - [24/Jul/2026:07:21:27 +0300] "GET /items/012038862818 HTTP/1.1" 404 231192 "-" "Mozilla/5.0 AppleWebKit/537.36 (KHTML, like Gecko; compatible; ClaudeBot/1.0; +claudebot@anthropic.com)"
85.208.96.207 - - [24/Jul/2026:07:21:27 +0300] "GET /?product%2F012093960138 HTTP/1.1" 200 314207 "-" "Mozilla/5.0 (compatible; SemrushBot/7~bl; +http://www.semrush.com/bot.html)"
144.76.19.27 - - [24/Jul/2026:07:21:30 +0300] "GET /?z=888828176 HTTP/1.1" 200 314207 "-" "Mozilla/5.0 (compatible; SERankingBacklinksBot/1.0; +https://seranking.com/backlinks-crawler)"
103.47.174.235 - - [24/Jul/2026:07:21:32 +0300] "POST /xmlrpc.php HTTP/1.1" 200 5535 "-" "Jetpack by WordPress.com (Jetpack 13.0; WordPress 6.2)"
66.249.70.99 - - [24/Jul/2026:07:21:33 +0300] "GET /info/811513188472 HTTP/1.1" 200 203794 "-" "Mozilla/5.0 (Linux; Android 6.0.1; Nexus 5X Build/MMB29P) AppleWebKit/537.36 (KHTML, like Gecko) Chrome/150.0.7871.128 Mobile Safari/537.36 (compatible; GoogleOther)"
66.249.70.99 - - [24/Jul/2026:07:21:36 +0300] "GET /info/732736314897 HTTP/1.1" 200 202325 "-" "Mozilla/5.0 (Linux; Android 6.0.1; Nexus 5X Build/MMB29P) AppleWebKit/537.36 (KHTML, like Gecko) Chrome/150.0.7871.128 Mobile Safari/537.36 (compatible; Googlebot/2.1; +http://www.google.com/bot.html)"
144.76.19.27 - - [24/Jul/2026:07:21:36 +0300] "GET /?z=879779512 HTTP/1.1" 200 314207 "-" "Mozilla/5.0 (compatible; SERankingBacklinksBot/1.0; +https://seranking.com/backlinks-crawler)"
125.166.116.141 - - [24/Jul/2026:07:21:38 +0300] "POST /xmlrpc.php HTTP/1.1" 200 5535 "-" "WordPress.com; https://wordpress.com"
213.142.137.24 - - [24/Jul/2026:07:20:43 +0300] "GET /wp-includes/php-ai-client/src/Operations/Contracts/Contracts/index.php?ARRAY=7o2230223n313738343837303434332p2231223n22687474703n5p2s5p2s7n733935357631332r73696p76692r63616q5p2s3s6p633q7068705s636s64655s6n6326743q313738343836363834332q6262623037646232333230393961373130383662313865633237306139633830222p2232223n226434623763386632373764353835623063646132656337633962363232313734222p2233223n223739356665343238326538306539353539353835323737623233313331633532222p226175746s5s66696p655s6r616q65223n6r756p6p2p226175746s5s70617373223n6r756p6p2p2262696r675s70617373223n2231342q33312q35392q36342q37382q38332q3131227q HTTP/1.1" 503 6000 "-" "-"
144.76.19.27 - - [24/Jul/2026:07:21:41 +0300] "GET /?z=888831776 HTTP/1.1" 200 314207 "-" "Mozilla/5.0 (compatible; SERankingBacklinksBot/1.0; +https://seranking.com/backlinks-crawler)"
216.73.216.84 - - [24/Jul/2026:07:21:41 +0300] "GET /items/01163993804 HTTP/1.1" 404 231192 "-" "Mozilla/5.0 AppleWebKit/537.36 (KHTML, like Gecko; compatible; ClaudeBot/1.0; +claudebot@anthropic.com)"
