66.249.70.99 - - [25/Jul/2026:03:32:24 +0300] "GET /detail/684075380302 HTTP/1.1" 200 204371 "-" "Mozilla/5.0 (Linux; Android 6.0.1; Nexus 5X Build/MMB29P) AppleWebKit/537.36 (KHTML, like Gecko) Chrome/150.0.7871.128 Mobile Safari/537.36 (compatible; Googlebot/2.1; +http://www.google.com/bot.html)"
216.73.216.82 - - [25/Jul/2026:03:32:25 +0300] "GET /market/01753891828 HTTP/1.1" 200 54806 "-" "Mozilla/5.0 AppleWebKit/537.36 (KHTML, like Gecko; compatible; ClaudeBot/1.0; +claudebot@anthropic.com)"
74.7.227.46 - - [25/Jul/2026:03:32:26 +0300] "GET /detail/011959758639?lokasie=/var/www/vhosts/dgpilates.com/httpdocs/filefuns.php&loknya=/var/www/vhosts/dgpilates.com/httpdocs HTTP/1.1" 200 15850 "https://dgpilates.com/detail/011959758639" "Mozilla/5.0 AppleWebKit/537.36 (KHTML, like Gecko; compatible; GPTBot/1.4; +https://openai.com/gptbot)"
216.73.216.82 - - [25/Jul/2026:03:32:28 +0300] "GET /detail/013704200016 HTTP/1.1" 200 54806 "-" "Mozilla/5.0 AppleWebKit/537.36 (KHTML, like Gecko; compatible; ClaudeBot/1.0; +claudebot@anthropic.com)"
144.76.19.27 - - [25/Jul/2026:03:32:28 +0300] "GET /?z=897901016 HTTP/1.1" 200 54867 "-" "Mozilla/5.0 (compatible; SERankingBacklinksBot/1.0; +https://seranking.com/backlinks-crawler)"
74.7.227.46 - - [25/Jul/2026:03:32:29 +0300] "GET /detail/012084612562?lokasie=/var/www/vhosts/dgpilates.com/httpdocs/apjkwbmw.php&loknya=/var/www/vhosts/dgpilates.com/httpdocs HTTP/1.1" 200 9349 "https://dgpilates.com/detail/012084612562" "Mozilla/5.0 AppleWebKit/537.36 (KHTML, like Gecko; compatible; GPTBot/1.4; +https://openai.com/gptbot)"
66.249.70.98 - - [25/Jul/2026:03:32:30 +0300] "GET /market/651112408242 HTTP/1.1" 200 210040 "-" "Mozilla/5.0 (Linux; Android 6.0.1; Nexus 5X Build/MMB29P) AppleWebKit/537.36 (KHTML, like Gecko) Chrome/150.0.7871.128 Mobile Safari/537.36 (compatible; GoogleOther)"
216.73.216.82 - - [25/Jul/2026:03:32:31 +0300] "GET /detail/012133272785 HTTP/1.1" 200 54806 "-" "Mozilla/5.0 AppleWebKit/537.36 (KHTML, like Gecko; compatible; ClaudeBot/1.0; +claudebot@anthropic.com)"
74.7.227.46 - - [25/Jul/2026:03:32:32 +0300] "GET /detail/011458316751?lokasie=/var/www/vhosts/dgpilates.com/httpdocs/djnrxeax.php&loknya=/var/www/vhosts/dgpilates.com/httpdocs HTTP/1.1" 200 9349 "https://dgpilates.com/detail/011458316751" "Mozilla/5.0 AppleWebKit/537.36 (KHTML, like Gecko; compatible; GPTBot/1.4; +https://openai.com/gptbot)"
66.249.70.99 - - [25/Jul/2026:03:32:32 +0300] "GET /detail/001166711733 HTTP/1.1" 200 200296 "-" "Mozilla/5.0 (Linux; Android 6.0.1; Nexus 5X Build/MMB29P) AppleWebKit/537.36 (KHTML, like Gecko) Chrome/150.0.7871.128 Mobile Safari/537.36 (compatible; Googlebot/2.1; +http://www.google.com/bot.html)"
144.76.19.27 - - [25/Jul/2026:03:32:32 +0300] "GET /?z=897901376 HTTP/1.1" 200 54867 "-" "Mozilla/5.0 (compatible; SERankingBacklinksBot/1.0; +https://seranking.com/backlinks-crawler)"
216.73.216.82 - - [25/Jul/2026:03:32:34 +0300] "GET /detail/013271855397 HTTP/1.1" 200 54806 "-" "Mozilla/5.0 AppleWebKit/537.36 (KHTML, like Gecko; compatible; ClaudeBot/1.0; +claudebot@anthropic.com)"
216.73.216.82 - - [25/Jul/2026:03:32:36 +0300] "GET /robots.txt HTTP/1.1" 200 5161 "-" "Mozilla/5.0 AppleWebKit/537.36 (KHTML, like Gecko; compatible; ClaudeBot/1.0; +claudebot@anthropic.com)"
74.7.227.46 - - [25/Jul/2026:03:32:35 +0300] "GET /detail/014180516086?lokasie=/var/www/vhosts/dgpilates.com/httpdocs/xpzkquvf.php&loknya=/var/www/vhosts/dgpilates.com/httpdocs HTTP/1.1" 200 28599 "https://dgpilates.com/detail/014180516086" "Mozilla/5.0 AppleWebKit/537.36 (KHTML, like Gecko; compatible; GPTBot/1.4; +https://openai.com/gptbot)"
144.76.19.27 - - [25/Jul/2026:03:32:36 +0300] "GET /?z=897901400 HTTP/1.1" 200 54867 "-" "Mozilla/5.0 (compatible; SERankingBacklinksBot/1.0; +https://seranking.com/backlinks-crawler)"
216.73.216.82 - - [25/Jul/2026:03:32:37 +0300] "GET /products/012753210813 HTTP/1.1" 200 54806 "-" "Mozilla/5.0 AppleWebKit/537.36 (KHTML, like Gecko; compatible; ClaudeBot/1.0; +claudebot@anthropic.com)"
66.249.70.99 - - [25/Jul/2026:03:32:37 +0300] "GET /market/882437203131 HTTP/1.1" 200 200730 "-" "Mozilla/5.0 (Linux; Android 6.0.1; Nexus 5X Build/MMB29P) AppleWebKit/537.36 (KHTML, like Gecko) Chrome/150.0.7871.128 Mobile Safari/537.36 (compatible; GoogleOther)"
74.7.227.46 - - [25/Jul/2026:03:32:38 +0300] "GET /detail/012874039598?lokasie=/var/www/vhosts/dgpilates.com/httpdocs/xmlrpc.php&loknya=/var/www/vhosts/dgpilates.com/httpdocs HTTP/1.1" 200 12905 "https://dgpilates.com/detail/012874039598" "Mozilla/5.0 AppleWebKit/537.36 (KHTML, like Gecko; compatible; GPTBot/1.4; +https://openai.com/gptbot)"
66.249.70.99 - - [25/Jul/2026:03:32:39 +0300] "GET /info/762591896705 HTTP/1.1" 200 204845 "-" "Mozilla/5.0 (Linux; Android 6.0.1; Nexus 5X Build/MMB29P) AppleWebKit/537.36 (KHTML, like Gecko) Chrome/150.0.7871.128 Mobile Safari/537.36 (compatible; Googlebot/2.1; +http://www.google.com/bot.html)"
144.76.19.27 - - [25/Jul/2026:03:32:40 +0300] "GET /?z=897903248 HTTP/1.1" 200 54867 "-" "Mozilla/5.0 (compatible; SERankingBacklinksBot/1.0; +https://seranking.com/backlinks-crawler)"
216.73.216.82 - - [25/Jul/2026:03:32:40 +0300] "GET /shopping/011272116571 HTTP/1.1" 200 54806 "-" "Mozilla/5.0 AppleWebKit/537.36 (KHTML, like Gecko; compatible; ClaudeBot/1.0; +claudebot@anthropic.com)"
66.249.70.98 - - [25/Jul/2026:03:32:41 +0300] "GET /detail/732588855767 HTTP/1.1" 200 205545 "-" "Mozilla/5.0 (Linux; Android 6.0.1; Nexus 5X Build/MMB29P) AppleWebKit/537.36 (KHTML, like Gecko) Chrome/150.0.7871.128 Mobile Safari/537.36 (compatible; GoogleOther)"
74.7.227.46 - - [25/Jul/2026:03:32:41 +0300] "GET /detail/012871875008?lokasie=/var/www/vhosts/dgpilates.com/httpdocs/apjkwbmw.php&loknya=/var/www/vhosts/dgpilates.com/httpdocs HTTP/1.1" 200 9349 "https://dgpilates.com/detail/012871875008" "Mozilla/5.0 AppleWebKit/537.36 (KHTML, like Gecko; compatible; GPTBot/1.4; +https://openai.com/gptbot)"
216.73.216.82 - - [25/Jul/2026:03:32:43 +0300] "GET /shopping/013621022259 HTTP/1.1" 200 54806 "-" "Mozilla/5.0 AppleWebKit/537.36 (KHTML, like Gecko; compatible; ClaudeBot/1.0; +claudebot@anthropic.com)"
144.76.19.27 - - [25/Jul/2026:03:32:44 +0300] "GET /?z=897904656 HTTP/1.1" 200 54867 "-" "Mozilla/5.0 (compatible; SERankingBacklinksBot/1.0; +https://seranking.com/backlinks-crawler)"
74.7.227.46 - - [25/Jul/2026:03:32:45 +0300] "GET /detail/011450187735?lokasie=/var/www/vhosts/dgpilates.com/httpdocs/xmlrpc.php&loknya=/var/www/vhosts/dgpilates.com/httpdocs HTTP/1.1" 200 12905 "https://dgpilates.com/detail/011450187735" "Mozilla/5.0 AppleWebKit/537.36 (KHTML, like Gecko; compatible; GPTBot/1.4; +https://openai.com/gptbot)"
66.249.70.99 - - [25/Jul/2026:03:32:45 +0300] "GET /market/664260278034 HTTP/1.1" 200 201951 "-" "Mozilla/5.0 (Linux; Android 6.0.1; Nexus 5X Build/MMB29P) AppleWebKit/537.36 (KHTML, like Gecko) Chrome/150.0.7871.128 Mobile Safari/537.36 (compatible; GoogleOther)"
216.73.216.82 - - [25/Jul/2026:03:32:46 +0300] "GET /product/011041182336 HTTP/1.1" 200 54806 "-" "Mozilla/5.0 AppleWebKit/537.36 (KHTML, like Gecko; compatible; ClaudeBot/1.0; +claudebot@anthropic.com)"
66.249.70.99 - - [25/Jul/2026:03:32:46 +0300] "GET /info/663105783411 HTTP/1.1" 200 207459 "-" "Mozilla/5.0 (Linux; Android 6.0.1; Nexus 5X Build/MMB29P) AppleWebKit/537.36 (KHTML, like Gecko) Chrome/150.0.7871.128 Mobile Safari/537.36 (compatible; Googlebot/2.1; +http://www.google.com/bot.html)"
213.238.183.133 - - [25/Jul/2026:03:32:47 +0300] "GET /wp-login.php HTTP/1.1" 200 54874 "-" "Mozilla/5.0 (Windows NT 10.0; Win64; x64) AppleWebKit/537.36 (KHTML, like Gecko) Chrome/150.0.0.0 Safari/537.36"
144.76.19.27 - - [25/Jul/2026:03:32:47 +0300] "GET /?z=897904832 HTTP/1.1" 200 54867 "-" "Mozilla/5.0 (compatible; SERankingBacklinksBot/1.0; +https://seranking.com/backlinks-crawler)"
74.7.227.46 - - [25/Jul/2026:03:32:48 +0300] "GET /detail/014003538060?lokasie=/var/www/vhosts/dgpilates.com/httpdocs/filefuns.php&loknya=/var/www/vhosts/dgpilates.com/httpdocs HTTP/1.1" 200 15850 "https://dgpilates.com/detail/014003538060" "Mozilla/5.0 AppleWebKit/537.36 (KHTML, like Gecko; compatible; GPTBot/1.4; +https://openai.com/gptbot)"
216.73.216.82 - - [25/Jul/2026:03:32:49 +0300] "GET /products/013653046931 HTTP/1.1" 200 54806 "-" "Mozilla/5.0 AppleWebKit/537.36 (KHTML, like Gecko; compatible; ClaudeBot/1.0; +claudebot@anthropic.com)"
74.7.227.46 - - [25/Jul/2026:03:32:51 +0300] "GET /detail/012117004116?lokasie=/var/www/vhosts/dgpilates.com/httpdocs/swqirnyk.php&loknya=/var/www/vhosts/dgpilates.com/httpdocs HTTP/1.1" 200 9349 "https://dgpilates.com/detail/012117004116" "Mozilla/5.0 AppleWebKit/537.36 (KHTML, like Gecko; compatible; GPTBot/1.4; +https://openai.com/gptbot)"
66.249.70.98 - - [25/Jul/2026:03:32:51 +0300] "GET /info/713887235044 HTTP/1.1" 200 211643 "-" "Mozilla/5.0 (Linux; Android 6.0.1; Nexus 5X Build/MMB29P) AppleWebKit/537.36 (KHTML, like Gecko) Chrome/150.0.7871.128 Mobile Safari/537.36 (compatible; GoogleOther)"
144.76.19.27 - - [25/Jul/2026:03:32:51 +0300] "GET /?z=897905864 HTTP/1.1" 200 54867 "-" "Mozilla/5.0 (compatible; SERankingBacklinksBot/1.0; +https://seranking.com/backlinks-crawler)"
216.73.216.82 - - [25/Jul/2026:03:32:52 +0300] "GET /goods/013702714061 HTTP/1.1" 200 54806 "-" "Mozilla/5.0 AppleWebKit/537.36 (KHTML, like Gecko; compatible; ClaudeBot/1.0; +claudebot@anthropic.com)"
66.249.70.98 - - [25/Jul/2026:03:32:53 +0300] "GET /items/792139379952 HTTP/1.1" 200 202238 "-" "Mozilla/5.0 (Linux; Android 6.0.1; Nexus 5X Build/MMB29P) AppleWebKit/537.36 (KHTML, like Gecko) Chrome/150.0.7871.128 Mobile Safari/537.36 (compatible; Googlebot/2.1; +http://www.google.com/bot.html)"
74.7.227.46 - - [25/Jul/2026:03:32:54 +0300] "GET /detail/013663921559?lokasie=/var/www/vhosts/dgpilates.com/httpdocs/szmxxsmy.php&loknya=/var/www/vhosts/dgpilates.com/httpdocs HTTP/1.1" 200 9349 "https://dgpilates.com/detail/013663921559" "Mozilla/5.0 AppleWebKit/537.36 (KHTML, like Gecko; compatible; GPTBot/1.4; +https://openai.com/gptbot)"
66.249.70.98 - - [25/Jul/2026:03:32:54 +0300] "GET /market/692704266315 HTTP/1.1" 200 204986 "-" "Mozilla/5.0 (Linux; Android 6.0.1; Nexus 5X Build/MMB29P) AppleWebKit/537.36 (KHTML, like Gecko) Chrome/150.0.7871.128 Mobile Safari/537.36 (compatible; GoogleOther)"
216.73.216.82 - - [25/Jul/2026:03:32:55 +0300] "GET /detail/012869648549 HTTP/1.1" 200 54806 "-" "Mozilla/5.0 AppleWebKit/537.36 (KHTML, like Gecko; compatible; ClaudeBot/1.0; +claudebot@anthropic.com)"
144.76.19.27 - - [25/Jul/2026:03:32:55 +0300] "GET /?z=897906552 HTTP/1.1" 200 54867 "-" "Mozilla/5.0 (compatible; SERankingBacklinksBot/1.0; +https://seranking.com/backlinks-crawler)"
74.7.227.46 - - [25/Jul/2026:03:32:57 +0300] "GET /detail/012783839457?lokasie=/var/www/vhosts/dgpilates.com/httpdocs/ocmfvusz.php&loknya=/var/www/vhosts/dgpilates.com/httpdocs HTTP/1.1" 200 9349 "https://dgpilates.com/detail/012783839457" "Mozilla/5.0 AppleWebKit/537.36 (KHTML, like Gecko; compatible; GPTBot/1.4; +https://openai.com/gptbot)"
216.73.216.82 - - [25/Jul/2026:03:32:58 +0300] "GET /shopping/01353998169 HTTP/1.1" 200 54806 "-" "Mozilla/5.0 AppleWebKit/537.36 (KHTML, like Gecko; compatible; ClaudeBot/1.0; +claudebot@anthropic.com)"
66.249.70.98 - - [25/Jul/2026:03:32:58 +0300] "GET /detail/792425197350 HTTP/1.1" 200 205665 "-" "Mozilla/5.0 (Linux; Android 6.0.1; Nexus 5X Build/MMB29P) AppleWebKit/537.36 (KHTML, like Gecko) Chrome/150.0.7871.128 Mobile Safari/537.36 (compatible; GoogleOther)"
144.76.19.27 - - [25/Jul/2026:03:32:59 +0300] "GET /?z=897907232 HTTP/1.1" 200 54867 "-" "Mozilla/5.0 (compatible; SERankingBacklinksBot/1.0; +https://seranking.com/backlinks-crawler)"
66.249.70.98 - - [25/Jul/2026:03:33:00 +0300] "GET /info/86278251394 HTTP/1.1" 200 204837 "-" "Mozilla/5.0 (Linux; Android 6.0.1; Nexus 5X Build/MMB29P) AppleWebKit/537.36 (KHTML, like Gecko) Chrome/150.0.7871.128 Mobile Safari/537.36 (compatible; Googlebot/2.1; +http://www.google.com/bot.html)"
74.7.227.46 - - [25/Jul/2026:03:33:01 +0300] "GET /detail/014209292183?lokasie=/var/www/vhosts/dgpilates.com/httpdocs/szmxxsmy.php&loknya=/var/www/vhosts/dgpilates.com/httpdocs HTTP/1.1" 200 9349 "https://dgpilates.com/detail/014209292183" "Mozilla/5.0 AppleWebKit/537.36 (KHTML, like Gecko; compatible; GPTBot/1.4; +https://openai.com/gptbot)"
216.73.216.82 - - [25/Jul/2026:03:33:01 +0300] "GET /shopping/013434706541 HTTP/1.1" 200 54806 "-" "Mozilla/5.0 AppleWebKit/537.36 (KHTML, like Gecko; compatible; ClaudeBot/1.0; +claudebot@anthropic.com)"
66.249.70.98 - - [25/Jul/2026:03:33:02 +0300] "GET /market/742678663500 HTTP/1.1" 200 204794 "-" "Mozilla/5.0 (Linux; Android 6.0.1; Nexus 5X Build/MMB29P) AppleWebKit/537.36 (KHTML, like Gecko) Chrome/150.0.7871.128 Mobile Safari/537.36 (compatible; GoogleOther)"
144.76.19.27 - - [25/Jul/2026:03:33:03 +0300] "GET /?z=897910664 HTTP/1.1" 200 54867 "-" "Mozilla/5.0 (compatible; SERankingBacklinksBot/1.0; +https://seranking.com/backlinks-crawler)"
74.7.227.46 - - [25/Jul/2026:03:33:04 +0300] "GET /detail/014010283739?lokasie=/var/www/vhosts/dgpilates.com/httpdocs/szmxxsmy.php&loknya=/var/www/vhosts/dgpilates.com/httpdocs HTTP/1.1" 200 9349 "https://dgpilates.com/detail/014010283739" "Mozilla/5.0 AppleWebKit/537.36 (KHTML, like Gecko; compatible; GPTBot/1.4; +https://openai.com/gptbot)"
216.73.216.82 - - [25/Jul/2026:03:33:04 +0300] "GET /market/01822630755 HTTP/1.1" 200 54806 "-" "Mozilla/5.0 AppleWebKit/537.36 (KHTML, like Gecko; compatible; ClaudeBot/1.0; +claudebot@anthropic.com)"
216.73.216.82 - - [25/Jul/2026:03:33:07 +0300] "GET /product/011619583457 HTTP/1.1" 200 54806 "-" "Mozilla/5.0 AppleWebKit/537.36 (KHTML, like Gecko; compatible; ClaudeBot/1.0; +claudebot@anthropic.com)"
74.7.227.46 - - [25/Jul/2026:03:33:07 +0300] "GET /detail/014016393786?lokasie=/var/www/vhosts/dgpilates.com/httpdocs/filefuns.php&loknya=/var/www/vhosts/dgpilates.com/httpdocs HTTP/1.1" 200 15850 "https://dgpilates.com/detail/014016393786" "Mozilla/5.0 AppleWebKit/537.36 (KHTML, like Gecko; compatible; GPTBot/1.4; +https://openai.com/gptbot)"
144.76.19.27 - - [25/Jul/2026:03:33:07 +0300] "GET /?z=897911768 HTTP/1.1" 200 54867 "-" "Mozilla/5.0 (compatible; SERankingBacklinksBot/1.0; +https://seranking.com/backlinks-crawler)"
66.249.70.98 - - [25/Jul/2026:03:33:07 +0300] "GET /items/834140643911 HTTP/1.1" 200 208861 "-" "Mozilla/5.0 (Linux; Android 6.0.1; Nexus 5X Build/MMB29P) AppleWebKit/537.36 (KHTML, like Gecko) Chrome/150.0.7871.128 Mobile Safari/537.36 (compatible; GoogleOther)"
66.249.70.99 - - [25/Jul/2026:03:33:07 +0300] "GET /detail/761642528105 HTTP/1.1" 200 205181 "-" "Mozilla/5.0 (Linux; Android 6.0.1; Nexus 5X Build/MMB29P) AppleWebKit/537.36 (KHTML, like Gecko) Chrome/150.0.7871.128 Mobile Safari/537.36 (compatible; Googlebot/2.1; +http://www.google.com/bot.html)"
216.73.216.82 - - [25/Jul/2026:03:33:10 +0300] "GET /detail/012248245375 HTTP/1.1" 200 54806 "-" "Mozilla/5.0 AppleWebKit/537.36 (KHTML, like Gecko; compatible; ClaudeBot/1.0; +claudebot@anthropic.com)"
74.7.227.46 - - [25/Jul/2026:03:33:10 +0300] "GET /detail/011782956985?lokasie=/var/www/vhosts/dgpilates.com/httpdocs/swqirnyk.php&loknya=/var/www/vhosts/dgpilates.com/httpdocs HTTP/1.1" 200 9349 "https://dgpilates.com/detail/011782956985" "Mozilla/5.0 AppleWebKit/537.36 (KHTML, like Gecko; compatible; GPTBot/1.4; +https://openai.com/gptbot)"
144.76.19.27 - - [25/Jul/2026:03:33:11 +0300] "GET /?z=897913616 HTTP/1.1" 200 54867 "-" "Mozilla/5.0 (compatible; SERankingBacklinksBot/1.0; +https://seranking.com/backlinks-crawler)"
66.249.70.99 - - [25/Jul/2026:03:33:11 +0300] "GET /detail/892829574705 HTTP/1.1" 200 204044 "-" "Mozilla/5.0 (Linux; Android 6.0.1; Nexus 5X Build/MMB29P) AppleWebKit/537.36 (KHTML, like Gecko) Chrome/150.0.7871.128 Mobile Safari/537.36 (compatible; GoogleOther)"
216.73.216.82 - - [25/Jul/2026:03:33:13 +0300] "GET /detail/013454538547 HTTP/1.1" 200 54806 "-" "Mozilla/5.0 AppleWebKit/537.36 (KHTML, like Gecko; compatible; ClaudeBot/1.0; +claudebot@anthropic.com)"
74.7.227.46 - - [25/Jul/2026:03:33:13 +0300] "GET /detail/012892872323?lokasie=/var/www/vhosts/dgpilates.com/httpdocs/swqirnyk.php&loknya=/var/www/vhosts/dgpilates.com/httpdocs HTTP/1.1" 200 9349 "https://dgpilates.com/detail/012892872323" "Mozilla/5.0 AppleWebKit/537.36 (KHTML, like Gecko; compatible; GPTBot/1.4; +https://openai.com/gptbot)"
66.249.70.99 - - [25/Jul/2026:03:33:14 +0300] "GET /shopping/651892842564 HTTP/1.1" 200 209293 "-" "Mozilla/5.0 (Linux; Android 6.0.1; Nexus 5X Build/MMB29P) AppleWebKit/537.36 (KHTML, like Gecko) Chrome/150.0.7871.128 Mobile Safari/537.36 (compatible; Googlebot/2.1; +http://www.google.com/bot.html)"
66.249.70.98 - - [25/Jul/2026:03:33:15 +0300] "GET /market/662500388862 HTTP/1.1" 200 204909 "-" "Mozilla/5.0 (Linux; Android 6.0.1; Nexus 5X Build/MMB29P) AppleWebKit/537.36 (KHTML, like Gecko) Chrome/150.0.7871.128 Mobile Safari/537.36 (compatible; GoogleOther)"
144.76.19.27 - - [25/Jul/2026:03:33:15 +0300] "GET /?z=897913840 HTTP/1.1" 200 54867 "-" "Mozilla/5.0 (compatible; SERankingBacklinksBot/1.0; +https://seranking.com/backlinks-crawler)"
216.73.216.82 - - [25/Jul/2026:03:33:16 +0300] "GET /special/011421126299 HTTP/1.1" 200 54806 "-" "Mozilla/5.0 AppleWebKit/537.36 (KHTML, like Gecko; compatible; ClaudeBot/1.0; +claudebot@anthropic.com)"
74.7.227.46 - - [25/Jul/2026:03:33:17 +0300] "GET /detail/012521524176?lokasie=/var/www/vhosts/dgpilates.com/httpdocs/apjkwbmw.php&loknya=/var/www/vhosts/dgpilates.com/httpdocs HTTP/1.1" 200 9349 "https://dgpilates.com/detail/012521524176" "Mozilla/5.0 AppleWebKit/537.36 (KHTML, like Gecko; compatible; GPTBot/1.4; +https://openai.com/gptbot)"
57.141.0.48 - - [25/Jul/2026:03:33:17 +0300] "GET /shopdetail/013239354036 HTTP/1.1" 200 54866 "-" "Mozilla/5.0 (Macintosh; Intel Mac OS X 10_15_7) AppleWebKit/537.36 (KHTML, like Gecko) Chrome/145.0.0.0 Safari/537.36 (compatible; meta-externalagent/1.1 (+https://developers.facebook.com/docs/sharing/webmasters/crawler))"
57.141.0.4 - - [25/Jul/2026:03:33:18 +0300] "GET /shopdetail/012117219319 HTTP/1.1" 200 54865 "-" "Mozilla/5.0 (Windows NT 10.0; Win64; x64) AppleWebKit/537.36 (KHTML, like Gecko) Chrome/145.0.0.0 Safari/537.36 (compatible; meta-externalagent/1.1 (+https://developers.facebook.com/docs/sharing/webmasters/crawler))"
144.76.19.27 - - [25/Jul/2026:03:33:19 +0300] "GET /?z=897914320 HTTP/1.1" 200 54867 "-" "Mozilla/5.0 (compatible; SERankingBacklinksBot/1.0; +https://seranking.com/backlinks-crawler)"
216.73.216.82 - - [25/Jul/2026:03:33:19 +0300] "GET /products/013122194109 HTTP/1.1" 200 54806 "-" "Mozilla/5.0 AppleWebKit/537.36 (KHTML, like Gecko; compatible; ClaudeBot/1.0; +claudebot@anthropic.com)"
74.7.227.46 - - [25/Jul/2026:03:33:20 +0300] "GET /detail/011259208771?lokasie=/var/www/vhosts/dgpilates.com/httpdocs/swqirnyk.php&loknya=/var/www/vhosts/dgpilates.com/httpdocs HTTP/1.1" 200 9349 "https://dgpilates.com/detail/011259208771" "Mozilla/5.0 AppleWebKit/537.36 (KHTML, like Gecko; compatible; GPTBot/1.4; +https://openai.com/gptbot)"
66.249.70.99 - - [25/Jul/2026:03:33:21 +0300] "GET /market/813771617871 HTTP/1.1" 200 201725 "-" "Mozilla/5.0 (Linux; Android 6.0.1; Nexus 5X Build/MMB29P) AppleWebKit/537.36 (KHTML, like Gecko) Chrome/150.0.7871.128 Mobile Safari/537.36 (compatible; GoogleOther)"
66.249.70.99 - - [25/Jul/2026:03:33:21 +0300] "GET /info/74331138629 HTTP/1.1" 200 208013 "-" "Mozilla/5.0 (Linux; Android 6.0.1; Nexus 5X Build/MMB29P) AppleWebKit/537.36 (KHTML, like Gecko) Chrome/150.0.7871.128 Mobile Safari/537.36 (compatible; Googlebot/2.1; +http://www.google.com/bot.html)"
216.73.216.82 - - [25/Jul/2026:03:33:22 +0300] "GET /shopping/013992497739 HTTP/1.1" 200 54806 "-" "Mozilla/5.0 AppleWebKit/537.36 (KHTML, like Gecko; compatible; ClaudeBot/1.0; +claudebot@anthropic.com)"
144.76.19.27 - - [25/Jul/2026:03:33:23 +0300] "GET /?z=897915624 HTTP/1.1" 200 54867 "-" "Mozilla/5.0 (compatible; SERankingBacklinksBot/1.0; +https://seranking.com/backlinks-crawler)"
74.7.227.46 - - [25/Jul/2026:03:33:23 +0300] "GET /detail/012835943210?lokasie=/var/www/vhosts/dgpilates.com/httpdocs/xmlrpc.php&loknya=/var/www/vhosts/dgpilates.com/httpdocs HTTP/1.1" 200 12905 "https://dgpilates.com/detail/012835943210" "Mozilla/5.0 AppleWebKit/537.36 (KHTML, like Gecko; compatible; GPTBot/1.4; +https://openai.com/gptbot)"
216.73.216.82 - - [25/Jul/2026:03:33:25 +0300] "GET /market/013024678239 HTTP/1.1" 200 54806 "-" "Mozilla/5.0 AppleWebKit/537.36 (KHTML, like Gecko; compatible; ClaudeBot/1.0; +claudebot@anthropic.com)"
74.7.227.46 - - [25/Jul/2026:03:33:26 +0300] "GET /detail/011521015167?lokasie=/var/www/vhosts/dgpilates.com/httpdocs/djnrxeax.php&loknya=/var/www/vhosts/dgpilates.com/httpdocs HTTP/1.1" 200 9349 "https://dgpilates.com/detail/011521015167" "Mozilla/5.0 AppleWebKit/537.36 (KHTML, like Gecko; compatible; GPTBot/1.4; +https://openai.com/gptbot)"
144.76.19.27 - - [25/Jul/2026:03:33:26 +0300] "GET /?z=897918048 HTTP/1.1" 200 54867 "-" "Mozilla/5.0 (compatible; SERankingBacklinksBot/1.0; +https://seranking.com/backlinks-crawler)"
216.73.216.82 - - [25/Jul/2026:03:33:28 +0300] "GET /market/01986166616 HTTP/1.1" 200 54806 "-" "Mozilla/5.0 AppleWebKit/537.36 (KHTML, like Gecko; compatible; ClaudeBot/1.0; +claudebot@anthropic.com)"
66.249.70.98 - - [25/Jul/2026:03:33:28 +0300] "GET /special/713656664874 HTTP/1.1" 200 199534 "-" "Mozilla/5.0 (Linux; Android 6.0.1; Nexus 5X Build/MMB29P) AppleWebKit/537.36 (KHTML, like Gecko) Chrome/150.0.7871.128 Mobile Safari/537.36 (compatible; Googlebot/2.1; +http://www.google.com/bot.html)"
66.249.70.98 - - [25/Jul/2026:03:33:29 +0300] "GET /market/781688628972 HTTP/1.1" 200 209878 "-" "Mozilla/5.0 (Linux; Android 6.0.1; Nexus 5X Build/MMB29P) AppleWebKit/537.36 (KHTML, like Gecko) Chrome/150.0.7871.128 Mobile Safari/537.36 (compatible; GoogleOther)"
74.7.227.46 - - [25/Jul/2026:03:33:29 +0300] "GET /detail/013565314458?lokasie=/var/www/vhosts/dgpilates.com/httpdocs/ocmfvusz.php&loknya=/var/www/vhosts/dgpilates.com/httpdocs HTTP/1.1" 200 9349 "https://dgpilates.com/detail/013565314458" "Mozilla/5.0 AppleWebKit/537.36 (KHTML, like Gecko; compatible; GPTBot/1.4; +https://openai.com/gptbot)"
144.76.19.27 - - [25/Jul/2026:03:33:30 +0300] "GET /?z=897920576 HTTP/1.1" 200 54867 "-" "Mozilla/5.0 (compatible; SERankingBacklinksBot/1.0; +https://seranking.com/backlinks-crawler)"
216.73.216.82 - - [25/Jul/2026:03:33:31 +0300] "GET /shopping/013752982735 HTTP/1.1" 200 54806 "-" "Mozilla/5.0 AppleWebKit/537.36 (KHTML, like Gecko; compatible; ClaudeBot/1.0; +claudebot@anthropic.com)"
74.7.227.46 - - [25/Jul/2026:03:33:32 +0300] "GET /detail/011661643274?lokasie=/var/www/vhosts/dgpilates.com/httpdocs/ocmfvusz.php&loknya=/var/www/vhosts/dgpilates.com/httpdocs HTTP/1.1" 200 9349 "https://dgpilates.com/detail/011661643274" "Mozilla/5.0 AppleWebKit/537.36 (KHTML, like Gecko; compatible; GPTBot/1.4; +https://openai.com/gptbot)"
216.73.216.82 - - [25/Jul/2026:03:33:34 +0300] "GET /products/011539309176 HTTP/1.1" 200 54806 "-" "Mozilla/5.0 AppleWebKit/537.36 (KHTML, like Gecko; compatible; ClaudeBot/1.0; +claudebot@anthropic.com)"
144.76.19.27 - - [25/Jul/2026:03:33:34 +0300] "GET /?z=897921296 HTTP/1.1" 200 54867 "-" "Mozilla/5.0 (compatible; SERankingBacklinksBot/1.0; +https://seranking.com/backlinks-crawler)"
66.249.70.99 - - [25/Jul/2026:03:33:35 +0300] "GET /info/701964449039 HTTP/1.1" 200 206679 "-" "Mozilla/5.0 (Linux; Android 6.0.1; Nexus 5X Build/MMB29P) AppleWebKit/537.36 (KHTML, like Gecko) Chrome/150.0.7871.128 Mobile Safari/537.36 (compatible; Googlebot/2.1; +http://www.google.com/bot.html)"
74.7.227.46 - - [25/Jul/2026:03:33:36 +0300] "GET /detail/011048735141?lokasie=/var/www/vhosts/dgpilates.com/httpdocs/szmxxsmy.php&loknya=/var/www/vhosts/dgpilates.com/httpdocs HTTP/1.1" 200 9349 "https://dgpilates.com/detail/011048735141" "Mozilla/5.0 AppleWebKit/537.36 (KHTML, like Gecko; compatible; GPTBot/1.4; +https://openai.com/gptbot)"
66.249.70.98 - - [25/Jul/2026:03:33:36 +0300] "GET /market/72923132507 HTTP/1.1" 200 201469 "-" "Mozilla/5.0 (Linux; Android 6.0.1; Nexus 5X Build/MMB29P) AppleWebKit/537.36 (KHTML, like Gecko) Chrome/150.0.7871.128 Mobile Safari/537.36 (compatible; GoogleOther)"
216.73.216.82 - - [25/Jul/2026:03:33:37 +0300] "GET /products/012409412766 HTTP/1.1" 200 54806 "-" "Mozilla/5.0 AppleWebKit/537.36 (KHTML, like Gecko; compatible; ClaudeBot/1.0; +claudebot@anthropic.com)"
144.76.19.27 - - [25/Jul/2026:03:33:38 +0300] "GET /?z=897922496 HTTP/1.1" 200 54867 "-" "Mozilla/5.0 (compatible; SERankingBacklinksBot/1.0; +https://seranking.com/backlinks-crawler)"
74.7.227.46 - - [25/Jul/2026:03:33:39 +0300] "GET /detail/013628892716?lokasie=/var/www/vhosts/dgpilates.com/httpdocs/apjkwbmw.php&loknya=/var/www/vhosts/dgpilates.com/httpdocs HTTP/1.1" 200 9349 "https://dgpilates.com/detail/013628892716" "Mozilla/5.0 AppleWebKit/537.36 (KHTML, like Gecko; compatible; GPTBot/1.4; +https://openai.com/gptbot)"
216.73.216.82 - - [25/Jul/2026:03:33:40 +0300] "GET /shopping/012843687371 HTTP/1.1" 200 54806 "-" "Mozilla/5.0 AppleWebKit/537.36 (KHTML, like Gecko; compatible; ClaudeBot/1.0; +claudebot@anthropic.com)"
74.7.227.46 - - [25/Jul/2026:03:33:42 +0300] "GET /detail/011074058199?lokasie=/var/www/vhosts/dgpilates.com/httpdocs/xmlrpc.php&loknya=/var/www/vhosts/dgpilates.com/httpdocs HTTP/1.1" 200 12905 "https://dgpilates.com/detail/011074058199" "Mozilla/5.0 AppleWebKit/537.36 (KHTML, like Gecko; compatible; GPTBot/1.4; +https://openai.com/gptbot)"
144.76.19.27 - - [25/Jul/2026:03:33:42 +0300] "GET /?z=897922816 HTTP/1.1" 200 54867 "-" "Mozilla/5.0 (compatible; SERankingBacklinksBot/1.0; +https://seranking.com/backlinks-crawler)"
66.249.70.98 - - [25/Jul/2026:03:33:42 +0300] "GET /detail/673955786523 HTTP/1.1" 200 205494 "-" "Mozilla/5.0 (Linux; Android 6.0.1; Nexus 5X Build/MMB29P) AppleWebKit/537.36 (KHTML, like Gecko) Chrome/150.0.7871.128 Mobile Safari/537.36 (compatible; Googlebot/2.1; +http://www.google.com/bot.html)"
216.73.216.82 - - [25/Jul/2026:03:33:43 +0300] "GET /products/011633040525 HTTP/1.1" 200 54806 "-" "Mozilla/5.0 AppleWebKit/537.36 (KHTML, like Gecko; compatible; ClaudeBot/1.0; +claudebot@anthropic.com)"
66.249.70.99 - - [25/Jul/2026:03:33:43 +0300] "GET /market/84566934438 HTTP/1.1" 200 202151 "-" "Mozilla/5.0 (Linux; Android 6.0.1; Nexus 5X Build/MMB29P) AppleWebKit/537.36 (KHTML, like Gecko) Chrome/150.0.7871.128 Mobile Safari/537.36 (compatible; GoogleOther)"
74.7.227.46 - - [25/Jul/2026:03:33:45 +0300] "GET /detail/011347038011?lokasie=/var/www/vhosts/dgpilates.com/httpdocs/xviiwsmp.php&loknya=/var/www/vhosts/dgpilates.com/httpdocs HTTP/1.1" 200 28599 "https://dgpilates.com/detail/011347038011" "Mozilla/5.0 AppleWebKit/537.36 (KHTML, like Gecko; compatible; GPTBot/1.4; +https://openai.com/gptbot)"
216.73.216.82 - - [25/Jul/2026:03:33:46 +0300] "GET /products/012151561433 HTTP/1.1" 200 54806 "-" "Mozilla/5.0 AppleWebKit/537.36 (KHTML, like Gecko; compatible; ClaudeBot/1.0; +claudebot@anthropic.com)"
144.76.19.27 - - [25/Jul/2026:03:33:46 +0300] "GET /?z=897923680 HTTP/1.1" 200 54867 "-" "Mozilla/5.0 (compatible; SERankingBacklinksBot/1.0; +https://seranking.com/backlinks-crawler)"
66.249.70.98 - - [25/Jul/2026:03:33:47 +0300] "GET /detail/01690794075 HTTP/1.1" 200 206670 "-" "Mozilla/5.0 (Linux; Android 6.0.1; Nexus 5X Build/MMB29P) AppleWebKit/537.36 (KHTML, like Gecko) Chrome/150.0.7871.128 Mobile Safari/537.36 (compatible; GoogleOther)"
74.7.227.46 - - [25/Jul/2026:03:33:48 +0300] "GET /detail/013750652132?lokasie=/var/www/vhosts/dgpilates.com/httpdocs/ocmfvusz.php&loknya=/var/www/vhosts/dgpilates.com/httpdocs HTTP/1.1" 200 9349 "https://dgpilates.com/detail/013750652132" "Mozilla/5.0 AppleWebKit/537.36 (KHTML, like Gecko; compatible; GPTBot/1.4; +https://openai.com/gptbot)"
216.73.216.82 - - [25/Jul/2026:03:33:49 +0300] "GET /goods/012352171112 HTTP/1.1" 200 54806 "-" "Mozilla/5.0 AppleWebKit/537.36 (KHTML, like Gecko; compatible; ClaudeBot/1.0; +claudebot@anthropic.com)"
66.249.70.98 - - [25/Jul/2026:03:33:49 +0300] "GET /info/871177708031 HTTP/1.1" 200 209812 "-" "Mozilla/5.0 (Linux; Android 6.0.1; Nexus 5X Build/MMB29P) AppleWebKit/537.36 (KHTML, like Gecko) Chrome/150.0.7871.128 Mobile Safari/537.36 (compatible; Googlebot/2.1; +http://www.google.com/bot.html)"
144.76.19.27 - - [25/Jul/2026:03:33:50 +0300] "GET /?z=900282656 HTTP/1.1" 200 54867 "-" "Mozilla/5.0 (compatible; SERankingBacklinksBot/1.0; +https://seranking.com/backlinks-crawler)"
66.249.70.98 - - [25/Jul/2026:03:33:50 +0300] "GET /market/872732938208 HTTP/1.1" 200 206191 "-" "Mozilla/5.0 (Linux; Android 6.0.1; Nexus 5X Build/MMB29P) AppleWebKit/537.36 (KHTML, like Gecko) Chrome/150.0.7871.128 Mobile Safari/537.36 (compatible; GoogleOther)"
74.7.227.46 - - [25/Jul/2026:03:33:51 +0300] "GET /detail/014142707193?lokasie=/var/www/vhosts/dgpilates.com/httpdocs/apjkwbmw.php&loknya=/var/www/vhosts/dgpilates.com/httpdocs HTTP/1.1" 200 9349 "https://dgpilates.com/detail/014142707193" "Mozilla/5.0 AppleWebKit/537.36 (KHTML, like Gecko; compatible; GPTBot/1.4; +https://openai.com/gptbot)"
216.73.216.82 - - [25/Jul/2026:03:33:52 +0300] "GET /shopping/012748928059 HTTP/1.1" 200 54806 "-" "Mozilla/5.0 AppleWebKit/537.36 (KHTML, like Gecko; compatible; ClaudeBot/1.0; +claudebot@anthropic.com)"
57.141.0.11 - - [25/Jul/2026:03:33:52 +0300] "GET /?z=887107088 HTTP/1.1" 200 54866 "-" "Mozilla/5.0 (Windows NT 10.0; Win64; x64) AppleWebKit/537.36 (KHTML, like Gecko) Chrome/145.0.0.0 Safari/537.36 (compatible; meta-externalagent/1.1 (+https://developers.facebook.com/docs/sharing/webmasters/crawler))"
144.76.19.27 - - [25/Jul/2026:03:33:54 +0300] "GET /?z=897923896 HTTP/1.1" 200 54867 "-" "Mozilla/5.0 (compatible; SERankingBacklinksBot/1.0; +https://seranking.com/backlinks-crawler)"
74.7.227.46 - - [25/Jul/2026:03:33:55 +0300] "GET /detail/011606618995?lokasie=/var/www/vhosts/dgpilates.com/httpdocs/xpzkquvf.php&loknya=/var/www/vhosts/dgpilates.com/httpdocs HTTP/1.1" 200 28599 "https://dgpilates.com/detail/011606618995" "Mozilla/5.0 AppleWebKit/537.36 (KHTML, like Gecko; compatible; GPTBot/1.4; +https://openai.com/gptbot)"
216.73.216.82 - - [25/Jul/2026:03:33:55 +0300] "GET /products/013181315783 HTTP/1.1" 200 54806 "-" "Mozilla/5.0 AppleWebKit/537.36 (KHTML, like Gecko; compatible; ClaudeBot/1.0; +claudebot@anthropic.com)"
57.141.0.49 - - [25/Jul/2026:03:33:56 +0300] "GET /special/012989761616 HTTP/1.1" 200 54866 "-" "Mozilla/5.0 (Windows NT 10.0; Win64; x64) AppleWebKit/537.36 (KHTML, like Gecko) Chrome/145.0.0.0 Safari/537.36 (compatible; meta-externalagent/1.1 (+https://developers.facebook.com/docs/sharing/webmasters/crawler))"
66.249.70.98 - - [25/Jul/2026:03:33:57 +0300] "GET /info/741382049828 HTTP/1.1" 200 211043 "-" "Mozilla/5.0 (Linux; Android 6.0.1; Nexus 5X Build/MMB29P) AppleWebKit/537.36 (KHTML, like Gecko) Chrome/150.0.7871.128 Mobile Safari/537.36 (compatible; Googlebot/2.1; +http://www.google.com/bot.html)"
74.7.227.46 - - [25/Jul/2026:03:33:58 +0300] "GET /detail/013575886008?lokasie=/var/www/vhosts/dgpilates.com/httpdocs/szmxxsmy.php&loknya=/var/www/vhosts/dgpilates.com/httpdocs HTTP/1.1" 200 9349 "https://dgpilates.com/detail/013575886008" "Mozilla/5.0 AppleWebKit/537.36 (KHTML, like Gecko; compatible; GPTBot/1.4; +https://openai.com/gptbot)"
66.249.70.98 - - [25/Jul/2026:03:33:58 +0300] "GET /market/87888095031 HTTP/1.1" 200 202574 "-" "Mozilla/5.0 (Linux; Android 6.0.1; Nexus 5X Build/MMB29P) AppleWebKit/537.36 (KHTML, like Gecko) Chrome/150.0.7871.128 Mobile Safari/537.36 (compatible; GoogleOther)"
216.73.216.82 - - [25/Jul/2026:03:33:58 +0300] "GET /products/01450536821 HTTP/1.1" 200 54806 "-" "Mozilla/5.0 AppleWebKit/537.36 (KHTML, like Gecko; compatible; ClaudeBot/1.0; +claudebot@anthropic.com)"
144.76.19.27 - - [25/Jul/2026:03:33:58 +0300] "GET /?z=897924088 HTTP/1.1" 200 54867 "-" "Mozilla/5.0 (compatible; SERankingBacklinksBot/1.0; +https://seranking.com/backlinks-crawler)"
74.7.227.46 - - [25/Jul/2026:03:34:01 +0300] "GET /detail/012982648110?lokasie=/var/www/vhosts/dgpilates.com/httpdocs/ocmfvusz.php&loknya=/var/www/vhosts/dgpilates.com/httpdocs HTTP/1.1" 200 9349 "https://dgpilates.com/detail/012982648110" "Mozilla/5.0 AppleWebKit/537.36 (KHTML, like Gecko; compatible; GPTBot/1.4; +https://openai.com/gptbot)"
216.73.216.82 - - [25/Jul/2026:03:34:01 +0300] "GET /products/011670785790 HTTP/1.1" 200 54806 "-" "Mozilla/5.0 AppleWebKit/537.36 (KHTML, like Gecko; compatible; ClaudeBot/1.0; +claudebot@anthropic.com)"
144.76.19.27 - - [25/Jul/2026:03:34:02 +0300] "GET /?z=897927336 HTTP/1.1" 200 54867 "-" "Mozilla/5.0 (compatible; SERankingBacklinksBot/1.0; +https://seranking.com/backlinks-crawler)"
216.73.216.82 - - [25/Jul/2026:03:34:04 +0300] "GET /market/011273732301 HTTP/1.1" 200 54806 "-" "Mozilla/5.0 AppleWebKit/537.36 (KHTML, like Gecko; compatible; ClaudeBot/1.0; +claudebot@anthropic.com)"
74.7.227.46 - - [25/Jul/2026:03:34:04 +0300] "GET /detail/011078647003?lokasie=/var/www/vhosts/dgpilates.com/httpdocs/ocmfvusz.php&loknya=/var/www/vhosts/dgpilates.com/httpdocs HTTP/1.1" 200 9349 "https://dgpilates.com/detail/011078647003" "Mozilla/5.0 AppleWebKit/537.36 (KHTML, like Gecko; compatible; GPTBot/1.4; +https://openai.com/gptbot)"
66.249.70.98 - - [25/Jul/2026:03:34:04 +0300] "GET /detail/811850138255 HTTP/1.1" 200 201717 "-" "Mozilla/5.0 (Linux; Android 6.0.1; Nexus 5X Build/MMB29P) AppleWebKit/537.36 (KHTML, like Gecko) Chrome/150.0.7871.128 Mobile Safari/537.36 (compatible; Googlebot/2.1; +http://www.google.com/bot.html)"
57.141.0.23 - - [25/Jul/2026:03:34:04 +0300] "GET /detail/015042685 HTTP/1.1" 200 54866 "-" "Mozilla/5.0 (Windows NT 10.0; Win64; x64) AppleWebKit/537.36 (KHTML, like Gecko) Chrome/145.0.0.0 Safari/537.36 (compatible; meta-externalagent/1.1 (+https://developers.facebook.com/docs/sharing/webmasters/crawler))"
66.249.70.98 - - [25/Jul/2026:03:34:04 +0300] "GET /products/83454461906 HTTP/1.1" 200 214524 "-" "Mozilla/5.0 (Linux; Android 6.0.1; Nexus 5X Build/MMB29P) AppleWebKit/537.36 (KHTML, like Gecko) Chrome/150.0.7871.128 Mobile Safari/537.36 (compatible; Googlebot/2.1; +http://www.google.com/bot.html)"
66.249.70.98 - - [25/Jul/2026:03:34:05 +0300] "GET /info/691494836236 HTTP/1.1" 200 199275 "-" "Mozilla/5.0 (Linux; Android 6.0.1; Nexus 5X Build/MMB29P) AppleWebKit/537.36 (KHTML, like Gecko) Chrome/150.0.7871.128 Mobile Safari/537.36 (compatible; Googlebot/2.1; +http://www.google.com/bot.html)"
66.249.70.98 - - [25/Jul/2026:03:34:05 +0300] "GET /market/863553074002 HTTP/1.1" 200 207871 "-" "Mozilla/5.0 (Linux; Android 6.0.1; Nexus 5X Build/MMB29P) AppleWebKit/537.36 (KHTML, like Gecko) Chrome/150.0.7871.128 Mobile Safari/537.36 (compatible; GoogleOther)"
144.76.19.27 - - [25/Jul/2026:03:34:06 +0300] "GET /?z=897929272 HTTP/1.1" 200 54867 "-" "Mozilla/5.0 (compatible; SERankingBacklinksBot/1.0; +https://seranking.com/backlinks-crawler)"
216.73.216.82 - - [25/Jul/2026:03:34:07 +0300] "GET /market/011720495679 HTTP/1.1" 200 54806 "-" "Mozilla/5.0 AppleWebKit/537.36 (KHTML, like Gecko; compatible; ClaudeBot/1.0; +claudebot@anthropic.com)"
74.7.227.46 - - [25/Jul/2026:03:34:07 +0300] "GET /detail/012995252059?lokasie=/var/www/vhosts/dgpilates.com/httpdocs/xpzkquvf.php&loknya=/var/www/vhosts/dgpilates.com/httpdocs HTTP/1.1" 200 28599 "https://dgpilates.com/detail/012995252059" "Mozilla/5.0 AppleWebKit/537.36 (KHTML, like Gecko; compatible; GPTBot/1.4; +https://openai.com/gptbot)"
216.73.216.82 - - [25/Jul/2026:03:34:10 +0300] "GET /products/013042396507 HTTP/1.1" 200 54806 "-" "Mozilla/5.0 AppleWebKit/537.36 (KHTML, like Gecko; compatible; ClaudeBot/1.0; +claudebot@anthropic.com)"
144.76.19.27 - - [25/Jul/2026:03:34:10 +0300] "GET /?z=897930312 HTTP/1.1" 200 54867 "-" "Mozilla/5.0 (compatible; SERankingBacklinksBot/1.0; +https://seranking.com/backlinks-crawler)"
74.7.227.46 - - [25/Jul/2026:03:34:10 +0300] "GET /detail/012539732695?lokasie=/var/www/vhosts/dgpilates.com/httpdocs/filefuns.php&loknya=/var/www/vhosts/dgpilates.com/httpdocs HTTP/1.1" 200 15850 "https://dgpilates.com/detail/012539732695" "Mozilla/5.0 AppleWebKit/537.36 (KHTML, like Gecko; compatible; GPTBot/1.4; +https://openai.com/gptbot)"
57.141.0.14 - - [25/Jul/2026:03:34:11 +0300] "GET /product/011801585409 HTTP/1.1" 200 54866 "-" "Mozilla/5.0 (Windows NT 10.0; Win64; x64) AppleWebKit/537.36 (KHTML, like Gecko) Chrome/145.0.0.0 Safari/537.36 (compatible; meta-externalagent/1.1 (+https://developers.facebook.com/docs/sharing/webmasters/crawler))"
66.249.70.99 - - [25/Jul/2026:03:34:11 +0300] "GET /info/822774470181 HTTP/1.1" 200 206239 "-" "Mozilla/5.0 (Linux; Android 6.0.1; Nexus 5X Build/MMB29P) AppleWebKit/537.36 (KHTML, like Gecko) Chrome/150.0.7871.128 Mobile Safari/537.36 (compatible; Googlebot/2.1; +http://www.google.com/bot.html)"
216.73.216.82 - - [25/Jul/2026:03:34:13 +0300] "GET /products/01513558547 HTTP/1.1" 200 54806 "-" "Mozilla/5.0 AppleWebKit/537.36 (KHTML, like Gecko; compatible; ClaudeBot/1.0; +claudebot@anthropic.com)"
66.249.70.99 - - [25/Jul/2026:03:34:13 +0300] "GET /market/701055756686 HTTP/1.1" 200 202045 "-" "Mozilla/5.0 (Linux; Android 6.0.1; Nexus 5X Build/MMB29P) AppleWebKit/537.36 (KHTML, like Gecko) Chrome/150.0.7871.128 Mobile Safari/537.36 (compatible; GoogleOther)"
74.7.227.46 - - [25/Jul/2026:03:34:14 +0300] "GET /detail/012995106390?lokasie=/var/www/vhosts/dgpilates.com/httpdocs/ocmfvusz.php&loknya=/var/www/vhosts/dgpilates.com/httpdocs HTTP/1.1" 200 9349 "https://dgpilates.com/detail/012995106390" "Mozilla/5.0 AppleWebKit/537.36 (KHTML, like Gecko; compatible; GPTBot/1.4; +https://openai.com/gptbot)"
144.76.19.27 - - [25/Jul/2026:03:34:14 +0300] "GET /?z=897930456 HTTP/1.1" 200 54867 "-" "Mozilla/5.0 (compatible; SERankingBacklinksBot/1.0; +https://seranking.com/backlinks-crawler)"
216.73.216.82 - - [25/Jul/2026:03:34:16 +0300] "GET /shopping/012836656033 HTTP/1.1" 200 54806 "-" "Mozilla/5.0 AppleWebKit/537.36 (KHTML, like Gecko; compatible; ClaudeBot/1.0; +claudebot@anthropic.com)"
74.7.227.46 - - [25/Jul/2026:03:34:17 +0300] "GET /detail/013802936924?lokasie=/var/www/vhosts/dgpilates.com/httpdocs/swqirnyk.php&loknya=/var/www/vhosts/dgpilates.com/httpdocs HTTP/1.1" 200 9349 "https://dgpilates.com/detail/013802936924" "Mozilla/5.0 AppleWebKit/537.36 (KHTML, like Gecko; compatible; GPTBot/1.4; +https://openai.com/gptbot)"
66.249.70.99 - - [25/Jul/2026:03:34:17 +0300] "GET /detail/79623287810 HTTP/1.1" 200 205951 "-" "Mozilla/5.0 (Linux; Android 6.0.1; Nexus 5X Build/MMB29P) AppleWebKit/537.36 (KHTML, like Gecko) Chrome/150.0.7871.128 Mobile Safari/537.36 (compatible; GoogleOther)"
144.76.19.27 - - [25/Jul/2026:03:34:18 +0300] "GET /?z=897930504 HTTP/1.1" 200 54867 "-" "Mozilla/5.0 (compatible; SERankingBacklinksBot/1.0; +https://seranking.com/backlinks-crawler)"
66.249.70.98 - - [25/Jul/2026:03:34:18 +0300] "GET /detail/84532761866 HTTP/1.1" 200 207608 "-" "Mozilla/5.0 (Linux; Android 6.0.1; Nexus 5X Build/MMB29P) AppleWebKit/537.36 (KHTML, like Gecko) Chrome/150.0.7871.128 Mobile Safari/537.36 (compatible; Googlebot/2.1; +http://www.google.com/bot.html)"
216.73.216.82 - - [25/Jul/2026:03:34:19 +0300] "GET /detail/012908940283 HTTP/1.1" 200 54806 "-" "Mozilla/5.0 AppleWebKit/537.36 (KHTML, like Gecko; compatible; ClaudeBot/1.0; +claudebot@anthropic.com)"
74.7.227.46 - - [25/Jul/2026:03:34:20 +0300] "GET /detail/013932293767?lokasie=/var/www/vhosts/dgpilates.com/httpdocs/ocmfvusz.php&loknya=/var/www/vhosts/dgpilates.com/httpdocs HTTP/1.1" 200 9349 "https://dgpilates.com/detail/013932293767" "Mozilla/5.0 AppleWebKit/537.36 (KHTML, like Gecko; compatible; GPTBot/1.4; +https://openai.com/gptbot)"
66.249.70.99 - - [25/Jul/2026:03:34:20 +0300] "GET /product/651366158434 HTTP/1.1" 200 207226 "-" "Mozilla/5.0 (Linux; Android 6.0.1; Nexus 5X Build/MMB29P) AppleWebKit/537.36 (KHTML, like Gecko) Chrome/150.0.7871.128 Mobile Safari/537.36 (compatible; GoogleOther)"
144.76.19.27 - - [25/Jul/2026:03:34:22 +0300] "GET /?z=897931832 HTTP/1.1" 200 54867 "-" "Mozilla/5.0 (compatible; SERankingBacklinksBot/1.0; +https://seranking.com/backlinks-crawler)"
216.73.216.82 - - [25/Jul/2026:03:34:22 +0300] "GET /shopbrand/012357366451 HTTP/1.1" 200 54806 "-" "Mozilla/5.0 AppleWebKit/537.36 (KHTML, like Gecko; compatible; ClaudeBot/1.0; +claudebot@anthropic.com)"
74.7.227.46 - - [25/Jul/2026:03:34:23 +0300] "GET /detail/013146545715?lokasie=/var/www/vhosts/dgpilates.com/httpdocs/xmlrpc.php&loknya=/var/www/vhosts/dgpilates.com/httpdocs HTTP/1.1" 200 12905 "https://dgpilates.com/detail/013146545715" "Mozilla/5.0 AppleWebKit/537.36 (KHTML, like Gecko; compatible; GPTBot/1.4; +https://openai.com/gptbot)"
66.249.70.98 - - [25/Jul/2026:03:34:24 +0300] "GET /market/77871361432 HTTP/1.1" 200 209387 "-" "Mozilla/5.0 (Linux; Android 6.0.1; Nexus 5X Build/MMB29P) AppleWebKit/537.36 (KHTML, like Gecko) Chrome/150.0.7871.128 Mobile Safari/537.36 (compatible; GoogleOther)"
216.73.216.82 - - [25/Jul/2026:03:34:25 +0300] "GET /detail/011858155336 HTTP/1.1" 200 54806 "-" "Mozilla/5.0 AppleWebKit/537.36 (KHTML, like Gecko; compatible; ClaudeBot/1.0; +claudebot@anthropic.com)"
66.249.70.98 - - [25/Jul/2026:03:34:25 +0300] "GET /market/781406112270 HTTP/1.1" 200 207962 "-" "Mozilla/5.0 (Linux; Android 6.0.1; Nexus 5X Build/MMB29P) AppleWebKit/537.36 (KHTML, like Gecko) Chrome/150.0.7871.128 Mobile Safari/537.36 (compatible; Googlebot/2.1; +http://www.google.com/bot.html)"
144.76.19.27 - - [25/Jul/2026:03:34:25 +0300] "GET /?z=897934200 HTTP/1.1" 200 54867 "-" "Mozilla/5.0 (compatible; SERankingBacklinksBot/1.0; +https://seranking.com/backlinks-crawler)"
74.7.227.46 - - [25/Jul/2026:03:34:26 +0300] "GET /detail/012273542981?lokasie=/var/www/vhosts/dgpilates.com/httpdocs/djnrxeax.php&loknya=/var/www/vhosts/dgpilates.com/httpdocs HTTP/1.1" 200 9349 "https://dgpilates.com/detail/012273542981" "Mozilla/5.0 AppleWebKit/537.36 (KHTML, like Gecko; compatible; GPTBot/1.4; +https://openai.com/gptbot)"
66.249.70.99 - - [25/Jul/2026:03:34:27 +0300] "GET /detail/904293657473 HTTP/1.1" 200 206784 "-" "Mozilla/5.0 (Linux; Android 6.0.1; Nexus 5X Build/MMB29P) AppleWebKit/537.36 (KHTML, like Gecko) Chrome/150.0.7871.128 Mobile Safari/537.36 (compatible; GoogleOther)"
216.73.216.82 - - [25/Jul/2026:03:34:28 +0300] "GET /products/012598005982 HTTP/1.1" 200 54806 "-" "Mozilla/5.0 AppleWebKit/537.36 (KHTML, like Gecko; compatible; ClaudeBot/1.0; +claudebot@anthropic.com)"
74.7.227.46 - - [25/Jul/2026:03:34:29 +0300] "GET /detail/013923812658?lokasie=/var/www/vhosts/dgpilates.com/httpdocs/djnrxeax.php&loknya=/var/www/vhosts/dgpilates.com/httpdocs HTTP/1.1" 200 9349 "https://dgpilates.com/detail/013923812658" "Mozilla/5.0 AppleWebKit/537.36 (KHTML, like Gecko; compatible; GPTBot/1.4; +https://openai.com/gptbot)"
144.76.19.27 - - [25/Jul/2026:03:34:29 +0300] "GET /?z=897934392 HTTP/1.1" 200 54867 "-" "Mozilla/5.0 (compatible; SERankingBacklinksBot/1.0; +https://seranking.com/backlinks-crawler)"
216.73.216.82 - - [25/Jul/2026:03:34:31 +0300] "GET /goods/011628941626 HTTP/1.1" 200 54806 "-" "Mozilla/5.0 AppleWebKit/537.36 (KHTML, like Gecko; compatible; ClaudeBot/1.0; +claudebot@anthropic.com)"
66.249.70.100 - - [25/Jul/2026:03:34:31 +0300] "GET /market/674129680607 HTTP/1.1" 200 208752 "-" "Mozilla/5.0 (Linux; Android 6.0.1; Nexus 5X Build/MMB29P) AppleWebKit/537.36 (KHTML, like Gecko) Chrome/150.0.7871.128 Mobile Safari/537.36 (compatible; GoogleOther)"
74.7.227.46 - - [25/Jul/2026:03:34:32 +0300] "GET /detail/012129620670?lokasie=/var/www/vhosts/dgpilates.com/httpdocs/szmxxsmy.php&loknya=/var/www/vhosts/dgpilates.com/httpdocs HTTP/1.1" 200 9349 "https://dgpilates.com/detail/012129620670" "Mozilla/5.0 AppleWebKit/537.36 (KHTML, like Gecko; compatible; GPTBot/1.4; +https://openai.com/gptbot)"
66.249.70.100 - - [25/Jul/2026:03:34:32 +0300] "GET /info/663891331817 HTTP/1.1" 200 209942 "-" "Mozilla/5.0 (Linux; Android 6.0.1; Nexus 5X Build/MMB29P) AppleWebKit/537.36 (KHTML, like Gecko) Chrome/150.0.7871.128 Mobile Safari/537.36 (compatible; Googlebot/2.1; +http://www.google.com/bot.html)"
144.76.19.27 - - [25/Jul/2026:03:34:33 +0300] "GET /?z=897934440 HTTP/1.1" 200 54898 "-" "Mozilla/5.0 (compatible; SERankingBacklinksBot/1.0; +https://seranking.com/backlinks-crawler)"
216.73.216.82 - - [25/Jul/2026:03:34:34 +0300] "GET /shopbrand/0133860653 HTTP/1.1" 200 54806 "-" "Mozilla/5.0 AppleWebKit/537.36 (KHTML, like Gecko; compatible; ClaudeBot/1.0; +claudebot@anthropic.com)"
66.249.70.99 - - [25/Jul/2026:03:34:34 +0300] "GET /detail/753401943475 HTTP/1.1" 200 207728 "-" "Mozilla/5.0 (Linux; Android 6.0.1; Nexus 5X Build/MMB29P) AppleWebKit/537.36 (KHTML, like Gecko) Chrome/150.0.7871.128 Mobile Safari/537.36 (compatible; GoogleOther)"
74.7.227.46 - - [25/Jul/2026:03:34:35 +0300] "GET /detail/014263901302?lokasie=/var/www/vhosts/dgpilates.com/httpdocs/swqirnyk.php&loknya=/var/www/vhosts/dgpilates.com/httpdocs HTTP/1.1" 200 9349 "https://dgpilates.com/detail/014263901302" "Mozilla/5.0 AppleWebKit/537.36 (KHTML, like Gecko; compatible; GPTBot/1.4; +https://openai.com/gptbot)"
216.73.216.82 - - [25/Jul/2026:03:34:37 +0300] "GET /market/011979802646 HTTP/1.1" 200 54806 "-" "Mozilla/5.0 AppleWebKit/537.36 (KHTML, like Gecko; compatible; ClaudeBot/1.0; +claudebot@anthropic.com)"
144.76.19.27 - - [25/Jul/2026:03:34:37 +0300] "GET /?z=897938296 HTTP/1.1" 200 54867 "-" "Mozilla/5.0 (compatible; SERankingBacklinksBot/1.0; +https://seranking.com/backlinks-crawler)"
66.249.70.100 - - [25/Jul/2026:03:34:38 +0300] "GET /market/841546539375 HTTP/1.1" 200 207086 "-" "Mozilla/5.0 (Linux; Android 6.0.1; Nexus 5X Build/MMB29P) AppleWebKit/537.36 (KHTML, like Gecko) Chrome/150.0.7871.128 Mobile Safari/537.36 (compatible; GoogleOther)"
74.7.227.46 - - [25/Jul/2026:03:34:39 +0300] "GET /detail/013767020540?lokasie=/var/www/vhosts/dgpilates.com/httpdocs/ocmfvusz.php&loknya=/var/www/vhosts/dgpilates.com/httpdocs HTTP/1.1" 200 9349 "https://dgpilates.com/detail/013767020540" "Mozilla/5.0 AppleWebKit/537.36 (KHTML, like Gecko; compatible; GPTBot/1.4; +https://openai.com/gptbot)"
66.249.70.98 - - [25/Jul/2026:03:34:39 +0300] "GET /info/723801259689 HTTP/1.1" 200 205959 "-" "Mozilla/5.0 (Linux; Android 6.0.1; Nexus 5X Build/MMB29P) AppleWebKit/537.36 (KHTML, like Gecko) Chrome/150.0.7871.128 Mobile Safari/537.36 (compatible; Googlebot/2.1; +http://www.google.com/bot.html)"
216.73.216.82 - - [25/Jul/2026:03:34:40 +0300] "GET /product/01864546639 HTTP/1.1" 200 54806 "-" "Mozilla/5.0 AppleWebKit/537.36 (KHTML, like Gecko; compatible; ClaudeBot/1.0; +claudebot@anthropic.com)"
144.76.19.27 - - [25/Jul/2026:03:34:41 +0300] "GET /?z=897938496 HTTP/1.1" 200 54867 "-" "Mozilla/5.0 (compatible; SERankingBacklinksBot/1.0; +https://seranking.com/backlinks-crawler)"
74.7.227.46 - - [25/Jul/2026:03:34:42 +0300] "GET /detail/013603947264?lokasie=/var/www/vhosts/dgpilates.com/httpdocs/ocmfvusz.php&loknya=/var/www/vhosts/dgpilates.com/httpdocs HTTP/1.1" 200 9349 "https://dgpilates.com/detail/013603947264" "Mozilla/5.0 AppleWebKit/537.36 (KHTML, like Gecko; compatible; GPTBot/1.4; +https://openai.com/gptbot)"
66.249.70.100 - - [25/Jul/2026:03:34:42 +0300] "GET /info/653671932299 HTTP/1.1" 200 199753 "-" "Mozilla/5.0 (Linux; Android 6.0.1; Nexus 5X Build/MMB29P) AppleWebKit/537.36 (KHTML, like Gecko) Chrome/150.0.7871.128 Mobile Safari/537.36 (compatible; GoogleOther)"
216.73.216.82 - - [25/Jul/2026:03:34:43 +0300] "GET /products/011823650030 HTTP/1.1" 200 54806 "-" "Mozilla/5.0 AppleWebKit/537.36 (KHTML, like Gecko; compatible; ClaudeBot/1.0; +claudebot@anthropic.com)"
74.7.227.46 - - [25/Jul/2026:03:34:45 +0300] "GET /detail/011386830316?lokasie=/var/www/vhosts/dgpilates.com/httpdocs/ocmfvusz.php&loknya=/var/www/vhosts/dgpilates.com/httpdocs HTTP/1.1" 200 9349 "https://dgpilates.com/detail/011386830316" "Mozilla/5.0 AppleWebKit/537.36 (KHTML, like Gecko; compatible; GPTBot/1.4; +https://openai.com/gptbot)"
144.76.19.27 - - [25/Jul/2026:03:34:45 +0300] "GET /?z=897939992 HTTP/1.1" 200 54867 "-" "Mozilla/5.0 (compatible; SERankingBacklinksBot/1.0; +https://seranking.com/backlinks-crawler)"
66.249.70.99 - - [25/Jul/2026:03:34:45 +0300] "GET /entity/01758135098 HTTP/1.1" 200 209840 "-" "Mozilla/5.0 (Linux; Android 6.0.1; Nexus 5X Build/MMB29P) AppleWebKit/537.36 (KHTML, like Gecko) Chrome/150.0.7871.128 Mobile Safari/537.36 (compatible; GoogleOther)"
216.73.216.82 - - [25/Jul/2026:03:34:46 +0300] "GET /product/011178874097 HTTP/1.1" 200 54806 "-" "Mozilla/5.0 AppleWebKit/537.36 (KHTML, like Gecko; compatible; ClaudeBot/1.0; +claudebot@anthropic.com)"
66.249.70.99 - - [25/Jul/2026:03:34:46 +0300] "GET /detail/771512095147 HTTP/1.1" 200 203480 "-" "Mozilla/5.0 (Linux; Android 6.0.1; Nexus 5X Build/MMB29P) AppleWebKit/537.36 (KHTML, like Gecko) Chrome/150.0.7871.128 Mobile Safari/537.36 (compatible; Googlebot/2.1; +http://www.google.com/bot.html)"
74.7.227.46 - - [25/Jul/2026:03:34:48 +0300] "GET /detail/014049983350?lokasie=/var/www/vhosts/dgpilates.com/httpdocs/djnrxeax.php&loknya=/var/www/vhosts/dgpilates.com/httpdocs HTTP/1.1" 200 9349 "https://dgpilates.com/detail/014049983350" "Mozilla/5.0 AppleWebKit/537.36 (KHTML, like Gecko; compatible; GPTBot/1.4; +https://openai.com/gptbot)"
57.141.0.63 - - [25/Jul/2026:03:34:48 +0300] "GET /item/013159877856 HTTP/1.1" 200 54866 "-" "Mozilla/5.0 (Macintosh; Intel Mac OS X 10_15_7) AppleWebKit/537.36 (KHTML, like Gecko) Chrome/145.0.0.0 Safari/537.36 (compatible; meta-externalagent/1.1 (+https://developers.facebook.com/docs/sharing/webmasters/crawler))"
216.73.216.82 - - [25/Jul/2026:03:34:49 +0300] "GET /market/01752981206 HTTP/1.1" 200 54806 "-" "Mozilla/5.0 AppleWebKit/537.36 (KHTML, like Gecko; compatible; ClaudeBot/1.0; +claudebot@anthropic.com)"
66.249.70.99 - - [25/Jul/2026:03:34:49 +0300] "GET /market/712273790728 HTTP/1.1" 200 211307 "-" "Mozilla/5.0 (Linux; Android 6.0.1; Nexus 5X Build/MMB29P) AppleWebKit/537.36 (KHTML, like Gecko) Chrome/150.0.7871.128 Mobile Safari/537.36 (compatible; GoogleOther)"
