66.249.70.99 - - [25/Jul/2026:04:40:41 +0300] "GET /detail/753949350486 HTTP/1.1" 200 199742 "-" "Mozilla/5.0 (Linux; Android 6.0.1; Nexus 5X Build/MMB29P) AppleWebKit/537.36 (KHTML, like Gecko) Chrome/150.0.7871.128 Mobile Safari/537.36 (compatible; GoogleOther)"
74.7.227.46 - - [25/Jul/2026:04:40:43 +0300] "GET /detail/011344873421?lokasie=/var/www/vhosts/dgpilates.com/httpdocs/xpzkquvf.php&loknya=/var/www/vhosts/dgpilates.com/httpdocs HTTP/1.1" 200 28599 "https://dgpilates.com/detail/011344873421" "Mozilla/5.0 AppleWebKit/537.36 (KHTML, like Gecko; compatible; GPTBot/1.4; +https://openai.com/gptbot)"
144.76.19.27 - - [25/Jul/2026:04:40:44 +0300] "GET /?z=899243120 HTTP/1.1" 200 54867 "-" "Mozilla/5.0 (compatible; SERankingBacklinksBot/1.0; +https://seranking.com/backlinks-crawler)"
216.73.216.82 - - [25/Jul/2026:04:40:44 +0300] "GET /market/01516564527 HTTP/1.1" 200 54806 "-" "Mozilla/5.0 AppleWebKit/537.36 (KHTML, like Gecko; compatible; ClaudeBot/1.0; +claudebot@anthropic.com)"
66.249.70.98 - - [25/Jul/2026:04:40:45 +0300] "GET /info/841203330693 HTTP/1.1" 200 207842 "-" "Mozilla/5.0 (Linux; Android 6.0.1; Nexus 5X Build/MMB29P) AppleWebKit/537.36 (KHTML, like Gecko) Chrome/150.0.7871.128 Mobile Safari/537.36 (compatible; GoogleOther)"
74.7.227.46 - - [25/Jul/2026:04:40:47 +0300] "GET /detail/012405547844?lokasie=/var/www/vhosts/dgpilates.com/httpdocs/ocmfvusz.php&loknya=/var/www/vhosts/dgpilates.com/httpdocs HTTP/1.1" 200 9349 "https://dgpilates.com/detail/012405547844" "Mozilla/5.0 AppleWebKit/537.36 (KHTML, like Gecko; compatible; GPTBot/1.4; +https://openai.com/gptbot)"
66.249.70.98 - - [25/Jul/2026:04:40:47 +0300] "GET /info/68775784774 HTTP/1.1" 200 214226 "-" "Mozilla/5.0 (Linux; Android 6.0.1; Nexus 5X Build/MMB29P) AppleWebKit/537.36 (KHTML, like Gecko) Chrome/150.0.7871.128 Mobile Safari/537.36 (compatible; Googlebot/2.1; +http://www.google.com/bot.html)"
216.73.216.82 - - [25/Jul/2026:04:40:47 +0300] "GET /detail/01304183422 HTTP/1.1" 200 54806 "-" "Mozilla/5.0 AppleWebKit/537.36 (KHTML, like Gecko; compatible; ClaudeBot/1.0; +claudebot@anthropic.com)"
144.76.19.27 - - [25/Jul/2026:04:40:48 +0300] "GET /?z=899244432 HTTP/1.1" 200 54867 "-" "Mozilla/5.0 (compatible; SERankingBacklinksBot/1.0; +https://seranking.com/backlinks-crawler)"
66.249.70.98 - - [25/Jul/2026:04:40:48 +0300] "GET /detail/841747908872 HTTP/1.1" 200 209723 "-" "Mozilla/5.0 (Linux; Android 6.0.1; Nexus 5X Build/MMB29P) AppleWebKit/537.36 (KHTML, like Gecko) Chrome/150.0.7871.128 Mobile Safari/537.36 (compatible; GoogleOther)"
74.7.227.46 - - [25/Jul/2026:04:40:50 +0300] "GET /detail/013424693602?lokasie=/var/www/vhosts/dgpilates.com/httpdocs/djnrxeax.php&loknya=/var/www/vhosts/dgpilates.com/httpdocs HTTP/1.1" 200 9349 "https://dgpilates.com/detail/013424693602" "Mozilla/5.0 AppleWebKit/537.36 (KHTML, like Gecko; compatible; GPTBot/1.4; +https://openai.com/gptbot)"
216.73.216.82 - - [25/Jul/2026:04:40:50 +0300] "GET /shopping/011006268899 HTTP/1.1" 200 54806 "-" "Mozilla/5.0 AppleWebKit/537.36 (KHTML, like Gecko; compatible; ClaudeBot/1.0; +claudebot@anthropic.com)"
144.76.19.27 - - [25/Jul/2026:04:40:52 +0300] "GET /?z=899244664 HTTP/1.1" 200 54867 "-" "Mozilla/5.0 (compatible; SERankingBacklinksBot/1.0; +https://seranking.com/backlinks-crawler)"
66.249.70.98 - - [25/Jul/2026:04:40:52 +0300] "GET /detail/772341150512 HTTP/1.1" 200 198796 "-" "Mozilla/5.0 (Linux; Android 6.0.1; Nexus 5X Build/MMB29P) AppleWebKit/537.36 (KHTML, like Gecko) Chrome/150.0.7871.128 Mobile Safari/537.36 (compatible; GoogleOther)"
74.7.227.46 - - [25/Jul/2026:04:40:53 +0300] "GET /detail/012419021855?lokasie=/var/www/vhosts/dgpilates.com/httpdocs/filefuns.php&loknya=/var/www/vhosts/dgpilates.com/httpdocs HTTP/1.1" 200 15850 "https://dgpilates.com/detail/012419021855" "Mozilla/5.0 AppleWebKit/537.36 (KHTML, like Gecko; compatible; GPTBot/1.4; +https://openai.com/gptbot)"
216.73.216.82 - - [25/Jul/2026:04:40:53 +0300] "GET /goods/011358381731 HTTP/1.1" 200 54806 "-" "Mozilla/5.0 AppleWebKit/537.36 (KHTML, like Gecko; compatible; ClaudeBot/1.0; +claudebot@anthropic.com)"
144.76.19.27 - - [25/Jul/2026:04:40:56 +0300] "GET /?z=899244776 HTTP/1.1" 200 54867 "-" "Mozilla/5.0 (compatible; SERankingBacklinksBot/1.0; +https://seranking.com/backlinks-crawler)"
66.249.70.98 - - [25/Jul/2026:04:40:56 +0300] "GET /info/863434368300 HTTP/1.1" 200 203495 "-" "Mozilla/5.0 (Linux; Android 6.0.1; Nexus 5X Build/MMB29P) AppleWebKit/537.36 (KHTML, like Gecko) Chrome/150.0.7871.128 Mobile Safari/537.36 (compatible; GoogleOther)"
74.7.227.46 - - [25/Jul/2026:04:40:56 +0300] "GET /detail/012997676257?lokasie=/var/www/vhosts/dgpilates.com/httpdocs/szmxxsmy.php&loknya=/var/www/vhosts/dgpilates.com/httpdocs HTTP/1.1" 200 9349 "https://dgpilates.com/detail/012997676257" "Mozilla/5.0 AppleWebKit/537.36 (KHTML, like Gecko; compatible; GPTBot/1.4; +https://openai.com/gptbot)"
216.73.216.82 - - [25/Jul/2026:04:40:56 +0300] "GET /shopdetail/01529634612 HTTP/1.1" 200 54806 "-" "Mozilla/5.0 AppleWebKit/537.36 (KHTML, like Gecko; compatible; ClaudeBot/1.0; +claudebot@anthropic.com)"
66.249.70.98 - - [25/Jul/2026:04:40:57 +0300] "GET /goods/833136329796 HTTP/1.1" 200 208043 "-" "Mozilla/5.0 (Linux; Android 6.0.1; Nexus 5X Build/MMB29P) AppleWebKit/537.36 (KHTML, like Gecko) Chrome/150.0.7871.128 Mobile Safari/537.36 (compatible; Googlebot/2.1; +http://www.google.com/bot.html)"
216.73.216.82 - - [25/Jul/2026:04:40:59 +0300] "GET /shopbrand/01965764225 HTTP/1.1" 200 54806 "-" "Mozilla/5.0 AppleWebKit/537.36 (KHTML, like Gecko; compatible; ClaudeBot/1.0; +claudebot@anthropic.com)"
74.7.227.46 - - [25/Jul/2026:04:40:59 +0300] "GET /detail/011761649123?lokasie=/var/www/vhosts/dgpilates.com/httpdocs/xmlrpc.php&loknya=/var/www/vhosts/dgpilates.com/httpdocs HTTP/1.1" 200 12905 "https://dgpilates.com/detail/011761649123" "Mozilla/5.0 AppleWebKit/537.36 (KHTML, like Gecko; compatible; GPTBot/1.4; +https://openai.com/gptbot)"
66.249.70.98 - - [25/Jul/2026:04:40:59 +0300] "GET /detail/794043821201 HTTP/1.1" 200 198977 "-" "Mozilla/5.0 (Linux; Android 6.0.1; Nexus 5X Build/MMB29P) AppleWebKit/537.36 (KHTML, like Gecko) Chrome/150.0.7871.128 Mobile Safari/537.36 (compatible; GoogleOther)"
144.76.19.27 - - [25/Jul/2026:04:41:00 +0300] "GET /?z=899247352 HTTP/1.1" 200 54867 "-" "Mozilla/5.0 (compatible; SERankingBacklinksBot/1.0; +https://seranking.com/backlinks-crawler)"
216.73.216.82 - - [25/Jul/2026:04:41:02 +0300] "GET /market/012241957787 HTTP/1.1" 200 54806 "-" "Mozilla/5.0 AppleWebKit/537.36 (KHTML, like Gecko; compatible; ClaudeBot/1.0; +claudebot@anthropic.com)"
74.7.227.46 - - [25/Jul/2026:04:41:03 +0300] "GET /detail/012296805205?lokasie=/var/www/vhosts/dgpilates.com/httpdocs/apjkwbmw.php&loknya=/var/www/vhosts/dgpilates.com/httpdocs HTTP/1.1" 200 9349 "https://dgpilates.com/detail/012296805205" "Mozilla/5.0 AppleWebKit/537.36 (KHTML, like Gecko; compatible; GPTBot/1.4; +https://openai.com/gptbot)"
66.249.70.98 - - [25/Jul/2026:04:41:03 +0300] "GET /info/784183651461 HTTP/1.1" 200 206349 "-" "Mozilla/5.0 (Linux; Android 6.0.1; Nexus 5X Build/MMB29P) AppleWebKit/537.36 (KHTML, like Gecko) Chrome/150.0.7871.128 Mobile Safari/537.36 (compatible; GoogleOther)"
144.76.19.27 - - [25/Jul/2026:04:41:04 +0300] "GET /?z=899251768 HTTP/1.1" 200 54867 "-" "Mozilla/5.0 (compatible; SERankingBacklinksBot/1.0; +https://seranking.com/backlinks-crawler)"
216.73.216.82 - - [25/Jul/2026:04:41:05 +0300] "GET /products/01662101631 HTTP/1.1" 200 54806 "-" "Mozilla/5.0 AppleWebKit/537.36 (KHTML, like Gecko; compatible; ClaudeBot/1.0; +claudebot@anthropic.com)"
74.7.227.46 - - [25/Jul/2026:04:41:06 +0300] "GET /detail/013668510363?lokasie=/var/www/vhosts/dgpilates.com/httpdocs/apjkwbmw.php&loknya=/var/www/vhosts/dgpilates.com/httpdocs HTTP/1.1" 200 9349 "https://dgpilates.com/detail/013668510363" "Mozilla/5.0 AppleWebKit/537.36 (KHTML, like Gecko; compatible; GPTBot/1.4; +https://openai.com/gptbot)"
66.249.70.98 - - [25/Jul/2026:04:41:06 +0300] "GET /detail/79336579750 HTTP/1.1" 200 213756 "-" "Mozilla/5.0 (Linux; Android 6.0.1; Nexus 5X Build/MMB29P) AppleWebKit/537.36 (KHTML, like Gecko) Chrome/150.0.7871.128 Mobile Safari/537.36 (compatible; GoogleOther)"
66.249.70.98 - - [25/Jul/2026:04:41:07 +0300] "GET /info/763952142453 HTTP/1.1" 200 204530 "-" "Mozilla/5.0 (Linux; Android 6.0.1; Nexus 5X Build/MMB29P) AppleWebKit/537.36 (KHTML, like Gecko) Chrome/150.0.7871.128 Mobile Safari/537.36 (compatible; Googlebot/2.1; +http://www.google.com/bot.html)"
144.76.19.27 - - [25/Jul/2026:04:41:07 +0300] "GET /?z=899253696 HTTP/1.1" 200 54867 "-" "Mozilla/5.0 (compatible; SERankingBacklinksBot/1.0; +https://seranking.com/backlinks-crawler)"
216.73.216.82 - - [25/Jul/2026:04:41:08 +0300] "GET /detail/01851525610 HTTP/1.1" 200 54806 "-" "Mozilla/5.0 AppleWebKit/537.36 (KHTML, like Gecko; compatible; ClaudeBot/1.0; +claudebot@anthropic.com)"
74.7.227.46 - - [25/Jul/2026:04:41:09 +0300] "GET /detail/013081682709?lokasie=/var/www/vhosts/dgpilates.com/httpdocs/swqirnyk.php&loknya=/var/www/vhosts/dgpilates.com/httpdocs HTTP/1.1" 200 9349 "https://dgpilates.com/detail/013081682709" "Mozilla/5.0 AppleWebKit/537.36 (KHTML, like Gecko; compatible; GPTBot/1.4; +https://openai.com/gptbot)"
66.249.70.98 - - [25/Jul/2026:04:41:10 +0300] "GET /info/861937406436 HTTP/1.1" 200 198787 "-" "Mozilla/5.0 (Linux; Android 6.0.1; Nexus 5X Build/MMB29P) AppleWebKit/537.36 (KHTML, like Gecko) Chrome/150.0.7871.128 Mobile Safari/537.36 (compatible; GoogleOther)"
144.76.19.27 - - [25/Jul/2026:04:41:11 +0300] "GET /?z=899257960 HTTP/1.1" 200 54867 "-" "Mozilla/5.0 (compatible; SERankingBacklinksBot/1.0; +https://seranking.com/backlinks-crawler)"
216.73.216.82 - - [25/Jul/2026:04:41:11 +0300] "GET /shopping/014061331219 HTTP/1.1" 200 54806 "-" "Mozilla/5.0 AppleWebKit/537.36 (KHTML, like Gecko; compatible; ClaudeBot/1.0; +claudebot@anthropic.com)"
74.7.227.46 - - [25/Jul/2026:04:41:12 +0300] "GET /detail/011266822659?lokasie=/var/www/vhosts/dgpilates.com/httpdocs/djnrxeax.php&loknya=/var/www/vhosts/dgpilates.com/httpdocs HTTP/1.1" 200 9349 "https://dgpilates.com/detail/011266822659" "Mozilla/5.0 AppleWebKit/537.36 (KHTML, like Gecko; compatible; GPTBot/1.4; +https://openai.com/gptbot)"
66.249.70.98 - - [25/Jul/2026:04:41:14 +0300] "GET /detail/032556952356 HTTP/1.1" 200 201444 "-" "Mozilla/5.0 (Linux; Android 6.0.1; Nexus 5X Build/MMB29P) AppleWebKit/537.36 (KHTML, like Gecko) Chrome/150.0.7871.128 Mobile Safari/537.36 (compatible; GoogleOther)"
216.73.216.82 - - [25/Jul/2026:04:41:14 +0300] "GET /product/011954947311 HTTP/1.1" 200 54806 "-" "Mozilla/5.0 AppleWebKit/537.36 (KHTML, like Gecko; compatible; ClaudeBot/1.0; +claudebot@anthropic.com)"
144.76.19.27 - - [25/Jul/2026:04:41:15 +0300] "GET /?z=899258896 HTTP/1.1" 200 54867 "-" "Mozilla/5.0 (compatible; SERankingBacklinksBot/1.0; +https://seranking.com/backlinks-crawler)"
74.7.227.46 - - [25/Jul/2026:04:41:15 +0300] "GET /detail/013569921614?lokasie=/var/www/vhosts/dgpilates.com/httpdocs/swqirnyk.php&loknya=/var/www/vhosts/dgpilates.com/httpdocs HTTP/1.1" 200 9349 "https://dgpilates.com/detail/013569921614" "Mozilla/5.0 AppleWebKit/537.36 (KHTML, like Gecko; compatible; GPTBot/1.4; +https://openai.com/gptbot)"
66.249.70.98 - - [25/Jul/2026:04:41:17 +0300] "GET /goods/691288737829 HTTP/1.1" 200 204941 "-" "Mozilla/5.0 (Linux; Android 6.0.1; Nexus 5X Build/MMB29P) AppleWebKit/537.36 (KHTML, like Gecko) Chrome/150.0.7871.128 Mobile Safari/537.36 (compatible; Googlebot/2.1; +http://www.google.com/bot.html)"
216.73.216.82 - - [25/Jul/2026:04:41:17 +0300] "GET /product/012313355793 HTTP/1.1" 200 54806 "-" "Mozilla/5.0 AppleWebKit/537.36 (KHTML, like Gecko; compatible; ClaudeBot/1.0; +claudebot@anthropic.com)"
66.249.70.98 - - [25/Jul/2026:04:41:17 +0300] "GET /detail/702512803831 HTTP/1.1" 200 203247 "-" "Mozilla/5.0 (Linux; Android 6.0.1; Nexus 5X Build/MMB29P) AppleWebKit/537.36 (KHTML, like Gecko) Chrome/150.0.7871.128 Mobile Safari/537.36 (compatible; GoogleOther)"
74.7.227.46 - - [25/Jul/2026:04:41:18 +0300] "GET /detail/012139373081?lokasie=/var/www/vhosts/dgpilates.com/httpdocs/ocmfvusz.php&loknya=/var/www/vhosts/dgpilates.com/httpdocs HTTP/1.1" 200 9349 "https://dgpilates.com/detail/012139373081" "Mozilla/5.0 AppleWebKit/537.36 (KHTML, like Gecko; compatible; GPTBot/1.4; +https://openai.com/gptbot)"
144.76.19.27 - - [25/Jul/2026:04:41:19 +0300] "GET /?z=899259280 HTTP/1.1" 200 54867 "-" "Mozilla/5.0 (compatible; SERankingBacklinksBot/1.0; +https://seranking.com/backlinks-crawler)"
216.73.216.82 - - [25/Jul/2026:04:41:20 +0300] "GET /product/013641575050 HTTP/1.1" 200 54806 "-" "Mozilla/5.0 AppleWebKit/537.36 (KHTML, like Gecko; compatible; ClaudeBot/1.0; +claudebot@anthropic.com)"
66.249.70.99 - - [25/Jul/2026:04:41:20 +0300] "GET /item/833713583814 HTTP/1.1" 200 211419 "-" "Mozilla/5.0 (Linux; Android 6.0.1; Nexus 5X Build/MMB29P) AppleWebKit/537.36 (KHTML, like Gecko) Chrome/150.0.7871.128 Mobile Safari/537.36 (compatible; Googlebot/2.1; +http://www.google.com/bot.html)"
66.249.70.100 - - [25/Jul/2026:04:41:21 +0300] "GET /detail/712504674847 HTTP/1.1" 200 205039 "-" "Mozilla/5.0 (Linux; Android 6.0.1; Nexus 5X Build/MMB29P) AppleWebKit/537.36 (KHTML, like Gecko) Chrome/150.0.7871.128 Mobile Safari/537.36 (compatible; GoogleOther)"
74.7.227.46 - - [25/Jul/2026:04:41:22 +0300] "GET /detail/014015018164?lokasie=/var/www/vhosts/dgpilates.com/httpdocs/djnrxeax.php&loknya=/var/www/vhosts/dgpilates.com/httpdocs HTTP/1.1" 200 9349 "https://dgpilates.com/detail/014015018164" "Mozilla/5.0 AppleWebKit/537.36 (KHTML, like Gecko; compatible; GPTBot/1.4; +https://openai.com/gptbot)"
144.76.19.27 - - [25/Jul/2026:04:41:23 +0300] "GET /?z=899260112 HTTP/1.1" 200 54867 "-" "Mozilla/5.0 (compatible; SERankingBacklinksBot/1.0; +https://seranking.com/backlinks-crawler)"
216.73.216.82 - - [25/Jul/2026:04:41:23 +0300] "GET /item/011851195314 HTTP/1.1" 200 54806 "-" "Mozilla/5.0 AppleWebKit/537.36 (KHTML, like Gecko; compatible; ClaudeBot/1.0; +claudebot@anthropic.com)"
74.7.227.46 - - [25/Jul/2026:04:41:25 +0300] "GET /detail/011074058199?lokasie=/var/www/vhosts/dgpilates.com/httpdocs/apjkwbmw.php&loknya=/var/www/vhosts/dgpilates.com/httpdocs HTTP/1.1" 200 9349 "https://dgpilates.com/detail/011074058199" "Mozilla/5.0 AppleWebKit/537.36 (KHTML, like Gecko; compatible; GPTBot/1.4; +https://openai.com/gptbot)"
66.249.70.100 - - [25/Jul/2026:04:41:25 +0300] "GET /goods/702285031323 HTTP/1.1" 200 209726 "-" "Mozilla/5.0 (Linux; Android 6.0.1; Nexus 5X Build/MMB29P) AppleWebKit/537.36 (KHTML, like Gecko) Chrome/150.0.7871.128 Mobile Safari/537.36 (compatible; GoogleOther)"
216.73.216.82 - - [25/Jul/2026:04:41:26 +0300] "GET /products/012793305061 HTTP/1.1" 200 54806 "-" "Mozilla/5.0 AppleWebKit/537.36 (KHTML, like Gecko; compatible; ClaudeBot/1.0; +claudebot@anthropic.com)"
144.76.19.27 - - [25/Jul/2026:04:41:27 +0300] "GET /?z=899260272 HTTP/1.1" 200 54867 "-" "Mozilla/5.0 (compatible; SERankingBacklinksBot/1.0; +https://seranking.com/backlinks-crawler)"
66.249.70.98 - - [25/Jul/2026:04:41:27 +0300] "GET /detail/673947415349 HTTP/1.1" 200 208819 "-" "Mozilla/5.0 (Linux; Android 6.0.1; Nexus 5X Build/MMB29P) AppleWebKit/537.36 (KHTML, like Gecko) Chrome/150.0.7871.128 Mobile Safari/537.36 (compatible; Googlebot/2.1; +http://www.google.com/bot.html)"
74.7.227.46 - - [25/Jul/2026:04:41:28 +0300] "GET /detail/011521015167?lokasie=/var/www/vhosts/dgpilates.com/httpdocs/filefuns.php&loknya=/var/www/vhosts/dgpilates.com/httpdocs HTTP/1.1" 200 15850 "https://dgpilates.com/detail/011521015167" "Mozilla/5.0 AppleWebKit/537.36 (KHTML, like Gecko; compatible; GPTBot/1.4; +https://openai.com/gptbot)"
66.249.70.99 - - [25/Jul/2026:04:41:28 +0300] "GET /market/841546677329 HTTP/1.1" 200 220683 "-" "Mozilla/5.0 (Linux; Android 6.0.1; Nexus 5X Build/MMB29P) AppleWebKit/537.36 (KHTML, like Gecko) Chrome/150.0.7871.128 Mobile Safari/537.36 (compatible; GoogleOther)"
57.141.0.59 - - [25/Jul/2026:04:41:30 +0300] "GET /items/01747137680?loknya=/var/www HTTP/1.1" 200 10230 "-" "Mozilla/5.0 (Windows NT 10.0; Win64; x64) AppleWebKit/537.36 (KHTML, like Gecko) Chrome/145.0.0.0 Safari/537.36 (compatible; meta-externalagent/1.1 (+https://developers.facebook.com/docs/sharing/webmasters/crawler))"
144.76.19.27 - - [25/Jul/2026:04:41:31 +0300] "GET /?z=899262392 HTTP/1.1" 200 54867 "-" "Mozilla/5.0 (compatible; SERankingBacklinksBot/1.0; +https://seranking.com/backlinks-crawler)"
74.7.227.46 - - [25/Jul/2026:04:41:31 +0300] "GET /detail/012114579934?lokasie=/var/www/vhosts/dgpilates.com/httpdocs/djnrxeax.php&loknya=/var/www/vhosts/dgpilates.com/httpdocs HTTP/1.1" 200 9349 "https://dgpilates.com/detail/012114579934" "Mozilla/5.0 AppleWebKit/537.36 (KHTML, like Gecko; compatible; GPTBot/1.4; +https://openai.com/gptbot)"
216.73.216.82 - - [25/Jul/2026:04:41:32 +0300] "GET /products/01760672041?loknya=%2Fvar HTTP/1.1" 200 10185 "-" "Mozilla/5.0 AppleWebKit/537.36 (KHTML, like Gecko; compatible; ClaudeBot/1.0; +claudebot@anthropic.com)"
66.249.70.100 - - [25/Jul/2026:04:41:32 +0300] "GET /item/701874257876 HTTP/1.1" 200 208604 "-" "Mozilla/5.0 (Linux; Android 6.0.1; Nexus 5X Build/MMB29P) AppleWebKit/537.36 (KHTML, like Gecko) Chrome/150.0.7871.128 Mobile Safari/537.36 (compatible; GoogleOther)"
74.7.227.46 - - [25/Jul/2026:04:41:34 +0300] "GET /detail/012117004116?lokasie=/var/www/vhosts/dgpilates.com/httpdocs/xmlrpc.php&loknya=/var/www/vhosts/dgpilates.com/httpdocs HTTP/1.1" 200 12905 "https://dgpilates.com/detail/012117004116" "Mozilla/5.0 AppleWebKit/537.36 (KHTML, like Gecko; compatible; GPTBot/1.4; +https://openai.com/gptbot)"
216.73.216.82 - - [25/Jul/2026:04:41:34 +0300] "GET /product/014123986764?loknya=%2Fvar HTTP/1.1" 200 10185 "-" "Mozilla/5.0 AppleWebKit/537.36 (KHTML, like Gecko; compatible; ClaudeBot/1.0; +claudebot@anthropic.com)"
144.76.19.27 - - [25/Jul/2026:04:41:35 +0300] "GET /?z=899262736 HTTP/1.1" 200 54867 "-" "Mozilla/5.0 (compatible; SERankingBacklinksBot/1.0; +https://seranking.com/backlinks-crawler)"
66.249.70.100 - - [25/Jul/2026:04:41:35 +0300] "GET /info/742306636225 HTTP/1.1" 200 202119 "-" "Mozilla/5.0 (Linux; Android 6.0.1; Nexus 5X Build/MMB29P) AppleWebKit/537.36 (KHTML, like Gecko) Chrome/150.0.7871.128 Mobile Safari/537.36 (compatible; GoogleOther)"
43.153.7.191 - - [25/Jul/2026:04:41:36 +0300] "GET /?lokasie=/var/www/vhosts/dgpilates.com/httpdocs/license.txt&loknya=/var/www/vhosts/dgpilates.com/httpdocs HTTP/1.1" 200 29609 "-" "Mozilla/5.0 (iPhone; CPU iPhone OS 13_2_3 like Mac OS X) AppleWebKit/605.1.15 (KHTML, like Gecko) Version/13.0.3 Mobile/15E148 Safari/604.1"
66.249.70.98 - - [25/Jul/2026:04:41:37 +0300] "GET /detail/773209351334 HTTP/1.1" 200 218317 "-" "Mozilla/5.0 (Linux; Android 6.0.1; Nexus 5X Build/MMB29P) AppleWebKit/537.36 (KHTML, like Gecko) Chrome/150.0.7871.128 Mobile Safari/537.36 (compatible; Googlebot/2.1; +http://www.google.com/bot.html)"
74.7.227.46 - - [25/Jul/2026:04:41:37 +0300] "GET /detail/011045194945?lokasie=/var/www/vhosts/dgpilates.com/httpdocs/szmxxsmy.php&loknya=/var/www/vhosts/dgpilates.com/httpdocs HTTP/1.1" 200 9349 "https://dgpilates.com/detail/011045194945" "Mozilla/5.0 AppleWebKit/537.36 (KHTML, like Gecko; compatible; GPTBot/1.4; +https://openai.com/gptbot)"
216.73.216.82 - - [25/Jul/2026:04:41:37 +0300] "GET /products/01937227665?loknya=%2Fvar HTTP/1.1" 200 10185 "-" "Mozilla/5.0 AppleWebKit/537.36 (KHTML, like Gecko; compatible; ClaudeBot/1.0; +claudebot@anthropic.com)"
144.76.19.27 - - [25/Jul/2026:04:41:39 +0300] "GET /?z=899264088 HTTP/1.1" 200 54867 "-" "Mozilla/5.0 (compatible; SERankingBacklinksBot/1.0; +https://seranking.com/backlinks-crawler)"
66.249.70.100 - - [25/Jul/2026:04:41:39 +0300] "GET /detail/79543735114 HTTP/1.1" 200 201102 "-" "Mozilla/5.0 (Linux; Android 6.0.1; Nexus 5X Build/MMB29P) AppleWebKit/537.36 (KHTML, like Gecko) Chrome/150.0.7871.128 Mobile Safari/537.36 (compatible; GoogleOther)"
216.73.216.82 - - [25/Jul/2026:04:41:40 +0300] "GET /shopping/01957489090?loknya=%2Fvar%2Fwww%2Fvhosts%2Fdgpilates.com%2Fhttpdocs%2Fwp-admin HTTP/1.1" 200 164242 "-" "Mozilla/5.0 AppleWebKit/537.36 (KHTML, like Gecko; compatible; ClaudeBot/1.0; +claudebot@anthropic.com)"
74.7.227.46 - - [25/Jul/2026:04:41:40 +0300] "GET /detail/011382241512?lokasie=/var/www/vhosts/dgpilates.com/httpdocs/swqirnyk.php&loknya=/var/www/vhosts/dgpilates.com/httpdocs HTTP/1.1" 200 9349 "https://dgpilates.com/detail/011382241512" "Mozilla/5.0 AppleWebKit/537.36 (KHTML, like Gecko; compatible; GPTBot/1.4; +https://openai.com/gptbot)"
144.76.19.27 - - [25/Jul/2026:04:41:42 +0300] "GET /?z=899266368 HTTP/1.1" 200 54867 "-" "Mozilla/5.0 (compatible; SERankingBacklinksBot/1.0; +https://seranking.com/backlinks-crawler)"
66.249.70.98 - - [25/Jul/2026:04:41:42 +0300] "GET /detail/781688750684 HTTP/1.1" 200 198332 "-" "Mozilla/5.0 (Linux; Android 6.0.1; Nexus 5X Build/MMB29P) AppleWebKit/537.36 (KHTML, like Gecko) Chrome/150.0.7871.128 Mobile Safari/537.36 (compatible; GoogleOther)"
216.73.216.82 - - [25/Jul/2026:04:41:43 +0300] "GET /special/01469330500?loknya=%2Fvar%2Fwww%2Fvhosts%2Fdgpilates.com%2Fhttpdocs%2Fwp-content HTTP/1.1" 200 27758 "-" "Mozilla/5.0 AppleWebKit/537.36 (KHTML, like Gecko; compatible; ClaudeBot/1.0; +claudebot@anthropic.com)"
74.7.227.46 - - [25/Jul/2026:04:41:44 +0300] "GET /detail/013180182681?lokasie=/var/www/vhosts/dgpilates.com/httpdocs/szmxxsmy.php&loknya=/var/www/vhosts/dgpilates.com/httpdocs HTTP/1.1" 200 9349 "https://dgpilates.com/detail/013180182681" "Mozilla/5.0 AppleWebKit/537.36 (KHTML, like Gecko; compatible; GPTBot/1.4; +https://openai.com/gptbot)"
216.73.216.82 - - [25/Jul/2026:04:41:46 +0300] "GET /goods/013789438217?loknya=%2Fvar%2Fwww%2Fvhosts%2Fdgpilates.com%2Fhttpdocs HTTP/1.1" 200 54806 "-" "Mozilla/5.0 AppleWebKit/537.36 (KHTML, like Gecko; compatible; ClaudeBot/1.0; +claudebot@anthropic.com)"
66.249.70.99 - - [25/Jul/2026:04:41:46 +0300] "GET /goods/811291523803 HTTP/1.1" 200 205675 "-" "Mozilla/5.0 (Linux; Android 6.0.1; Nexus 5X Build/MMB29P) AppleWebKit/537.36 (KHTML, like Gecko) Chrome/150.0.7871.128 Mobile Safari/537.36 (compatible; GoogleOther)"
144.76.19.27 - - [25/Jul/2026:04:41:46 +0300] "GET /?z=899267400 HTTP/1.1" 200 54867 "-" "Mozilla/5.0 (compatible; SERankingBacklinksBot/1.0; +https://seranking.com/backlinks-crawler)"
74.7.227.46 - - [25/Jul/2026:04:41:47 +0300] "GET /detail/011264658069?lokasie=/var/www/vhosts/dgpilates.com/httpdocs/apjkwbmw.php&loknya=/var/www/vhosts/dgpilates.com/httpdocs HTTP/1.1" 200 9349 "https://dgpilates.com/detail/011264658069" "Mozilla/5.0 AppleWebKit/537.36 (KHTML, like Gecko; compatible; GPTBot/1.4; +https://openai.com/gptbot)"
66.249.70.98 - - [25/Jul/2026:04:41:47 +0300] "GET /info/862820671409 HTTP/1.1" 200 211637 "-" "Mozilla/5.0 (Linux; Android 6.0.1; Nexus 5X Build/MMB29P) AppleWebKit/537.36 (KHTML, like Gecko) Chrome/150.0.7871.128 Mobile Safari/537.36 (compatible; Googlebot/2.1; +http://www.google.com/bot.html)"
216.73.216.82 - - [25/Jul/2026:04:41:49 +0300] "GET /products/012199025391?loknya=%2Fvar%2Fwww%2Fvhosts%2Fdgpilates.com%2Fhttpdocs%2Fwp-admin HTTP/1.1" 200 164242 "-" "Mozilla/5.0 AppleWebKit/537.36 (KHTML, like Gecko; compatible; ClaudeBot/1.0; +claudebot@anthropic.com)"
66.249.70.98 - - [25/Jul/2026:04:41:49 +0300] "GET /info/74907623596 HTTP/1.1" 200 214257 "-" "Mozilla/5.0 (Linux; Android 6.0.1; Nexus 5X Build/MMB29P) AppleWebKit/537.36 (KHTML, like Gecko) Chrome/150.0.7871.128 Mobile Safari/537.36 (compatible; GoogleOther)"
74.7.227.46 - - [25/Jul/2026:04:41:50 +0300] "GET /detail/013914308020?lokasie=/var/www/vhosts/dgpilates.com/httpdocs/ocmfvusz.php&loknya=/var/www/vhosts/dgpilates.com/httpdocs HTTP/1.1" 200 9349 "https://dgpilates.com/detail/013914308020" "Mozilla/5.0 AppleWebKit/537.36 (KHTML, like Gecko; compatible; GPTBot/1.4; +https://openai.com/gptbot)"
144.76.19.27 - - [25/Jul/2026:04:41:50 +0300] "GET /?z=899267944 HTTP/1.1" 200 54867 "-" "Mozilla/5.0 (compatible; SERankingBacklinksBot/1.0; +https://seranking.com/backlinks-crawler)"
216.73.216.82 - - [25/Jul/2026:04:41:52 +0300] "GET /market/013330669307?loknya=%2Fvar%2Fwww%2Fvhosts%2Fdgpilates.com%2Fhttpdocs%2Fwp-admin HTTP/1.1" 200 164242 "-" "Mozilla/5.0 AppleWebKit/537.36 (KHTML, like Gecko; compatible; ClaudeBot/1.0; +claudebot@anthropic.com)"
74.7.227.46 - - [25/Jul/2026:04:41:53 +0300] "GET /detail/011623648152?lokasie=/var/www/vhosts/dgpilates.com/httpdocs/djnrxeax.php&loknya=/var/www/vhosts/dgpilates.com/httpdocs HTTP/1.1" 200 9349 "https://dgpilates.com/detail/011623648152" "Mozilla/5.0 AppleWebKit/537.36 (KHTML, like Gecko; compatible; GPTBot/1.4; +https://openai.com/gptbot)"
66.249.70.98 - - [25/Jul/2026:04:41:53 +0300] "GET /goods/843902347036 HTTP/1.1" 200 212159 "-" "Mozilla/5.0 (Linux; Android 6.0.1; Nexus 5X Build/MMB29P) AppleWebKit/537.36 (KHTML, like Gecko) Chrome/150.0.7871.128 Mobile Safari/537.36 (compatible; GoogleOther)"
144.76.19.27 - - [25/Jul/2026:04:41:54 +0300] "GET /?z=899269592 HTTP/1.1" 200 54867 "-" "Mozilla/5.0 (compatible; SERankingBacklinksBot/1.0; +https://seranking.com/backlinks-crawler)"
216.73.216.82 - - [25/Jul/2026:04:41:55 +0300] "GET /detail/017276827?loknya=%2F HTTP/1.1" 200 10148 "-" "Mozilla/5.0 AppleWebKit/537.36 (KHTML, like Gecko; compatible; ClaudeBot/1.0; +claudebot@anthropic.com)"
74.7.227.46 - - [25/Jul/2026:04:41:56 +0300] "GET /detail/012456215288?lokasie=/var/www/vhosts/dgpilates.com/httpdocs/ocmfvusz.php&loknya=/var/www/vhosts/dgpilates.com/httpdocs HTTP/1.1" 200 9349 "https://dgpilates.com/detail/012456215288" "Mozilla/5.0 AppleWebKit/537.36 (KHTML, like Gecko; compatible; GPTBot/1.4; +https://openai.com/gptbot)"
197.140.142.92 - - [25/Jul/2026:04:41:57 +0300] "POST /xmlrpc.php HTTP/1.1" 200 54871 "-" "Mozilla/5.0 (Windows NT 10.0; Win64; x64) AppleWebKit/537.36 (KHTML, like Gecko) Chrome/150.0.0.0 Safari/537.36"
66.249.70.98 - - [25/Jul/2026:04:41:57 +0300] "GET /info/84299597880 HTTP/1.1" 200 202812 "-" "Mozilla/5.0 (Linux; Android 6.0.1; Nexus 5X Build/MMB29P) AppleWebKit/537.36 (KHTML, like Gecko) Chrome/150.0.7871.128 Mobile Safari/537.36 (compatible; Googlebot/2.1; +http://www.google.com/bot.html)"
66.249.70.98 - - [25/Jul/2026:04:41:57 +0300] "GET /detail/671487676333 HTTP/1.1" 200 206381 "-" "Mozilla/5.0 (Linux; Android 6.0.1; Nexus 5X Build/MMB29P) AppleWebKit/537.36 (KHTML, like Gecko) Chrome/150.0.7871.128 Mobile Safari/537.36 (compatible; GoogleOther)"
144.76.19.27 - - [25/Jul/2026:04:41:58 +0300] "GET /?z=899270192 HTTP/1.1" 200 54867 "-" "Mozilla/5.0 (compatible; SERankingBacklinksBot/1.0; +https://seranking.com/backlinks-crawler)"
216.73.216.82 - - [25/Jul/2026:04:41:58 +0300] "GET /items/012825555225?loknya=%2Fvar%2Fwww HTTP/1.1" 200 10232 "-" "Mozilla/5.0 AppleWebKit/537.36 (KHTML, like Gecko; compatible; ClaudeBot/1.0; +claudebot@anthropic.com)"
74.7.227.46 - - [25/Jul/2026:04:41:59 +0300] "GET /detail/013127529860?lokasie=/var/www/vhosts/dgpilates.com/httpdocs/filefuns.php&loknya=/var/www/vhosts/dgpilates.com/httpdocs HTTP/1.1" 200 15850 "https://dgpilates.com/detail/013127529860" "Mozilla/5.0 AppleWebKit/537.36 (KHTML, like Gecko; compatible; GPTBot/1.4; +https://openai.com/gptbot)"
66.249.70.98 - - [25/Jul/2026:04:42:00 +0300] "GET /goods/871899402771 HTTP/1.1" 200 200135 "-" "Mozilla/5.0 (Linux; Android 6.0.1; Nexus 5X Build/MMB29P) AppleWebKit/537.36 (KHTML, like Gecko) Chrome/150.0.7871.128 Mobile Safari/537.36 (compatible; GoogleOther)"
216.73.216.82 - - [25/Jul/2026:04:42:01 +0300] "GET /entity/01845333451?loknya=%2Fvar%2Fwww HTTP/1.1" 200 10232 "-" "Mozilla/5.0 AppleWebKit/537.36 (KHTML, like Gecko; compatible; ClaudeBot/1.0; +claudebot@anthropic.com)"
144.76.19.27 - - [25/Jul/2026:04:42:02 +0300] "GET /?z=899272264 HTTP/1.1" 200 54867 "-" "Mozilla/5.0 (compatible; SERankingBacklinksBot/1.0; +https://seranking.com/backlinks-crawler)"
74.7.227.46 - - [25/Jul/2026:04:42:02 +0300] "GET /detail/014226031545?lokasie=/var/www/vhosts/dgpilates.com/httpdocs/apjkwbmw.php&loknya=/var/www/vhosts/dgpilates.com/httpdocs HTTP/1.1" 200 9349 "https://dgpilates.com/detail/014226031545" "Mozilla/5.0 AppleWebKit/537.36 (KHTML, like Gecko; compatible; GPTBot/1.4; +https://openai.com/gptbot)"
216.73.216.82 - - [25/Jul/2026:04:42:04 +0300] "GET /item/013604959920?loknya=%2Fvar%2Fwww%2Fvhosts%2Fdgpilates.com%2Fhttpdocs%2Fwp-content HTTP/1.1" 200 27758 "-" "Mozilla/5.0 AppleWebKit/537.36 (KHTML, like Gecko; compatible; ClaudeBot/1.0; +claudebot@anthropic.com)"
66.249.70.98 - - [25/Jul/2026:04:42:04 +0300] "GET /detail/81976088305 HTTP/1.1" 200 213020 "-" "Mozilla/5.0 (Linux; Android 6.0.1; Nexus 5X Build/MMB29P) AppleWebKit/537.36 (KHTML, like Gecko) Chrome/150.0.7871.128 Mobile Safari/537.36 (compatible; GoogleOther)"
74.7.227.46 - - [25/Jul/2026:04:42:06 +0300] "GET /detail/013575886008?lokasie=/var/www/vhosts/dgpilates.com/httpdocs/swqirnyk.php&loknya=/var/www/vhosts/dgpilates.com/httpdocs HTTP/1.1" 200 9349 "https://dgpilates.com/detail/013575886008" "Mozilla/5.0 AppleWebKit/537.36 (KHTML, like Gecko; compatible; GPTBot/1.4; +https://openai.com/gptbot)"
144.76.19.27 - - [25/Jul/2026:04:42:06 +0300] "GET /?z=899272288 HTTP/1.1" 200 54867 "-" "Mozilla/5.0 (compatible; SERankingBacklinksBot/1.0; +https://seranking.com/backlinks-crawler)"
66.249.70.98 - - [25/Jul/2026:04:42:07 +0300] "GET /info/761733757102 HTTP/1.1" 200 201615 "-" "Mozilla/5.0 (Linux; Android 6.0.1; Nexus 5X Build/MMB29P) AppleWebKit/537.36 (KHTML, like Gecko) Chrome/150.0.7871.128 Mobile Safari/537.36 (compatible; Googlebot/2.1; +http://www.google.com/bot.html)"
216.73.216.82 - - [25/Jul/2026:04:42:07 +0300] "GET /goodscode/012469245282?loknya=%2Fvar%2Fwww HTTP/1.1" 200 10232 "-" "Mozilla/5.0 AppleWebKit/537.36 (KHTML, like Gecko; compatible; ClaudeBot/1.0; +claudebot@anthropic.com)"
66.249.70.99 - - [25/Jul/2026:04:42:08 +0300] "GET /info/86249224551 HTTP/1.1" 200 201533 "-" "Mozilla/5.0 (Linux; Android 6.0.1; Nexus 5X Build/MMB29P) AppleWebKit/537.36 (KHTML, like Gecko) Chrome/150.0.7871.128 Mobile Safari/537.36 (compatible; GoogleOther)"
74.7.227.46 - - [25/Jul/2026:04:42:09 +0300] "GET /detail/011288454720?lokasie=/var/www/vhosts/dgpilates.com/httpdocs/djnrxeax.php&loknya=/var/www/vhosts/dgpilates.com/httpdocs HTTP/1.1" 200 9349 "https://dgpilates.com/detail/011288454720" "Mozilla/5.0 AppleWebKit/537.36 (KHTML, like Gecko; compatible; GPTBot/1.4; +https://openai.com/gptbot)"
144.76.19.27 - - [25/Jul/2026:04:42:10 +0300] "GET /?z=899273056 HTTP/1.1" 200 54867 "-" "Mozilla/5.0 (compatible; SERankingBacklinksBot/1.0; +https://seranking.com/backlinks-crawler)"
216.73.216.82 - - [25/Jul/2026:04:42:10 +0300] "GET /goods/01563377518?loknya=%2Fvar%2Fwww%2Fvhosts%2Fdgpilates.com%2Fhttpdocs HTTP/1.1" 200 54806 "-" "Mozilla/5.0 AppleWebKit/537.36 (KHTML, like Gecko; compatible; ClaudeBot/1.0; +claudebot@anthropic.com)"
66.249.70.98 - - [25/Jul/2026:04:42:11 +0300] "GET /detail/783078725047 HTTP/1.1" 200 205837 "-" "Mozilla/5.0 (Linux; Android 6.0.1; Nexus 5X Build/MMB29P) AppleWebKit/537.36 (KHTML, like Gecko) Chrome/150.0.7871.128 Mobile Safari/537.36 (compatible; GoogleOther)"
74.7.227.46 - - [25/Jul/2026:04:42:12 +0300] "GET /detail/012881731623?lokasie=/var/www/vhosts/dgpilates.com/httpdocs/swqirnyk.php&loknya=/var/www/vhosts/dgpilates.com/httpdocs HTTP/1.1" 200 9349 "https://dgpilates.com/detail/012881731623" "Mozilla/5.0 AppleWebKit/537.36 (KHTML, like Gecko; compatible; GPTBot/1.4; +https://openai.com/gptbot)"
216.73.216.82 - - [25/Jul/2026:04:42:13 +0300] "GET /goods/01450053349?loknya=%2Fvar%2Fwww%2Fvhosts%2Fdgpilates.com%2Fhttpdocs%2Fwp-content HTTP/1.1" 200 27758 "-" "Mozilla/5.0 AppleWebKit/537.36 (KHTML, like Gecko; compatible; ClaudeBot/1.0; +claudebot@anthropic.com)"
144.76.19.27 - - [25/Jul/2026:04:42:14 +0300] "GET /?z=899273680 HTTP/1.1" 200 54867 "-" "Mozilla/5.0 (compatible; SERankingBacklinksBot/1.0; +https://seranking.com/backlinks-crawler)"
66.249.70.99 - - [25/Jul/2026:04:42:15 +0300] "GET /goods/702728203405 HTTP/1.1" 200 204315 "-" "Mozilla/5.0 (Linux; Android 6.0.1; Nexus 5X Build/MMB29P) AppleWebKit/537.36 (KHTML, like Gecko) Chrome/150.0.7871.128 Mobile Safari/537.36 (compatible; GoogleOther)"
74.7.227.46 - - [25/Jul/2026:04:42:15 +0300] "GET /detail/014086334657?lokasie=/var/www/vhosts/dgpilates.com/httpdocs/djnrxeax.php&loknya=/var/www/vhosts/dgpilates.com/httpdocs HTTP/1.1" 200 9349 "https://dgpilates.com/detail/014086334657" "Mozilla/5.0 AppleWebKit/537.36 (KHTML, like Gecko; compatible; GPTBot/1.4; +https://openai.com/gptbot)"
216.73.216.82 - - [25/Jul/2026:04:42:16 +0300] "GET /item/013425768997?loknya=%2Fvar%2Fwww%2Fvhosts%2Fdgpilates.com%2Fhttpdocs HTTP/1.1" 200 54806 "-" "Mozilla/5.0 AppleWebKit/537.36 (KHTML, like Gecko; compatible; ClaudeBot/1.0; +claudebot@anthropic.com)"
66.249.70.98 - - [25/Jul/2026:04:42:17 +0300] "GET /detail/903419197965 HTTP/1.1" 200 205850 "-" "Mozilla/5.0 (Linux; Android 6.0.1; Nexus 5X Build/MMB29P) AppleWebKit/537.36 (KHTML, like Gecko) Chrome/150.0.7871.128 Mobile Safari/537.36 (compatible; Googlebot/2.1; +http://www.google.com/bot.html)"
144.76.19.27 - - [25/Jul/2026:04:42:18 +0300] "GET /?z=899274128 HTTP/1.1" 200 54867 "-" "Mozilla/5.0 (compatible; SERankingBacklinksBot/1.0; +https://seranking.com/backlinks-crawler)"
74.7.227.46 - - [25/Jul/2026:04:42:19 +0300] "GET /detail/011512886151?lokasie=/var/www/vhosts/dgpilates.com/httpdocs/filefuns.php&loknya=/var/www/vhosts/dgpilates.com/httpdocs HTTP/1.1" 200 15850 "https://dgpilates.com/detail/011512886151" "Mozilla/5.0 AppleWebKit/537.36 (KHTML, like Gecko; compatible; GPTBot/1.4; +https://openai.com/gptbot)"
66.249.70.99 - - [25/Jul/2026:04:42:18 +0300] "GET /info/794273740005 HTTP/1.1" 200 206690 "-" "Mozilla/5.0 (Linux; Android 6.0.1; Nexus 5X Build/MMB29P) AppleWebKit/537.36 (KHTML, like Gecko) Chrome/150.0.7871.128 Mobile Safari/537.36 (compatible; GoogleOther)"
216.73.216.82 - - [25/Jul/2026:04:42:19 +0300] "GET /items/01674020103?loknya=%2Fvar%2Fwww%2Fvhosts%2Fdgpilates.com HTTP/1.1" 200 17738 "-" "Mozilla/5.0 AppleWebKit/537.36 (KHTML, like Gecko; compatible; ClaudeBot/1.0; +claudebot@anthropic.com)"
144.76.19.27 - - [25/Jul/2026:04:42:21 +0300] "GET /?z=899274192 HTTP/1.1" 200 54867 "-" "Mozilla/5.0 (compatible; SERankingBacklinksBot/1.0; +https://seranking.com/backlinks-crawler)"
74.7.227.46 - - [25/Jul/2026:04:42:22 +0300] "GET /detail/013184435776?lokasie=/var/www/vhosts/dgpilates.com/httpdocs/xpzkquvf.php&loknya=/var/www/vhosts/dgpilates.com/httpdocs HTTP/1.1" 200 28599 "https://dgpilates.com/detail/013184435776" "Mozilla/5.0 AppleWebKit/537.36 (KHTML, like Gecko; compatible; GPTBot/1.4; +https://openai.com/gptbot)"
216.73.216.82 - - [25/Jul/2026:04:42:22 +0300] "GET /detail/011791702363?loknya=%2Fvar%2Fwww%2Fvhosts%2Fdgpilates.com%2Fhttpdocs%2Fwp-includes HTTP/1.1" 200 447453 "-" "Mozilla/5.0 AppleWebKit/537.36 (KHTML, like Gecko; compatible; ClaudeBot/1.0; +claudebot@anthropic.com)"
66.249.70.98 - - [25/Jul/2026:04:42:22 +0300] "GET /shopbrand/833089352803 HTTP/1.1" 200 210876 "-" "Mozilla/5.0 (Linux; Android 6.0.1; Nexus 5X Build/MMB29P) AppleWebKit/537.36 (KHTML, like Gecko) Chrome/150.0.7871.128 Mobile Safari/537.36 (compatible; Googlebot/2.1; +http://www.google.com/bot.html)"
66.249.70.99 - - [25/Jul/2026:04:42:22 +0300] "GET /detail/823941221502 HTTP/1.1" 200 206183 "-" "Mozilla/5.0 (Linux; Android 6.0.1; Nexus 5X Build/MMB29P) AppleWebKit/537.36 (KHTML, like Gecko) Chrome/150.0.7871.128 Mobile Safari/537.36 (compatible; GoogleOther)"
74.7.227.46 - - [25/Jul/2026:04:42:25 +0300] "GET /detail/014227984918?lokasie=/var/www/vhosts/dgpilates.com/httpdocs/djnrxeax.php&loknya=/var/www/vhosts/dgpilates.com/httpdocs HTTP/1.1" 200 9349 "https://dgpilates.com/detail/014227984918" "Mozilla/5.0 AppleWebKit/537.36 (KHTML, like Gecko; compatible; GPTBot/1.4; +https://openai.com/gptbot)"
216.73.216.82 - - [25/Jul/2026:04:42:25 +0300] "GET /items/01904731471?loknya=%2Fvar%2Fwww%2Fvhosts%2Fdgpilates.com%2Fhttpdocs%2Fimages HTTP/1.1" 200 14768 "-" "Mozilla/5.0 AppleWebKit/537.36 (KHTML, like Gecko; compatible; ClaudeBot/1.0; +claudebot@anthropic.com)"
144.76.19.27 - - [25/Jul/2026:04:42:25 +0300] "GET /?z=899275240 HTTP/1.1" 200 54867 "-" "Mozilla/5.0 (compatible; SERankingBacklinksBot/1.0; +https://seranking.com/backlinks-crawler)"
66.249.70.99 - - [25/Jul/2026:04:42:26 +0300] "GET /info/721173930535 HTTP/1.1" 200 200097 "-" "Mozilla/5.0 (Linux; Android 6.0.1; Nexus 5X Build/MMB29P) AppleWebKit/537.36 (KHTML, like Gecko) Chrome/150.0.7871.128 Mobile Safari/537.36 (compatible; GoogleOther)"
66.249.70.98 - - [25/Jul/2026:04:42:26 +0300] "GET /info/902487147827 HTTP/1.1" 200 204365 "-" "Mozilla/5.0 (Linux; Android 6.0.1; Nexus 5X Build/MMB29P) AppleWebKit/537.36 (KHTML, like Gecko) Chrome/150.0.7871.128 Mobile Safari/537.36 (compatible; Googlebot/2.1; +http://www.google.com/bot.html)"
74.7.227.46 - - [25/Jul/2026:04:42:28 +0300] "GET /detail/013427186186?lokasie=/var/www/vhosts/dgpilates.com/httpdocs/apjkwbmw.php&loknya=/var/www/vhosts/dgpilates.com/httpdocs HTTP/1.1" 200 9349 "https://dgpilates.com/detail/013427186186" "Mozilla/5.0 AppleWebKit/537.36 (KHTML, like Gecko; compatible; GPTBot/1.4; +https://openai.com/gptbot)"
216.73.216.82 - - [25/Jul/2026:04:42:28 +0300] "GET /item/01593408911?loknya=%2Fvar%2Fwww%2Fvhosts%2Fdgpilates.com%2Fhttpdocs%2Fwp-content HTTP/1.1" 200 27758 "-" "Mozilla/5.0 AppleWebKit/537.36 (KHTML, like Gecko; compatible; ClaudeBot/1.0; +claudebot@anthropic.com)"
144.76.19.27 - - [25/Jul/2026:04:42:29 +0300] "GET /?z=899277064 HTTP/1.1" 200 54867 "-" "Mozilla/5.0 (compatible; SERankingBacklinksBot/1.0; +https://seranking.com/backlinks-crawler)"
66.249.70.98 - - [25/Jul/2026:04:42:29 +0300] "GET /info/791279251517 HTTP/1.1" 200 221636 "-" "Mozilla/5.0 (Linux; Android 6.0.1; Nexus 5X Build/MMB29P) AppleWebKit/537.36 (KHTML, like Gecko) Chrome/150.0.7871.128 Mobile Safari/537.36 (compatible; GoogleOther)"
74.7.227.46 - - [25/Jul/2026:04:42:31 +0300] "GET /detail/013504612726?lokasie=/var/www/vhosts/dgpilates.com/httpdocs/swqirnyk.php&loknya=/var/www/vhosts/dgpilates.com/httpdocs HTTP/1.1" 200 9349 "https://dgpilates.com/detail/013504612726" "Mozilla/5.0 AppleWebKit/537.36 (KHTML, like Gecko; compatible; GPTBot/1.4; +https://openai.com/gptbot)"
216.73.216.82 - - [25/Jul/2026:04:42:31 +0300] "GET /special/01144649999?loknya=%2Fvar%2Fwww%2Fvhosts%2Fdgpilates.com%2Fhttpdocs%2Fwp-content HTTP/1.1" 200 27758 "-" "Mozilla/5.0 AppleWebKit/537.36 (KHTML, like Gecko; compatible; ClaudeBot/1.0; +claudebot@anthropic.com)"
144.76.19.27 - - [25/Jul/2026:04:42:33 +0300] "GET /?z=899279880 HTTP/1.1" 200 54867 "-" "Mozilla/5.0 (compatible; SERankingBacklinksBot/1.0; +https://seranking.com/backlinks-crawler)"
66.249.70.100 - - [25/Jul/2026:04:42:33 +0300] "GET /entity/69818453719 HTTP/1.1" 200 210389 "-" "Mozilla/5.0 (Linux; Android 6.0.1; Nexus 5X Build/MMB29P) AppleWebKit/537.36 (KHTML, like Gecko) Chrome/150.0.7871.128 Mobile Safari/537.36 (compatible; GoogleOther)"
216.73.216.82 - - [25/Jul/2026:04:42:34 +0300] "GET /shopping/0154098342?loknya=%2Fvar%2Fwww%2Fvhosts%2Fdgpilates.com%2Fhttpdocs HTTP/1.1" 200 54806 "-" "Mozilla/5.0 AppleWebKit/537.36 (KHTML, like Gecko; compatible; ClaudeBot/1.0; +claudebot@anthropic.com)"
74.7.227.46 - - [25/Jul/2026:04:42:34 +0300] "GET /detail/012363590949?lokasie=/var/www/vhosts/dgpilates.com/httpdocs/ocmfvusz.php&loknya=/var/www/vhosts/dgpilates.com/httpdocs HTTP/1.1" 200 9349 "https://dgpilates.com/detail/012363590949" "Mozilla/5.0 AppleWebKit/537.36 (KHTML, like Gecko; compatible; GPTBot/1.4; +https://openai.com/gptbot)"
66.249.70.99 - - [25/Jul/2026:04:42:36 +0300] "GET /info/81534284467 HTTP/1.1" 200 208949 "-" "Mozilla/5.0 (Linux; Android 6.0.1; Nexus 5X Build/MMB29P) AppleWebKit/537.36 (KHTML, like Gecko) Chrome/150.0.7871.128 Mobile Safari/537.36 (compatible; Googlebot/2.1; +http://www.google.com/bot.html)"
144.76.19.27 - - [25/Jul/2026:04:42:37 +0300] "GET /?z=899280392 HTTP/1.1" 200 54867 "-" "Mozilla/5.0 (compatible; SERankingBacklinksBot/1.0; +https://seranking.com/backlinks-crawler)"
66.249.70.100 - - [25/Jul/2026:04:42:37 +0300] "GET /info/68576702877 HTTP/1.1" 200 209825 "-" "Mozilla/5.0 (Linux; Android 6.0.1; Nexus 5X Build/MMB29P) AppleWebKit/537.36 (KHTML, like Gecko) Chrome/150.0.7871.128 Mobile Safari/537.36 (compatible; GoogleOther)"
216.73.216.82 - - [25/Jul/2026:04:42:37 +0300] "GET /item/012126276043?loknya=%2Fvar HTTP/1.1" 200 10185 "-" "Mozilla/5.0 AppleWebKit/537.36 (KHTML, like Gecko; compatible; ClaudeBot/1.0; +claudebot@anthropic.com)"
74.7.227.46 - - [25/Jul/2026:04:42:38 +0300] "GET /detail/014153019151?lokasie=/var/www/vhosts/dgpilates.com/httpdocs/xpzkquvf.php&loknya=/var/www/vhosts/dgpilates.com/httpdocs HTTP/1.1" 200 28599 "https://dgpilates.com/detail/014153019151" "Mozilla/5.0 AppleWebKit/537.36 (KHTML, like Gecko; compatible; GPTBot/1.4; +https://openai.com/gptbot)"
216.73.216.82 - - [25/Jul/2026:04:42:40 +0300] "GET /special/012683585405?loknya=%2Fvar%2Fwww%2Fvhosts%2Fdgpilates.com%2Fhttpdocs HTTP/1.1" 200 54806 "-" "Mozilla/5.0 AppleWebKit/537.36 (KHTML, like Gecko; compatible; ClaudeBot/1.0; +claudebot@anthropic.com)"
66.249.70.98 - - [25/Jul/2026:04:42:40 +0300] "GET /detail/661283847580 HTTP/1.1" 200 204720 "-" "Mozilla/5.0 (Linux; Android 6.0.1; Nexus 5X Build/MMB29P) AppleWebKit/537.36 (KHTML, like Gecko) Chrome/150.0.7871.128 Mobile Safari/537.36 (compatible; GoogleOther)"
144.76.19.27 - - [25/Jul/2026:04:42:41 +0300] "GET /?z=899280680 HTTP/1.1" 200 54867 "-" "Mozilla/5.0 (compatible; SERankingBacklinksBot/1.0; +https://seranking.com/backlinks-crawler)"
74.7.227.46 - - [25/Jul/2026:04:42:41 +0300] "GET /detail/011619962303?lokasie=/var/www/vhosts/dgpilates.com/httpdocs/filefuns.php&loknya=/var/www/vhosts/dgpilates.com/httpdocs HTTP/1.1" 200 15850 "https://dgpilates.com/detail/011619962303" "Mozilla/5.0 AppleWebKit/537.36 (KHTML, like Gecko; compatible; GPTBot/1.4; +https://openai.com/gptbot)"
57.141.0.9 - - [25/Jul/2026:04:42:42 +0300] "GET /market/011009296839 HTTP/1.1" 200 54865 "-" "Mozilla/5.0 (Macintosh; Intel Mac OS X 10_15_7) AppleWebKit/537.36 (KHTML, like Gecko) Chrome/145.0.0.0 Safari/537.36 (compatible; meta-externalagent/1.1 (+https://developers.facebook.com/docs/sharing/webmasters/crawler))"
216.73.216.82 - - [25/Jul/2026:04:42:43 +0300] "GET /item/012563904289?loknya=%2Fvar%2Fwww%2Fvhosts%2Fdgpilates.com%2Fhttpdocs HTTP/1.1" 200 54806 "-" "Mozilla/5.0 AppleWebKit/537.36 (KHTML, like Gecko; compatible; ClaudeBot/1.0; +claudebot@anthropic.com)"
74.7.227.46 - - [25/Jul/2026:04:42:44 +0300] "GET /detail/013144381125?lokasie=/var/www/vhosts/dgpilates.com/httpdocs/szmxxsmy.php&loknya=/var/www/vhosts/dgpilates.com/httpdocs HTTP/1.1" 200 9349 "https://dgpilates.com/detail/013144381125" "Mozilla/5.0 AppleWebKit/537.36 (KHTML, like Gecko; compatible; GPTBot/1.4; +https://openai.com/gptbot)"
66.249.70.99 - - [25/Jul/2026:04:42:44 +0300] "GET /detail/831233775147 HTTP/1.1" 200 206108 "-" "Mozilla/5.0 (Linux; Android 6.0.1; Nexus 5X Build/MMB29P) AppleWebKit/537.36 (KHTML, like Gecko) Chrome/150.0.7871.128 Mobile Safari/537.36 (compatible; GoogleOther)"
144.76.19.27 - - [25/Jul/2026:04:42:45 +0300] "GET /?z=899283360 HTTP/1.1" 200 54867 "-" "Mozilla/5.0 (compatible; SERankingBacklinksBot/1.0; +https://seranking.com/backlinks-crawler)"
216.73.216.82 - - [25/Jul/2026:04:42:46 +0300] "GET /goods/0179684039?loknya=%2Fvar%2Fwww%2Fvhosts%2Fdgpilates.com%2Fhttpdocs%2Fwp-content HTTP/1.1" 200 27758 "-" "Mozilla/5.0 AppleWebKit/537.36 (KHTML, like Gecko; compatible; ClaudeBot/1.0; +claudebot@anthropic.com)"
66.249.70.98 - - [25/Jul/2026:04:42:46 +0300] "GET /info/83416752079 HTTP/1.1" 200 199593 "-" "Mozilla/5.0 (Linux; Android 6.0.1; Nexus 5X Build/MMB29P) AppleWebKit/537.36 (KHTML, like Gecko) Chrome/150.0.7871.128 Mobile Safari/537.36 (compatible; Googlebot/2.1; +http://www.google.com/bot.html)"
74.7.227.46 - - [25/Jul/2026:04:42:47 +0300] "GET /detail/012080926681?lokasie=/var/www/vhosts/dgpilates.com/httpdocs/apjkwbmw.php&loknya=/var/www/vhosts/dgpilates.com/httpdocs HTTP/1.1" 200 9349 "https://dgpilates.com/detail/012080926681" "Mozilla/5.0 AppleWebKit/537.36 (KHTML, like Gecko; compatible; GPTBot/1.4; +https://openai.com/gptbot)"
66.249.70.98 - - [25/Jul/2026:04:42:47 +0300] "GET /detail/672043337577 HTTP/1.1" 200 208907 "-" "Mozilla/5.0 (Linux; Android 6.0.1; Nexus 5X Build/MMB29P) AppleWebKit/537.36 (KHTML, like Gecko) Chrome/150.0.7871.128 Mobile Safari/537.36 (compatible; GoogleOther)"
144.76.19.27 - - [25/Jul/2026:04:42:49 +0300] "GET /?z=899286184 HTTP/1.1" 200 54867 "-" "Mozilla/5.0 (compatible; SERankingBacklinksBot/1.0; +https://seranking.com/backlinks-crawler)"
216.73.216.82 - - [25/Jul/2026:04:42:49 +0300] "GET /item/013625876083?loknya=%2Fvar%2Fwww%2Fvhosts%2Fdgpilates.com%2Fhttpdocs HTTP/1.1" 200 54806 "-" "Mozilla/5.0 AppleWebKit/537.36 (KHTML, like Gecko; compatible; ClaudeBot/1.0; +claudebot@anthropic.com)"
74.7.227.46 - - [25/Jul/2026:04:42:50 +0300] "GET /detail/011512311238?lokasie=/var/www/vhosts/dgpilates.com/httpdocs/ocmfvusz.php&loknya=/var/www/vhosts/dgpilates.com/httpdocs HTTP/1.1" 200 9349 "https://dgpilates.com/detail/011512311238" "Mozilla/5.0 AppleWebKit/537.36 (KHTML, like Gecko; compatible; GPTBot/1.4; +https://openai.com/gptbot)"
66.249.68.168 - - [25/Jul/2026:04:42:51 +0300] "GET /detail/851088573186 HTTP/1.1" 200 204795 "-" "Mozilla/5.0 (Linux; Android 6.0.1; Nexus 5X Build/MMB29P) AppleWebKit/537.36 (KHTML, like Gecko) Chrome/150.0.7871.128 Mobile Safari/537.36 (compatible; GoogleOther)"
216.73.216.82 - - [25/Jul/2026:04:42:52 +0300] "GET /product/01222847443?loknya=%2Fvar HTTP/1.1" 200 10185 "-" "Mozilla/5.0 AppleWebKit/537.36 (KHTML, like Gecko; compatible; ClaudeBot/1.0; +claudebot@anthropic.com)"
144.76.19.27 - - [25/Jul/2026:04:42:53 +0300] "GET /?z=899288488 HTTP/1.1" 200 54867 "-" "Mozilla/5.0 (compatible; SERankingBacklinksBot/1.0; +https://seranking.com/backlinks-crawler)"
74.7.227.46 - - [25/Jul/2026:04:42:53 +0300] "GET /detail/012265749690?lokasie=/var/www/vhosts/dgpilates.com/httpdocs/szmxxsmy.php&loknya=/var/www/vhosts/dgpilates.com/httpdocs HTTP/1.1" 200 9349 "https://dgpilates.com/detail/012265749690" "Mozilla/5.0 AppleWebKit/537.36 (KHTML, like Gecko; compatible; GPTBot/1.4; +https://openai.com/gptbot)"
66.249.70.98 - - [25/Jul/2026:04:42:55 +0300] "GET /goodscode/731409484402 HTTP/1.1" 200 203460 "-" "Mozilla/5.0 (Linux; Android 6.0.1; Nexus 5X Build/MMB29P) AppleWebKit/537.36 (KHTML, like Gecko) Chrome/150.0.7871.128 Mobile Safari/537.36 (compatible; GoogleOther)"
216.73.216.82 - - [25/Jul/2026:04:42:55 +0300] "GET /product/012923538384?loknya=%2Fvar%2Fwww%2Fvhosts%2Fdgpilates.com%2Fhttpdocs%2Fwp-admin HTTP/1.1" 200 164242 "-" "Mozilla/5.0 AppleWebKit/537.36 (KHTML, like Gecko; compatible; ClaudeBot/1.0; +claudebot@anthropic.com)"
74.7.227.46 - - [25/Jul/2026:04:42:56 +0300] "GET /detail/013802936924?lokasie=/var/www/vhosts/dgpilates.com/httpdocs/ocmfvusz.php&loknya=/var/www/vhosts/dgpilates.com/httpdocs HTTP/1.1" 200 9349 "https://dgpilates.com/detail/013802936924" "Mozilla/5.0 AppleWebKit/537.36 (KHTML, like Gecko; compatible; GPTBot/1.4; +https://openai.com/gptbot)"
144.76.19.27 - - [25/Jul/2026:04:42:56 +0300] "GET /?z=899289200 HTTP/1.1" 200 54867 "-" "Mozilla/5.0 (compatible; SERankingBacklinksBot/1.0; +https://seranking.com/backlinks-crawler)"
66.249.70.98 - - [25/Jul/2026:04:42:56 +0300] "GET /info/663996767640 HTTP/1.1" 200 204984 "-" "Mozilla/5.0 (Linux; Android 6.0.1; Nexus 5X Build/MMB29P) AppleWebKit/537.36 (KHTML, like Gecko) Chrome/150.0.7871.128 Mobile Safari/537.36 (compatible; Googlebot/2.1; +http://www.google.com/bot.html)"
216.73.216.82 - - [25/Jul/2026:04:42:58 +0300] "GET /goods/01454507153?loknya=%2Fvar%2Fwww%2Fvhosts%2Fdgpilates.com%2Fhttpdocs HTTP/1.1" 200 54806 "-" "Mozilla/5.0 AppleWebKit/537.36 (KHTML, like Gecko; compatible; ClaudeBot/1.0; +claudebot@anthropic.com)"
66.249.70.98 - - [25/Jul/2026:04:42:58 +0300] "GET /goods/852463553750 HTTP/1.1" 200 207744 "-" "Mozilla/5.0 (Linux; Android 6.0.1; Nexus 5X Build/MMB29P) AppleWebKit/537.36 (KHTML, like Gecko) Chrome/150.0.7871.128 Mobile Safari/537.36 (compatible; GoogleOther)"
74.7.227.46 - - [25/Jul/2026:04:42:59 +0300] "GET /detail/013966393759?lokasie=/var/www/vhosts/dgpilates.com/httpdocs/djnrxeax.php&loknya=/var/www/vhosts/dgpilates.com/httpdocs HTTP/1.1" 200 9349 "https://dgpilates.com/detail/013966393759" "Mozilla/5.0 AppleWebKit/537.36 (KHTML, like Gecko; compatible; GPTBot/1.4; +https://openai.com/gptbot)"
144.76.19.27 - - [25/Jul/2026:04:43:00 +0300] "GET /?z=899293200 HTTP/1.1" 200 54867 "-" "Mozilla/5.0 (compatible; SERankingBacklinksBot/1.0; +https://seranking.com/backlinks-crawler)"
216.73.216.82 - - [25/Jul/2026:04:43:01 +0300] "GET /special/012061150836?loknya=%2Fvar%2Fwww%2Fvhosts%2Fdgpilates.com%2Fhttpdocs%2Fwp-admin HTTP/1.1" 200 164242 "-" "Mozilla/5.0 AppleWebKit/537.36 (KHTML, like Gecko; compatible; ClaudeBot/1.0; +claudebot@anthropic.com)"
57.141.0.45 - - [25/Jul/2026:04:43:02 +0300] "GET /shopbrand/011265308619 HTTP/1.1" 200 54866 "-" "Mozilla/5.0 (Macintosh; Intel Mac OS X 10_15_7) AppleWebKit/537.36 (KHTML, like Gecko) Chrome/145.0.0.0 Safari/537.36 (compatible; meta-externalagent/1.1 (+https://developers.facebook.com/docs/sharing/webmasters/crawler))"
74.7.227.46 - - [25/Jul/2026:04:43:02 +0300] "GET /detail/014153019151?lokasie=/var/www/vhosts/dgpilates.com/httpdocs/apjkwbmw.php&loknya=/var/www/vhosts/dgpilates.com/httpdocs HTTP/1.1" 200 9349 "https://dgpilates.com/detail/014153019151" "Mozilla/5.0 AppleWebKit/537.36 (KHTML, like Gecko; compatible; GPTBot/1.4; +https://openai.com/gptbot)"
66.249.70.98 - - [25/Jul/2026:04:43:02 +0300] "GET /detail/83544182726 HTTP/1.1" 200 200807 "-" "Mozilla/5.0 (Linux; Android 6.0.1; Nexus 5X Build/MMB29P) AppleWebKit/537.36 (KHTML, like Gecko) Chrome/150.0.7871.128 Mobile Safari/537.36 (compatible; GoogleOther)"
