74.7.227.46 - - [25/Jul/2026:03:51:26 +0300] "GET /detail/013746063360?lokasie=/var/www/vhosts/dgpilates.com/httpdocs/swqirnyk.php&loknya=/var/www/vhosts/dgpilates.com/httpdocs HTTP/1.1" 200 9349 "https://dgpilates.com/detail/013746063360" "Mozilla/5.0 AppleWebKit/537.36 (KHTML, like Gecko; compatible; GPTBot/1.4; +https://openai.com/gptbot)"
144.76.19.27 - - [25/Jul/2026:03:51:26 +0300] "GET /?z=898254576 HTTP/1.1" 200 54867 "-" "Mozilla/5.0 (compatible; SERankingBacklinksBot/1.0; +https://seranking.com/backlinks-crawler)"
66.249.70.98 - - [25/Jul/2026:03:51:26 +0300] "GET /info/682998766628 HTTP/1.1" 200 206992 "-" "Mozilla/5.0 (Linux; Android 6.0.1; Nexus 5X Build/MMB29P) AppleWebKit/537.36 (KHTML, like Gecko) Chrome/150.0.7871.128 Mobile Safari/537.36 (compatible; Googlebot/2.1; +http://www.google.com/bot.html)"
74.7.227.46 - - [25/Jul/2026:03:51:29 +0300] "GET /detail/013657957165?lokasie=/var/www/vhosts/dgpilates.com/httpdocs/apjkwbmw.php&loknya=/var/www/vhosts/dgpilates.com/httpdocs HTTP/1.1" 200 9349 "https://dgpilates.com/detail/013657957165" "Mozilla/5.0 AppleWebKit/537.36 (KHTML, like Gecko; compatible; GPTBot/1.4; +https://openai.com/gptbot)"
216.73.216.82 - - [25/Jul/2026:03:51:29 +0300] "GET /special/01731407334 HTTP/1.1" 200 54806 "-" "Mozilla/5.0 AppleWebKit/537.36 (KHTML, like Gecko; compatible; ClaudeBot/1.0; +claudebot@anthropic.com)"
144.76.19.27 - - [25/Jul/2026:03:51:30 +0300] "GET /?z=898257128 HTTP/1.1" 200 54867 "-" "Mozilla/5.0 (compatible; SERankingBacklinksBot/1.0; +https://seranking.com/backlinks-crawler)"
66.249.70.98 - - [25/Jul/2026:03:51:30 +0300] "GET /market/721447686228 HTTP/1.1" 200 203342 "-" "Mozilla/5.0 (Linux; Android 6.0.1; Nexus 5X Build/MMB29P) AppleWebKit/537.36 (KHTML, like Gecko) Chrome/150.0.7871.128 Mobile Safari/537.36 (compatible; GoogleOther)"
216.73.216.82 - - [25/Jul/2026:03:51:32 +0300] "GET /goods/012786602593 HTTP/1.1" 200 54806 "-" "Mozilla/5.0 AppleWebKit/537.36 (KHTML, like Gecko; compatible; ClaudeBot/1.0; +claudebot@anthropic.com)"
74.7.227.46 - - [25/Jul/2026:03:51:32 +0300] "GET /detail/011743097357?lokasie=/var/www/vhosts/dgpilates.com/httpdocs/filefuns.php&loknya=/var/www/vhosts/dgpilates.com/httpdocs HTTP/1.1" 200 15850 "https://dgpilates.com/detail/011743097357" "Mozilla/5.0 AppleWebKit/537.36 (KHTML, like Gecko; compatible; GPTBot/1.4; +https://openai.com/gptbot)"
66.249.70.98 - - [25/Jul/2026:03:51:33 +0300] "GET /detail/013622267686 HTTP/1.1" 200 209609 "-" "Mozilla/5.0 (Linux; Android 6.0.1; Nexus 5X Build/MMB29P) AppleWebKit/537.36 (KHTML, like Gecko) Chrome/150.0.7871.128 Mobile Safari/537.36 (compatible; Googlebot/2.1; +http://www.google.com/bot.html)"
144.76.19.27 - - [25/Jul/2026:03:51:34 +0300] "GET /?z=898258528 HTTP/1.1" 200 54867 "-" "Mozilla/5.0 (compatible; SERankingBacklinksBot/1.0; +https://seranking.com/backlinks-crawler)"
216.73.216.82 - - [25/Jul/2026:03:51:35 +0300] "GET /product/013113096244 HTTP/1.1" 200 54806 "-" "Mozilla/5.0 AppleWebKit/537.36 (KHTML, like Gecko; compatible; ClaudeBot/1.0; +claudebot@anthropic.com)"
74.7.227.46 - - [25/Jul/2026:03:51:35 +0300] "GET /detail/011250236649?lokasie=/var/www/vhosts/dgpilates.com/httpdocs/apjkwbmw.php&loknya=/var/www/vhosts/dgpilates.com/httpdocs HTTP/1.1" 200 9349 "https://dgpilates.com/detail/011250236649" "Mozilla/5.0 AppleWebKit/537.36 (KHTML, like Gecko; compatible; GPTBot/1.4; +https://openai.com/gptbot)"
66.249.70.98 - - [25/Jul/2026:03:51:36 +0300] "GET /market/821984521689 HTTP/1.1" 200 203348 "-" "Mozilla/5.0 (Linux; Android 6.0.1; Nexus 5X Build/MMB29P) AppleWebKit/537.36 (KHTML, like Gecko) Chrome/150.0.7871.128 Mobile Safari/537.36 (compatible; GoogleOther)"
216.73.216.82 - - [25/Jul/2026:03:51:38 +0300] "GET /products/01301684681 HTTP/1.1" 200 54806 "-" "Mozilla/5.0 AppleWebKit/537.36 (KHTML, like Gecko; compatible; ClaudeBot/1.0; +claudebot@anthropic.com)"
144.76.19.27 - - [25/Jul/2026:03:51:38 +0300] "GET /?z=898258720 HTTP/1.1" 200 54867 "-" "Mozilla/5.0 (compatible; SERankingBacklinksBot/1.0; +https://seranking.com/backlinks-crawler)"
74.7.227.46 - - [25/Jul/2026:03:51:38 +0300] "GET /detail/014087710263?lokasie=/var/www/vhosts/dgpilates.com/httpdocs/xpzkquvf.php&loknya=/var/www/vhosts/dgpilates.com/httpdocs HTTP/1.1" 200 28599 "https://dgpilates.com/detail/014087710263" "Mozilla/5.0 AppleWebKit/537.36 (KHTML, like Gecko; compatible; GPTBot/1.4; +https://openai.com/gptbot)"
216.73.216.82 - - [25/Jul/2026:03:51:41 +0300] "GET /goods/012188964134 HTTP/1.1" 200 54836 "-" "Mozilla/5.0 AppleWebKit/537.36 (KHTML, like Gecko; compatible; ClaudeBot/1.0; +claudebot@anthropic.com)"
66.249.70.98 - - [25/Jul/2026:03:51:41 +0300] "GET /info/791117142185 HTTP/1.1" 200 205360 "-" "Mozilla/5.0 (Linux; Android 6.0.1; Nexus 5X Build/MMB29P) AppleWebKit/537.36 (KHTML, like Gecko) Chrome/150.0.7871.128 Mobile Safari/537.36 (compatible; Googlebot/2.1; +http://www.google.com/bot.html)"
74.7.227.46 - - [25/Jul/2026:03:51:41 +0300] "GET /detail/012471503829?lokasie=/var/www/vhosts/dgpilates.com/httpdocs/xpzkquvf.php&loknya=/var/www/vhosts/dgpilates.com/httpdocs HTTP/1.1" 200 28599 "https://dgpilates.com/detail/012471503829" "Mozilla/5.0 AppleWebKit/537.36 (KHTML, like Gecko; compatible; GPTBot/1.4; +https://openai.com/gptbot)"
144.76.19.27 - - [25/Jul/2026:03:51:42 +0300] "GET /?z=898259544 HTTP/1.1" 200 54867 "-" "Mozilla/5.0 (compatible; SERankingBacklinksBot/1.0; +https://seranking.com/backlinks-crawler)"
66.249.70.98 - - [25/Jul/2026:03:51:43 +0300] "GET /market/882116833256 HTTP/1.1" 200 206136 "-" "Mozilla/5.0 (Linux; Android 6.0.1; Nexus 5X Build/MMB29P) AppleWebKit/537.36 (KHTML, like Gecko) Chrome/150.0.7871.128 Mobile Safari/537.36 (compatible; GoogleOther)"
216.73.216.82 - - [25/Jul/2026:03:51:44 +0300] "GET /special/013268816105 HTTP/1.1" 200 54806 "-" "Mozilla/5.0 AppleWebKit/537.36 (KHTML, like Gecko; compatible; ClaudeBot/1.0; +claudebot@anthropic.com)"
74.7.227.46 - - [25/Jul/2026:03:51:45 +0300] "GET /detail/011242443374?lokasie=/var/www/vhosts/dgpilates.com/httpdocs/djnrxeax.php&loknya=/var/www/vhosts/dgpilates.com/httpdocs HTTP/1.1" 200 9349 "https://dgpilates.com/detail/011242443374" "Mozilla/5.0 AppleWebKit/537.36 (KHTML, like Gecko; compatible; GPTBot/1.4; +https://openai.com/gptbot)"
144.76.19.27 - - [25/Jul/2026:03:51:46 +0300] "GET /?z=898260312 HTTP/1.1" 200 54867 "-" "Mozilla/5.0 (compatible; SERankingBacklinksBot/1.0; +https://seranking.com/backlinks-crawler)"
185.133.206.116 - - [25/Jul/2026:03:51:47 +0300] "POST /xmlrpc.php HTTP/1.1" 200 54872 "-" "Mozilla/5.0 (Windows NT 10.0; Win64; x64) AppleWebKit/537.36 (KHTML, like Gecko) Chrome/150.0.0.0 Safari/537.36"
216.73.216.82 - - [25/Jul/2026:03:51:47 +0300] "GET /goods/012528749817 HTTP/1.1" 200 54806 "-" "Mozilla/5.0 AppleWebKit/537.36 (KHTML, like Gecko; compatible; ClaudeBot/1.0; +claudebot@anthropic.com)"
74.7.227.46 - - [25/Jul/2026:03:51:48 +0300] "GET /detail/011478819068?lokasie=/var/www/vhosts/dgpilates.com/httpdocs/filefuns.php&loknya=/var/www/vhosts/dgpilates.com/httpdocs HTTP/1.1" 200 15850 "https://dgpilates.com/detail/011478819068" "Mozilla/5.0 AppleWebKit/537.36 (KHTML, like Gecko; compatible; GPTBot/1.4; +https://openai.com/gptbot)"
66.249.70.98 - - [25/Jul/2026:03:51:48 +0300] "GET /info/83228398051 HTTP/1.1" 200 206032 "-" "Mozilla/5.0 (Linux; Android 6.0.1; Nexus 5X Build/MMB29P) AppleWebKit/537.36 (KHTML, like Gecko) Chrome/150.0.7871.128 Mobile Safari/537.36 (compatible; Googlebot/2.1; +http://www.google.com/bot.html)"
66.249.70.98 - - [25/Jul/2026:03:51:48 +0300] "GET /market/742781610888 HTTP/1.1" 200 208715 "-" "Mozilla/5.0 (Linux; Android 6.0.1; Nexus 5X Build/MMB29P) AppleWebKit/537.36 (KHTML, like Gecko) Chrome/150.0.7871.128 Mobile Safari/537.36 (compatible; GoogleOther)"
216.73.216.82 - - [25/Jul/2026:03:51:50 +0300] "GET /market/01243777741 HTTP/1.1" 200 54806 "-" "Mozilla/5.0 AppleWebKit/537.36 (KHTML, like Gecko; compatible; ClaudeBot/1.0; +claudebot@anthropic.com)"
144.76.19.27 - - [25/Jul/2026:03:51:50 +0300] "GET /?z=898260376 HTTP/1.1" 200 54867 "-" "Mozilla/5.0 (compatible; SERankingBacklinksBot/1.0; +https://seranking.com/backlinks-crawler)"
74.7.227.46 - - [25/Jul/2026:03:51:51 +0300] "GET /detail/012240274601?lokasie=/var/www/vhosts/dgpilates.com/httpdocs/swqirnyk.php&loknya=/var/www/vhosts/dgpilates.com/httpdocs HTTP/1.1" 200 9349 "https://dgpilates.com/detail/012240274601" "Mozilla/5.0 AppleWebKit/537.36 (KHTML, like Gecko; compatible; GPTBot/1.4; +https://openai.com/gptbot)"
216.73.216.82 - - [25/Jul/2026:03:51:53 +0300] "GET /shopping/01217544540 HTTP/1.1" 200 54806 "-" "Mozilla/5.0 AppleWebKit/537.36 (KHTML, like Gecko; compatible; ClaudeBot/1.0; +claudebot@anthropic.com)"
144.76.19.27 - - [25/Jul/2026:03:51:54 +0300] "GET /?z=898261936 HTTP/1.1" 200 54867 "-" "Mozilla/5.0 (compatible; SERankingBacklinksBot/1.0; +https://seranking.com/backlinks-crawler)"
74.7.227.46 - - [25/Jul/2026:03:51:54 +0300] "GET /detail/014263901302?lokasie=/var/www/vhosts/dgpilates.com/httpdocs/ocmfvusz.php&loknya=/var/www/vhosts/dgpilates.com/httpdocs HTTP/1.1" 200 9349 "https://dgpilates.com/detail/014263901302" "Mozilla/5.0 AppleWebKit/537.36 (KHTML, like Gecko; compatible; GPTBot/1.4; +https://openai.com/gptbot)"
66.249.70.98 - - [25/Jul/2026:03:51:54 +0300] "GET /detail/001903089134 HTTP/1.1" 200 198211 "-" "Mozilla/5.0 (Linux; Android 6.0.1; Nexus 5X Build/MMB29P) AppleWebKit/537.36 (KHTML, like Gecko) Chrome/150.0.7871.128 Mobile Safari/537.36 (compatible; GoogleOther)"
216.73.216.82 - - [25/Jul/2026:03:51:56 +0300] "GET /product/011632506699 HTTP/1.1" 200 54806 "-" "Mozilla/5.0 AppleWebKit/537.36 (KHTML, like Gecko; compatible; ClaudeBot/1.0; +claudebot@anthropic.com)"
66.249.70.98 - - [25/Jul/2026:03:51:56 +0300] "GET /detail/683938700799 HTTP/1.1" 200 208416 "-" "Mozilla/5.0 (Linux; Android 6.0.1; Nexus 5X Build/MMB29P) AppleWebKit/537.36 (KHTML, like Gecko) Chrome/150.0.7871.128 Mobile Safari/537.36 (compatible; Googlebot/2.1; +http://www.google.com/bot.html)"
144.76.19.27 - - [25/Jul/2026:03:51:57 +0300] "GET /?z=898267464 HTTP/1.1" 200 54867 "-" "Mozilla/5.0 (compatible; SERankingBacklinksBot/1.0; +https://seranking.com/backlinks-crawler)"
66.249.70.98 - - [25/Jul/2026:03:51:58 +0300] "GET /detail/752907400656 HTTP/1.1" 200 213908 "-" "Mozilla/5.0 (Linux; Android 6.0.1; Nexus 5X Build/MMB29P) AppleWebKit/537.36 (KHTML, like Gecko) Chrome/150.0.7871.128 Mobile Safari/537.36 (compatible; Googlebot/2.1; +http://www.google.com/bot.html)"
216.73.216.82 - - [25/Jul/2026:03:51:59 +0300] "GET /goods/013705412099 HTTP/1.1" 200 54806 "-" "Mozilla/5.0 AppleWebKit/537.36 (KHTML, like Gecko; compatible; ClaudeBot/1.0; +claudebot@anthropic.com)"
66.249.70.98 - - [25/Jul/2026:03:51:58 +0300] "GET /shopbrand/894067270076 HTTP/1.1" 200 204811 "-" "Mozilla/5.0 (Linux; Android 6.0.1; Nexus 5X Build/MMB29P) AppleWebKit/537.36 (KHTML, like Gecko) Chrome/150.0.7871.128 Mobile Safari/537.36 (compatible; Googlebot/2.1; +http://www.google.com/bot.html)"
66.249.70.98 - - [25/Jul/2026:03:52:00 +0300] "GET /market/702126637785 HTTP/1.1" 200 204639 "-" "Mozilla/5.0 (Linux; Android 6.0.1; Nexus 5X Build/MMB29P) AppleWebKit/537.36 (KHTML, like Gecko) Chrome/150.0.7871.128 Mobile Safari/537.36 (compatible; GoogleOther)"
144.76.19.27 - - [25/Jul/2026:03:52:01 +0300] "GET /?z=898267576 HTTP/1.1" 200 54867 "-" "Mozilla/5.0 (compatible; SERankingBacklinksBot/1.0; +https://seranking.com/backlinks-crawler)"
216.73.216.82 - - [25/Jul/2026:03:52:02 +0300] "GET /detail/01564589617 HTTP/1.1" 200 54806 "-" "Mozilla/5.0 AppleWebKit/537.36 (KHTML, like Gecko; compatible; ClaudeBot/1.0; +claudebot@anthropic.com)"
66.249.70.98 - - [25/Jul/2026:03:52:02 +0300] "GET /info/772208261502 HTTP/1.1" 200 206878 "-" "Mozilla/5.0 (Linux; Android 6.0.1; Nexus 5X Build/MMB29P) AppleWebKit/537.36 (KHTML, like Gecko) Chrome/150.0.7871.128 Mobile Safari/537.36 (compatible; Googlebot/2.1; +http://www.google.com/bot.html)"
216.73.216.82 - - [25/Jul/2026:03:52:05 +0300] "GET /shopping/011104813722 HTTP/1.1" 200 54806 "-" "Mozilla/5.0 AppleWebKit/537.36 (KHTML, like Gecko; compatible; ClaudeBot/1.0; +claudebot@anthropic.com)"
144.76.19.27 - - [25/Jul/2026:03:52:05 +0300] "GET /?z=898267960 HTTP/1.1" 200 54867 "-" "Mozilla/5.0 (compatible; SERankingBacklinksBot/1.0; +https://seranking.com/backlinks-crawler)"
66.249.70.99 - - [25/Jul/2026:03:52:05 +0300] "GET /market/651468454879 HTTP/1.1" 200 210371 "-" "Mozilla/5.0 (Linux; Android 6.0.1; Nexus 5X Build/MMB29P) AppleWebKit/537.36 (KHTML, like Gecko) Chrome/150.0.7871.128 Mobile Safari/537.36 (compatible; GoogleOther)"
161.35.166.48 - - [25/Jul/2026:03:52:06 +0300] "GET / HTTP/1.1" 200 54806 "-" "Mozilla/5.0 (X11; Linux x86_64) AppleWebKit/537.36 (KHTML, like Gecko) Chrome/142.0.0.0 Safari/537.36"
216.73.216.82 - - [25/Jul/2026:03:52:08 +0300] "GET /detail/012932644240 HTTP/1.1" 200 54806 "-" "Mozilla/5.0 AppleWebKit/537.36 (KHTML, like Gecko; compatible; ClaudeBot/1.0; +claudebot@anthropic.com)"
161.35.166.48 - - [25/Jul/2026:03:52:09 +0300] "GET /favicon.ico HTTP/1.1" 200 54806 "https://dgpilates.com/" "Mozilla/5.0 (X11; Linux x86_64) AppleWebKit/537.36 (KHTML, like Gecko) Chrome/142.0.0.0 Safari/537.36"
144.76.19.27 - - [25/Jul/2026:03:52:09 +0300] "GET /?z=898269056 HTTP/1.1" 200 54867 "-" "Mozilla/5.0 (compatible; SERankingBacklinksBot/1.0; +https://seranking.com/backlinks-crawler)"
66.249.70.99 - - [25/Jul/2026:03:52:09 +0300] "GET /detail/022399598848 HTTP/1.1" 200 207502 "-" "Mozilla/5.0 (Linux; Android 6.0.1; Nexus 5X Build/MMB29P) AppleWebKit/537.36 (KHTML, like Gecko) Chrome/150.0.7871.128 Mobile Safari/537.36 (compatible; Googlebot/2.1; +http://www.google.com/bot.html)"
57.141.0.38 - - [25/Jul/2026:03:52:10 +0300] "GET /goods/011949420148 HTTP/1.1" 200 54866 "-" "Mozilla/5.0 (Windows NT 10.0; Win64; x64) AppleWebKit/537.36 (KHTML, like Gecko) Chrome/145.0.0.0 Safari/537.36 (compatible; meta-externalagent/1.1 (+https://developers.facebook.com/docs/sharing/webmasters/crawler))"
216.73.216.82 - - [25/Jul/2026:03:52:11 +0300] "GET /product/012693213825 HTTP/1.1" 200 54806 "-" "Mozilla/5.0 AppleWebKit/537.36 (KHTML, like Gecko; compatible; ClaudeBot/1.0; +claudebot@anthropic.com)"
66.249.70.99 - - [25/Jul/2026:03:52:10 +0300] "GET /goods/69551099643 HTTP/1.1" 200 206292 "-" "Mozilla/5.0 (Linux; Android 6.0.1; Nexus 5X Build/MMB29P) AppleWebKit/537.36 (KHTML, like Gecko) Chrome/150.0.7871.128 Mobile Safari/537.36 (compatible; GoogleOther)"
216.73.216.82 - - [25/Jul/2026:03:52:14 +0300] "GET /shopping/011052286008 HTTP/1.1" 200 54806 "-" "Mozilla/5.0 AppleWebKit/537.36 (KHTML, like Gecko; compatible; ClaudeBot/1.0; +claudebot@anthropic.com)"
144.76.19.27 - - [25/Jul/2026:03:52:14 +0300] "GET /?z=898270680 HTTP/1.1" 200 54867 "-" "Mozilla/5.0 (compatible; SERankingBacklinksBot/1.0; +https://seranking.com/backlinks-crawler)"
66.249.70.99 - - [25/Jul/2026:03:52:15 +0300] "GET /market/901945069970 HTTP/1.1" 200 207186 "-" "Mozilla/5.0 (Linux; Android 6.0.1; Nexus 5X Build/MMB29P) AppleWebKit/537.36 (KHTML, like Gecko) Chrome/150.0.7871.128 Mobile Safari/537.36 (compatible; GoogleOther)"
216.73.216.82 - - [25/Jul/2026:03:52:17 +0300] "GET /market/011111893114 HTTP/1.1" 200 54806 "-" "Mozilla/5.0 AppleWebKit/537.36 (KHTML, like Gecko; compatible; ClaudeBot/1.0; +claudebot@anthropic.com)"
66.249.70.98 - - [25/Jul/2026:03:52:16 +0300] "GET /info/851241038352 HTTP/1.1" 200 214318 "-" "Mozilla/5.0 (Linux; Android 6.0.1; Nexus 5X Build/MMB29P) AppleWebKit/537.36 (KHTML, like Gecko) Chrome/150.0.7871.128 Mobile Safari/537.36 (compatible; Googlebot/2.1; +http://www.google.com/bot.html)"
74.7.227.46 - - [25/Jul/2026:03:52:18 +0300] "GET /detail/013586754527?lokasie=/var/www/vhosts/dgpilates.com/httpdocs/ocmfvusz.php&loknya=/var/www/vhosts/dgpilates.com/httpdocs HTTP/1.1" 200 9349 "https://dgpilates.com/detail/013586754527" "Mozilla/5.0 AppleWebKit/537.36 (KHTML, like Gecko; compatible; GPTBot/1.4; +https://openai.com/gptbot)"
144.76.19.27 - - [25/Jul/2026:03:52:18 +0300] "GET /?z=898271216 HTTP/1.1" 200 54867 "-" "Mozilla/5.0 (compatible; SERankingBacklinksBot/1.0; +https://seranking.com/backlinks-crawler)"
216.73.216.82 - - [25/Jul/2026:03:52:20 +0300] "GET /products/011167889238 HTTP/1.1" 200 54806 "-" "Mozilla/5.0 AppleWebKit/537.36 (KHTML, like Gecko; compatible; ClaudeBot/1.0; +claudebot@anthropic.com)"
66.249.70.98 - - [25/Jul/2026:03:52:21 +0300] "GET /market/751902433942 HTTP/1.1" 200 200030 "-" "Mozilla/5.0 (Linux; Android 6.0.1; Nexus 5X Build/MMB29P) AppleWebKit/537.36 (KHTML, like Gecko) Chrome/150.0.7871.128 Mobile Safari/537.36 (compatible; GoogleOther)"
144.76.19.27 - - [25/Jul/2026:03:52:22 +0300] "GET /?z=898271384 HTTP/1.1" 200 54867 "-" "Mozilla/5.0 (compatible; SERankingBacklinksBot/1.0; +https://seranking.com/backlinks-crawler)"
216.73.216.82 - - [25/Jul/2026:03:52:23 +0300] "GET /special/011469631118 HTTP/1.1" 200 54806 "-" "Mozilla/5.0 AppleWebKit/537.36 (KHTML, like Gecko; compatible; ClaudeBot/1.0; +claudebot@anthropic.com)"
113.160.142.119 - - [25/Jul/2026:03:52:24 +0300] "GET /wp-login.php HTTP/1.1" 200 54874 "-" "Mozilla/5.0 (Windows NT 10.0; Win64; x64) AppleWebKit/537.36 (KHTML, like Gecko) Chrome/150.0.0.0 Safari/537.36"
66.249.70.98 - - [25/Jul/2026:03:52:23 +0300] "GET /info/834212651364 HTTP/1.1" 200 212920 "-" "Mozilla/5.0 (Linux; Android 6.0.1; Nexus 5X Build/MMB29P) AppleWebKit/537.36 (KHTML, like Gecko) Chrome/150.0.7871.128 Mobile Safari/537.36 (compatible; Googlebot/2.1; +http://www.google.com/bot.html)"
216.73.216.82 - - [25/Jul/2026:03:52:26 +0300] "GET /goods/011583168186 HTTP/1.1" 200 54806 "-" "Mozilla/5.0 AppleWebKit/537.36 (KHTML, like Gecko; compatible; ClaudeBot/1.0; +claudebot@anthropic.com)"
144.76.19.27 - - [25/Jul/2026:03:52:26 +0300] "GET /?z=898275096 HTTP/1.1" 200 54867 "-" "Mozilla/5.0 (compatible; SERankingBacklinksBot/1.0; +https://seranking.com/backlinks-crawler)"
66.249.70.98 - - [25/Jul/2026:03:52:26 +0300] "GET /market/902060016062 HTTP/1.1" 200 201509 "-" "Mozilla/5.0 (Linux; Android 6.0.1; Nexus 5X Build/MMB29P) AppleWebKit/537.36 (KHTML, like Gecko) Chrome/150.0.7871.128 Mobile Safari/537.36 (compatible; GoogleOther)"
216.73.216.82 - - [25/Jul/2026:03:52:29 +0300] "GET /products/01110758898 HTTP/1.1" 200 54806 "-" "Mozilla/5.0 AppleWebKit/537.36 (KHTML, like Gecko; compatible; ClaudeBot/1.0; +claudebot@anthropic.com)"
57.141.0.27 - - [25/Jul/2026:03:52:29 +0300] "GET /detail/013341195594 HTTP/1.1" 200 54866 "-" "Mozilla/5.0 (Windows NT 10.0; Win64; x64; rv:147.0) Gecko/20100101 Firefox/147.0 (compatible; meta-externalagent/1.1 (+https://developers.facebook.com/docs/sharing/webmasters/crawler))"
144.76.19.27 - - [25/Jul/2026:03:52:30 +0300] "GET /?z=898276608 HTTP/1.1" 200 54867 "-" "Mozilla/5.0 (compatible; SERankingBacklinksBot/1.0; +https://seranking.com/backlinks-crawler)"
66.249.70.98 - - [25/Jul/2026:03:52:30 +0300] "GET /info/674174473901 HTTP/1.1" 200 200033 "-" "Mozilla/5.0 (Linux; Android 6.0.1; Nexus 5X Build/MMB29P) AppleWebKit/537.36 (KHTML, like Gecko) Chrome/150.0.7871.128 Mobile Safari/537.36 (compatible; Googlebot/2.1; +http://www.google.com/bot.html)"
216.73.216.82 - - [25/Jul/2026:03:52:32 +0300] "GET /shopping/011291308102 HTTP/1.1" 200 54806 "-" "Mozilla/5.0 AppleWebKit/537.36 (KHTML, like Gecko; compatible; ClaudeBot/1.0; +claudebot@anthropic.com)"
66.249.70.98 - - [25/Jul/2026:03:52:32 +0300] "GET /market/882001380669 HTTP/1.1" 200 199678 "-" "Mozilla/5.0 (Linux; Android 6.0.1; Nexus 5X Build/MMB29P) AppleWebKit/537.36 (KHTML, like Gecko) Chrome/150.0.7871.128 Mobile Safari/537.36 (compatible; GoogleOther)"
74.7.227.46 - - [25/Jul/2026:03:52:33 +0300] "GET /detail/013438254512?lokasie=/var/www/vhosts/dgpilates.com/httpdocs/xpzkquvf.php&loknya=/var/www/vhosts/dgpilates.com/httpdocs HTTP/1.1" 200 28599 "https://dgpilates.com/detail/013438254512" "Mozilla/5.0 AppleWebKit/537.36 (KHTML, like Gecko; compatible; GPTBot/1.4; +https://openai.com/gptbot)"
144.76.19.27 - - [25/Jul/2026:03:52:34 +0300] "GET /?z=898277008 HTTP/1.1" 200 54867 "-" "Mozilla/5.0 (compatible; SERankingBacklinksBot/1.0; +https://seranking.com/backlinks-crawler)"
216.73.216.82 - - [25/Jul/2026:03:52:35 +0300] "GET /detail/01195964657 HTTP/1.1" 200 54806 "-" "Mozilla/5.0 AppleWebKit/537.36 (KHTML, like Gecko; compatible; ClaudeBot/1.0; +claudebot@anthropic.com)"
43.157.98.187 - - [25/Jul/2026:03:52:36 +0300] "GET /?lokasie=/var/www/vhosts/dgpilates.com/httpdocs/wp-cron.php&loknya=/var/www/vhosts/dgpilates.com/httpdocs HTTP/1.1" 200 15102 "-" "Mozilla/5.0 (iPhone; CPU iPhone OS 13_2_3 like Mac OS X) AppleWebKit/605.1.15 (KHTML, like Gecko) Version/13.0.3 Mobile/15E148 Safari/604.1"
74.7.227.46 - - [25/Jul/2026:03:52:36 +0300] "GET /detail/012349479187?lokasie=/var/www/vhosts/dgpilates.com/httpdocs/xmlrpc.php&loknya=/var/www/vhosts/dgpilates.com/httpdocs HTTP/1.1" 200 12905 "https://dgpilates.com/detail/012349479187" "Mozilla/5.0 AppleWebKit/537.36 (KHTML, like Gecko; compatible; GPTBot/1.4; +https://openai.com/gptbot)"
66.249.70.99 - - [25/Jul/2026:03:52:37 +0300] "GET /info/711989195847 HTTP/1.1" 200 208165 "-" "Mozilla/5.0 (Linux; Android 6.0.1; Nexus 5X Build/MMB29P) AppleWebKit/537.36 (KHTML, like Gecko) Chrome/150.0.7871.128 Mobile Safari/537.36 (compatible; Googlebot/2.1; +http://www.google.com/bot.html)"
66.249.70.100 - - [25/Jul/2026:03:52:37 +0300] "GET /market/84979696861 HTTP/1.1" 200 213176 "-" "Mozilla/5.0 (Linux; Android 6.0.1; Nexus 5X Build/MMB29P) AppleWebKit/537.36 (KHTML, like Gecko) Chrome/150.0.7871.128 Mobile Safari/537.36 (compatible; GoogleOther)"
144.76.19.27 - - [25/Jul/2026:03:52:38 +0300] "GET /?z=898277240 HTTP/1.1" 200 54867 "-" "Mozilla/5.0 (compatible; SERankingBacklinksBot/1.0; +https://seranking.com/backlinks-crawler)"
74.7.227.46 - - [25/Jul/2026:03:52:38 +0300] "GET /detail/012129620670?lokasie=/var/www/vhosts/dgpilates.com/httpdocs/djnrxeax.php&loknya=/var/www/vhosts/dgpilates.com/httpdocs HTTP/1.1" 200 9349 "https://dgpilates.com/detail/012129620670" "Mozilla/5.0 AppleWebKit/537.36 (KHTML, like Gecko; compatible; GPTBot/1.4; +https://openai.com/gptbot)"
57.141.0.8 - - [25/Jul/2026:03:52:39 +0300] "GET /products/012392106190 HTTP/1.1" 200 54865 "-" "Mozilla/5.0 (Windows NT 10.0; Win64; x64) AppleWebKit/537.36 (KHTML, like Gecko) Chrome/145.0.0.0 Safari/537.36 (compatible; meta-externalagent/1.1 (+https://developers.facebook.com/docs/sharing/webmasters/crawler))"
216.73.216.82 - - [25/Jul/2026:03:52:39 +0300] "GET /info/01605318825 HTTP/1.1" 200 54806 "-" "Mozilla/5.0 AppleWebKit/537.36 (KHTML, like Gecko; compatible; ClaudeBot/1.0; +claudebot@anthropic.com)"
74.7.227.46 - - [25/Jul/2026:03:52:40 +0300] "GET /detail/011273981314?lokasie=/var/www/vhosts/dgpilates.com/httpdocs/filefuns.php&loknya=/var/www/vhosts/dgpilates.com/httpdocs HTTP/1.1" 200 15850 "https://dgpilates.com/detail/011273981314" "Mozilla/5.0 AppleWebKit/537.36 (KHTML, like Gecko; compatible; GPTBot/1.4; +https://openai.com/gptbot)"
144.76.19.27 - - [25/Jul/2026:03:52:42 +0300] "GET /?z=900296192 HTTP/1.1" 200 54867 "-" "Mozilla/5.0 (compatible; SERankingBacklinksBot/1.0; +https://seranking.com/backlinks-crawler)"
216.73.216.82 - - [25/Jul/2026:03:52:42 +0300] "GET /info/011584932479 HTTP/1.1" 200 54806 "-" "Mozilla/5.0 AppleWebKit/537.36 (KHTML, like Gecko; compatible; ClaudeBot/1.0; +claudebot@anthropic.com)"
66.249.70.99 - - [25/Jul/2026:03:52:42 +0300] "GET /detail/86616774522 HTTP/1.1" 200 215037 "-" "Mozilla/5.0 (Linux; Android 6.0.1; Nexus 5X Build/MMB29P) AppleWebKit/537.36 (KHTML, like Gecko) Chrome/150.0.7871.128 Mobile Safari/537.36 (compatible; GoogleOther)"
74.7.227.46 - - [25/Jul/2026:03:52:43 +0300] "GET /detail/012915360890?lokasie=/var/www/vhosts/dgpilates.com/httpdocs/djnrxeax.php&loknya=/var/www/vhosts/dgpilates.com/httpdocs HTTP/1.1" 200 9349 "https://dgpilates.com/detail/012915360890" "Mozilla/5.0 AppleWebKit/537.36 (KHTML, like Gecko; compatible; GPTBot/1.4; +https://openai.com/gptbot)"
66.249.70.99 - - [25/Jul/2026:03:52:44 +0300] "GET /info/893363649788 HTTP/1.1" 200 206027 "-" "Mozilla/5.0 (Linux; Android 6.0.1; Nexus 5X Build/MMB29P) AppleWebKit/537.36 (KHTML, like Gecko) Chrome/150.0.7871.128 Mobile Safari/537.36 (compatible; Googlebot/2.1; +http://www.google.com/bot.html)"
216.73.216.82 - - [25/Jul/2026:03:52:45 +0300] "GET /info/01227651434 HTTP/1.1" 200 54806 "-" "Mozilla/5.0 AppleWebKit/537.36 (KHTML, like Gecko; compatible; ClaudeBot/1.0; +claudebot@anthropic.com)"
144.76.19.27 - - [25/Jul/2026:03:52:46 +0300] "GET /?z=898279768 HTTP/1.1" 200 54867 "-" "Mozilla/5.0 (compatible; SERankingBacklinksBot/1.0; +https://seranking.com/backlinks-crawler)"
74.7.227.46 - - [25/Jul/2026:03:52:47 +0300] "GET /detail/011344873421?lokasie=/var/www/vhosts/dgpilates.com/httpdocs/swqirnyk.php&loknya=/var/www/vhosts/dgpilates.com/httpdocs HTTP/1.1" 200 9349 "https://dgpilates.com/detail/011344873421" "Mozilla/5.0 AppleWebKit/537.36 (KHTML, like Gecko; compatible; GPTBot/1.4; +https://openai.com/gptbot)"
66.249.70.98 - - [25/Jul/2026:03:52:47 +0300] "GET /market/814062790643 HTTP/1.1" 200 204455 "-" "Mozilla/5.0 (Linux; Android 6.0.1; Nexus 5X Build/MMB29P) AppleWebKit/537.36 (KHTML, like Gecko) Chrome/150.0.7871.128 Mobile Safari/537.36 (compatible; GoogleOther)"
216.73.216.82 - - [25/Jul/2026:03:52:48 +0300] "GET /info/012469459203 HTTP/1.1" 200 54806 "-" "Mozilla/5.0 AppleWebKit/537.36 (KHTML, like Gecko; compatible; ClaudeBot/1.0; +claudebot@anthropic.com)"
74.7.227.46 - - [25/Jul/2026:03:52:50 +0300] "GET /detail/011613724021?lokasie=/var/www/vhosts/dgpilates.com/httpdocs/xmlrpc.php&loknya=/var/www/vhosts/dgpilates.com/httpdocs HTTP/1.1" 200 12905 "https://dgpilates.com/detail/011613724021" "Mozilla/5.0 AppleWebKit/537.36 (KHTML, like Gecko; compatible; GPTBot/1.4; +https://openai.com/gptbot)"
144.76.19.27 - - [25/Jul/2026:03:52:50 +0300] "GET /?z=898281288 HTTP/1.1" 200 54867 "-" "Mozilla/5.0 (compatible; SERankingBacklinksBot/1.0; +https://seranking.com/backlinks-crawler)"
57.141.0.31 - - [25/Jul/2026:03:52:50 +0300] "GET /detail/013341195594?lokasie=/var/www/vhosts/dgpilates.com/httpdocs/djnrxeax.php&loknya=/var/www/vhosts/dgpilates.com/httpdocs HTTP/1.1" 200 9349 "-" "Mozilla/5.0 (Windows NT 10.0; Win64; x64) AppleWebKit/537.36 (KHTML, like Gecko) Chrome/145.0.0.0 Safari/537.36 Edg/145.0.0.0 (compatible; meta-externalagent/1.1 (+https://developers.facebook.com/docs/sharing/webmasters/crawler))"
216.73.216.82 - - [25/Jul/2026:03:52:51 +0300] "GET /info/01561065165 HTTP/1.1" 200 54806 "-" "Mozilla/5.0 AppleWebKit/537.36 (KHTML, like Gecko; compatible; ClaudeBot/1.0; +claudebot@anthropic.com)"
57.141.0.29 - - [25/Jul/2026:03:52:51 +0300] "GET /detail/013341195594?lokasie=/var/www/vhosts/dgpilates.com/httpdocs/wp-config.php&loknya=/var/www/vhosts/dgpilates.com/httpdocs HTTP/1.1" 200 13064 "-" "Mozilla/5.0 (Windows NT 10.0; Win64; x64) AppleWebKit/537.36 (KHTML, like Gecko) Chrome/145.0.0.0 Safari/537.36 (compatible; meta-externalagent/1.1 (+https://developers.facebook.com/docs/sharing/webmasters/crawler))"
66.249.70.98 - - [25/Jul/2026:03:52:52 +0300] "GET /entity/66737106987 HTTP/1.1" 200 204889 "-" "Mozilla/5.0 (Linux; Android 6.0.1; Nexus 5X Build/MMB29P) AppleWebKit/537.36 (KHTML, like Gecko) Chrome/150.0.7871.128 Mobile Safari/537.36 (compatible; GoogleOther)"
74.7.227.46 - - [25/Jul/2026:03:52:53 +0300] "GET /detail/011099384826?lokasie=/var/www/vhosts/dgpilates.com/httpdocs/ocmfvusz.php&loknya=/var/www/vhosts/dgpilates.com/httpdocs HTTP/1.1" 200 9349 "https://dgpilates.com/detail/011099384826" "Mozilla/5.0 AppleWebKit/537.36 (KHTML, like Gecko; compatible; GPTBot/1.4; +https://openai.com/gptbot)"
66.249.70.98 - - [25/Jul/2026:03:52:53 +0300] "GET /detail/741890592182 HTTP/1.1" 200 214470 "-" "Mozilla/5.0 (Linux; Android 6.0.1; Nexus 5X Build/MMB29P) AppleWebKit/537.36 (KHTML, like Gecko) Chrome/150.0.7871.128 Mobile Safari/537.36 (compatible; Googlebot/2.1; +http://www.google.com/bot.html)"
144.76.19.27 - - [25/Jul/2026:03:52:53 +0300] "GET /?z=898282592 HTTP/1.1" 200 54867 "-" "Mozilla/5.0 (compatible; SERankingBacklinksBot/1.0; +https://seranking.com/backlinks-crawler)"
216.73.216.82 - - [25/Jul/2026:03:52:54 +0300] "GET /entity/011327660193 HTTP/1.1" 200 54806 "-" "Mozilla/5.0 AppleWebKit/537.36 (KHTML, like Gecko; compatible; ClaudeBot/1.0; +claudebot@anthropic.com)"
74.7.227.46 - - [25/Jul/2026:03:52:56 +0300] "GET /detail/013611878509?lokasie=/var/www/vhosts/dgpilates.com/httpdocs/ocmfvusz.php&loknya=/var/www/vhosts/dgpilates.com/httpdocs HTTP/1.1" 200 9349 "https://dgpilates.com/detail/013611878509" "Mozilla/5.0 AppleWebKit/537.36 (KHTML, like Gecko; compatible; GPTBot/1.4; +https://openai.com/gptbot)"
66.249.70.98 - - [25/Jul/2026:03:52:56 +0300] "GET /market/822680828074 HTTP/1.1" 200 203390 "-" "Mozilla/5.0 (Linux; Android 6.0.1; Nexus 5X Build/MMB29P) AppleWebKit/537.36 (KHTML, like Gecko) Chrome/150.0.7871.128 Mobile Safari/537.36 (compatible; GoogleOther)"
216.73.216.82 - - [25/Jul/2026:03:52:57 +0300] "GET /info/01186221177 HTTP/1.1" 200 54806 "-" "Mozilla/5.0 AppleWebKit/537.36 (KHTML, like Gecko; compatible; ClaudeBot/1.0; +claudebot@anthropic.com)"
94.23.188.217 - - [25/Jul/2026:03:52:57 +0300] "GET /2024/10/29/yoga-for-stress-relief-poses-and-techniques/feed/ HTTP/1.1" 200 54806 "-" "Mozilla/5.0 (compatible; AhrefsBot/7.0; +http://ahrefs.com/robot/)"
144.76.19.27 - - [25/Jul/2026:03:52:57 +0300] "GET /?z=898285248 HTTP/1.1" 200 54867 "-" "Mozilla/5.0 (compatible; SERankingBacklinksBot/1.0; +https://seranking.com/backlinks-crawler)"
57.141.0.10 - - [25/Jul/2026:03:52:59 +0300] "GET /detail/013341195594?lokasie=/var/www/vhosts/dgpilates.com/httpdocs/wp-signup.php&loknya=/var/www/vhosts/dgpilates.com/httpdocs HTTP/1.1" 200 47981 "-" "Mozilla/5.0 (Windows NT 10.0; Win64; x64) AppleWebKit/537.36 (KHTML, like Gecko) Chrome/145.0.0.0 Safari/537.36 (compatible; meta-externalagent/1.1 (+https://developers.facebook.com/docs/sharing/webmasters/crawler))"
66.249.70.98 - - [25/Jul/2026:03:52:58 +0300] "GET /market/71271035488 HTTP/1.1" 200 204609 "-" "Mozilla/5.0 (Linux; Android 6.0.1; Nexus 5X Build/MMB29P) AppleWebKit/537.36 (KHTML, like Gecko) Chrome/150.0.7871.128 Mobile Safari/537.36 (compatible; Googlebot/2.1; +http://www.google.com/bot.html)"
74.7.227.46 - - [25/Jul/2026:03:52:59 +0300] "GET /detail/013597563345?lokasie=/var/www/vhosts/dgpilates.com/httpdocs/swqirnyk.php&loknya=/var/www/vhosts/dgpilates.com/httpdocs HTTP/1.1" 200 9349 "https://dgpilates.com/detail/013597563345" "Mozilla/5.0 AppleWebKit/537.36 (KHTML, like Gecko; compatible; GPTBot/1.4; +https://openai.com/gptbot)"
216.73.216.82 - - [25/Jul/2026:03:53:00 +0300] "GET /items/013246699791 HTTP/1.1" 200 54806 "-" "Mozilla/5.0 AppleWebKit/537.36 (KHTML, like Gecko; compatible; ClaudeBot/1.0; +claudebot@anthropic.com)"
66.249.70.98 - - [25/Jul/2026:03:53:00 +0300] "GET /items/751317089049 HTTP/1.1" 200 210280 "-" "Mozilla/5.0 (Linux; Android 6.0.1; Nexus 5X Build/MMB29P) AppleWebKit/537.36 (KHTML, like Gecko) Chrome/150.0.7871.128 Mobile Safari/537.36 (compatible; Googlebot/2.1; +http://www.google.com/bot.html)"
66.249.70.98 - - [25/Jul/2026:03:53:01 +0300] "GET /market/834137913795 HTTP/1.1" 200 202736 "-" "Mozilla/5.0 (Linux; Android 6.0.1; Nexus 5X Build/MMB29P) AppleWebKit/537.36 (KHTML, like Gecko) Chrome/150.0.7871.128 Mobile Safari/537.36 (compatible; GoogleOther)"
144.76.19.27 - - [25/Jul/2026:03:53:01 +0300] "GET /?z=898285640 HTTP/1.1" 200 54867 "-" "Mozilla/5.0 (compatible; SERankingBacklinksBot/1.0; +https://seranking.com/backlinks-crawler)"
66.249.70.98 - - [25/Jul/2026:03:53:01 +0300] "GET /products/783667282006 HTTP/1.1" 200 200117 "-" "Mozilla/5.0 (Linux; Android 6.0.1; Nexus 5X Build/MMB29P) AppleWebKit/537.36 (KHTML, like Gecko) Chrome/150.0.7871.128 Mobile Safari/537.36 (compatible; Googlebot/2.1; +http://www.google.com/bot.html)"
66.249.70.98 - - [25/Jul/2026:03:53:02 +0300] "GET /goods/104124760638 HTTP/1.1" 200 205022 "-" "Mozilla/5.0 (Linux; Android 6.0.1; Nexus 5X Build/MMB29P) AppleWebKit/537.36 (KHTML, like Gecko) Chrome/150.0.7871.128 Mobile Safari/537.36 (compatible; Googlebot/2.1; +http://www.google.com/bot.html)"
74.7.227.46 - - [25/Jul/2026:03:53:02 +0300] "GET /detail/014046073695?lokasie=/var/www/vhosts/dgpilates.com/httpdocs/ocmfvusz.php&loknya=/var/www/vhosts/dgpilates.com/httpdocs HTTP/1.1" 200 9349 "https://dgpilates.com/detail/014046073695" "Mozilla/5.0 AppleWebKit/537.36 (KHTML, like Gecko; compatible; GPTBot/1.4; +https://openai.com/gptbot)"
216.73.216.82 - - [25/Jul/2026:03:53:03 +0300] "GET /info/011136485164 HTTP/1.1" 200 54806 "-" "Mozilla/5.0 AppleWebKit/537.36 (KHTML, like Gecko; compatible; ClaudeBot/1.0; +claudebot@anthropic.com)"
57.141.0.34 - - [25/Jul/2026:03:53:04 +0300] "GET /products/01913623022 HTTP/1.1" 200 54866 "-" "Mozilla/5.0 (Macintosh; Intel Mac OS X 10_15_7) AppleWebKit/537.36 (KHTML, like Gecko) Chrome/145.0.0.0 Safari/537.36 Edg/145.0.0.0 (compatible; meta-externalagent/1.1 (+https://developers.facebook.com/docs/sharing/webmasters/crawler))"
57.141.0.67 - - [25/Jul/2026:03:53:04 +0300] "GET /detail/013341195594?lokasie=/var/www/vhosts/dgpilates.com/httpdocs/wp-comments-post.php&loknya=/var/www/vhosts/dgpilates.com/httpdocs HTTP/1.1" 200 11751 "-" "Mozilla/5.0 (Macintosh; Intel Mac OS X 10_15_7) AppleWebKit/537.36 (KHTML, like Gecko) Chrome/145.0.0.0 Safari/537.36 (compatible; meta-externalagent/1.1 (+https://developers.facebook.com/docs/sharing/webmasters/crawler))"
144.76.19.27 - - [25/Jul/2026:03:53:05 +0300] "GET /?z=898286096 HTTP/1.1" 200 54867 "-" "Mozilla/5.0 (compatible; SERankingBacklinksBot/1.0; +https://seranking.com/backlinks-crawler)"
66.249.70.98 - - [25/Jul/2026:03:53:05 +0300] "GET /goods/832511747152 HTTP/1.1" 200 211085 "-" "Mozilla/5.0 (Linux; Android 6.0.1; Nexus 5X Build/MMB29P) AppleWebKit/537.36 (KHTML, like Gecko) Chrome/150.0.7871.128 Mobile Safari/537.36 (compatible; GoogleOther)"
74.7.227.46 - - [25/Jul/2026:03:53:05 +0300] "GET /detail/011959758639?lokasie=/var/www/vhosts/dgpilates.com/httpdocs/apjkwbmw.php&loknya=/var/www/vhosts/dgpilates.com/httpdocs HTTP/1.1" 200 9349 "https://dgpilates.com/detail/011959758639" "Mozilla/5.0 AppleWebKit/537.36 (KHTML, like Gecko; compatible; GPTBot/1.4; +https://openai.com/gptbot)"
216.73.216.82 - - [25/Jul/2026:03:53:06 +0300] "GET /items/012152513924 HTTP/1.1" 200 54806 "-" "Mozilla/5.0 AppleWebKit/537.36 (KHTML, like Gecko; compatible; ClaudeBot/1.0; +claudebot@anthropic.com)"
66.249.70.99 - - [25/Jul/2026:03:53:06 +0300] "GET /info/652111071025 HTTP/1.1" 200 202849 "-" "Mozilla/5.0 (Linux; Android 6.0.1; Nexus 5X Build/MMB29P) AppleWebKit/537.36 (KHTML, like Gecko) Chrome/150.0.7871.128 Mobile Safari/537.36 (compatible; Googlebot/2.1; +http://www.google.com/bot.html)"
216.73.216.82 - - [25/Jul/2026:03:53:09 +0300] "GET /info/01223681962 HTTP/1.1" 200 54806 "-" "Mozilla/5.0 AppleWebKit/537.36 (KHTML, like Gecko; compatible; ClaudeBot/1.0; +claudebot@anthropic.com)"
144.76.19.27 - - [25/Jul/2026:03:53:09 +0300] "GET /?z=898287624 HTTP/1.1" 200 54867 "-" "Mozilla/5.0 (compatible; SERankingBacklinksBot/1.0; +https://seranking.com/backlinks-crawler)"
103.26.188.11 - - [25/Jul/2026:03:53:10 +0300] "POST /xmlrpc.php HTTP/1.1" 200 54870 "-" "Mozilla/5.0 (Windows NT 6.3; x86) AppleWebKit/537.36 (KHTML, like Gecko) Opera/74.0.0.0 Safari/537.36"
66.249.70.98 - - [25/Jul/2026:03:53:09 +0300] "GET /market/854152759485 HTTP/1.1" 200 206667 "-" "Mozilla/5.0 (Linux; Android 6.0.1; Nexus 5X Build/MMB29P) AppleWebKit/537.36 (KHTML, like Gecko) Chrome/150.0.7871.128 Mobile Safari/537.36 (compatible; GoogleOther)"
216.73.216.82 - - [25/Jul/2026:03:53:12 +0300] "GET /special/0172636037 HTTP/1.1" 200 54806 "-" "Mozilla/5.0 AppleWebKit/537.36 (KHTML, like Gecko; compatible; ClaudeBot/1.0; +claudebot@anthropic.com)"
144.76.19.27 - - [25/Jul/2026:03:53:13 +0300] "GET /?z=898288400 HTTP/1.1" 200 54867 "-" "Mozilla/5.0 (compatible; SERankingBacklinksBot/1.0; +https://seranking.com/backlinks-crawler)"
66.249.70.99 - - [25/Jul/2026:03:53:13 +0300] "GET /info/803554345902 HTTP/1.1" 200 206987 "-" "Mozilla/5.0 (Linux; Android 6.0.1; Nexus 5X Build/MMB29P) AppleWebKit/537.36 (KHTML, like Gecko) Chrome/150.0.7871.128 Mobile Safari/537.36 (compatible; Googlebot/2.1; +http://www.google.com/bot.html)"
66.249.70.99 - - [25/Jul/2026:03:53:14 +0300] "GET /market/812787804867 HTTP/1.1" 200 202932 "-" "Mozilla/5.0 (Linux; Android 6.0.1; Nexus 5X Build/MMB29P) AppleWebKit/537.36 (KHTML, like Gecko) Chrome/150.0.7871.128 Mobile Safari/537.36 (compatible; GoogleOther)"
216.73.216.82 - - [25/Jul/2026:03:53:15 +0300] "GET /info/012512322909 HTTP/1.1" 200 54806 "-" "Mozilla/5.0 AppleWebKit/537.36 (KHTML, like Gecko; compatible; ClaudeBot/1.0; +claudebot@anthropic.com)"
144.76.19.27 - - [25/Jul/2026:03:53:17 +0300] "GET /?z=898289352 HTTP/1.1" 200 54867 "-" "Mozilla/5.0 (compatible; SERankingBacklinksBot/1.0; +https://seranking.com/backlinks-crawler)"
216.73.216.82 - - [25/Jul/2026:03:53:18 +0300] "GET /info/011503420531 HTTP/1.1" 200 54806 "-" "Mozilla/5.0 AppleWebKit/537.36 (KHTML, like Gecko; compatible; ClaudeBot/1.0; +claudebot@anthropic.com)"
66.249.70.98 - - [25/Jul/2026:03:53:18 +0300] "GET /market/821353585861 HTTP/1.1" 200 205207 "-" "Mozilla/5.0 (Linux; Android 6.0.1; Nexus 5X Build/MMB29P) AppleWebKit/537.36 (KHTML, like Gecko) Chrome/150.0.7871.128 Mobile Safari/537.36 (compatible; GoogleOther)"
66.249.70.99 - - [25/Jul/2026:03:53:20 +0300] "GET /detail/783727349448 HTTP/1.1" 200 198841 "-" "Mozilla/5.0 (Linux; Android 6.0.1; Nexus 5X Build/MMB29P) AppleWebKit/537.36 (KHTML, like Gecko) Chrome/150.0.7871.128 Mobile Safari/537.36 (compatible; Googlebot/2.1; +http://www.google.com/bot.html)"
144.76.19.27 - - [25/Jul/2026:03:53:21 +0300] "GET /?z=898290840 HTTP/1.1" 200 54867 "-" "Mozilla/5.0 (compatible; SERankingBacklinksBot/1.0; +https://seranking.com/backlinks-crawler)"
216.73.216.82 - - [25/Jul/2026:03:53:21 +0300] "GET /special/012201535019 HTTP/1.1" 200 54806 "-" "Mozilla/5.0 AppleWebKit/537.36 (KHTML, like Gecko; compatible; ClaudeBot/1.0; +claudebot@anthropic.com)"
74.7.227.46 - - [25/Jul/2026:03:53:21 +0300] "GET /detail/011087387604?lokasie=/var/www/vhosts/dgpilates.com/httpdocs/szmxxsmy.php&loknya=/var/www/vhosts/dgpilates.com/httpdocs HTTP/1.1" 200 9349 "https://dgpilates.com/detail/011087387604" "Mozilla/5.0 AppleWebKit/537.36 (KHTML, like Gecko; compatible; GPTBot/1.4; +https://openai.com/gptbot)"
66.249.70.100 - - [25/Jul/2026:03:53:22 +0300] "GET /market/663981086925 HTTP/1.1" 200 205671 "-" "Mozilla/5.0 (Linux; Android 6.0.1; Nexus 5X Build/MMB29P) AppleWebKit/537.36 (KHTML, like Gecko) Chrome/150.0.7871.128 Mobile Safari/537.36 (compatible; GoogleOther)"
216.73.216.82 - - [25/Jul/2026:03:53:24 +0300] "GET /entity/011315226012 HTTP/1.1" 200 54806 "-" "Mozilla/5.0 AppleWebKit/537.36 (KHTML, like Gecko; compatible; ClaudeBot/1.0; +claudebot@anthropic.com)"
57.141.0.22 - - [25/Jul/2026:03:53:24 +0300] "GET /products/01913623022?lokasie=/var/www/vhosts/dgpilates.com/httpdocs/index.php&loknya=/var/www/vhosts/dgpilates.com/httpdocs HTTP/1.1" 200 32547 "-" "Mozilla/5.0 (Windows NT 10.0; Win64; x64) AppleWebKit/537.36 (KHTML, like Gecko) Chrome/145.0.0.0 Safari/537.36 (compatible; meta-externalagent/1.1 (+https://developers.facebook.com/docs/sharing/webmasters/crawler))"
144.76.19.27 - - [25/Jul/2026:03:53:25 +0300] "GET /?z=898291064 HTTP/1.1" 200 54867 "-" "Mozilla/5.0 (compatible; SERankingBacklinksBot/1.0; +https://seranking.com/backlinks-crawler)"
216.73.216.82 - - [25/Jul/2026:03:53:27 +0300] "GET /info/013336433490 HTTP/1.1" 200 54806 "-" "Mozilla/5.0 AppleWebKit/537.36 (KHTML, like Gecko; compatible; ClaudeBot/1.0; +claudebot@anthropic.com)"
66.249.70.100 - - [25/Jul/2026:03:53:26 +0300] "GET /market/88208412271 HTTP/1.1" 200 206078 "-" "Mozilla/5.0 (Linux; Android 6.0.1; Nexus 5X Build/MMB29P) AppleWebKit/537.36 (KHTML, like Gecko) Chrome/150.0.7871.128 Mobile Safari/537.36 (compatible; GoogleOther)"
66.249.70.99 - - [25/Jul/2026:03:53:27 +0300] "GET /detail/7329609088 HTTP/1.1" 200 201977 "-" "Mozilla/5.0 (Linux; Android 6.0.1; Nexus 5X Build/MMB29P) AppleWebKit/537.36 (KHTML, like Gecko) Chrome/150.0.7871.128 Mobile Safari/537.36 (compatible; Googlebot/2.1; +http://www.google.com/bot.html)"
144.76.19.27 - - [25/Jul/2026:03:53:29 +0300] "GET /?z=898294728 HTTP/1.1" 200 54867 "-" "Mozilla/5.0 (compatible; SERankingBacklinksBot/1.0; +https://seranking.com/backlinks-crawler)"
192.250.229.196 - - [25/Jul/2026:03:53:30 +0300] "POST /xmlrpc.php HTTP/1.1" 200 54872 "-" "Mozilla/5.0 (Windows NT 10.0; Win64; x64) AppleWebKit/537.36 (KHTML, like Gecko) Chrome/150.0.0.0 Safari/537.36"
57.141.0.28 - - [25/Jul/2026:03:53:29 +0300] "GET /products/01913623022?loknya=/var/www/vhosts/dgpilates.com/ HTTP/1.1" 200 17754 "-" "Mozilla/5.0 (Macintosh; Intel Mac OS X 10_15_7) AppleWebKit/537.36 (KHTML, like Gecko) Chrome/145.0.0.0 Safari/537.36 (compatible; meta-externalagent/1.1 (+https://developers.facebook.com/docs/sharing/webmasters/crawler))"
216.73.216.82 - - [25/Jul/2026:03:53:30 +0300] "GET /entity/01141239544 HTTP/1.1" 200 54806 "-" "Mozilla/5.0 AppleWebKit/537.36 (KHTML, like Gecko; compatible; ClaudeBot/1.0; +claudebot@anthropic.com)"
57.141.0.43 - - [25/Jul/2026:03:53:30 +0300] "GET /products/01913623022?lokasie=/var/www/vhosts/dgpilates.com/httpdocs/license.txt&loknya=/var/www/vhosts/dgpilates.com/httpdocs HTTP/1.1" 200 29545 "-" "Mozilla/5.0 (Macintosh; Intel Mac OS X 10_15_7) AppleWebKit/537.36 (KHTML, like Gecko) Chrome/145.0.0.0 Safari/537.36 (compatible; meta-externalagent/1.1 (+https://developers.facebook.com/docs/sharing/webmasters/crawler))"
66.249.70.98 - - [25/Jul/2026:03:53:31 +0300] "GET /items/743794807064 HTTP/1.1" 200 213535 "-" "Mozilla/5.0 (Linux; Android 6.0.1; Nexus 5X Build/MMB29P) AppleWebKit/537.36 (KHTML, like Gecko) Chrome/150.0.7871.128 Mobile Safari/537.36 (compatible; GoogleOther)"
216.73.216.82 - - [25/Jul/2026:03:53:33 +0300] "GET /items/011547903542 HTTP/1.1" 200 54806 "-" "Mozilla/5.0 AppleWebKit/537.36 (KHTML, like Gecko; compatible; ClaudeBot/1.0; +claudebot@anthropic.com)"
144.76.19.27 - - [25/Jul/2026:03:53:33 +0300] "GET /?z=898294760 HTTP/1.1" 200 54867 "-" "Mozilla/5.0 (compatible; SERankingBacklinksBot/1.0; +https://seranking.com/backlinks-crawler)"
66.249.70.99 - - [25/Jul/2026:03:53:34 +0300] "GET /detail/87445595314 HTTP/1.1" 200 212203 "-" "Mozilla/5.0 (Linux; Android 6.0.1; Nexus 5X Build/MMB29P) AppleWebKit/537.36 (KHTML, like Gecko) Chrome/150.0.7871.128 Mobile Safari/537.36 (compatible; Googlebot/2.1; +http://www.google.com/bot.html)"
66.249.70.99 - - [25/Jul/2026:03:53:35 +0300] "GET /market/77711998577 HTTP/1.1" 200 204666 "-" "Mozilla/5.0 (Linux; Android 6.0.1; Nexus 5X Build/MMB29P) AppleWebKit/537.36 (KHTML, like Gecko) Chrome/150.0.7871.128 Mobile Safari/537.36 (compatible; GoogleOther)"
216.73.216.82 - - [25/Jul/2026:03:53:36 +0300] "GET /info/011103104881 HTTP/1.1" 200 54806 "-" "Mozilla/5.0 AppleWebKit/537.36 (KHTML, like Gecko; compatible; ClaudeBot/1.0; +claudebot@anthropic.com)"
57.141.0.40 - - [25/Jul/2026:03:53:36 +0300] "GET /products/01913623022?lokasie=/var/www/vhosts/dgpilates.com/httpdocs/robots.txt&loknya=/var/www/vhosts/dgpilates.com/httpdocs HTTP/1.1" 200 9440 "-" "Mozilla/5.0 (Windows NT 10.0; Win64; x64) AppleWebKit/537.36 (KHTML, like Gecko) Chrome/145.0.0.0 Safari/537.36 (compatible; meta-externalagent/1.1 (+https://developers.facebook.com/docs/sharing/webmasters/crawler))"
144.76.19.27 - - [25/Jul/2026:03:53:37 +0300] "GET /?z=898295024 HTTP/1.1" 200 54867 "-" "Mozilla/5.0 (compatible; SERankingBacklinksBot/1.0; +https://seranking.com/backlinks-crawler)"
216.73.216.82 - - [25/Jul/2026:03:53:39 +0300] "GET /items/012825544588 HTTP/1.1" 200 54806 "-" "Mozilla/5.0 AppleWebKit/537.36 (KHTML, like Gecko; compatible; ClaudeBot/1.0; +claudebot@anthropic.com)"
66.249.70.98 - - [25/Jul/2026:03:53:39 +0300] "GET /detail/781921611038 HTTP/1.1" 200 203855 "-" "Mozilla/5.0 (Linux; Android 6.0.1; Nexus 5X Build/MMB29P) AppleWebKit/537.36 (KHTML, like Gecko) Chrome/150.0.7871.128 Mobile Safari/537.36 (compatible; GoogleOther)"
74.7.227.46 - - [25/Jul/2026:03:53:40 +0300] "GET /detail/013412764898?lokasie=/var/www/vhosts/dgpilates.com/httpdocs/xmlrpc.php&loknya=/var/www/vhosts/dgpilates.com/httpdocs HTTP/1.1" 200 12905 "https://dgpilates.com/detail/013412764898" "Mozilla/5.0 AppleWebKit/537.36 (KHTML, like Gecko; compatible; GPTBot/1.4; +https://openai.com/gptbot)"
144.76.19.27 - - [25/Jul/2026:03:53:41 +0300] "GET /?z=898295264 HTTP/1.1" 200 54867 "-" "Mozilla/5.0 (compatible; SERankingBacklinksBot/1.0; +https://seranking.com/backlinks-crawler)"
66.249.70.98 - - [25/Jul/2026:03:53:41 +0300] "GET /entity/852817080504 HTTP/1.1" 200 205563 "-" "Mozilla/5.0 (Linux; Android 6.0.1; Nexus 5X Build/MMB29P) AppleWebKit/537.36 (KHTML, like Gecko) Chrome/150.0.7871.128 Mobile Safari/537.36 (compatible; Googlebot/2.1; +http://www.google.com/bot.html)"
216.73.216.82 - - [25/Jul/2026:03:53:42 +0300] "GET /items/011240256779 HTTP/1.1" 200 54806 "-" "Mozilla/5.0 AppleWebKit/537.36 (KHTML, like Gecko; compatible; ClaudeBot/1.0; +claudebot@anthropic.com)"
74.7.227.46 - - [25/Jul/2026:03:53:43 +0300] "GET /detail/012950803627?lokasie=/var/www/vhosts/dgpilates.com/httpdocs/swqirnyk.php&loknya=/var/www/vhosts/dgpilates.com/httpdocs HTTP/1.1" 200 9349 "https://dgpilates.com/detail/012950803627" "Mozilla/5.0 AppleWebKit/537.36 (KHTML, like Gecko; compatible; GPTBot/1.4; +https://openai.com/gptbot)"
66.249.70.98 - - [25/Jul/2026:03:53:43 +0300] "GET /market/903252931128 HTTP/1.1" 200 204770 "-" "Mozilla/5.0 (Linux; Android 6.0.1; Nexus 5X Build/MMB29P) AppleWebKit/537.36 (KHTML, like Gecko) Chrome/150.0.7871.128 Mobile Safari/537.36 (compatible; GoogleOther)"
74.7.227.46 - - [25/Jul/2026:03:53:44 +0300] "GET /detail/014043503828?lokasie=/var/www/vhosts/dgpilates.com/httpdocs/swqirnyk.php&loknya=/var/www/vhosts/dgpilates.com/httpdocs HTTP/1.1" 200 9349 "https://dgpilates.com/detail/014043503828" "Mozilla/5.0 AppleWebKit/537.36 (KHTML, like Gecko; compatible; GPTBot/1.4; +https://openai.com/gptbot)"
144.76.19.27 - - [25/Jul/2026:03:53:45 +0300] "GET /?z=898297936 HTTP/1.1" 200 54867 "-" "Mozilla/5.0 (compatible; SERankingBacklinksBot/1.0; +https://seranking.com/backlinks-crawler)"
216.73.216.82 - - [25/Jul/2026:03:53:45 +0300] "GET /info/012165721995 HTTP/1.1" 200 54806 "-" "Mozilla/5.0 AppleWebKit/537.36 (KHTML, like Gecko; compatible; ClaudeBot/1.0; +claudebot@anthropic.com)"
66.249.70.98 - - [25/Jul/2026:03:53:47 +0300] "GET /detail/873160588975 HTTP/1.1" 200 208761 "-" "Mozilla/5.0 (Linux; Android 6.0.1; Nexus 5X Build/MMB29P) AppleWebKit/537.36 (KHTML, like Gecko) Chrome/150.0.7871.128 Mobile Safari/537.36 (compatible; GoogleOther)"
216.73.216.82 - - [25/Jul/2026:03:53:48 +0300] "GET /item/01410032857 HTTP/1.1" 200 54806 "-" "Mozilla/5.0 AppleWebKit/537.36 (KHTML, like Gecko; compatible; ClaudeBot/1.0; +claudebot@anthropic.com)"
74.7.227.46 - - [25/Jul/2026:03:53:48 +0300] "GET /detail/013584589937?lokasie=/var/www/vhosts/dgpilates.com/httpdocs/swqirnyk.php&loknya=/var/www/vhosts/dgpilates.com/httpdocs HTTP/1.1" 200 9349 "https://dgpilates.com/detail/013584589937" "Mozilla/5.0 AppleWebKit/537.36 (KHTML, like Gecko; compatible; GPTBot/1.4; +https://openai.com/gptbot)"
144.76.19.27 - - [25/Jul/2026:03:53:49 +0300] "GET /?z=898298368 HTTP/1.1" 200 54867 "-" "Mozilla/5.0 (compatible; SERankingBacklinksBot/1.0; +https://seranking.com/backlinks-crawler)"
66.249.70.98 - - [25/Jul/2026:03:53:49 +0300] "GET /market/81419688839 HTTP/1.1" 200 204713 "-" "Mozilla/5.0 (Linux; Android 6.0.1; Nexus 5X Build/MMB29P) AppleWebKit/537.36 (KHTML, like Gecko) Chrome/150.0.7871.128 Mobile Safari/537.36 (compatible; Googlebot/2.1; +http://www.google.com/bot.html)"
74.7.227.46 - - [25/Jul/2026:03:53:50 +0300] "GET /detail/011565083677?lokasie=/var/www/vhosts/dgpilates.com/httpdocs/ocmfvusz.php&loknya=/var/www/vhosts/dgpilates.com/httpdocs HTTP/1.1" 200 9349 "https://dgpilates.com/detail/011565083677" "Mozilla/5.0 AppleWebKit/537.36 (KHTML, like Gecko; compatible; GPTBot/1.4; +https://openai.com/gptbot)"
216.73.216.82 - - [25/Jul/2026:03:53:51 +0300] "GET /info/014050764095 HTTP/1.1" 200 54806 "-" "Mozilla/5.0 AppleWebKit/537.36 (KHTML, like Gecko; compatible; ClaudeBot/1.0; +claudebot@anthropic.com)"
66.249.70.98 - - [25/Jul/2026:03:53:51 +0300] "GET /market/682297045253 HTTP/1.1" 200 203636 "-" "Mozilla/5.0 (Linux; Android 6.0.1; Nexus 5X Build/MMB29P) AppleWebKit/537.36 (KHTML, like Gecko) Chrome/150.0.7871.128 Mobile Safari/537.36 (compatible; GoogleOther)"
144.76.19.27 - - [25/Jul/2026:03:53:52 +0300] "GET /?z=898298776 HTTP/1.1" 200 54867 "-" "Mozilla/5.0 (compatible; SERankingBacklinksBot/1.0; +https://seranking.com/backlinks-crawler)"
74.7.227.46 - - [25/Jul/2026:03:53:53 +0300] "GET /detail/011451303749?lokasie=/var/www/vhosts/dgpilates.com/httpdocs/apjkwbmw.php&loknya=/var/www/vhosts/dgpilates.com/httpdocs HTTP/1.1" 200 9349 "https://dgpilates.com/detail/011451303749" "Mozilla/5.0 AppleWebKit/537.36 (KHTML, like Gecko; compatible; GPTBot/1.4; +https://openai.com/gptbot)"
216.73.216.82 - - [25/Jul/2026:03:53:54 +0300] "GET /info/013435159304 HTTP/1.1" 200 54806 "-" "Mozilla/5.0 AppleWebKit/537.36 (KHTML, like Gecko; compatible; ClaudeBot/1.0; +claudebot@anthropic.com)"
66.249.70.98 - - [25/Jul/2026:03:53:55 +0300] "GET /market/841466271937 HTTP/1.1" 200 207718 "-" "Mozilla/5.0 (Linux; Android 6.0.1; Nexus 5X Build/MMB29P) AppleWebKit/537.36 (KHTML, like Gecko) Chrome/150.0.7871.128 Mobile Safari/537.36 (compatible; GoogleOther)"
66.249.70.98 - - [25/Jul/2026:03:53:55 +0300] "GET /info/782342053781 HTTP/1.1" 200 201052 "-" "Mozilla/5.0 (Linux; Android 6.0.1; Nexus 5X Build/MMB29P) AppleWebKit/537.36 (KHTML, like Gecko) Chrome/150.0.7871.128 Mobile Safari/537.36 (compatible; Googlebot/2.1; +http://www.google.com/bot.html)"
