74.7.227.46 - - [25/Jul/2026:04:38:18 +0300] "GET /detail/011866963469?lokasie=/var/www/vhosts/dgpilates.com/httpdocs/xmlrpc.php&loknya=/var/www/vhosts/dgpilates.com/httpdocs HTTP/1.1" 200 12905 "https://dgpilates.com/detail/011866963469" "Mozilla/5.0 AppleWebKit/537.36 (KHTML, like Gecko; compatible; GPTBot/1.4; +https://openai.com/gptbot)"
66.249.70.99 - - [25/Jul/2026:04:38:19 +0300] "GET /item/823774616906 HTTP/1.1" 200 210870 "-" "Mozilla/5.0 (Linux; Android 6.0.1; Nexus 5X Build/MMB29P) AppleWebKit/537.36 (KHTML, like Gecko) Chrome/150.0.7871.128 Mobile Safari/537.36 (compatible; Googlebot/2.1; +http://www.google.com/bot.html)"
216.73.216.82 - - [25/Jul/2026:04:38:19 +0300] "GET /products/013411320450 HTTP/1.1" 200 54806 "-" "Mozilla/5.0 AppleWebKit/537.36 (KHTML, like Gecko; compatible; ClaudeBot/1.0; +claudebot@anthropic.com)"
66.249.70.98 - - [25/Jul/2026:04:38:19 +0300] "GET /info/884120557551 HTTP/1.1" 200 208915 "-" "Mozilla/5.0 (Linux; Android 6.0.1; Nexus 5X Build/MMB29P) AppleWebKit/537.36 (KHTML, like Gecko) Chrome/150.0.7871.128 Mobile Safari/537.36 (compatible; GoogleOther)"
144.76.19.27 - - [25/Jul/2026:04:38:20 +0300] "GET /?z=899197776 HTTP/1.1" 200 54867 "-" "Mozilla/5.0 (compatible; SERankingBacklinksBot/1.0; +https://seranking.com/backlinks-crawler)"
74.7.227.46 - - [25/Jul/2026:04:38:21 +0300] "GET /detail/012973944181?lokasie=/var/www/vhosts/dgpilates.com/httpdocs/xmlrpc.php&loknya=/var/www/vhosts/dgpilates.com/httpdocs HTTP/1.1" 200 12905 "https://dgpilates.com/detail/012973944181" "Mozilla/5.0 AppleWebKit/537.36 (KHTML, like Gecko; compatible; GPTBot/1.4; +https://openai.com/gptbot)"
216.73.216.82 - - [25/Jul/2026:04:38:22 +0300] "GET /shopping/01511384570 HTTP/1.1" 200 54806 "-" "Mozilla/5.0 AppleWebKit/537.36 (KHTML, like Gecko; compatible; ClaudeBot/1.0; +claudebot@anthropic.com)"
144.76.19.27 - - [25/Jul/2026:04:38:24 +0300] "GET /?z=899198928 HTTP/1.1" 200 54867 "-" "Mozilla/5.0 (compatible; SERankingBacklinksBot/1.0; +https://seranking.com/backlinks-crawler)"
66.249.70.98 - - [25/Jul/2026:04:38:23 +0300] "GET /info/83978484746 HTTP/1.1" 200 204120 "-" "Mozilla/5.0 (Linux; Android 6.0.1; Nexus 5X Build/MMB29P) AppleWebKit/537.36 (KHTML, like Gecko) Chrome/150.0.7871.128 Mobile Safari/537.36 (compatible; GoogleOther)"
74.7.227.46 - - [25/Jul/2026:04:38:25 +0300] "GET /detail/013997237925?lokasie=/var/www/vhosts/dgpilates.com/httpdocs/ocmfvusz.php&loknya=/var/www/vhosts/dgpilates.com/httpdocs HTTP/1.1" 200 9349 "https://dgpilates.com/detail/013997237925" "Mozilla/5.0 AppleWebKit/537.36 (KHTML, like Gecko; compatible; GPTBot/1.4; +https://openai.com/gptbot)"
216.73.216.82 - - [25/Jul/2026:04:38:25 +0300] "GET /shopping/01999469066 HTTP/1.1" 200 54806 "-" "Mozilla/5.0 AppleWebKit/537.36 (KHTML, like Gecko; compatible; ClaudeBot/1.0; +claudebot@anthropic.com)"
66.249.70.98 - - [25/Jul/2026:04:38:27 +0300] "GET /info/901083400158 HTTP/1.1" 200 203607 "-" "Mozilla/5.0 (Linux; Android 6.0.1; Nexus 5X Build/MMB29P) AppleWebKit/537.36 (KHTML, like Gecko) Chrome/150.0.7871.128 Mobile Safari/537.36 (compatible; Googlebot/2.1; +http://www.google.com/bot.html)"
144.76.19.27 - - [25/Jul/2026:04:38:28 +0300] "GET /?z=899199240 HTTP/1.1" 200 54867 "-" "Mozilla/5.0 (compatible; SERankingBacklinksBot/1.0; +https://seranking.com/backlinks-crawler)"
74.7.227.46 - - [25/Jul/2026:04:38:28 +0300] "GET /detail/014209971300?lokasie=/var/www/vhosts/dgpilates.com/httpdocs/filefuns.php&loknya=/var/www/vhosts/dgpilates.com/httpdocs HTTP/1.1" 200 15850 "https://dgpilates.com/detail/014209971300" "Mozilla/5.0 AppleWebKit/537.36 (KHTML, like Gecko; compatible; GPTBot/1.4; +https://openai.com/gptbot)"
66.249.70.100 - - [25/Jul/2026:04:38:28 +0300] "GET /detail/802162628053 HTTP/1.1" 200 206719 "-" "Mozilla/5.0 (Linux; Android 6.0.1; Nexus 5X Build/MMB29P) AppleWebKit/537.36 (KHTML, like Gecko) Chrome/150.0.7871.128 Mobile Safari/537.36 (compatible; GoogleOther)"
216.73.216.82 - - [25/Jul/2026:04:38:28 +0300] "GET /products/011100871989 HTTP/1.1" 200 54806 "-" "Mozilla/5.0 AppleWebKit/537.36 (KHTML, like Gecko; compatible; ClaudeBot/1.0; +claudebot@anthropic.com)"
57.141.0.56 - - [25/Jul/2026:04:38:31 +0300] "GET /item/012260586835 HTTP/1.1" 200 54866 "-" "Mozilla/5.0 (Macintosh; Intel Mac OS X 10_15_7) AppleWebKit/537.36 (KHTML, like Gecko) Chrome/145.0.0.0 Safari/537.36 (compatible; meta-externalagent/1.1 (+https://developers.facebook.com/docs/sharing/webmasters/crawler))"
74.7.227.46 - - [25/Jul/2026:04:38:31 +0300] "GET /detail/011665183502?lokasie=/var/www/vhosts/dgpilates.com/httpdocs/szmxxsmy.php&loknya=/var/www/vhosts/dgpilates.com/httpdocs HTTP/1.1" 200 9349 "https://dgpilates.com/detail/011665183502" "Mozilla/5.0 AppleWebKit/537.36 (KHTML, like Gecko; compatible; GPTBot/1.4; +https://openai.com/gptbot)"
216.73.216.82 - - [25/Jul/2026:04:38:31 +0300] "GET /detail/013362481248 HTTP/1.1" 200 54806 "-" "Mozilla/5.0 AppleWebKit/537.36 (KHTML, like Gecko; compatible; ClaudeBot/1.0; +claudebot@anthropic.com)"
144.76.19.27 - - [25/Jul/2026:04:38:31 +0300] "GET /?z=899202880 HTTP/1.1" 200 54867 "-" "Mozilla/5.0 (compatible; SERankingBacklinksBot/1.0; +https://seranking.com/backlinks-crawler)"
66.249.70.100 - - [25/Jul/2026:04:38:32 +0300] "GET /info/65990955647 HTTP/1.1" 200 199350 "-" "Mozilla/5.0 (Linux; Android 6.0.1; Nexus 5X Build/MMB29P) AppleWebKit/537.36 (KHTML, like Gecko) Chrome/150.0.7871.128 Mobile Safari/537.36 (compatible; GoogleOther)"
216.73.216.82 - - [25/Jul/2026:04:38:34 +0300] "GET /products/013497216589 HTTP/1.1" 200 54806 "-" "Mozilla/5.0 AppleWebKit/537.36 (KHTML, like Gecko; compatible; ClaudeBot/1.0; +claudebot@anthropic.com)"
74.7.227.46 - - [25/Jul/2026:04:38:34 +0300] "GET /detail/013647522812?lokasie=/var/www/vhosts/dgpilates.com/httpdocs/ocmfvusz.php&loknya=/var/www/vhosts/dgpilates.com/httpdocs HTTP/1.1" 200 9349 "https://dgpilates.com/detail/013647522812" "Mozilla/5.0 AppleWebKit/537.36 (KHTML, like Gecko; compatible; GPTBot/1.4; +https://openai.com/gptbot)"
144.76.19.27 - - [25/Jul/2026:04:38:35 +0300] "GET /?z=899203120 HTTP/1.1" 200 54867 "-" "Mozilla/5.0 (compatible; SERankingBacklinksBot/1.0; +https://seranking.com/backlinks-crawler)"
66.249.70.99 - - [25/Jul/2026:04:38:36 +0300] "GET /info/742807715464 HTTP/1.1" 200 208816 "-" "Mozilla/5.0 (Linux; Android 6.0.1; Nexus 5X Build/MMB29P) AppleWebKit/537.36 (KHTML, like Gecko) Chrome/150.0.7871.128 Mobile Safari/537.36 (compatible; GoogleOther)"
216.73.216.82 - - [25/Jul/2026:04:38:37 +0300] "GET /shopping/011750685035 HTTP/1.1" 200 54806 "-" "Mozilla/5.0 AppleWebKit/537.36 (KHTML, like Gecko; compatible; ClaudeBot/1.0; +claudebot@anthropic.com)"
66.249.70.100 - - [25/Jul/2026:04:38:37 +0300] "GET /detail/68329447294 HTTP/1.1" 200 208451 "-" "Mozilla/5.0 (Linux; Android 6.0.1; Nexus 5X Build/MMB29P) AppleWebKit/537.36 (KHTML, like Gecko) Chrome/150.0.7871.128 Mobile Safari/537.36 (compatible; Googlebot/2.1; +http://www.google.com/bot.html)"
74.7.227.46 - - [25/Jul/2026:04:38:38 +0300] "GET /detail/011548352014?lokasie=/var/www/vhosts/dgpilates.com/httpdocs/szmxxsmy.php&loknya=/var/www/vhosts/dgpilates.com/httpdocs HTTP/1.1" 200 9349 "https://dgpilates.com/detail/011548352014" "Mozilla/5.0 AppleWebKit/537.36 (KHTML, like Gecko; compatible; GPTBot/1.4; +https://openai.com/gptbot)"
144.76.19.27 - - [25/Jul/2026:04:38:39 +0300] "GET /?z=899204624 HTTP/1.1" 200 54867 "-" "Mozilla/5.0 (compatible; SERankingBacklinksBot/1.0; +https://seranking.com/backlinks-crawler)"
216.73.216.82 - - [25/Jul/2026:04:38:40 +0300] "GET /products/013631755501 HTTP/1.1" 200 54806 "-" "Mozilla/5.0 AppleWebKit/537.36 (KHTML, like Gecko; compatible; ClaudeBot/1.0; +claudebot@anthropic.com)"
66.249.70.99 - - [25/Jul/2026:04:38:40 +0300] "GET /detail/88606223392 HTTP/1.1" 200 211476 "-" "Mozilla/5.0 (Linux; Android 6.0.1; Nexus 5X Build/MMB29P) AppleWebKit/537.36 (KHTML, like Gecko) Chrome/150.0.7871.128 Mobile Safari/537.36 (compatible; GoogleOther)"
74.7.227.46 - - [25/Jul/2026:04:38:41 +0300] "GET /detail/011565083677?lokasie=/var/www/vhosts/dgpilates.com/httpdocs/djnrxeax.php&loknya=/var/www/vhosts/dgpilates.com/httpdocs HTTP/1.1" 200 9349 "https://dgpilates.com/detail/011565083677" "Mozilla/5.0 AppleWebKit/537.36 (KHTML, like Gecko; compatible; GPTBot/1.4; +https://openai.com/gptbot)"
144.76.19.27 - - [25/Jul/2026:04:38:43 +0300] "GET /?z=899207760 HTTP/1.1" 200 54867 "-" "Mozilla/5.0 (compatible; SERankingBacklinksBot/1.0; +https://seranking.com/backlinks-crawler)"
74.7.227.46 - - [25/Jul/2026:04:38:44 +0300] "GET /detail/013431774990?lokasie=/var/www/vhosts/dgpilates.com/httpdocs/szmxxsmy.php&loknya=/var/www/vhosts/dgpilates.com/httpdocs HTTP/1.1" 200 9349 "https://dgpilates.com/detail/013431774990" "Mozilla/5.0 AppleWebKit/537.36 (KHTML, like Gecko; compatible; GPTBot/1.4; +https://openai.com/gptbot)"
216.73.216.82 - - [25/Jul/2026:04:38:44 +0300] "GET /item/012243438501 HTTP/1.1" 200 54806 "-" "Mozilla/5.0 AppleWebKit/537.36 (KHTML, like Gecko; compatible; ClaudeBot/1.0; +claudebot@anthropic.com)"
66.249.70.98 - - [25/Jul/2026:04:38:44 +0300] "GET /info/882691730402 HTTP/1.1" 200 205213 "-" "Mozilla/5.0 (Linux; Android 6.0.1; Nexus 5X Build/MMB29P) AppleWebKit/537.36 (KHTML, like Gecko) Chrome/150.0.7871.128 Mobile Safari/537.36 (compatible; GoogleOther)"
216.73.216.82 - - [25/Jul/2026:04:38:47 +0300] "GET /goodscode/013252825658 HTTP/1.1" 200 54806 "-" "Mozilla/5.0 AppleWebKit/537.36 (KHTML, like Gecko; compatible; ClaudeBot/1.0; +claudebot@anthropic.com)"
74.7.227.46 - - [25/Jul/2026:04:38:47 +0300] "GET /detail/012133160882?lokasie=/var/www/vhosts/dgpilates.com/httpdocs/xmlrpc.php&loknya=/var/www/vhosts/dgpilates.com/httpdocs HTTP/1.1" 200 12905 "https://dgpilates.com/detail/012133160882" "Mozilla/5.0 AppleWebKit/537.36 (KHTML, like Gecko; compatible; GPTBot/1.4; +https://openai.com/gptbot)"
144.76.19.27 - - [25/Jul/2026:04:38:47 +0300] "GET /?z=899207808 HTTP/1.1" 200 54867 "-" "Mozilla/5.0 (compatible; SERankingBacklinksBot/1.0; +https://seranking.com/backlinks-crawler)"
66.249.70.98 - - [25/Jul/2026:04:38:47 +0300] "GET /detail/783339021253 HTTP/1.1" 200 203804 "-" "Mozilla/5.0 (Linux; Android 6.0.1; Nexus 5X Build/MMB29P) AppleWebKit/537.36 (KHTML, like Gecko) Chrome/150.0.7871.128 Mobile Safari/537.36 (compatible; Googlebot/2.1; +http://www.google.com/bot.html)"
66.249.70.98 - - [25/Jul/2026:04:38:48 +0300] "GET /detail/791411487445 HTTP/1.1" 200 205706 "-" "Mozilla/5.0 (Linux; Android 6.0.1; Nexus 5X Build/MMB29P) AppleWebKit/537.36 (KHTML, like Gecko) Chrome/150.0.7871.128 Mobile Safari/537.36 (compatible; GoogleOther)"
216.73.216.82 - - [25/Jul/2026:04:38:50 +0300] "GET /product/01337998087 HTTP/1.1" 200 54806 "-" "Mozilla/5.0 AppleWebKit/537.36 (KHTML, like Gecko; compatible; ClaudeBot/1.0; +claudebot@anthropic.com)"
74.7.227.46 - - [25/Jul/2026:04:38:50 +0300] "GET /detail/011351153136?lokasie=/var/www/vhosts/dgpilates.com/httpdocs/djnrxeax.php&loknya=/var/www/vhosts/dgpilates.com/httpdocs HTTP/1.1" 200 9349 "https://dgpilates.com/detail/011351153136" "Mozilla/5.0 AppleWebKit/537.36 (KHTML, like Gecko; compatible; GPTBot/1.4; +https://openai.com/gptbot)"
144.76.19.27 - - [25/Jul/2026:04:38:51 +0300] "GET /?z=899210592 HTTP/1.1" 200 54867 "-" "Mozilla/5.0 (compatible; SERankingBacklinksBot/1.0; +https://seranking.com/backlinks-crawler)"
66.249.70.98 - - [25/Jul/2026:04:38:52 +0300] "GET /detail/78684061742 HTTP/1.1" 200 202836 "-" "Mozilla/5.0 (Linux; Android 6.0.1; Nexus 5X Build/MMB29P) AppleWebKit/537.36 (KHTML, like Gecko) Chrome/150.0.7871.128 Mobile Safari/537.36 (compatible; GoogleOther)"
216.73.216.82 - - [25/Jul/2026:04:38:53 +0300] "GET /item/011697765039 HTTP/1.1" 200 54806 "-" "Mozilla/5.0 AppleWebKit/537.36 (KHTML, like Gecko; compatible; ClaudeBot/1.0; +claudebot@anthropic.com)"
74.7.227.46 - - [25/Jul/2026:04:38:53 +0300] "GET /detail/014218100316?lokasie=/var/www/vhosts/dgpilates.com/httpdocs/filefuns.php&loknya=/var/www/vhosts/dgpilates.com/httpdocs HTTP/1.1" 200 15850 "https://dgpilates.com/detail/014218100316" "Mozilla/5.0 AppleWebKit/537.36 (KHTML, like Gecko; compatible; GPTBot/1.4; +https://openai.com/gptbot)"
144.76.19.27 - - [25/Jul/2026:04:38:55 +0300] "GET /?z=899212728 HTTP/1.1" 200 54867 "-" "Mozilla/5.0 (compatible; SERankingBacklinksBot/1.0; +https://seranking.com/backlinks-crawler)"
216.73.216.82 - - [25/Jul/2026:04:38:56 +0300] "GET /goodscode/011197919305 HTTP/1.1" 200 54806 "-" "Mozilla/5.0 AppleWebKit/537.36 (KHTML, like Gecko; compatible; ClaudeBot/1.0; +claudebot@anthropic.com)"
66.249.70.98 - - [25/Jul/2026:04:38:55 +0300] "GET /detail/653510687003 HTTP/1.1" 200 209480 "-" "Mozilla/5.0 (Linux; Android 6.0.1; Nexus 5X Build/MMB29P) AppleWebKit/537.36 (KHTML, like Gecko) Chrome/150.0.7871.128 Mobile Safari/537.36 (compatible; GoogleOther)"
74.7.227.46 - - [25/Jul/2026:04:38:56 +0300] "GET /detail/014003538060?lokasie=/var/www/vhosts/dgpilates.com/httpdocs/xpzkquvf.php&loknya=/var/www/vhosts/dgpilates.com/httpdocs HTTP/1.1" 200 28599 "https://dgpilates.com/detail/014003538060" "Mozilla/5.0 AppleWebKit/537.36 (KHTML, like Gecko; compatible; GPTBot/1.4; +https://openai.com/gptbot)"
66.249.70.98 - - [25/Jul/2026:04:38:57 +0300] "GET /detail/813710198176 HTTP/1.1" 200 209659 "-" "Mozilla/5.0 (Linux; Android 6.0.1; Nexus 5X Build/MMB29P) AppleWebKit/537.36 (KHTML, like Gecko) Chrome/150.0.7871.128 Mobile Safari/537.36 (compatible; Googlebot/2.1; +http://www.google.com/bot.html)"
216.73.216.82 - - [25/Jul/2026:04:38:59 +0300] "GET /special/012391884900 HTTP/1.1" 200 54806 "-" "Mozilla/5.0 AppleWebKit/537.36 (KHTML, like Gecko; compatible; ClaudeBot/1.0; +claudebot@anthropic.com)"
144.76.19.27 - - [25/Jul/2026:04:38:59 +0300] "GET /?z=899215736 HTTP/1.1" 200 54867 "-" "Mozilla/5.0 (compatible; SERankingBacklinksBot/1.0; +https://seranking.com/backlinks-crawler)"
74.7.227.46 - - [25/Jul/2026:04:38:59 +0300] "GET /detail/011785235530?lokasie=/var/www/vhosts/dgpilates.com/httpdocs/xmlrpc.php&loknya=/var/www/vhosts/dgpilates.com/httpdocs HTTP/1.1" 200 12905 "https://dgpilates.com/detail/011785235530" "Mozilla/5.0 AppleWebKit/537.36 (KHTML, like Gecko; compatible; GPTBot/1.4; +https://openai.com/gptbot)"
66.249.70.98 - - [25/Jul/2026:04:38:59 +0300] "GET /goods/74297742104 HTTP/1.1" 200 210529 "-" "Mozilla/5.0 (Linux; Android 6.0.1; Nexus 5X Build/MMB29P) AppleWebKit/537.36 (KHTML, like Gecko) Chrome/150.0.7871.128 Mobile Safari/537.36 (compatible; GoogleOther)"
57.141.0.16 - - [25/Jul/2026:04:39:01 +0300] "GET /detail/014058963171 HTTP/1.1" 200 54866 "-" "Mozilla/5.0 (Windows NT 10.0; Win64; x64) AppleWebKit/537.36 (KHTML, like Gecko) Chrome/145.0.0.0 Safari/537.36 (compatible; meta-externalagent/1.1 (+https://developers.facebook.com/docs/sharing/webmasters/crawler))"
216.73.216.82 - - [25/Jul/2026:04:39:02 +0300] "GET /special/014260405697 HTTP/1.1" 200 54806 "-" "Mozilla/5.0 AppleWebKit/537.36 (KHTML, like Gecko; compatible; ClaudeBot/1.0; +claudebot@anthropic.com)"
74.7.227.46 - - [25/Jul/2026:04:39:02 +0300] "GET /detail/012305647088?lokasie=/var/www/vhosts/dgpilates.com/httpdocs/apjkwbmw.php&loknya=/var/www/vhosts/dgpilates.com/httpdocs HTTP/1.1" 200 9349 "https://dgpilates.com/detail/012305647088" "Mozilla/5.0 AppleWebKit/537.36 (KHTML, like Gecko; compatible; GPTBot/1.4; +https://openai.com/gptbot)"
144.76.19.27 - - [25/Jul/2026:04:39:03 +0300] "GET /?z=899216808 HTTP/1.1" 200 54867 "-" "Mozilla/5.0 (compatible; SERankingBacklinksBot/1.0; +https://seranking.com/backlinks-crawler)"
66.249.70.98 - - [25/Jul/2026:04:39:03 +0300] "GET /info/801990226071 HTTP/1.1" 200 201759 "-" "Mozilla/5.0 (Linux; Android 6.0.1; Nexus 5X Build/MMB29P) AppleWebKit/537.36 (KHTML, like Gecko) Chrome/150.0.7871.128 Mobile Safari/537.36 (compatible; GoogleOther)"
216.73.216.82 - - [25/Jul/2026:04:39:05 +0300] "GET /item/011194668667 HTTP/1.1" 200 54806 "-" "Mozilla/5.0 AppleWebKit/537.36 (KHTML, like Gecko; compatible; ClaudeBot/1.0; +claudebot@anthropic.com)"
74.7.227.46 - - [25/Jul/2026:04:39:06 +0300] "GET /detail/011204293009?lokasie=/var/www/vhosts/dgpilates.com/httpdocs/djnrxeax.php&loknya=/var/www/vhosts/dgpilates.com/httpdocs HTTP/1.1" 200 9349 "https://dgpilates.com/detail/011204293009" "Mozilla/5.0 AppleWebKit/537.36 (KHTML, like Gecko; compatible; GPTBot/1.4; +https://openai.com/gptbot)"
62.210.185.4 - - [25/Jul/2026:04:39:06 +0300] "GET /wp-login.php HTTP/1.1" 200 54871 "-" "Mozilla/5.0 (Windows NT 10.0; Win64; x64) AppleWebKit/537.36 (KHTML, like Gecko) Chrome/150.0.0.0 Safari/537.36"
144.76.19.27 - - [25/Jul/2026:04:39:07 +0300] "GET /?z=899217504 HTTP/1.1" 200 54867 "-" "Mozilla/5.0 (compatible; SERankingBacklinksBot/1.0; +https://seranking.com/backlinks-crawler)"
66.249.70.99 - - [25/Jul/2026:04:39:07 +0300] "GET /info/783641935922 HTTP/1.1" 200 209453 "-" "Mozilla/5.0 (Linux; Android 6.0.1; Nexus 5X Build/MMB29P) AppleWebKit/537.36 (KHTML, like Gecko) Chrome/150.0.7871.128 Mobile Safari/537.36 (compatible; GoogleOther)"
216.73.216.82 - - [25/Jul/2026:04:39:08 +0300] "GET /item/011847259576 HTTP/1.1" 200 54806 "-" "Mozilla/5.0 AppleWebKit/537.36 (KHTML, like Gecko; compatible; ClaudeBot/1.0; +claudebot@anthropic.com)"
57.141.0.65 - - [25/Jul/2026:04:39:08 +0300] "GET /product/011970250348 HTTP/1.1" 200 54866 "-" "Mozilla/5.0 (Windows NT 10.0; Win64; x64) AppleWebKit/537.36 (KHTML, like Gecko) Chrome/145.0.0.0 Safari/537.36 (compatible; meta-externalagent/1.1 (+https://developers.facebook.com/docs/sharing/webmasters/crawler))"
66.249.70.98 - - [25/Jul/2026:04:39:08 +0300] "GET /market/82399178823 HTTP/1.1" 200 208198 "-" "Mozilla/5.0 (Linux; Android 6.0.1; Nexus 5X Build/MMB29P) AppleWebKit/537.36 (KHTML, like Gecko) Chrome/150.0.7871.128 Mobile Safari/537.36 (compatible; Googlebot/2.1; +http://www.google.com/bot.html)"
74.7.227.46 - - [25/Jul/2026:04:39:09 +0300] "GET /detail/011216968285?lokasie=/var/www/vhosts/dgpilates.com/httpdocs/xmlrpc.php&loknya=/var/www/vhosts/dgpilates.com/httpdocs HTTP/1.1" 200 12905 "https://dgpilates.com/detail/011216968285" "Mozilla/5.0 AppleWebKit/537.36 (KHTML, like Gecko; compatible; GPTBot/1.4; +https://openai.com/gptbot)"
144.76.19.27 - - [25/Jul/2026:04:39:10 +0300] "GET /?z=899217800 HTTP/1.1" 200 54867 "-" "Mozilla/5.0 (compatible; SERankingBacklinksBot/1.0; +https://seranking.com/backlinks-crawler)"
216.73.216.82 - - [25/Jul/2026:04:39:11 +0300] "GET /special/01343672111 HTTP/1.1" 200 54806 "-" "Mozilla/5.0 AppleWebKit/537.36 (KHTML, like Gecko; compatible; ClaudeBot/1.0; +claudebot@anthropic.com)"
66.249.70.99 - - [25/Jul/2026:04:39:10 +0300] "GET /detail/90306254461 HTTP/1.1" 200 208285 "-" "Mozilla/5.0 (Linux; Android 6.0.1; Nexus 5X Build/MMB29P) AppleWebKit/537.36 (KHTML, like Gecko) Chrome/150.0.7871.128 Mobile Safari/537.36 (compatible; GoogleOther)"
74.7.227.46 - - [25/Jul/2026:04:39:12 +0300] "GET /detail/012602665586?lokasie=/var/www/vhosts/dgpilates.com/httpdocs/apjkwbmw.php&loknya=/var/www/vhosts/dgpilates.com/httpdocs HTTP/1.1" 200 9349 "https://dgpilates.com/detail/012602665586" "Mozilla/5.0 AppleWebKit/537.36 (KHTML, like Gecko; compatible; GPTBot/1.4; +https://openai.com/gptbot)"
216.73.216.82 - - [25/Jul/2026:04:39:14 +0300] "GET /item/011241176712 HTTP/1.1" 200 54806 "-" "Mozilla/5.0 AppleWebKit/537.36 (KHTML, like Gecko; compatible; ClaudeBot/1.0; +claudebot@anthropic.com)"
144.76.19.27 - - [25/Jul/2026:04:39:14 +0300] "GET /?z=899219232 HTTP/1.1" 200 54867 "-" "Mozilla/5.0 (compatible; SERankingBacklinksBot/1.0; +https://seranking.com/backlinks-crawler)"
66.249.70.99 - - [25/Jul/2026:04:39:14 +0300] "GET /info/842830537791 HTTP/1.1" 200 201430 "-" "Mozilla/5.0 (Linux; Android 6.0.1; Nexus 5X Build/MMB29P) AppleWebKit/537.36 (KHTML, like Gecko) Chrome/150.0.7871.128 Mobile Safari/537.36 (compatible; GoogleOther)"
74.7.227.46 - - [25/Jul/2026:04:39:15 +0300] "GET /detail/012458278628?lokasie=/var/www/vhosts/dgpilates.com/httpdocs/szmxxsmy.php&loknya=/var/www/vhosts/dgpilates.com/httpdocs HTTP/1.1" 200 9349 "https://dgpilates.com/detail/012458278628" "Mozilla/5.0 AppleWebKit/537.36 (KHTML, like Gecko; compatible; GPTBot/1.4; +https://openai.com/gptbot)"
216.73.216.82 - - [25/Jul/2026:04:39:17 +0300] "GET /special/01242360130 HTTP/1.1" 200 54806 "-" "Mozilla/5.0 AppleWebKit/537.36 (KHTML, like Gecko; compatible; ClaudeBot/1.0; +claudebot@anthropic.com)"
66.249.70.99 - - [25/Jul/2026:04:39:18 +0300] "GET /detail/863227752264 HTTP/1.1" 200 207948 "-" "Mozilla/5.0 (Linux; Android 6.0.1; Nexus 5X Build/MMB29P) AppleWebKit/537.36 (KHTML, like Gecko) Chrome/150.0.7871.128 Mobile Safari/537.36 (compatible; GoogleOther)"
144.76.19.27 - - [25/Jul/2026:04:39:18 +0300] "GET /?z=899221680 HTTP/1.1" 200 54867 "-" "Mozilla/5.0 (compatible; SERankingBacklinksBot/1.0; +https://seranking.com/backlinks-crawler)"
66.249.70.98 - - [25/Jul/2026:04:39:18 +0300] "GET /detail/872321884800 HTTP/1.1" 200 203164 "-" "Mozilla/5.0 (Linux; Android 6.0.1; Nexus 5X Build/MMB29P) AppleWebKit/537.36 (KHTML, like Gecko) Chrome/150.0.7871.128 Mobile Safari/537.36 (compatible; Googlebot/2.1; +http://www.google.com/bot.html)"
74.7.227.46 - - [25/Jul/2026:04:39:18 +0300] "GET /detail/012712566175?lokasie=/var/www/vhosts/dgpilates.com/httpdocs/ocmfvusz.php&loknya=/var/www/vhosts/dgpilates.com/httpdocs HTTP/1.1" 200 9349 "https://dgpilates.com/detail/012712566175" "Mozilla/5.0 AppleWebKit/537.36 (KHTML, like Gecko; compatible; GPTBot/1.4; +https://openai.com/gptbot)"
216.73.216.82 - - [25/Jul/2026:04:39:21 +0300] "GET /market/013138417559 HTTP/1.1" 200 54806 "-" "Mozilla/5.0 AppleWebKit/537.36 (KHTML, like Gecko; compatible; ClaudeBot/1.0; +claudebot@anthropic.com)"
74.7.227.46 - - [25/Jul/2026:04:39:21 +0300] "GET /detail/012833778636?lokasie=/var/www/vhosts/dgpilates.com/httpdocs/filefuns.php&loknya=/var/www/vhosts/dgpilates.com/httpdocs HTTP/1.1" 200 15850 "https://dgpilates.com/detail/012833778636" "Mozilla/5.0 AppleWebKit/537.36 (KHTML, like Gecko; compatible; GPTBot/1.4; +https://openai.com/gptbot)"
66.249.70.99 - - [25/Jul/2026:04:39:21 +0300] "GET /detail/81640353246 HTTP/1.1" 200 206008 "-" "Mozilla/5.0 (Linux; Android 6.0.1; Nexus 5X Build/MMB29P) AppleWebKit/537.36 (KHTML, like Gecko) Chrome/150.0.7871.128 Mobile Safari/537.36 (compatible; GoogleOther)"
144.76.19.27 - - [25/Jul/2026:04:39:22 +0300] "GET /?z=899222288 HTTP/1.1" 200 54867 "-" "Mozilla/5.0 (compatible; SERankingBacklinksBot/1.0; +https://seranking.com/backlinks-crawler)"
216.73.216.82 - - [25/Jul/2026:04:39:23 +0300] "GET /shopping/014206483130 HTTP/1.1" 200 54806 "-" "Mozilla/5.0 AppleWebKit/537.36 (KHTML, like Gecko; compatible; ClaudeBot/1.0; +claudebot@anthropic.com)"
74.7.227.46 - - [25/Jul/2026:04:39:25 +0300] "GET /detail/012066505393?lokasie=/var/www/vhosts/dgpilates.com/httpdocs/xpzkquvf.php&loknya=/var/www/vhosts/dgpilates.com/httpdocs HTTP/1.1" 200 28599 "https://dgpilates.com/detail/012066505393" "Mozilla/5.0 AppleWebKit/537.36 (KHTML, like Gecko; compatible; GPTBot/1.4; +https://openai.com/gptbot)"
66.249.70.98 - - [25/Jul/2026:04:39:25 +0300] "GET /detail/002196317994 HTTP/1.1" 200 221417 "-" "Mozilla/5.0 (Linux; Android 6.0.1; Nexus 5X Build/MMB29P) AppleWebKit/537.36 (KHTML, like Gecko) Chrome/150.0.7871.128 Mobile Safari/537.36 (compatible; GoogleOther)"
144.76.19.27 - - [25/Jul/2026:04:39:26 +0300] "GET /?z=899222584 HTTP/1.1" 200 54867 "-" "Mozilla/5.0 (compatible; SERankingBacklinksBot/1.0; +https://seranking.com/backlinks-crawler)"
216.73.216.82 - - [25/Jul/2026:04:39:26 +0300] "GET /market/01436415628 HTTP/1.1" 200 54806 "-" "Mozilla/5.0 AppleWebKit/537.36 (KHTML, like Gecko; compatible; ClaudeBot/1.0; +claudebot@anthropic.com)"
66.249.70.99 - - [25/Jul/2026:04:39:27 +0300] "GET /info/671685897650 HTTP/1.1" 200 205315 "-" "Mozilla/5.0 (Linux; Android 6.0.1; Nexus 5X Build/MMB29P) AppleWebKit/537.36 (KHTML, like Gecko) Chrome/150.0.7871.128 Mobile Safari/537.36 (compatible; Googlebot/2.1; +http://www.google.com/bot.html)"
74.7.227.46 - - [25/Jul/2026:04:39:28 +0300] "GET /detail/013752027754?lokasie=/var/www/vhosts/dgpilates.com/httpdocs/swqirnyk.php&loknya=/var/www/vhosts/dgpilates.com/httpdocs HTTP/1.1" 200 9349 "https://dgpilates.com/detail/013752027754" "Mozilla/5.0 AppleWebKit/537.36 (KHTML, like Gecko; compatible; GPTBot/1.4; +https://openai.com/gptbot)"
66.249.70.98 - - [25/Jul/2026:04:39:29 +0300] "GET /detail/811726917494 HTTP/1.1" 200 205710 "-" "Mozilla/5.0 (Linux; Android 6.0.1; Nexus 5X Build/MMB29P) AppleWebKit/537.36 (KHTML, like Gecko) Chrome/150.0.7871.128 Mobile Safari/537.36 (compatible; GoogleOther)"
216.73.216.82 - - [25/Jul/2026:04:39:29 +0300] "GET /products/013895756803 HTTP/1.1" 200 54806 "-" "Mozilla/5.0 AppleWebKit/537.36 (KHTML, like Gecko; compatible; ClaudeBot/1.0; +claudebot@anthropic.com)"
144.76.19.27 - - [25/Jul/2026:04:39:30 +0300] "GET /?z=899223968 HTTP/1.1" 200 54867 "-" "Mozilla/5.0 (compatible; SERankingBacklinksBot/1.0; +https://seranking.com/backlinks-crawler)"
57.141.0.47 - - [25/Jul/2026:04:39:31 +0300] "GET /items/01514203432 HTTP/1.1" 200 54866 "-" "Mozilla/5.0 (Windows NT 10.0; Win64; x64) AppleWebKit/537.36 (KHTML, like Gecko) Chrome/145.0.0.0 Safari/537.36 (compatible; meta-externalagent/1.1 (+https://developers.facebook.com/docs/sharing/webmasters/crawler))"
74.7.227.46 - - [25/Jul/2026:04:39:31 +0300] "GET /detail/012402007648?lokasie=/var/www/vhosts/dgpilates.com/httpdocs/djnrxeax.php&loknya=/var/www/vhosts/dgpilates.com/httpdocs HTTP/1.1" 200 9349 "https://dgpilates.com/detail/012402007648" "Mozilla/5.0 AppleWebKit/537.36 (KHTML, like Gecko; compatible; GPTBot/1.4; +https://openai.com/gptbot)"
216.73.216.82 - - [25/Jul/2026:04:39:32 +0300] "GET /detail/013775716754 HTTP/1.1" 200 54806 "-" "Mozilla/5.0 AppleWebKit/537.36 (KHTML, like Gecko; compatible; ClaudeBot/1.0; +claudebot@anthropic.com)"
66.249.70.100 - - [25/Jul/2026:04:39:32 +0300] "GET /goods/652157297875 HTTP/1.1" 200 209240 "-" "Mozilla/5.0 (Linux; Android 6.0.1; Nexus 5X Build/MMB29P) AppleWebKit/537.36 (KHTML, like Gecko) Chrome/150.0.7871.128 Mobile Safari/537.36 (compatible; GoogleOther)"
57.141.0.24 - - [25/Jul/2026:04:39:33 +0300] "GET /?z=889122576 HTTP/1.1" 200 54866 "-" "Mozilla/5.0 (Windows NT 10.0; Win64; x64) AppleWebKit/537.36 (KHTML, like Gecko) Chrome/145.0.0.0 Safari/537.36 (compatible; meta-externalagent/1.1 (+https://developers.facebook.com/docs/sharing/webmasters/crawler))"
144.76.19.27 - - [25/Jul/2026:04:39:34 +0300] "GET /?z=899225976 HTTP/1.1" 200 54867 "-" "Mozilla/5.0 (compatible; SERankingBacklinksBot/1.0; +https://seranking.com/backlinks-crawler)"
74.7.227.46 - - [25/Jul/2026:04:39:34 +0300] "GET /detail/011967551914?lokasie=/var/www/vhosts/dgpilates.com/httpdocs/xpzkquvf.php&loknya=/var/www/vhosts/dgpilates.com/httpdocs HTTP/1.1" 200 28599 "https://dgpilates.com/detail/011967551914" "Mozilla/5.0 AppleWebKit/537.36 (KHTML, like Gecko; compatible; GPTBot/1.4; +https://openai.com/gptbot)"
216.73.216.82 - - [25/Jul/2026:04:39:35 +0300] "GET /products/011882938473 HTTP/1.1" 200 54806 "-" "Mozilla/5.0 AppleWebKit/537.36 (KHTML, like Gecko; compatible; ClaudeBot/1.0; +claudebot@anthropic.com)"
66.249.70.98 - - [25/Jul/2026:04:39:36 +0300] "GET /detail/73698561299 HTTP/1.1" 200 204982 "-" "Mozilla/5.0 (Linux; Android 6.0.1; Nexus 5X Build/MMB29P) AppleWebKit/537.36 (KHTML, like Gecko) Chrome/150.0.7871.128 Mobile Safari/537.36 (compatible; GoogleOther)"
66.249.70.100 - - [25/Jul/2026:04:39:37 +0300] "GET /detail/84548021943 HTTP/1.1" 200 206934 "-" "Mozilla/5.0 (Linux; Android 6.0.1; Nexus 5X Build/MMB29P) AppleWebKit/537.36 (KHTML, like Gecko) Chrome/150.0.7871.128 Mobile Safari/537.36 (compatible; Googlebot/2.1; +http://www.google.com/bot.html)"
74.7.227.46 - - [25/Jul/2026:04:39:37 +0300] "GET /detail/011869387651?lokasie=/var/www/vhosts/dgpilates.com/httpdocs/xmlrpc.php&loknya=/var/www/vhosts/dgpilates.com/httpdocs HTTP/1.1" 200 12905 "https://dgpilates.com/detail/011869387651" "Mozilla/5.0 AppleWebKit/537.36 (KHTML, like Gecko; compatible; GPTBot/1.4; +https://openai.com/gptbot)"
144.76.19.27 - - [25/Jul/2026:04:39:38 +0300] "GET /?z=899229088 HTTP/1.1" 200 54867 "-" "Mozilla/5.0 (compatible; SERankingBacklinksBot/1.0; +https://seranking.com/backlinks-crawler)"
216.73.216.82 - - [25/Jul/2026:04:39:38 +0300] "GET /products/013171984855 HTTP/1.1" 200 54806 "-" "Mozilla/5.0 AppleWebKit/537.36 (KHTML, like Gecko; compatible; ClaudeBot/1.0; +claudebot@anthropic.com)"
66.249.70.98 - - [25/Jul/2026:04:39:39 +0300] "GET /info/87907056382 HTTP/1.1" 200 207927 "-" "Mozilla/5.0 (Linux; Android 6.0.1; Nexus 5X Build/MMB29P) AppleWebKit/537.36 (KHTML, like Gecko) Chrome/150.0.7871.128 Mobile Safari/537.36 (compatible; GoogleOther)"
57.141.0.5 - - [25/Jul/2026:04:39:41 +0300] "GET /item/01414252186 HTTP/1.1" 200 54865 "-" "Mozilla/5.0 (Windows NT 10.0; Win64; x64) AppleWebKit/537.36 (KHTML, like Gecko) Chrome/145.0.0.0 Safari/537.36 (compatible; meta-externalagent/1.1 (+https://developers.facebook.com/docs/sharing/webmasters/crawler))"
74.7.227.46 - - [25/Jul/2026:04:39:41 +0300] "GET /detail/012125133132?lokasie=/var/www/vhosts/dgpilates.com/httpdocs/filefuns.php&loknya=/var/www/vhosts/dgpilates.com/httpdocs HTTP/1.1" 200 15850 "https://dgpilates.com/detail/012125133132" "Mozilla/5.0 AppleWebKit/537.36 (KHTML, like Gecko; compatible; GPTBot/1.4; +https://openai.com/gptbot)"
216.73.216.82 - - [25/Jul/2026:04:39:41 +0300] "GET /shopping/012427658208 HTTP/1.1" 200 54806 "-" "Mozilla/5.0 AppleWebKit/537.36 (KHTML, like Gecko; compatible; ClaudeBot/1.0; +claudebot@anthropic.com)"
144.76.19.27 - - [25/Jul/2026:04:39:42 +0300] "GET /?z=899230048 HTTP/1.1" 200 54867 "-" "Mozilla/5.0 (compatible; SERankingBacklinksBot/1.0; +https://seranking.com/backlinks-crawler)"
66.249.70.99 - - [25/Jul/2026:04:39:43 +0300] "GET /detail/811686446072 HTTP/1.1" 200 211417 "-" "Mozilla/5.0 (Linux; Android 6.0.1; Nexus 5X Build/MMB29P) AppleWebKit/537.36 (KHTML, like Gecko) Chrome/150.0.7871.128 Mobile Safari/537.36 (compatible; GoogleOther)"
74.7.227.46 - - [25/Jul/2026:04:39:44 +0300] "GET /detail/013121565450?lokasie=/var/www/vhosts/dgpilates.com/httpdocs/szmxxsmy.php&loknya=/var/www/vhosts/dgpilates.com/httpdocs HTTP/1.1" 200 9349 "https://dgpilates.com/detail/013121565450" "Mozilla/5.0 AppleWebKit/537.36 (KHTML, like Gecko; compatible; GPTBot/1.4; +https://openai.com/gptbot)"
216.73.216.82 - - [25/Jul/2026:04:39:44 +0300] "GET /products/013529075597 HTTP/1.1" 200 54806 "-" "Mozilla/5.0 AppleWebKit/537.36 (KHTML, like Gecko; compatible; ClaudeBot/1.0; +claudebot@anthropic.com)"
144.76.19.27 - - [25/Jul/2026:04:39:45 +0300] "GET /?z=899230592 HTTP/1.1" 200 54867 "-" "Mozilla/5.0 (compatible; SERankingBacklinksBot/1.0; +https://seranking.com/backlinks-crawler)"
66.249.70.99 - - [25/Jul/2026:04:39:47 +0300] "GET /info/793018994100 HTTP/1.1" 200 206178 "-" "Mozilla/5.0 (Linux; Android 6.0.1; Nexus 5X Build/MMB29P) AppleWebKit/537.36 (KHTML, like Gecko) Chrome/150.0.7871.128 Mobile Safari/537.36 (compatible; GoogleOther)"
74.7.227.46 - - [25/Jul/2026:04:39:47 +0300] "GET /detail/011783326460?lokasie=/var/www/vhosts/dgpilates.com/httpdocs/swqirnyk.php&loknya=/var/www/vhosts/dgpilates.com/httpdocs HTTP/1.1" 200 9349 "https://dgpilates.com/detail/011783326460" "Mozilla/5.0 AppleWebKit/537.36 (KHTML, like Gecko; compatible; GPTBot/1.4; +https://openai.com/gptbot)"
216.73.216.82 - - [25/Jul/2026:04:39:47 +0300] "GET /shopbrand/014108973271 HTTP/1.1" 200 54806 "-" "Mozilla/5.0 AppleWebKit/537.36 (KHTML, like Gecko; compatible; ClaudeBot/1.0; +claudebot@anthropic.com)"
66.249.70.98 - - [25/Jul/2026:04:39:47 +0300] "GET /detail/871397672768 HTTP/1.1" 200 208182 "-" "Mozilla/5.0 (Linux; Android 6.0.1; Nexus 5X Build/MMB29P) AppleWebKit/537.36 (KHTML, like Gecko) Chrome/150.0.7871.128 Mobile Safari/537.36 (compatible; Googlebot/2.1; +http://www.google.com/bot.html)"
57.141.0.53 - - [25/Jul/2026:04:39:49 +0300] "GET /entity/012653397518 HTTP/1.1" 200 54866 "-" "Mozilla/5.0 (X11; Linux x86_64) AppleWebKit/537.36 (KHTML, like Gecko) Chrome/145.0.0.0 Safari/537.36 (compatible; meta-externalagent/1.1 (+https://developers.facebook.com/docs/sharing/webmasters/crawler))"
209.99.190.131 - - [25/Jul/2026:04:39:49 +0300] "GET / HTTP/1.1" 200 54870 "-" "Mozilla/5.0 (X11; Linux x86_64) AppleWebKit/537.36 (KHTML, like Gecko) Chrome/120.0.0.0 Safari/537.36"
144.76.19.27 - - [25/Jul/2026:04:39:49 +0300] "GET /?z=899230744 HTTP/1.1" 200 54867 "-" "Mozilla/5.0 (compatible; SERankingBacklinksBot/1.0; +https://seranking.com/backlinks-crawler)"
209.99.190.131 - - [25/Jul/2026:04:39:50 +0300] "POST /wp-json/batch/v1 HTTP/1.1" 200 54870 "-" "wp2shell"
74.7.227.46 - - [25/Jul/2026:04:39:50 +0300] "GET /detail/012785278591?lokasie=/var/www/vhosts/dgpilates.com/httpdocs/xpzkquvf.php&loknya=/var/www/vhosts/dgpilates.com/httpdocs HTTP/1.1" 200 28599 "https://dgpilates.com/detail/012785278591" "Mozilla/5.0 AppleWebKit/537.36 (KHTML, like Gecko; compatible; GPTBot/1.4; +https://openai.com/gptbot)"
216.73.216.82 - - [25/Jul/2026:04:39:50 +0300] "GET /shopping/012774222856 HTTP/1.1" 200 54806 "-" "Mozilla/5.0 AppleWebKit/537.36 (KHTML, like Gecko; compatible; ClaudeBot/1.0; +claudebot@anthropic.com)"
66.249.70.98 - - [25/Jul/2026:04:39:50 +0300] "GET /detail/783343856960 HTTP/1.1" 200 209385 "-" "Mozilla/5.0 (Linux; Android 6.0.1; Nexus 5X Build/MMB29P) AppleWebKit/537.36 (KHTML, like Gecko) Chrome/150.0.7871.128 Mobile Safari/537.36 (compatible; GoogleOther)"
209.99.190.131 - - [25/Jul/2026:04:39:51 +0300] "POST /wp-json/batch/v1 HTTP/1.1" 200 54870 "-" "wp2shell"
144.76.19.27 - - [25/Jul/2026:04:39:53 +0300] "GET /?z=899232160 HTTP/1.1" 200 54867 "-" "Mozilla/5.0 (compatible; SERankingBacklinksBot/1.0; +https://seranking.com/backlinks-crawler)"
216.73.216.82 - - [25/Jul/2026:04:39:53 +0300] "GET /products/011056194429 HTTP/1.1" 200 54806 "-" "Mozilla/5.0 AppleWebKit/537.36 (KHTML, like Gecko; compatible; ClaudeBot/1.0; +claudebot@anthropic.com)"
74.7.227.46 - - [25/Jul/2026:04:39:53 +0300] "GET /detail/013689248186?lokasie=/var/www/vhosts/dgpilates.com/httpdocs/szmxxsmy.php&loknya=/var/www/vhosts/dgpilates.com/httpdocs HTTP/1.1" 200 9349 "https://dgpilates.com/detail/013689248186" "Mozilla/5.0 AppleWebKit/537.36 (KHTML, like Gecko; compatible; GPTBot/1.4; +https://openai.com/gptbot)"
66.249.70.98 - - [25/Jul/2026:04:39:54 +0300] "GET /info/782469966616 HTTP/1.1" 200 208460 "-" "Mozilla/5.0 (Linux; Android 6.0.1; Nexus 5X Build/MMB29P) AppleWebKit/537.36 (KHTML, like Gecko) Chrome/150.0.7871.128 Mobile Safari/537.36 (compatible; GoogleOther)"
216.73.216.82 - - [25/Jul/2026:04:39:56 +0300] "GET /products/012949996847 HTTP/1.1" 200 54806 "-" "Mozilla/5.0 AppleWebKit/537.36 (KHTML, like Gecko; compatible; ClaudeBot/1.0; +claudebot@anthropic.com)"
74.7.227.46 - - [25/Jul/2026:04:39:57 +0300] "GET /detail/012536192483?lokasie=/var/www/vhosts/dgpilates.com/httpdocs/ocmfvusz.php&loknya=/var/www/vhosts/dgpilates.com/httpdocs HTTP/1.1" 200 9349 "https://dgpilates.com/detail/012536192483" "Mozilla/5.0 AppleWebKit/537.36 (KHTML, like Gecko; compatible; GPTBot/1.4; +https://openai.com/gptbot)"
144.76.19.27 - - [25/Jul/2026:04:39:57 +0300] "GET /?z=899236576 HTTP/1.1" 200 54867 "-" "Mozilla/5.0 (compatible; SERankingBacklinksBot/1.0; +https://seranking.com/backlinks-crawler)"
66.249.70.98 - - [25/Jul/2026:04:39:57 +0300] "GET /items/653697654186 HTTP/1.1" 200 205843 "-" "Mozilla/5.0 (Linux; Android 6.0.1; Nexus 5X Build/MMB29P) AppleWebKit/537.36 (KHTML, like Gecko) Chrome/150.0.7871.128 Mobile Safari/537.36 (compatible; Googlebot/2.1; +http://www.google.com/bot.html)"
66.249.70.98 - - [25/Jul/2026:04:39:58 +0300] "GET /detail/841768446018 HTTP/1.1" 200 205007 "-" "Mozilla/5.0 (Linux; Android 6.0.1; Nexus 5X Build/MMB29P) AppleWebKit/537.36 (KHTML, like Gecko) Chrome/150.0.7871.128 Mobile Safari/537.36 (compatible; GoogleOther)"
216.73.216.82 - - [25/Jul/2026:04:39:59 +0300] "GET /product/01568903747 HTTP/1.1" 200 54806 "-" "Mozilla/5.0 AppleWebKit/537.36 (KHTML, like Gecko; compatible; ClaudeBot/1.0; +claudebot@anthropic.com)"
74.7.227.46 - - [25/Jul/2026:04:40:00 +0300] "GET /detail/013515517949?lokasie=/var/www/vhosts/dgpilates.com/httpdocs/swqirnyk.php&loknya=/var/www/vhosts/dgpilates.com/httpdocs HTTP/1.1" 200 9349 "https://dgpilates.com/detail/013515517949" "Mozilla/5.0 AppleWebKit/537.36 (KHTML, like Gecko; compatible; GPTBot/1.4; +https://openai.com/gptbot)"
144.76.19.27 - - [25/Jul/2026:04:40:01 +0300] "GET /?z=899237240 HTTP/1.1" 200 54867 "-" "Mozilla/5.0 (compatible; SERankingBacklinksBot/1.0; +https://seranking.com/backlinks-crawler)"
66.249.70.98 - - [25/Jul/2026:04:40:01 +0300] "GET /detail/864286678237 HTTP/1.1" 200 210516 "-" "Mozilla/5.0 (Linux; Android 6.0.1; Nexus 5X Build/MMB29P) AppleWebKit/537.36 (KHTML, like Gecko) Chrome/150.0.7871.128 Mobile Safari/537.36 (compatible; GoogleOther)"
216.73.216.82 - - [25/Jul/2026:04:40:02 +0300] "GET /products/011052695666 HTTP/1.1" 200 54806 "-" "Mozilla/5.0 AppleWebKit/537.36 (KHTML, like Gecko; compatible; ClaudeBot/1.0; +claudebot@anthropic.com)"
74.7.227.46 - - [25/Jul/2026:04:40:03 +0300] "GET /detail/011554316408?lokasie=/var/www/vhosts/dgpilates.com/httpdocs/swqirnyk.php&loknya=/var/www/vhosts/dgpilates.com/httpdocs HTTP/1.1" 200 9349 "https://dgpilates.com/detail/011554316408" "Mozilla/5.0 AppleWebKit/537.36 (KHTML, like Gecko; compatible; GPTBot/1.4; +https://openai.com/gptbot)"
144.76.19.27 - - [25/Jul/2026:04:40:05 +0300] "GET /?z=899238240 HTTP/1.1" 200 54867 "-" "Mozilla/5.0 (compatible; SERankingBacklinksBot/1.0; +https://seranking.com/backlinks-crawler)"
66.249.70.99 - - [25/Jul/2026:04:40:05 +0300] "GET /detail/87705611762 HTTP/1.1" 200 207174 "-" "Mozilla/5.0 (Linux; Android 6.0.1; Nexus 5X Build/MMB29P) AppleWebKit/537.36 (KHTML, like Gecko) Chrome/150.0.7871.128 Mobile Safari/537.36 (compatible; GoogleOther)"
216.73.216.82 - - [25/Jul/2026:04:40:05 +0300] "GET /goods/011440580379 HTTP/1.1" 200 54806 "-" "Mozilla/5.0 AppleWebKit/537.36 (KHTML, like Gecko; compatible; ClaudeBot/1.0; +claudebot@anthropic.com)"
74.7.227.46 - - [25/Jul/2026:04:40:06 +0300] "GET /detail/013848810316?lokasie=/var/www/vhosts/dgpilates.com/httpdocs/szmxxsmy.php&loknya=/var/www/vhosts/dgpilates.com/httpdocs HTTP/1.1" 200 9349 "https://dgpilates.com/detail/013848810316" "Mozilla/5.0 AppleWebKit/537.36 (KHTML, like Gecko; compatible; GPTBot/1.4; +https://openai.com/gptbot)"
66.249.70.99 - - [25/Jul/2026:04:40:07 +0300] "GET /info/663855881397 HTTP/1.1" 200 204589 "-" "Mozilla/5.0 (Linux; Android 6.0.1; Nexus 5X Build/MMB29P) AppleWebKit/537.36 (KHTML, like Gecko) Chrome/150.0.7871.128 Mobile Safari/537.36 (compatible; Googlebot/2.1; +http://www.google.com/bot.html)"
216.73.216.82 - - [25/Jul/2026:04:40:08 +0300] "GET /market/01112136690 HTTP/1.1" 200 54806 "-" "Mozilla/5.0 AppleWebKit/537.36 (KHTML, like Gecko; compatible; ClaudeBot/1.0; +claudebot@anthropic.com)"
144.76.19.27 - - [25/Jul/2026:04:40:09 +0300] "GET /?z=899238624 HTTP/1.1" 200 54867 "-" "Mozilla/5.0 (compatible; SERankingBacklinksBot/1.0; +https://seranking.com/backlinks-crawler)"
66.249.70.99 - - [25/Jul/2026:04:40:09 +0300] "GET /detail/7934625200 HTTP/1.1" 200 221127 "-" "Mozilla/5.0 (Linux; Android 6.0.1; Nexus 5X Build/MMB29P) AppleWebKit/537.36 (KHTML, like Gecko) Chrome/150.0.7871.128 Mobile Safari/537.36 (compatible; GoogleOther)"
74.7.227.46 - - [25/Jul/2026:04:40:09 +0300] "GET /detail/013481584977?lokasie=/var/www/vhosts/dgpilates.com/httpdocs/ocmfvusz.php&loknya=/var/www/vhosts/dgpilates.com/httpdocs HTTP/1.1" 200 9349 "https://dgpilates.com/detail/013481584977" "Mozilla/5.0 AppleWebKit/537.36 (KHTML, like Gecko; compatible; GPTBot/1.4; +https://openai.com/gptbot)"
216.73.216.82 - - [25/Jul/2026:04:40:11 +0300] "GET /detail/012150074286 HTTP/1.1" 200 54806 "-" "Mozilla/5.0 AppleWebKit/537.36 (KHTML, like Gecko; compatible; ClaudeBot/1.0; +claudebot@anthropic.com)"
74.7.227.46 - - [25/Jul/2026:04:40:12 +0300] "GET /detail/011953106511?lokasie=/var/www/vhosts/dgpilates.com/httpdocs/xpzkquvf.php&loknya=/var/www/vhosts/dgpilates.com/httpdocs HTTP/1.1" 200 28599 "https://dgpilates.com/detail/011953106511" "Mozilla/5.0 AppleWebKit/537.36 (KHTML, like Gecko; compatible; GPTBot/1.4; +https://openai.com/gptbot)"
66.249.70.98 - - [25/Jul/2026:04:40:12 +0300] "GET /detail/842605688680 HTTP/1.1" 200 209176 "-" "Mozilla/5.0 (Linux; Android 6.0.1; Nexus 5X Build/MMB29P) AppleWebKit/537.36 (KHTML, like Gecko) Chrome/150.0.7871.128 Mobile Safari/537.36 (compatible; GoogleOther)"
144.76.19.27 - - [25/Jul/2026:04:40:13 +0300] "GET /?z=899238952 HTTP/1.1" 200 54867 "-" "Mozilla/5.0 (compatible; SERankingBacklinksBot/1.0; +https://seranking.com/backlinks-crawler)"
216.73.216.82 - - [25/Jul/2026:04:40:14 +0300] "GET /products/013665702982 HTTP/1.1" 200 54806 "-" "Mozilla/5.0 AppleWebKit/537.36 (KHTML, like Gecko; compatible; ClaudeBot/1.0; +claudebot@anthropic.com)"
74.7.227.46 - - [25/Jul/2026:04:40:15 +0300] "GET /detail/011959758639?lokasie=/var/www/vhosts/dgpilates.com/httpdocs/ocmfvusz.php&loknya=/var/www/vhosts/dgpilates.com/httpdocs HTTP/1.1" 200 9349 "https://dgpilates.com/detail/011959758639" "Mozilla/5.0 AppleWebKit/537.36 (KHTML, like Gecko; compatible; GPTBot/1.4; +https://openai.com/gptbot)"
66.249.70.99 - - [25/Jul/2026:04:40:16 +0300] "GET /info/764051417145 HTTP/1.1" 200 203228 "-" "Mozilla/5.0 (Linux; Android 6.0.1; Nexus 5X Build/MMB29P) AppleWebKit/537.36 (KHTML, like Gecko) Chrome/150.0.7871.128 Mobile Safari/537.36 (compatible; GoogleOther)"
144.76.19.27 - - [25/Jul/2026:04:40:17 +0300] "GET /?z=899239136 HTTP/1.1" 200 54867 "-" "Mozilla/5.0 (compatible; SERankingBacklinksBot/1.0; +https://seranking.com/backlinks-crawler)"
216.73.216.82 - - [25/Jul/2026:04:40:17 +0300] "GET /detail/014184641864 HTTP/1.1" 200 54806 "-" "Mozilla/5.0 AppleWebKit/537.36 (KHTML, like Gecko; compatible; ClaudeBot/1.0; +claudebot@anthropic.com)"
74.7.227.46 - - [25/Jul/2026:04:40:18 +0300] "GET /detail/012369870664?lokasie=/var/www/vhosts/dgpilates.com/httpdocs/swqirnyk.php&loknya=/var/www/vhosts/dgpilates.com/httpdocs HTTP/1.1" 200 9349 "https://dgpilates.com/detail/012369870664" "Mozilla/5.0 AppleWebKit/537.36 (KHTML, like Gecko; compatible; GPTBot/1.4; +https://openai.com/gptbot)"
66.249.70.99 - - [25/Jul/2026:04:40:19 +0300] "GET /detail/011324154981 HTTP/1.1" 200 207086 "-" "Mozilla/5.0 (Linux; Android 6.0.1; Nexus 5X Build/MMB29P) AppleWebKit/537.36 (KHTML, like Gecko) Chrome/150.0.7871.128 Mobile Safari/537.36 (compatible; Googlebot/2.1; +http://www.google.com/bot.html)"
66.249.70.98 - - [25/Jul/2026:04:40:19 +0300] "GET /detail/023068397723 HTTP/1.1" 200 202017 "-" "Mozilla/5.0 (Linux; Android 6.0.1; Nexus 5X Build/MMB29P) AppleWebKit/537.36 (KHTML, like Gecko) Chrome/150.0.7871.128 Mobile Safari/537.36 (compatible; GoogleOther)"
216.73.216.82 - - [25/Jul/2026:04:40:20 +0300] "GET /shopping/011441888923 HTTP/1.1" 200 54806 "-" "Mozilla/5.0 AppleWebKit/537.36 (KHTML, like Gecko; compatible; ClaudeBot/1.0; +claudebot@anthropic.com)"
144.76.19.27 - - [25/Jul/2026:04:40:21 +0300] "GET /?z=899239656 HTTP/1.1" 200 54867 "-" "Mozilla/5.0 (compatible; SERankingBacklinksBot/1.0; +https://seranking.com/backlinks-crawler)"
74.7.227.46 - - [25/Jul/2026:04:40:22 +0300] "GET /detail/011317358102?lokasie=/var/www/vhosts/dgpilates.com/httpdocs/swqirnyk.php&loknya=/var/www/vhosts/dgpilates.com/httpdocs HTTP/1.1" 200 9349 "https://dgpilates.com/detail/011317358102" "Mozilla/5.0 AppleWebKit/537.36 (KHTML, like Gecko; compatible; GPTBot/1.4; +https://openai.com/gptbot)"
216.73.216.82 - - [25/Jul/2026:04:40:23 +0300] "GET /shopping/013122288926 HTTP/1.1" 200 54806 "-" "Mozilla/5.0 AppleWebKit/537.36 (KHTML, like Gecko; compatible; ClaudeBot/1.0; +claudebot@anthropic.com)"
66.249.70.98 - - [25/Jul/2026:04:40:23 +0300] "GET /detail/703092154655 HTTP/1.1" 200 210581 "-" "Mozilla/5.0 (Linux; Android 6.0.1; Nexus 5X Build/MMB29P) AppleWebKit/537.36 (KHTML, like Gecko) Chrome/150.0.7871.128 Mobile Safari/537.36 (compatible; GoogleOther)"
144.76.19.27 - - [25/Jul/2026:04:40:24 +0300] "GET /?z=899241152 HTTP/1.1" 200 54867 "-" "Mozilla/5.0 (compatible; SERankingBacklinksBot/1.0; +https://seranking.com/backlinks-crawler)"
74.7.227.46 - - [25/Jul/2026:04:40:25 +0300] "GET /detail/011654991146?lokasie=/var/www/vhosts/dgpilates.com/httpdocs/filefuns.php&loknya=/var/www/vhosts/dgpilates.com/httpdocs HTTP/1.1" 200 15850 "https://dgpilates.com/detail/011654991146" "Mozilla/5.0 AppleWebKit/537.36 (KHTML, like Gecko; compatible; GPTBot/1.4; +https://openai.com/gptbot)"
216.73.216.82 - - [25/Jul/2026:04:40:26 +0300] "GET /detail/011370160374 HTTP/1.1" 200 54806 "-" "Mozilla/5.0 AppleWebKit/537.36 (KHTML, like Gecko; compatible; ClaudeBot/1.0; +claudebot@anthropic.com)"
66.249.70.98 - - [25/Jul/2026:04:40:27 +0300] "GET /detail/801867366662 HTTP/1.1" 200 210571 "-" "Mozilla/5.0 (Linux; Android 6.0.1; Nexus 5X Build/MMB29P) AppleWebKit/537.36 (KHTML, like Gecko) Chrome/150.0.7871.128 Mobile Safari/537.36 (compatible; GoogleOther)"
66.249.70.99 - - [25/Jul/2026:04:40:27 +0300] "GET /detail/80773918781 HTTP/1.1" 200 211918 "-" "Mozilla/5.0 (Linux; Android 6.0.1; Nexus 5X Build/MMB29P) AppleWebKit/537.36 (KHTML, like Gecko) Chrome/150.0.7871.128 Mobile Safari/537.36 (compatible; Googlebot/2.1; +http://www.google.com/bot.html)"
74.7.227.46 - - [25/Jul/2026:04:40:28 +0300] "GET /detail/011510935632?lokasie=/var/www/vhosts/dgpilates.com/httpdocs/swqirnyk.php&loknya=/var/www/vhosts/dgpilates.com/httpdocs HTTP/1.1" 200 9349 "https://dgpilates.com/detail/011510935632" "Mozilla/5.0 AppleWebKit/537.36 (KHTML, like Gecko; compatible; GPTBot/1.4; +https://openai.com/gptbot)"
144.76.19.27 - - [25/Jul/2026:04:40:28 +0300] "GET /?z=899241544 HTTP/1.1" 200 54867 "-" "Mozilla/5.0 (compatible; SERankingBacklinksBot/1.0; +https://seranking.com/backlinks-crawler)"
216.73.216.82 - - [25/Jul/2026:04:40:29 +0300] "GET /market/012303187014 HTTP/1.1" 200 54806 "-" "Mozilla/5.0 AppleWebKit/537.36 (KHTML, like Gecko; compatible; ClaudeBot/1.0; +claudebot@anthropic.com)"
66.249.70.99 - - [25/Jul/2026:04:40:30 +0300] "GET /info/702331957946 HTTP/1.1" 200 202430 "-" "Mozilla/5.0 (Linux; Android 6.0.1; Nexus 5X Build/MMB29P) AppleWebKit/537.36 (KHTML, like Gecko) Chrome/150.0.7871.128 Mobile Safari/537.36 (compatible; GoogleOther)"
74.7.227.46 - - [25/Jul/2026:04:40:31 +0300] "GET /detail/011550776196?lokasie=/var/www/vhosts/dgpilates.com/httpdocs/xpzkquvf.php&loknya=/var/www/vhosts/dgpilates.com/httpdocs HTTP/1.1" 200 28599 "https://dgpilates.com/detail/011550776196" "Mozilla/5.0 AppleWebKit/537.36 (KHTML, like Gecko; compatible; GPTBot/1.4; +https://openai.com/gptbot)"
144.76.19.27 - - [25/Jul/2026:04:40:32 +0300] "GET /?z=899241752 HTTP/1.1" 200 54867 "-" "Mozilla/5.0 (compatible; SERankingBacklinksBot/1.0; +https://seranking.com/backlinks-crawler)"
216.73.216.82 - - [25/Jul/2026:04:40:32 +0300] "GET /shopping/013119920818 HTTP/1.1" 200 54806 "-" "Mozilla/5.0 AppleWebKit/537.36 (KHTML, like Gecko; compatible; ClaudeBot/1.0; +claudebot@anthropic.com)"
74.7.227.46 - - [25/Jul/2026:04:40:34 +0300] "GET /detail/011806030216?lokasie=/var/www/vhosts/dgpilates.com/httpdocs/xmlrpc.php&loknya=/var/www/vhosts/dgpilates.com/httpdocs HTTP/1.1" 200 12905 "https://dgpilates.com/detail/011806030216" "Mozilla/5.0 AppleWebKit/537.36 (KHTML, like Gecko; compatible; GPTBot/1.4; +https://openai.com/gptbot)"
66.249.70.99 - - [25/Jul/2026:04:40:34 +0300] "GET /info/881941032500 HTTP/1.1" 200 208102 "-" "Mozilla/5.0 (Linux; Android 6.0.1; Nexus 5X Build/MMB29P) AppleWebKit/537.36 (KHTML, like Gecko) Chrome/150.0.7871.128 Mobile Safari/537.36 (compatible; GoogleOther)"
216.73.216.82 - - [25/Jul/2026:04:40:35 +0300] "GET /products/012910117788 HTTP/1.1" 200 54806 "-" "Mozilla/5.0 AppleWebKit/537.36 (KHTML, like Gecko; compatible; ClaudeBot/1.0; +claudebot@anthropic.com)"
144.76.19.27 - - [25/Jul/2026:04:40:36 +0300] "GET /?z=899243048 HTTP/1.1" 200 54867 "-" "Mozilla/5.0 (compatible; SERankingBacklinksBot/1.0; +https://seranking.com/backlinks-crawler)"
66.249.70.100 - - [25/Jul/2026:04:40:37 +0300] "GET /detail/0486101226 HTTP/1.1" 200 211156 "-" "Mozilla/5.0 (Linux; Android 6.0.1; Nexus 5X Build/MMB29P) AppleWebKit/537.36 (KHTML, like Gecko) Chrome/150.0.7871.128 Mobile Safari/537.36 (compatible; Googlebot/2.1; +http://www.google.com/bot.html)"
74.7.227.46 - - [25/Jul/2026:04:40:37 +0300] "GET /detail/013162977371?lokasie=/var/www/vhosts/dgpilates.com/httpdocs/djnrxeax.php&loknya=/var/www/vhosts/dgpilates.com/httpdocs HTTP/1.1" 200 9349 "https://dgpilates.com/detail/013162977371" "Mozilla/5.0 AppleWebKit/537.36 (KHTML, like Gecko; compatible; GPTBot/1.4; +https://openai.com/gptbot)"
66.249.70.99 - - [25/Jul/2026:04:40:38 +0300] "GET /detail/893317996998 HTTP/1.1" 200 199595 "-" "Mozilla/5.0 (Linux; Android 6.0.1; Nexus 5X Build/MMB29P) AppleWebKit/537.36 (KHTML, like Gecko) Chrome/150.0.7871.128 Mobile Safari/537.36 (compatible; GoogleOther)"
216.73.216.82 - - [25/Jul/2026:04:40:38 +0300] "GET /market/011013318429 HTTP/1.1" 200 54806 "-" "Mozilla/5.0 AppleWebKit/537.36 (KHTML, like Gecko; compatible; ClaudeBot/1.0; +claudebot@anthropic.com)"
144.76.19.27 - - [25/Jul/2026:04:40:40 +0300] "GET /?z=899243112 HTTP/1.1" 200 54867 "-" "Mozilla/5.0 (compatible; SERankingBacklinksBot/1.0; +https://seranking.com/backlinks-crawler)"
74.7.227.46 - - [25/Jul/2026:04:40:40 +0300] "GET /detail/012997676257?lokasie=/var/www/vhosts/dgpilates.com/httpdocs/swqirnyk.php&loknya=/var/www/vhosts/dgpilates.com/httpdocs HTTP/1.1" 200 9349 "https://dgpilates.com/detail/012997676257" "Mozilla/5.0 AppleWebKit/537.36 (KHTML, like Gecko; compatible; GPTBot/1.4; +https://openai.com/gptbot)"
216.73.216.82 - - [25/Jul/2026:04:40:41 +0300] "GET /market/012078885362 HTTP/1.1" 200 54806 "-" "Mozilla/5.0 AppleWebKit/537.36 (KHTML, like Gecko; compatible; ClaudeBot/1.0; +claudebot@anthropic.com)"
