74.7.227.46 - - [25/Jul/2026:04:33:31 +0300] "GET /detail/011785381199?lokasie=/var/www/vhosts/dgpilates.com/httpdocs/ocmfvusz.php&loknya=/var/www/vhosts/dgpilates.com/httpdocs HTTP/1.1" 200 9349 "https://dgpilates.com/detail/011785381199" "Mozilla/5.0 AppleWebKit/537.36 (KHTML, like Gecko; compatible; GPTBot/1.4; +https://openai.com/gptbot)"
144.76.19.27 - - [25/Jul/2026:04:33:33 +0300] "GET /?z=899104016 HTTP/1.1" 200 54867 "-" "Mozilla/5.0 (compatible; SERankingBacklinksBot/1.0; +https://seranking.com/backlinks-crawler)"
216.73.216.82 - - [25/Jul/2026:04:33:34 +0300] "GET /product/011082945735 HTTP/1.1" 200 54806 "-" "Mozilla/5.0 AppleWebKit/537.36 (KHTML, like Gecko; compatible; ClaudeBot/1.0; +claudebot@anthropic.com)"
74.7.227.46 - - [25/Jul/2026:04:33:34 +0300] "GET /detail/014015018164?lokasie=/var/www/vhosts/dgpilates.com/httpdocs/apjkwbmw.php&loknya=/var/www/vhosts/dgpilates.com/httpdocs HTTP/1.1" 200 9349 "https://dgpilates.com/detail/014015018164" "Mozilla/5.0 AppleWebKit/537.36 (KHTML, like Gecko; compatible; GPTBot/1.4; +https://openai.com/gptbot)"
66.249.70.98 - - [25/Jul/2026:04:33:34 +0300] "GET /detail/773939450370 HTTP/1.1" 200 208099 "-" "Mozilla/5.0 (Linux; Android 6.0.1; Nexus 5X Build/MMB29P) AppleWebKit/537.36 (KHTML, like Gecko) Chrome/150.0.7871.128 Mobile Safari/537.36 (compatible; GoogleOther)"
216.73.216.82 - - [25/Jul/2026:04:33:37 +0300] "GET /market/013020458910 HTTP/1.1" 200 54806 "-" "Mozilla/5.0 AppleWebKit/537.36 (KHTML, like Gecko; compatible; ClaudeBot/1.0; +claudebot@anthropic.com)"
144.76.19.27 - - [25/Jul/2026:04:33:37 +0300] "GET /?z=899109024 HTTP/1.1" 200 54867 "-" "Mozilla/5.0 (compatible; SERankingBacklinksBot/1.0; +https://seranking.com/backlinks-crawler)"
74.7.227.46 - - [25/Jul/2026:04:33:38 +0300] "GET /detail/013679415570?lokasie=/var/www/vhosts/dgpilates.com/httpdocs/swqirnyk.php&loknya=/var/www/vhosts/dgpilates.com/httpdocs HTTP/1.1" 200 9349 "https://dgpilates.com/detail/013679415570" "Mozilla/5.0 AppleWebKit/537.36 (KHTML, like Gecko; compatible; GPTBot/1.4; +https://openai.com/gptbot)"
66.249.70.99 - - [25/Jul/2026:04:33:38 +0300] "GET /goods/903535384243 HTTP/1.1" 200 208980 "-" "Mozilla/5.0 (Linux; Android 6.0.1; Nexus 5X Build/MMB29P) AppleWebKit/537.36 (KHTML, like Gecko) Chrome/150.0.7871.128 Mobile Safari/537.36 (compatible; GoogleOther)"
66.249.70.98 - - [25/Jul/2026:04:33:38 +0300] "GET /info/823238023197 HTTP/1.1" 200 204132 "-" "Mozilla/5.0 (Linux; Android 6.0.1; Nexus 5X Build/MMB29P) AppleWebKit/537.36 (KHTML, like Gecko) Chrome/150.0.7871.128 Mobile Safari/537.36 (compatible; Googlebot/2.1; +http://www.google.com/bot.html)"
216.73.216.82 - - [25/Jul/2026:04:33:40 +0300] "GET /detail/012774711013 HTTP/1.1" 200 54806 "-" "Mozilla/5.0 AppleWebKit/537.36 (KHTML, like Gecko; compatible; ClaudeBot/1.0; +claudebot@anthropic.com)"
74.7.227.46 - - [25/Jul/2026:04:33:41 +0300] "GET /detail/013450405086?lokasie=/var/www/vhosts/dgpilates.com/httpdocs/ocmfvusz.php&loknya=/var/www/vhosts/dgpilates.com/httpdocs HTTP/1.1" 200 9349 "https://dgpilates.com/detail/013450405086" "Mozilla/5.0 AppleWebKit/537.36 (KHTML, like Gecko; compatible; GPTBot/1.4; +https://openai.com/gptbot)"
144.76.19.27 - - [25/Jul/2026:04:33:41 +0300] "GET /?z=899109272 HTTP/1.1" 200 54867 "-" "Mozilla/5.0 (compatible; SERankingBacklinksBot/1.0; +https://seranking.com/backlinks-crawler)"
66.249.70.99 - - [25/Jul/2026:04:33:42 +0300] "GET /detail/811336573764 HTTP/1.1" 200 197979 "-" "Mozilla/5.0 (Linux; Android 6.0.1; Nexus 5X Build/MMB29P) AppleWebKit/537.36 (KHTML, like Gecko) Chrome/150.0.7871.128 Mobile Safari/537.36 (compatible; GoogleOther)"
136.243.53.45 - - [25/Jul/2026:04:33:43 +0300] "GET /robots.txt HTTP/1.1" 200 5161 "-" "Mozilla/5.0 (Windows NT 10.0; Win64; x64) AppleWebKit/537.36 (KHTML, like Gecko) Chrome/131.0.0.0 Safari/537.36"
216.73.216.82 - - [25/Jul/2026:04:33:43 +0300] "GET /goodscode/012860757112 HTTP/1.1" 200 54806 "-" "Mozilla/5.0 AppleWebKit/537.36 (KHTML, like Gecko; compatible; ClaudeBot/1.0; +claudebot@anthropic.com)"
74.7.227.46 - - [25/Jul/2026:04:33:44 +0300] "GET /detail/011263282463?lokasie=/var/www/vhosts/dgpilates.com/httpdocs/apjkwbmw.php&loknya=/var/www/vhosts/dgpilates.com/httpdocs HTTP/1.1" 200 9349 "https://dgpilates.com/detail/011263282463" "Mozilla/5.0 AppleWebKit/537.36 (KHTML, like Gecko; compatible; GPTBot/1.4; +https://openai.com/gptbot)"
144.76.19.27 - - [25/Jul/2026:04:33:45 +0300] "GET /?z=899110984 HTTP/1.1" 200 54867 "-" "Mozilla/5.0 (compatible; SERankingBacklinksBot/1.0; +https://seranking.com/backlinks-crawler)"
66.249.70.99 - - [25/Jul/2026:04:33:45 +0300] "GET /info/823493159999 HTTP/1.1" 200 201716 "-" "Mozilla/5.0 (Linux; Android 6.0.1; Nexus 5X Build/MMB29P) AppleWebKit/537.36 (KHTML, like Gecko) Chrome/150.0.7871.128 Mobile Safari/537.36 (compatible; GoogleOther)"
216.73.216.82 - - [25/Jul/2026:04:33:46 +0300] "GET /detail/013165599324 HTTP/1.1" 200 54806 "-" "Mozilla/5.0 AppleWebKit/537.36 (KHTML, like Gecko; compatible; ClaudeBot/1.0; +claudebot@anthropic.com)"
136.243.53.45 - - [25/Jul/2026:04:33:47 +0300] "GET / HTTP/1.1" 200 54806 "-" "Mozilla/5.0 (Macintosh; Intel Mac OS X 10.15; rv:133.0) Gecko/20100101 Firefox/133.0"
74.7.227.46 - - [25/Jul/2026:04:33:47 +0300] "GET /detail/012309187284?lokasie=/var/www/vhosts/dgpilates.com/httpdocs/djnrxeax.php&loknya=/var/www/vhosts/dgpilates.com/httpdocs HTTP/1.1" 200 9349 "https://dgpilates.com/detail/012309187284" "Mozilla/5.0 AppleWebKit/537.36 (KHTML, like Gecko; compatible; GPTBot/1.4; +https://openai.com/gptbot)"
136.243.53.45 - - [25/Jul/2026:04:33:48 +0300] "HEAD / HTTP/1.1" 200 4775 "-" "Mozilla/5.0 (compatible; enrichment-prefilter/1.0)"
136.243.53.45 - - [25/Jul/2026:04:33:48 +0300] "HEAD / HTTP/1.1" 200 4775 "-" "Mozilla/5.0 (compatible; enrichment-prefilter/1.0)"
66.249.70.98 - - [25/Jul/2026:04:33:48 +0300] "GET /entity/812957617415 HTTP/1.1" 200 201009 "-" "Mozilla/5.0 (Linux; Android 6.0.1; Nexus 5X Build/MMB29P) AppleWebKit/537.36 (KHTML, like Gecko) Chrome/150.0.7871.128 Mobile Safari/537.36 (compatible; Googlebot/2.1; +http://www.google.com/bot.html)"
216.73.216.82 - - [25/Jul/2026:04:33:49 +0300] "GET /market/012120615626 HTTP/1.1" 200 54806 "-" "Mozilla/5.0 AppleWebKit/537.36 (KHTML, like Gecko; compatible; ClaudeBot/1.0; +claudebot@anthropic.com)"
144.76.19.27 - - [25/Jul/2026:04:33:49 +0300] "GET /?z=899112656 HTTP/1.1" 200 54867 "-" "Mozilla/5.0 (compatible; SERankingBacklinksBot/1.0; +https://seranking.com/backlinks-crawler)"
66.249.70.98 - - [25/Jul/2026:04:33:49 +0300] "GET /detail/802806364567 HTTP/1.1" 200 207080 "-" "Mozilla/5.0 (Linux; Android 6.0.1; Nexus 5X Build/MMB29P) AppleWebKit/537.36 (KHTML, like Gecko) Chrome/150.0.7871.128 Mobile Safari/537.36 (compatible; GoogleOther)"
74.7.227.46 - - [25/Jul/2026:04:33:51 +0300] "GET /detail/012785278591?lokasie=/var/www/vhosts/dgpilates.com/httpdocs/xviiwsmp.php&loknya=/var/www/vhosts/dgpilates.com/httpdocs HTTP/1.1" 200 28599 "https://dgpilates.com/detail/012785278591" "Mozilla/5.0 AppleWebKit/537.36 (KHTML, like Gecko; compatible; GPTBot/1.4; +https://openai.com/gptbot)"
136.243.53.45 - - [25/Jul/2026:04:33:52 +0300] "GET / HTTP/1.1" 200 54806 "-" "Mozilla/5.0 (Windows NT 10.0; Win64; x64; rv:133.0) Gecko/20100101 Firefox/133.0"
136.243.53.45 - - [25/Jul/2026:04:33:52 +0300] "GET /index.php HTTP/1.1" 200 54806 "-" "Mozilla/5.0 (Windows NT 10.0; Win64; x64) AppleWebKit/537.36 (KHTML, like Gecko) Chrome/131.0.0.0 Safari/537.36"
216.73.216.82 - - [25/Jul/2026:04:33:52 +0300] "GET /market/013337112125 HTTP/1.1" 200 54806 "-" "Mozilla/5.0 AppleWebKit/537.36 (KHTML, like Gecko; compatible; ClaudeBot/1.0; +claudebot@anthropic.com)"
66.249.70.98 - - [25/Jul/2026:04:33:53 +0300] "GET /detail/022072972210 HTTP/1.1" 200 208568 "-" "Mozilla/5.0 (Linux; Android 6.0.1; Nexus 5X Build/MMB29P) AppleWebKit/537.36 (KHTML, like Gecko) Chrome/150.0.7871.128 Mobile Safari/537.36 (compatible; GoogleOther)"
144.76.19.27 - - [25/Jul/2026:04:33:53 +0300] "GET /?z=899114736 HTTP/1.1" 200 54867 "-" "Mozilla/5.0 (compatible; SERankingBacklinksBot/1.0; +https://seranking.com/backlinks-crawler)"
74.7.227.46 - - [25/Jul/2026:04:33:54 +0300] "GET /detail/012383377552?lokasie=/var/www/vhosts/dgpilates.com/httpdocs/apjkwbmw.php&loknya=/var/www/vhosts/dgpilates.com/httpdocs HTTP/1.1" 200 9349 "https://dgpilates.com/detail/012383377552" "Mozilla/5.0 AppleWebKit/537.36 (KHTML, like Gecko; compatible; GPTBot/1.4; +https://openai.com/gptbot)"
216.73.216.82 - - [25/Jul/2026:04:33:55 +0300] "GET /goods/012538923821 HTTP/1.1" 200 54806 "-" "Mozilla/5.0 AppleWebKit/537.36 (KHTML, like Gecko; compatible; ClaudeBot/1.0; +claudebot@anthropic.com)"
66.249.70.98 - - [25/Jul/2026:04:33:56 +0300] "GET /detail/812015404672 HTTP/1.1" 200 198350 "-" "Mozilla/5.0 (Linux; Android 6.0.1; Nexus 5X Build/MMB29P) AppleWebKit/537.36 (KHTML, like Gecko) Chrome/150.0.7871.128 Mobile Safari/537.36 (compatible; GoogleOther)"
144.76.19.27 - - [25/Jul/2026:04:33:57 +0300] "GET /?z=899117872 HTTP/1.1" 200 54867 "-" "Mozilla/5.0 (compatible; SERankingBacklinksBot/1.0; +https://seranking.com/backlinks-crawler)"
74.7.227.46 - - [25/Jul/2026:04:33:57 +0300] "GET /detail/011439282428?lokasie=/var/www/vhosts/dgpilates.com/httpdocs/ocmfvusz.php&loknya=/var/www/vhosts/dgpilates.com/httpdocs HTTP/1.1" 200 9349 "https://dgpilates.com/detail/011439282428" "Mozilla/5.0 AppleWebKit/537.36 (KHTML, like Gecko; compatible; GPTBot/1.4; +https://openai.com/gptbot)"
216.73.216.82 - - [25/Jul/2026:04:33:58 +0300] "GET /product/011590060318 HTTP/1.1" 200 54806 "-" "Mozilla/5.0 AppleWebKit/537.36 (KHTML, like Gecko; compatible; ClaudeBot/1.0; +claudebot@anthropic.com)"
66.249.70.98 - - [25/Jul/2026:04:33:59 +0300] "GET /info/86636573158 HTTP/1.1" 200 210273 "-" "Mozilla/5.0 (Linux; Android 6.0.1; Nexus 5X Build/MMB29P) AppleWebKit/537.36 (KHTML, like Gecko) Chrome/150.0.7871.128 Mobile Safari/537.36 (compatible; Googlebot/2.1; +http://www.google.com/bot.html)"
66.249.70.98 - - [25/Jul/2026:04:34:00 +0300] "GET /info/89420893239 HTTP/1.1" 200 210528 "-" "Mozilla/5.0 (Linux; Android 6.0.1; Nexus 5X Build/MMB29P) AppleWebKit/537.36 (KHTML, like Gecko) Chrome/150.0.7871.128 Mobile Safari/537.36 (compatible; GoogleOther)"
74.7.227.46 - - [25/Jul/2026:04:34:00 +0300] "GET /detail/011046570551?lokasie=/var/www/vhosts/dgpilates.com/httpdocs/szmxxsmy.php&loknya=/var/www/vhosts/dgpilates.com/httpdocs HTTP/1.1" 200 9349 "https://dgpilates.com/detail/011046570551" "Mozilla/5.0 AppleWebKit/537.36 (KHTML, like Gecko; compatible; GPTBot/1.4; +https://openai.com/gptbot)"
144.76.19.27 - - [25/Jul/2026:04:34:00 +0300] "GET /?z=899119464 HTTP/1.1" 200 54867 "-" "Mozilla/5.0 (compatible; SERankingBacklinksBot/1.0; +https://seranking.com/backlinks-crawler)"
216.73.216.82 - - [25/Jul/2026:04:34:01 +0300] "GET /detail/013366021444 HTTP/1.1" 200 54806 "-" "Mozilla/5.0 AppleWebKit/537.36 (KHTML, like Gecko; compatible; ClaudeBot/1.0; +claudebot@anthropic.com)"
74.7.227.46 - - [25/Jul/2026:04:34:03 +0300] "GET /detail/012496160990?lokasie=/var/www/vhosts/dgpilates.com/httpdocs/xmlrpc.php&loknya=/var/www/vhosts/dgpilates.com/httpdocs HTTP/1.1" 200 12905 "https://dgpilates.com/detail/012496160990" "Mozilla/5.0 AppleWebKit/537.36 (KHTML, like Gecko; compatible; GPTBot/1.4; +https://openai.com/gptbot)"
66.249.70.98 - - [25/Jul/2026:04:34:03 +0300] "GET /info/65202858287 HTTP/1.1" 200 210437 "-" "Mozilla/5.0 (Linux; Android 6.0.1; Nexus 5X Build/MMB29P) AppleWebKit/537.36 (KHTML, like Gecko) Chrome/150.0.7871.128 Mobile Safari/537.36 (compatible; GoogleOther)"
216.73.216.82 - - [25/Jul/2026:04:34:04 +0300] "GET /market/011680062997 HTTP/1.1" 200 54806 "-" "Mozilla/5.0 AppleWebKit/537.36 (KHTML, like Gecko; compatible; ClaudeBot/1.0; +claudebot@anthropic.com)"
144.76.19.27 - - [25/Jul/2026:04:34:04 +0300] "GET /?z=899119584 HTTP/1.1" 200 54867 "-" "Mozilla/5.0 (compatible; SERankingBacklinksBot/1.0; +https://seranking.com/backlinks-crawler)"
74.7.227.46 - - [25/Jul/2026:04:34:06 +0300] "GET /detail/011221557073?lokasie=/var/www/vhosts/dgpilates.com/httpdocs/xmlrpc.php&loknya=/var/www/vhosts/dgpilates.com/httpdocs HTTP/1.1" 200 12905 "https://dgpilates.com/detail/011221557073" "Mozilla/5.0 AppleWebKit/537.36 (KHTML, like Gecko; compatible; GPTBot/1.4; +https://openai.com/gptbot)"
216.73.216.82 - - [25/Jul/2026:04:34:07 +0300] "GET /market/014274502440 HTTP/1.1" 200 54806 "-" "Mozilla/5.0 AppleWebKit/537.36 (KHTML, like Gecko; compatible; ClaudeBot/1.0; +claudebot@anthropic.com)"
66.249.70.98 - - [25/Jul/2026:04:34:07 +0300] "GET /detail/773544619102 HTTP/1.1" 200 200385 "-" "Mozilla/5.0 (Linux; Android 6.0.1; Nexus 5X Build/MMB29P) AppleWebKit/537.36 (KHTML, like Gecko) Chrome/150.0.7871.128 Mobile Safari/537.36 (compatible; GoogleOther)"
34.162.230.222 - - [25/Jul/2026:04:34:09 +0300] "GET /robots.txt HTTP/1.1" 200 5161 "-" "Mozilla/5.0 AppleWebKit/537.36 (KHTML, like Gecko; compatible; ClaudeBot/1.0; +claudebot@anthropic.com)"
144.76.19.27 - - [25/Jul/2026:04:34:08 +0300] "GET /?z=899119640 HTTP/1.1" 200 54867 "-" "Mozilla/5.0 (compatible; SERankingBacklinksBot/1.0; +https://seranking.com/backlinks-crawler)"
66.249.70.99 - - [25/Jul/2026:04:34:08 +0300] "GET /info/65794189012 HTTP/1.1" 200 206154 "-" "Mozilla/5.0 (Linux; Android 6.0.1; Nexus 5X Build/MMB29P) AppleWebKit/537.36 (KHTML, like Gecko) Chrome/150.0.7871.128 Mobile Safari/537.36 (compatible; Googlebot/2.1; +http://www.google.com/bot.html)"
74.7.227.46 - - [25/Jul/2026:04:34:10 +0300] "GET /detail/013180182681?lokasie=/var/www/vhosts/dgpilates.com/httpdocs/filefuns.php&loknya=/var/www/vhosts/dgpilates.com/httpdocs HTTP/1.1" 200 15850 "https://dgpilates.com/detail/013180182681" "Mozilla/5.0 AppleWebKit/537.36 (KHTML, like Gecko; compatible; GPTBot/1.4; +https://openai.com/gptbot)"
216.73.216.82 - - [25/Jul/2026:04:34:10 +0300] "GET /market/012713873089 HTTP/1.1" 200 54806 "-" "Mozilla/5.0 AppleWebKit/537.36 (KHTML, like Gecko; compatible; ClaudeBot/1.0; +claudebot@anthropic.com)"
34.162.230.222 - - [25/Jul/2026:04:34:10 +0300] "GET /entity/013691663303 HTTP/1.1" 200 54870 "-" "Mozilla/5.0 AppleWebKit/537.36 (KHTML, like Gecko; compatible; ClaudeBot/1.0; +claudebot@anthropic.com)"
66.249.70.98 - - [25/Jul/2026:04:34:11 +0300] "GET /detail/83737011732 HTTP/1.1" 200 206926 "-" "Mozilla/5.0 (Linux; Android 6.0.1; Nexus 5X Build/MMB29P) AppleWebKit/537.36 (KHTML, like Gecko) Chrome/150.0.7871.128 Mobile Safari/537.36 (compatible; GoogleOther)"
144.76.19.27 - - [25/Jul/2026:04:34:12 +0300] "GET /?z=899120640 HTTP/1.1" 200 54867 "-" "Mozilla/5.0 (compatible; SERankingBacklinksBot/1.0; +https://seranking.com/backlinks-crawler)"
34.162.230.222 - - [25/Jul/2026:04:34:13 +0300] "GET /items/01579487567 HTTP/1.1" 200 54870 "-" "Mozilla/5.0 AppleWebKit/537.36 (KHTML, like Gecko; compatible; ClaudeBot/1.0; +claudebot@anthropic.com)"
74.7.227.46 - - [25/Jul/2026:04:34:13 +0300] "GET /detail/011266822659?lokasie=/var/www/vhosts/dgpilates.com/httpdocs/xpzkquvf.php&loknya=/var/www/vhosts/dgpilates.com/httpdocs HTTP/1.1" 200 28599 "https://dgpilates.com/detail/011266822659" "Mozilla/5.0 AppleWebKit/537.36 (KHTML, like Gecko; compatible; GPTBot/1.4; +https://openai.com/gptbot)"
57.141.0.68 - - [25/Jul/2026:04:34:13 +0300] "GET /products/013686747525?loknya=/ HTTP/1.1" 200 10146 "-" "Mozilla/5.0 (Windows NT 10.0; Win64; x64) AppleWebKit/537.36 (KHTML, like Gecko) Chrome/145.0.0.0 Safari/537.36 (compatible; meta-externalagent/1.1 (+https://developers.facebook.com/docs/sharing/webmasters/crawler))"
216.73.216.82 - - [25/Jul/2026:04:34:13 +0300] "GET /shopbrand/0154871430 HTTP/1.1" 200 54806 "-" "Mozilla/5.0 AppleWebKit/537.36 (KHTML, like Gecko; compatible; ClaudeBot/1.0; +claudebot@anthropic.com)"
66.249.70.98 - - [25/Jul/2026:04:34:14 +0300] "GET /detail/793301926100 HTTP/1.1" 200 211614 "-" "Mozilla/5.0 (Linux; Android 6.0.1; Nexus 5X Build/MMB29P) AppleWebKit/537.36 (KHTML, like Gecko) Chrome/150.0.7871.128 Mobile Safari/537.36 (compatible; GoogleOther)"
136.243.53.45 - - [25/Jul/2026:04:34:14 +0300] "GET / HTTP/1.1" 200 54806 "-" "Mozilla/5.0 (Macintosh; Intel Mac OS X 14_0) AppleWebKit/537.36 (KHTML, like Gecko) Chrome/131.0.0.0 Safari/537.36"
136.243.53.45 - - [25/Jul/2026:04:34:16 +0300] "GET /index.php HTTP/1.1" 200 54806 "-" "Mozilla/5.0 (X11; Linux x86_64) AppleWebKit/537.36 (KHTML, like Gecko) Chrome/131.0.0.0 Safari/537.36"
74.7.227.46 - - [25/Jul/2026:04:34:16 +0300] "GET /detail/011621853037?lokasie=/var/www/vhosts/dgpilates.com/httpdocs/xpzkquvf.php&loknya=/var/www/vhosts/dgpilates.com/httpdocs HTTP/1.1" 200 28599 "https://dgpilates.com/detail/011621853037" "Mozilla/5.0 AppleWebKit/537.36 (KHTML, like Gecko; compatible; GPTBot/1.4; +https://openai.com/gptbot)"
216.73.216.82 - - [25/Jul/2026:04:34:16 +0300] "GET /market/01501884778 HTTP/1.1" 200 54806 "-" "Mozilla/5.0 AppleWebKit/537.36 (KHTML, like Gecko; compatible; ClaudeBot/1.0; +claudebot@anthropic.com)"
144.76.19.27 - - [25/Jul/2026:04:34:16 +0300] "GET /?z=899122832 HTTP/1.1" 200 54867 "-" "Mozilla/5.0 (compatible; SERankingBacklinksBot/1.0; +https://seranking.com/backlinks-crawler)"
136.243.53.45 - - [25/Jul/2026:04:34:17 +0300] "GET /index.php HTTP/1.1" 200 54806 "-" "Mozilla/5.0 (Macintosh; Intel Mac OS X 14_0) AppleWebKit/537.36 (KHTML, like Gecko) Chrome/131.0.0.0 Safari/537.36"
34.162.230.222 - - [25/Jul/2026:04:34:17 +0300] "GET /goodscode/01855867089 HTTP/1.1" 200 54870 "-" "Mozilla/5.0 AppleWebKit/537.36 (KHTML, like Gecko; compatible; ClaudeBot/1.0; +claudebot@anthropic.com)"
66.249.70.98 - - [25/Jul/2026:04:34:18 +0300] "GET /info/78408305706 HTTP/1.1" 200 205856 "-" "Mozilla/5.0 (Linux; Android 6.0.1; Nexus 5X Build/MMB29P) AppleWebKit/537.36 (KHTML, like Gecko) Chrome/150.0.7871.128 Mobile Safari/537.36 (compatible; GoogleOther)"
66.249.70.98 - - [25/Jul/2026:04:34:18 +0300] "GET /info/763021678692 HTTP/1.1" 200 212616 "-" "Mozilla/5.0 (Linux; Android 6.0.1; Nexus 5X Build/MMB29P) AppleWebKit/537.36 (KHTML, like Gecko) Chrome/150.0.7871.128 Mobile Safari/537.36 (compatible; Googlebot/2.1; +http://www.google.com/bot.html)"
216.73.216.82 - - [25/Jul/2026:04:34:19 +0300] "GET /detail/014146770216 HTTP/1.1" 200 54806 "-" "Mozilla/5.0 AppleWebKit/537.36 (KHTML, like Gecko; compatible; ClaudeBot/1.0; +claudebot@anthropic.com)"
74.7.227.46 - - [25/Jul/2026:04:34:19 +0300] "GET /detail/013830135801?lokasie=/var/www/vhosts/dgpilates.com/httpdocs/djnrxeax.php&loknya=/var/www/vhosts/dgpilates.com/httpdocs HTTP/1.1" 200 9349 "https://dgpilates.com/detail/013830135801" "Mozilla/5.0 AppleWebKit/537.36 (KHTML, like Gecko; compatible; GPTBot/1.4; +https://openai.com/gptbot)"
144.76.19.27 - - [25/Jul/2026:04:34:20 +0300] "GET /?z=899123504 HTTP/1.1" 200 54867 "-" "Mozilla/5.0 (compatible; SERankingBacklinksBot/1.0; +https://seranking.com/backlinks-crawler)"
66.249.70.99 - - [25/Jul/2026:04:34:21 +0300] "GET /detail/01346206944 HTTP/1.1" 200 207402 "-" "Mozilla/5.0 (Linux; Android 6.0.1; Nexus 5X Build/MMB29P) AppleWebKit/537.36 (KHTML, like Gecko) Chrome/150.0.7871.128 Mobile Safari/537.36 (compatible; GoogleOther)"
216.73.216.82 - - [25/Jul/2026:04:34:22 +0300] "GET /product/011758117876 HTTP/1.1" 200 54806 "-" "Mozilla/5.0 AppleWebKit/537.36 (KHTML, like Gecko; compatible; ClaudeBot/1.0; +claudebot@anthropic.com)"
74.7.227.46 - - [25/Jul/2026:04:34:22 +0300] "GET /detail/012464955921?lokasie=/var/www/vhosts/dgpilates.com/httpdocs/ocmfvusz.php&loknya=/var/www/vhosts/dgpilates.com/httpdocs HTTP/1.1" 200 9349 "https://dgpilates.com/detail/012464955921" "Mozilla/5.0 AppleWebKit/537.36 (KHTML, like Gecko; compatible; GPTBot/1.4; +https://openai.com/gptbot)"
144.76.19.27 - - [25/Jul/2026:04:34:24 +0300] "GET /?z=899124464 HTTP/1.1" 200 54867 "-" "Mozilla/5.0 (compatible; SERankingBacklinksBot/1.0; +https://seranking.com/backlinks-crawler)"
216.73.216.82 - - [25/Jul/2026:04:34:25 +0300] "GET /goods/011462808536 HTTP/1.1" 200 54806 "-" "Mozilla/5.0 AppleWebKit/537.36 (KHTML, like Gecko; compatible; ClaudeBot/1.0; +claudebot@anthropic.com)"
66.249.70.99 - - [25/Jul/2026:04:34:25 +0300] "GET /detail/003859546612 HTTP/1.1" 200 207432 "-" "Mozilla/5.0 (Linux; Android 6.0.1; Nexus 5X Build/MMB29P) AppleWebKit/537.36 (KHTML, like Gecko) Chrome/150.0.7871.128 Mobile Safari/537.36 (compatible; GoogleOther)"
74.7.227.46 - - [25/Jul/2026:04:34:25 +0300] "GET /detail/012114579934?lokasie=/var/www/vhosts/dgpilates.com/httpdocs/swqirnyk.php&loknya=/var/www/vhosts/dgpilates.com/httpdocs HTTP/1.1" 200 9349 "https://dgpilates.com/detail/012114579934" "Mozilla/5.0 AppleWebKit/537.36 (KHTML, like Gecko; compatible; GPTBot/1.4; +https://openai.com/gptbot)"
216.73.216.82 - - [25/Jul/2026:04:34:28 +0300] "GET /market/01244087383 HTTP/1.1" 200 54806 "-" "Mozilla/5.0 AppleWebKit/537.36 (KHTML, like Gecko; compatible; ClaudeBot/1.0; +claudebot@anthropic.com)"
144.76.19.27 - - [25/Jul/2026:04:34:28 +0300] "GET /?z=899125416 HTTP/1.1" 200 54867 "-" "Mozilla/5.0 (compatible; SERankingBacklinksBot/1.0; +https://seranking.com/backlinks-crawler)"
66.249.70.99 - - [25/Jul/2026:04:34:28 +0300] "GET /info/862004103390 HTTP/1.1" 200 203758 "-" "Mozilla/5.0 (Linux; Android 6.0.1; Nexus 5X Build/MMB29P) AppleWebKit/537.36 (KHTML, like Gecko) Chrome/150.0.7871.128 Mobile Safari/537.36 (compatible; Googlebot/2.1; +http://www.google.com/bot.html)"
74.7.227.46 - - [25/Jul/2026:04:34:28 +0300] "GET /detail/011248407768?lokasie=/var/www/vhosts/dgpilates.com/httpdocs/xpzkquvf.php&loknya=/var/www/vhosts/dgpilates.com/httpdocs HTTP/1.1" 200 28599 "https://dgpilates.com/detail/011248407768" "Mozilla/5.0 AppleWebKit/537.36 (KHTML, like Gecko; compatible; GPTBot/1.4; +https://openai.com/gptbot)"
66.249.70.100 - - [25/Jul/2026:04:34:28 +0300] "GET /detail/761596281002 HTTP/1.1" 200 201014 "-" "Mozilla/5.0 (Linux; Android 6.0.1; Nexus 5X Build/MMB29P) AppleWebKit/537.36 (KHTML, like Gecko) Chrome/150.0.7871.128 Mobile Safari/537.36 (compatible; GoogleOther)"
216.73.216.82 - - [25/Jul/2026:04:34:31 +0300] "GET /goods/013927541472 HTTP/1.1" 200 54806 "-" "Mozilla/5.0 AppleWebKit/537.36 (KHTML, like Gecko; compatible; ClaudeBot/1.0; +claudebot@anthropic.com)"
74.7.227.46 - - [25/Jul/2026:04:34:31 +0300] "GET /detail/013142430606?lokasie=/var/www/vhosts/dgpilates.com/httpdocs/szmxxsmy.php&loknya=/var/www/vhosts/dgpilates.com/httpdocs HTTP/1.1" 200 9349 "https://dgpilates.com/detail/013142430606" "Mozilla/5.0 AppleWebKit/537.36 (KHTML, like Gecko; compatible; GPTBot/1.4; +https://openai.com/gptbot)"
144.76.19.27 - - [25/Jul/2026:04:34:32 +0300] "GET /?z=899126096 HTTP/1.1" 200 54867 "-" "Mozilla/5.0 (compatible; SERankingBacklinksBot/1.0; +https://seranking.com/backlinks-crawler)"
66.249.70.98 - - [25/Jul/2026:04:34:32 +0300] "GET /detail/841539695313 HTTP/1.1" 200 206574 "-" "Mozilla/5.0 (Linux; Android 6.0.1; Nexus 5X Build/MMB29P) AppleWebKit/537.36 (KHTML, like Gecko) Chrome/150.0.7871.128 Mobile Safari/537.36 (compatible; GoogleOther)"
216.73.216.82 - - [25/Jul/2026:04:34:34 +0300] "GET /shopping/011933511757 HTTP/1.1" 200 54806 "-" "Mozilla/5.0 AppleWebKit/537.36 (KHTML, like Gecko; compatible; ClaudeBot/1.0; +claudebot@anthropic.com)"
74.7.227.46 - - [25/Jul/2026:04:34:35 +0300] "GET /detail/013795923938?lokasie=/var/www/vhosts/dgpilates.com/httpdocs/xmlrpc.php&loknya=/var/www/vhosts/dgpilates.com/httpdocs HTTP/1.1" 200 12905 "https://dgpilates.com/detail/013795923938" "Mozilla/5.0 AppleWebKit/537.36 (KHTML, like Gecko; compatible; GPTBot/1.4; +https://openai.com/gptbot)"
144.76.19.27 - - [25/Jul/2026:04:34:36 +0300] "GET /?z=899129792 HTTP/1.1" 200 54867 "-" "Mozilla/5.0 (compatible; SERankingBacklinksBot/1.0; +https://seranking.com/backlinks-crawler)"
66.249.70.98 - - [25/Jul/2026:04:34:36 +0300] "GET /info/842157022827 HTTP/1.1" 200 203938 "-" "Mozilla/5.0 (Linux; Android 6.0.1; Nexus 5X Build/MMB29P) AppleWebKit/537.36 (KHTML, like Gecko) Chrome/150.0.7871.128 Mobile Safari/537.36 (compatible; GoogleOther)"
216.73.216.82 - - [25/Jul/2026:04:34:37 +0300] "GET /market/011634665204 HTTP/1.1" 200 54806 "-" "Mozilla/5.0 AppleWebKit/537.36 (KHTML, like Gecko; compatible; ClaudeBot/1.0; +claudebot@anthropic.com)"
74.7.227.46 - - [25/Jul/2026:04:34:38 +0300] "GET /detail/012215406255?lokasie=/var/www/vhosts/dgpilates.com/httpdocs/szmxxsmy.php&loknya=/var/www/vhosts/dgpilates.com/httpdocs HTTP/1.1" 200 9349 "https://dgpilates.com/detail/012215406255" "Mozilla/5.0 AppleWebKit/537.36 (KHTML, like Gecko; compatible; GPTBot/1.4; +https://openai.com/gptbot)"
66.249.70.99 - - [25/Jul/2026:04:34:38 +0300] "GET /info/792308577009 HTTP/1.1" 200 200885 "-" "Mozilla/5.0 (Linux; Android 6.0.1; Nexus 5X Build/MMB29P) AppleWebKit/537.36 (KHTML, like Gecko) Chrome/150.0.7871.128 Mobile Safari/537.36 (compatible; Googlebot/2.1; +http://www.google.com/bot.html)"
66.249.70.98 - - [25/Jul/2026:04:34:39 +0300] "GET /products/873243905714 HTTP/1.1" 200 207715 "-" "Mozilla/5.0 (Linux; Android 6.0.1; Nexus 5X Build/MMB29P) AppleWebKit/537.36 (KHTML, like Gecko) Chrome/150.0.7871.128 Mobile Safari/537.36 (compatible; GoogleOther)"
144.76.19.27 - - [25/Jul/2026:04:34:40 +0300] "GET /?z=899129952 HTTP/1.1" 200 54867 "-" "Mozilla/5.0 (compatible; SERankingBacklinksBot/1.0; +https://seranking.com/backlinks-crawler)"
216.73.216.82 - - [25/Jul/2026:04:34:40 +0300] "GET /shopping/012614358799 HTTP/1.1" 200 54806 "-" "Mozilla/5.0 AppleWebKit/537.36 (KHTML, like Gecko; compatible; ClaudeBot/1.0; +claudebot@anthropic.com)"
74.7.227.46 - - [25/Jul/2026:04:34:41 +0300] "GET /detail/013687872564?lokasie=/var/www/vhosts/dgpilates.com/httpdocs/apjkwbmw.php&loknya=/var/www/vhosts/dgpilates.com/httpdocs HTTP/1.1" 200 9349 "https://dgpilates.com/detail/013687872564" "Mozilla/5.0 AppleWebKit/537.36 (KHTML, like Gecko; compatible; GPTBot/1.4; +https://openai.com/gptbot)"
66.249.70.98 - - [25/Jul/2026:04:34:43 +0300] "GET /detail/892349434800 HTTP/1.1" 200 209737 "-" "Mozilla/5.0 (Linux; Android 6.0.1; Nexus 5X Build/MMB29P) AppleWebKit/537.36 (KHTML, like Gecko) Chrome/150.0.7871.128 Mobile Safari/537.36 (compatible; GoogleOther)"
216.73.216.82 - - [25/Jul/2026:04:34:43 +0300] "GET /detail/012307905229 HTTP/1.1" 200 54806 "-" "Mozilla/5.0 AppleWebKit/537.36 (KHTML, like Gecko; compatible; ClaudeBot/1.0; +claudebot@anthropic.com)"
144.76.19.27 - - [25/Jul/2026:04:34:43 +0300] "GET /?z=899131880 HTTP/1.1" 200 54867 "-" "Mozilla/5.0 (compatible; SERankingBacklinksBot/1.0; +https://seranking.com/backlinks-crawler)"
74.7.227.46 - - [25/Jul/2026:04:34:44 +0300] "GET /detail/011780646742?lokasie=/var/www/vhosts/dgpilates.com/httpdocs/djnrxeax.php&loknya=/var/www/vhosts/dgpilates.com/httpdocs HTTP/1.1" 200 9349 "https://dgpilates.com/detail/011780646742" "Mozilla/5.0 AppleWebKit/537.36 (KHTML, like Gecko; compatible; GPTBot/1.4; +https://openai.com/gptbot)"
216.73.216.82 - - [25/Jul/2026:04:34:46 +0300] "GET /detail/011863035430 HTTP/1.1" 200 54806 "-" "Mozilla/5.0 AppleWebKit/537.36 (KHTML, like Gecko; compatible; ClaudeBot/1.0; +claudebot@anthropic.com)"
66.249.70.99 - - [25/Jul/2026:04:34:46 +0300] "GET /goods/851505773431 HTTP/1.1" 200 213730 "-" "Mozilla/5.0 (Linux; Android 6.0.1; Nexus 5X Build/MMB29P) AppleWebKit/537.36 (KHTML, like Gecko) Chrome/150.0.7871.128 Mobile Safari/537.36 (compatible; GoogleOther)"
144.76.19.27 - - [25/Jul/2026:04:34:47 +0300] "GET /?z=899132680 HTTP/1.1" 200 54867 "-" "Mozilla/5.0 (compatible; SERankingBacklinksBot/1.0; +https://seranking.com/backlinks-crawler)"
74.7.227.46 - - [25/Jul/2026:04:34:47 +0300] "GET /detail/011659579950?lokasie=/var/www/vhosts/dgpilates.com/httpdocs/apjkwbmw.php&loknya=/var/www/vhosts/dgpilates.com/httpdocs HTTP/1.1" 200 9349 "https://dgpilates.com/detail/011659579950" "Mozilla/5.0 AppleWebKit/537.36 (KHTML, like Gecko; compatible; GPTBot/1.4; +https://openai.com/gptbot)"
66.249.70.98 - - [25/Jul/2026:04:34:48 +0300] "GET /info/683354436571 HTTP/1.1" 200 205382 "-" "Mozilla/5.0 (Linux; Android 6.0.1; Nexus 5X Build/MMB29P) AppleWebKit/537.36 (KHTML, like Gecko) Chrome/150.0.7871.128 Mobile Safari/537.36 (compatible; Googlebot/2.1; +http://www.google.com/bot.html)"
216.73.216.82 - - [25/Jul/2026:04:34:49 +0300] "GET /market/013542559544 HTTP/1.1" 200 54806 "-" "Mozilla/5.0 AppleWebKit/537.36 (KHTML, like Gecko; compatible; ClaudeBot/1.0; +claudebot@anthropic.com)"
66.249.70.98 - - [25/Jul/2026:04:34:50 +0300] "GET /info/844109928252 HTTP/1.1" 200 210536 "-" "Mozilla/5.0 (Linux; Android 6.0.1; Nexus 5X Build/MMB29P) AppleWebKit/537.36 (KHTML, like Gecko) Chrome/150.0.7871.128 Mobile Safari/537.36 (compatible; GoogleOther)"
74.7.227.46 - - [25/Jul/2026:04:34:51 +0300] "GET /detail/013767020540?lokasie=/var/www/vhosts/dgpilates.com/httpdocs/xpzkquvf.php&loknya=/var/www/vhosts/dgpilates.com/httpdocs HTTP/1.1" 200 28599 "https://dgpilates.com/detail/013767020540" "Mozilla/5.0 AppleWebKit/537.36 (KHTML, like Gecko; compatible; GPTBot/1.4; +https://openai.com/gptbot)"
144.76.19.27 - - [25/Jul/2026:04:34:51 +0300] "GET /?z=899134368 HTTP/1.1" 200 54867 "-" "Mozilla/5.0 (compatible; SERankingBacklinksBot/1.0; +https://seranking.com/backlinks-crawler)"
216.73.216.82 - - [25/Jul/2026:04:34:52 +0300] "GET /products/013942302486 HTTP/1.1" 200 54806 "-" "Mozilla/5.0 AppleWebKit/537.36 (KHTML, like Gecko; compatible; ClaudeBot/1.0; +claudebot@anthropic.com)"
66.249.70.98 - - [25/Jul/2026:04:34:53 +0300] "GET /detail/87243329269 HTTP/1.1" 200 207402 "-" "Mozilla/5.0 (Linux; Android 6.0.1; Nexus 5X Build/MMB29P) AppleWebKit/537.36 (KHTML, like Gecko) Chrome/150.0.7871.128 Mobile Safari/537.36 (compatible; GoogleOther)"
74.7.227.46 - - [25/Jul/2026:04:34:54 +0300] "GET /detail/013248867277?lokasie=/var/www/vhosts/dgpilates.com/httpdocs/swqirnyk.php&loknya=/var/www/vhosts/dgpilates.com/httpdocs HTTP/1.1" 200 9349 "https://dgpilates.com/detail/013248867277" "Mozilla/5.0 AppleWebKit/537.36 (KHTML, like Gecko; compatible; GPTBot/1.4; +https://openai.com/gptbot)"
216.73.216.82 - - [25/Jul/2026:04:34:55 +0300] "GET /market/014280466866 HTTP/1.1" 200 54806 "-" "Mozilla/5.0 AppleWebKit/537.36 (KHTML, like Gecko; compatible; ClaudeBot/1.0; +claudebot@anthropic.com)"
144.76.19.27 - - [25/Jul/2026:04:34:55 +0300] "GET /?z=899134456 HTTP/1.1" 200 54867 "-" "Mozilla/5.0 (compatible; SERankingBacklinksBot/1.0; +https://seranking.com/backlinks-crawler)"
74.7.227.46 - - [25/Jul/2026:04:34:57 +0300] "GET /detail/011393281719?lokasie=/var/www/vhosts/dgpilates.com/httpdocs/filefuns.php&loknya=/var/www/vhosts/dgpilates.com/httpdocs HTTP/1.1" 200 15850 "https://dgpilates.com/detail/011393281719" "Mozilla/5.0 AppleWebKit/537.36 (KHTML, like Gecko; compatible; GPTBot/1.4; +https://openai.com/gptbot)"
66.249.70.98 - - [25/Jul/2026:04:34:57 +0300] "GET /detail/661158582749 HTTP/1.1" 200 200188 "-" "Mozilla/5.0 (Linux; Android 6.0.1; Nexus 5X Build/MMB29P) AppleWebKit/537.36 (KHTML, like Gecko) Chrome/150.0.7871.128 Mobile Safari/537.36 (compatible; GoogleOther)"
216.73.216.82 - - [25/Jul/2026:04:34:58 +0300] "GET /shopping/013413194098 HTTP/1.1" 200 54806 "-" "Mozilla/5.0 AppleWebKit/537.36 (KHTML, like Gecko; compatible; ClaudeBot/1.0; +claudebot@anthropic.com)"
66.249.70.98 - - [25/Jul/2026:04:34:58 +0300] "GET /goods/651549321939 HTTP/1.1" 200 209828 "-" "Mozilla/5.0 (Linux; Android 6.0.1; Nexus 5X Build/MMB29P) AppleWebKit/537.36 (KHTML, like Gecko) Chrome/150.0.7871.128 Mobile Safari/537.36 (compatible; Googlebot/2.1; +http://www.google.com/bot.html)"
144.76.19.27 - - [25/Jul/2026:04:34:59 +0300] "GET /?z=899138264 HTTP/1.1" 200 54867 "-" "Mozilla/5.0 (compatible; SERankingBacklinksBot/1.0; +https://seranking.com/backlinks-crawler)"
57.141.0.59 - - [25/Jul/2026:04:34:59 +0300] "GET /products/013686747525?lokasie=/var/www/vhosts/dgpilates.com/httpdocs/wp-config-sample.php&loknya=/var/www/vhosts/dgpilates.com/httpdocs HTTP/1.1" 200 12719 "-" "Mozilla/5.0 (Windows NT 10.0; Win64; x64) AppleWebKit/537.36 (KHTML, like Gecko) Chrome/145.0.0.0 Safari/537.36 (compatible; meta-externalagent/1.1 (+https://developers.facebook.com/docs/sharing/webmasters/crawler))"
74.7.227.46 - - [25/Jul/2026:04:35:00 +0300] "GET /detail/011554316408?lokasie=/var/www/vhosts/dgpilates.com/httpdocs/xpzkquvf.php&loknya=/var/www/vhosts/dgpilates.com/httpdocs HTTP/1.1" 200 28599 "https://dgpilates.com/detail/011554316408" "Mozilla/5.0 AppleWebKit/537.36 (KHTML, like Gecko; compatible; GPTBot/1.4; +https://openai.com/gptbot)"
66.249.70.98 - - [25/Jul/2026:04:35:00 +0300] "GET /detail/88793535600 HTTP/1.1" 200 207133 "-" "Mozilla/5.0 (Linux; Android 6.0.1; Nexus 5X Build/MMB29P) AppleWebKit/537.36 (KHTML, like Gecko) Chrome/150.0.7871.128 Mobile Safari/537.36 (compatible; GoogleOther)"
216.73.216.82 - - [25/Jul/2026:04:35:01 +0300] "GET /shopping/01251029011 HTTP/1.1" 200 54806 "-" "Mozilla/5.0 AppleWebKit/537.36 (KHTML, like Gecko; compatible; ClaudeBot/1.0; +claudebot@anthropic.com)"
144.76.19.27 - - [25/Jul/2026:04:35:03 +0300] "GET /?z=899138408 HTTP/1.1" 200 54867 "-" "Mozilla/5.0 (compatible; SERankingBacklinksBot/1.0; +https://seranking.com/backlinks-crawler)"
74.7.227.46 - - [25/Jul/2026:04:35:03 +0300] "GET /detail/012519341234?lokasie=/var/www/vhosts/dgpilates.com/httpdocs/djnrxeax.php&loknya=/var/www/vhosts/dgpilates.com/httpdocs HTTP/1.1" 200 9349 "https://dgpilates.com/detail/012519341234" "Mozilla/5.0 AppleWebKit/537.36 (KHTML, like Gecko; compatible; GPTBot/1.4; +https://openai.com/gptbot)"
216.73.216.82 - - [25/Jul/2026:04:35:04 +0300] "GET /market/011485055208 HTTP/1.1" 200 54806 "-" "Mozilla/5.0 AppleWebKit/537.36 (KHTML, like Gecko; compatible; ClaudeBot/1.0; +claudebot@anthropic.com)"
66.249.70.99 - - [25/Jul/2026:04:35:04 +0300] "GET /detail/70804010629 HTTP/1.1" 200 204552 "-" "Mozilla/5.0 (Linux; Android 6.0.1; Nexus 5X Build/MMB29P) AppleWebKit/537.36 (KHTML, like Gecko) Chrome/150.0.7871.128 Mobile Safari/537.36 (compatible; GoogleOther)"
74.7.227.46 - - [25/Jul/2026:04:35:06 +0300] "GET /detail/011458316751?lokasie=/var/www/vhosts/dgpilates.com/httpdocs/szmxxsmy.php&loknya=/var/www/vhosts/dgpilates.com/httpdocs HTTP/1.1" 200 9349 "https://dgpilates.com/detail/011458316751" "Mozilla/5.0 AppleWebKit/537.36 (KHTML, like Gecko; compatible; GPTBot/1.4; +https://openai.com/gptbot)"
144.76.19.27 - - [25/Jul/2026:04:35:07 +0300] "GET /?z=899139184 HTTP/1.1" 200 54867 "-" "Mozilla/5.0 (compatible; SERankingBacklinksBot/1.0; +https://seranking.com/backlinks-crawler)"
216.73.216.82 - - [25/Jul/2026:04:35:07 +0300] "GET /market/013588664441 HTTP/1.1" 200 54806 "-" "Mozilla/5.0 AppleWebKit/537.36 (KHTML, like Gecko; compatible; ClaudeBot/1.0; +claudebot@anthropic.com)"
66.249.70.98 - - [25/Jul/2026:04:35:07 +0300] "GET /detail/90205721958 HTTP/1.1" 200 203894 "-" "Mozilla/5.0 (Linux; Android 6.0.1; Nexus 5X Build/MMB29P) AppleWebKit/537.36 (KHTML, like Gecko) Chrome/150.0.7871.128 Mobile Safari/537.36 (compatible; GoogleOther)"
66.249.70.99 - - [25/Jul/2026:04:35:08 +0300] "GET /info/671333806582 HTTP/1.1" 200 198393 "-" "Mozilla/5.0 (Linux; Android 6.0.1; Nexus 5X Build/MMB29P) AppleWebKit/537.36 (KHTML, like Gecko) Chrome/150.0.7871.128 Mobile Safari/537.36 (compatible; Googlebot/2.1; +http://www.google.com/bot.html)"
74.7.227.46 - - [25/Jul/2026:04:35:09 +0300] "GET /detail/012533768301?lokasie=/var/www/vhosts/dgpilates.com/httpdocs/ocmfvusz.php&loknya=/var/www/vhosts/dgpilates.com/httpdocs HTTP/1.1" 200 9349 "https://dgpilates.com/detail/012533768301" "Mozilla/5.0 AppleWebKit/537.36 (KHTML, like Gecko; compatible; GPTBot/1.4; +https://openai.com/gptbot)"
216.73.216.82 - - [25/Jul/2026:04:35:10 +0300] "GET /market/012451697798 HTTP/1.1" 200 54806 "-" "Mozilla/5.0 AppleWebKit/537.36 (KHTML, like Gecko; compatible; ClaudeBot/1.0; +claudebot@anthropic.com)"
144.76.19.27 - - [25/Jul/2026:04:35:11 +0300] "GET /?z=899139688 HTTP/1.1" 200 54867 "-" "Mozilla/5.0 (compatible; SERankingBacklinksBot/1.0; +https://seranking.com/backlinks-crawler)"
66.249.70.98 - - [25/Jul/2026:04:35:11 +0300] "GET /info/732855885579 HTTP/1.1" 200 208603 "-" "Mozilla/5.0 (Linux; Android 6.0.1; Nexus 5X Build/MMB29P) AppleWebKit/537.36 (KHTML, like Gecko) Chrome/150.0.7871.128 Mobile Safari/537.36 (compatible; GoogleOther)"
74.7.227.46 - - [25/Jul/2026:04:35:12 +0300] "GET /detail/013670573687?lokasie=/var/www/vhosts/dgpilates.com/httpdocs/xmlrpc.php&loknya=/var/www/vhosts/dgpilates.com/httpdocs HTTP/1.1" 200 12905 "https://dgpilates.com/detail/013670573687" "Mozilla/5.0 AppleWebKit/537.36 (KHTML, like Gecko; compatible; GPTBot/1.4; +https://openai.com/gptbot)"
216.73.216.82 - - [25/Jul/2026:04:35:13 +0300] "GET /detail/011850705469 HTTP/1.1" 200 54806 "-" "Mozilla/5.0 AppleWebKit/537.36 (KHTML, like Gecko; compatible; ClaudeBot/1.0; +claudebot@anthropic.com)"
144.76.19.27 - - [25/Jul/2026:04:35:15 +0300] "GET /?z=899139880 HTTP/1.1" 200 54867 "-" "Mozilla/5.0 (compatible; SERankingBacklinksBot/1.0; +https://seranking.com/backlinks-crawler)"
66.249.70.99 - - [25/Jul/2026:04:35:14 +0300] "GET /info/71624586605 HTTP/1.1" 200 207589 "-" "Mozilla/5.0 (Linux; Android 6.0.1; Nexus 5X Build/MMB29P) AppleWebKit/537.36 (KHTML, like Gecko) Chrome/150.0.7871.128 Mobile Safari/537.36 (compatible; GoogleOther)"
74.7.227.46 - - [25/Jul/2026:04:35:15 +0300] "GET /detail/012710141961?lokasie=/var/www/vhosts/dgpilates.com/httpdocs/swqirnyk.php&loknya=/var/www/vhosts/dgpilates.com/httpdocs HTTP/1.1" 200 9349 "https://dgpilates.com/detail/012710141961" "Mozilla/5.0 AppleWebKit/537.36 (KHTML, like Gecko; compatible; GPTBot/1.4; +https://openai.com/gptbot)"
216.73.216.82 - - [25/Jul/2026:04:35:16 +0300] "GET /products/012455561860 HTTP/1.1" 200 54806 "-" "Mozilla/5.0 AppleWebKit/537.36 (KHTML, like Gecko; compatible; ClaudeBot/1.0; +claudebot@anthropic.com)"
119.195.102.159 - - [25/Jul/2026:04:35:17 +0300] "GET /wp-login.php HTTP/1.1" 200 54874 "-" "Mozilla/5.0 (Windows NT 10.0; Win64; x64) AppleWebKit/537.36 (KHTML, like Gecko) Chrome/150.0.0.0 Safari/537.36"
66.249.70.99 - - [25/Jul/2026:04:35:18 +0300] "GET /goods/88945748986 HTTP/1.1" 200 207628 "-" "Mozilla/5.0 (Linux; Android 6.0.1; Nexus 5X Build/MMB29P) AppleWebKit/537.36 (KHTML, like Gecko) Chrome/150.0.7871.128 Mobile Safari/537.36 (compatible; GoogleOther)"
144.76.19.27 - - [25/Jul/2026:04:35:18 +0300] "GET /?z=899140184 HTTP/1.1" 200 54867 "-" "Mozilla/5.0 (compatible; SERankingBacklinksBot/1.0; +https://seranking.com/backlinks-crawler)"
74.7.227.46 - - [25/Jul/2026:04:35:19 +0300] "GET /detail/014196779849?lokasie=/var/www/vhosts/dgpilates.com/httpdocs/apjkwbmw.php&loknya=/var/www/vhosts/dgpilates.com/httpdocs HTTP/1.1" 200 9349 "https://dgpilates.com/detail/014196779849" "Mozilla/5.0 AppleWebKit/537.36 (KHTML, like Gecko; compatible; GPTBot/1.4; +https://openai.com/gptbot)"
216.73.216.82 - - [25/Jul/2026:04:35:20 +0300] "GET /products/011796800192 HTTP/1.1" 200 54806 "-" "Mozilla/5.0 AppleWebKit/537.36 (KHTML, like Gecko; compatible; ClaudeBot/1.0; +claudebot@anthropic.com)"
66.249.70.98 - - [25/Jul/2026:04:35:20 +0300] "GET /detail/87803891027 HTTP/1.1" 200 206279 "-" "Mozilla/5.0 (Linux; Android 6.0.1; Nexus 5X Build/MMB29P) AppleWebKit/537.36 (KHTML, like Gecko) Chrome/150.0.7871.128 Mobile Safari/537.36 (compatible; Googlebot/2.1; +http://www.google.com/bot.html)"
66.249.70.99 - - [25/Jul/2026:04:35:21 +0300] "GET /detail/671695504062 HTTP/1.1" 200 203095 "-" "Mozilla/5.0 (Linux; Android 6.0.1; Nexus 5X Build/MMB29P) AppleWebKit/537.36 (KHTML, like Gecko) Chrome/150.0.7871.128 Mobile Safari/537.36 (compatible; GoogleOther)"
74.7.227.46 - - [25/Jul/2026:04:35:22 +0300] "GET /detail/012970403985?lokasie=/var/www/vhosts/dgpilates.com/httpdocs/filefuns.php&loknya=/var/www/vhosts/dgpilates.com/httpdocs HTTP/1.1" 200 15850 "https://dgpilates.com/detail/012970403985" "Mozilla/5.0 AppleWebKit/537.36 (KHTML, like Gecko; compatible; GPTBot/1.4; +https://openai.com/gptbot)"
216.73.216.82 - - [25/Jul/2026:04:35:22 +0300] "GET /market/013301206378 HTTP/1.1" 200 54806 "-" "Mozilla/5.0 AppleWebKit/537.36 (KHTML, like Gecko; compatible; ClaudeBot/1.0; +claudebot@anthropic.com)"
144.76.19.27 - - [25/Jul/2026:04:35:22 +0300] "GET /?z=899142128 HTTP/1.1" 200 54867 "-" "Mozilla/5.0 (compatible; SERankingBacklinksBot/1.0; +https://seranking.com/backlinks-crawler)"
74.7.227.46 - - [25/Jul/2026:04:35:25 +0300] "GET /detail/012298969795?lokasie=/var/www/vhosts/dgpilates.com/httpdocs/filefuns.php&loknya=/var/www/vhosts/dgpilates.com/httpdocs HTTP/1.1" 200 15850 "https://dgpilates.com/detail/012298969795" "Mozilla/5.0 AppleWebKit/537.36 (KHTML, like Gecko; compatible; GPTBot/1.4; +https://openai.com/gptbot)"
216.73.216.82 - - [25/Jul/2026:04:35:25 +0300] "GET /products/013252664683 HTTP/1.1" 200 54806 "-" "Mozilla/5.0 AppleWebKit/537.36 (KHTML, like Gecko; compatible; ClaudeBot/1.0; +claudebot@anthropic.com)"
66.249.70.98 - - [25/Jul/2026:04:35:25 +0300] "GET /info/872901568899 HTTP/1.1" 200 209012 "-" "Mozilla/5.0 (Linux; Android 6.0.1; Nexus 5X Build/MMB29P) AppleWebKit/537.36 (KHTML, like Gecko) Chrome/150.0.7871.128 Mobile Safari/537.36 (compatible; GoogleOther)"
144.76.19.27 - - [25/Jul/2026:04:35:26 +0300] "GET /?z=899143248 HTTP/1.1" 200 54867 "-" "Mozilla/5.0 (compatible; SERankingBacklinksBot/1.0; +https://seranking.com/backlinks-crawler)"
216.73.216.82 - - [25/Jul/2026:04:35:28 +0300] "GET /market/011340955004 HTTP/1.1" 200 54806 "-" "Mozilla/5.0 AppleWebKit/537.36 (KHTML, like Gecko; compatible; ClaudeBot/1.0; +claudebot@anthropic.com)"
66.249.70.99 - - [25/Jul/2026:04:35:28 +0300] "GET /info/773843746237 HTTP/1.1" 200 207191 "-" "Mozilla/5.0 (Linux; Android 6.0.1; Nexus 5X Build/MMB29P) AppleWebKit/537.36 (KHTML, like Gecko) Chrome/150.0.7871.128 Mobile Safari/537.36 (compatible; Googlebot/2.1; +http://www.google.com/bot.html)"
74.7.227.46 - - [25/Jul/2026:04:35:28 +0300] "GET /detail/011477443430?lokasie=/var/www/vhosts/dgpilates.com/httpdocs/apjkwbmw.php&loknya=/var/www/vhosts/dgpilates.com/httpdocs HTTP/1.1" 200 9349 "https://dgpilates.com/detail/011477443430" "Mozilla/5.0 AppleWebKit/537.36 (KHTML, like Gecko; compatible; GPTBot/1.4; +https://openai.com/gptbot)"
66.249.70.99 - - [25/Jul/2026:04:35:29 +0300] "GET /detail/093659702230 HTTP/1.1" 200 210902 "-" "Mozilla/5.0 (Linux; Android 6.0.1; Nexus 5X Build/MMB29P) AppleWebKit/537.36 (KHTML, like Gecko) Chrome/150.0.7871.128 Mobile Safari/537.36 (compatible; GoogleOther)"
144.76.19.27 - - [25/Jul/2026:04:35:30 +0300] "GET /?z=899143896 HTTP/1.1" 200 54867 "-" "Mozilla/5.0 (compatible; SERankingBacklinksBot/1.0; +https://seranking.com/backlinks-crawler)"
216.73.216.82 - - [25/Jul/2026:04:35:31 +0300] "GET /shopping/01368859518 HTTP/1.1" 200 54806 "-" "Mozilla/5.0 AppleWebKit/537.36 (KHTML, like Gecko; compatible; ClaudeBot/1.0; +claudebot@anthropic.com)"
74.7.227.46 - - [25/Jul/2026:04:35:32 +0300] "GET /detail/013836100211?lokasie=/var/www/vhosts/dgpilates.com/httpdocs/szmxxsmy.php&loknya=/var/www/vhosts/dgpilates.com/httpdocs HTTP/1.1" 200 9349 "https://dgpilates.com/detail/013836100211" "Mozilla/5.0 AppleWebKit/537.36 (KHTML, like Gecko; compatible; GPTBot/1.4; +https://openai.com/gptbot)"
66.249.70.98 - - [25/Jul/2026:04:35:32 +0300] "GET /goods/793914867069 HTTP/1.1" 200 206450 "-" "Mozilla/5.0 (Linux; Android 6.0.1; Nexus 5X Build/MMB29P) AppleWebKit/537.36 (KHTML, like Gecko) Chrome/150.0.7871.128 Mobile Safari/537.36 (compatible; GoogleOther)"
144.76.19.27 - - [25/Jul/2026:04:35:34 +0300] "GET /?z=899143928 HTTP/1.1" 200 54867 "-" "Mozilla/5.0 (compatible; SERankingBacklinksBot/1.0; +https://seranking.com/backlinks-crawler)"
216.73.216.82 - - [25/Jul/2026:04:35:34 +0300] "GET /market/01108029264 HTTP/1.1" 200 54806 "-" "Mozilla/5.0 AppleWebKit/537.36 (KHTML, like Gecko; compatible; ClaudeBot/1.0; +claudebot@anthropic.com)"
74.7.227.46 - - [25/Jul/2026:04:35:35 +0300] "GET /detail/013450405086?lokasie=/var/www/vhosts/dgpilates.com/httpdocs/xpzkquvf.php&loknya=/var/www/vhosts/dgpilates.com/httpdocs HTTP/1.1" 200 28599 "https://dgpilates.com/detail/013450405086" "Mozilla/5.0 AppleWebKit/537.36 (KHTML, like Gecko; compatible; GPTBot/1.4; +https://openai.com/gptbot)"
66.249.70.99 - - [25/Jul/2026:04:35:36 +0300] "GET /detail/81407186314 HTTP/1.1" 200 204961 "-" "Mozilla/5.0 (Linux; Android 6.0.1; Nexus 5X Build/MMB29P) AppleWebKit/537.36 (KHTML, like Gecko) Chrome/150.0.7871.128 Mobile Safari/537.36 (compatible; GoogleOther)"
216.73.216.82 - - [25/Jul/2026:04:35:37 +0300] "GET /products/012537440442 HTTP/1.1" 200 54806 "-" "Mozilla/5.0 AppleWebKit/537.36 (KHTML, like Gecko; compatible; ClaudeBot/1.0; +claudebot@anthropic.com)"
144.76.19.27 - - [25/Jul/2026:04:35:38 +0300] "GET /?z=899145512 HTTP/1.1" 200 54867 "-" "Mozilla/5.0 (compatible; SERankingBacklinksBot/1.0; +https://seranking.com/backlinks-crawler)"
74.7.227.46 - - [25/Jul/2026:04:35:38 +0300] "GET /detail/012986649380?lokasie=/var/www/vhosts/dgpilates.com/httpdocs/swqirnyk.php&loknya=/var/www/vhosts/dgpilates.com/httpdocs HTTP/1.1" 200 9349 "https://dgpilates.com/detail/012986649380" "Mozilla/5.0 AppleWebKit/537.36 (KHTML, like Gecko; compatible; GPTBot/1.4; +https://openai.com/gptbot)"
66.249.70.98 - - [25/Jul/2026:04:35:38 +0300] "GET /info/773960858971 HTTP/1.1" 200 207582 "-" "Mozilla/5.0 (Linux; Android 6.0.1; Nexus 5X Build/MMB29P) AppleWebKit/537.36 (KHTML, like Gecko) Chrome/150.0.7871.128 Mobile Safari/537.36 (compatible; Googlebot/2.1; +http://www.google.com/bot.html)"
66.249.70.99 - - [25/Jul/2026:04:35:40 +0300] "GET /info/843352639388 HTTP/1.1" 200 211264 "-" "Mozilla/5.0 (Linux; Android 6.0.1; Nexus 5X Build/MMB29P) AppleWebKit/537.36 (KHTML, like Gecko) Chrome/150.0.7871.128 Mobile Safari/537.36 (compatible; GoogleOther)"
216.73.216.82 - - [25/Jul/2026:04:35:40 +0300] "GET /goods/012195717512 HTTP/1.1" 200 54806 "-" "Mozilla/5.0 AppleWebKit/537.36 (KHTML, like Gecko; compatible; ClaudeBot/1.0; +claudebot@anthropic.com)"
74.7.227.46 - - [25/Jul/2026:04:35:41 +0300] "GET /detail/012215406255?lokasie=/var/www/vhosts/dgpilates.com/httpdocs/djnrxeax.php&loknya=/var/www/vhosts/dgpilates.com/httpdocs HTTP/1.1" 200 9349 "https://dgpilates.com/detail/012215406255" "Mozilla/5.0 AppleWebKit/537.36 (KHTML, like Gecko; compatible; GPTBot/1.4; +https://openai.com/gptbot)"
144.76.19.27 - - [25/Jul/2026:04:35:42 +0300] "GET /?z=899146216 HTTP/1.1" 200 54867 "-" "Mozilla/5.0 (compatible; SERankingBacklinksBot/1.0; +https://seranking.com/backlinks-crawler)"
216.73.216.82 - - [25/Jul/2026:04:35:43 +0300] "GET /products/012749194986 HTTP/1.1" 200 54806 "-" "Mozilla/5.0 AppleWebKit/537.36 (KHTML, like Gecko; compatible; ClaudeBot/1.0; +claudebot@anthropic.com)"
66.249.70.98 - - [25/Jul/2026:04:35:43 +0300] "GET /info/711095964594 HTTP/1.1" 200 205465 "-" "Mozilla/5.0 (Linux; Android 6.0.1; Nexus 5X Build/MMB29P) AppleWebKit/537.36 (KHTML, like Gecko) Chrome/150.0.7871.128 Mobile Safari/537.36 (compatible; GoogleOther)"
74.7.227.46 - - [25/Jul/2026:04:35:44 +0300] "GET /detail/013013736486?lokasie=/var/www/vhosts/dgpilates.com/httpdocs/xpzkquvf.php&loknya=/var/www/vhosts/dgpilates.com/httpdocs HTTP/1.1" 200 28599 "https://dgpilates.com/detail/013013736486" "Mozilla/5.0 AppleWebKit/537.36 (KHTML, like Gecko; compatible; GPTBot/1.4; +https://openai.com/gptbot)"
68.178.160.25 - - [25/Jul/2026:04:35:45 +0300] "POST /xmlrpc.php HTTP/1.1" 200 54870 "-" "Mozilla/5.0 (Windows NT 10.0; Win64; x64) AppleWebKit/537.36 (KHTML, like Gecko) Chrome/150.0.0.0 Safari/537.36"
144.76.19.27 - - [25/Jul/2026:04:35:46 +0300] "GET /?z=899148584 HTTP/1.1" 200 54867 "-" "Mozilla/5.0 (compatible; SERankingBacklinksBot/1.0; +https://seranking.com/backlinks-crawler)"
216.73.216.82 - - [25/Jul/2026:04:35:46 +0300] "GET /market/012685087357 HTTP/1.1" 200 54806 "-" "Mozilla/5.0 AppleWebKit/537.36 (KHTML, like Gecko; compatible; ClaudeBot/1.0; +claudebot@anthropic.com)"
74.7.227.46 - - [25/Jul/2026:04:35:47 +0300] "GET /detail/013672997901?lokasie=/var/www/vhosts/dgpilates.com/httpdocs/djnrxeax.php&loknya=/var/www/vhosts/dgpilates.com/httpdocs HTTP/1.1" 200 9349 "https://dgpilates.com/detail/013672997901" "Mozilla/5.0 AppleWebKit/537.36 (KHTML, like Gecko; compatible; GPTBot/1.4; +https://openai.com/gptbot)"
66.249.70.98 - - [25/Jul/2026:04:35:47 +0300] "GET /info/703551614098 HTTP/1.1" 200 213164 "-" "Mozilla/5.0 (Linux; Android 6.0.1; Nexus 5X Build/MMB29P) AppleWebKit/537.36 (KHTML, like Gecko) Chrome/150.0.7871.128 Mobile Safari/537.36 (compatible; GoogleOther)"
66.249.70.98 - - [25/Jul/2026:04:35:48 +0300] "GET /info/812842834018 HTTP/1.1" 200 205535 "-" "Mozilla/5.0 (Linux; Android 6.0.1; Nexus 5X Build/MMB29P) AppleWebKit/537.36 (KHTML, like Gecko) Chrome/150.0.7871.128 Mobile Safari/537.36 (compatible; Googlebot/2.1; +http://www.google.com/bot.html)"
216.73.216.82 - - [25/Jul/2026:04:35:50 +0300] "GET /detail/011487515282 HTTP/1.1" 200 54806 "-" "Mozilla/5.0 AppleWebKit/537.36 (KHTML, like Gecko; compatible; ClaudeBot/1.0; +claudebot@anthropic.com)"
144.76.19.27 - - [25/Jul/2026:04:35:50 +0300] "GET /?z=899150952 HTTP/1.1" 200 54867 "-" "Mozilla/5.0 (compatible; SERankingBacklinksBot/1.0; +https://seranking.com/backlinks-crawler)"
74.7.227.46 - - [25/Jul/2026:04:35:50 +0300] "GET /detail/013180182681?lokasie=/var/www/vhosts/dgpilates.com/httpdocs/xpzkquvf.php&loknya=/var/www/vhosts/dgpilates.com/httpdocs HTTP/1.1" 200 28599 "https://dgpilates.com/detail/013180182681" "Mozilla/5.0 AppleWebKit/537.36 (KHTML, like Gecko; compatible; GPTBot/1.4; +https://openai.com/gptbot)"
66.249.70.98 - - [25/Jul/2026:04:35:50 +0300] "GET /info/842178111773 HTTP/1.1" 200 205598 "-" "Mozilla/5.0 (Linux; Android 6.0.1; Nexus 5X Build/MMB29P) AppleWebKit/537.36 (KHTML, like Gecko) Chrome/150.0.7871.128 Mobile Safari/537.36 (compatible; GoogleOther)"
216.73.216.82 - - [25/Jul/2026:04:35:52 +0300] "GET /market/012234182848 HTTP/1.1" 200 54806 "-" "Mozilla/5.0 AppleWebKit/537.36 (KHTML, like Gecko; compatible; ClaudeBot/1.0; +claudebot@anthropic.com)"
